INSERT INTO `oc_product_image` (`product_image_id`, `product_id`, `image`, `sort_order`) VALUES ('11439', '292', 'catalog/journal3/products/beauty/additional/set.jpg', '0');
INSERT INTO `oc_product_image` (`product_image_id`, `product_id`, `image`, `sort_order`) VALUES ('11413', '367', 'catalog/journal3/products/electronics/curved-oled-tv-55ec9300-by-lg.jpg', '0');
INSERT INTO `oc_product_image` (`product_image_id`, `product_id`, `image`, `sort_order`) VALUES ('11414', '367', 'catalog/journal3/products/electronics/ks9500-curved-4k-suhd-tv-by-samsung.jpg', '0');
INSERT INTO `oc_product_image` (`product_image_id`, `product_id`, `image`, `sort_order`) VALUES ('11411', '367', 'catalog/journal3/products/electronics/w8-led-tv-by-sony.jpg', '0');
INSERT INTO `oc_product_image` (`product_image_id`, `product_id`, `image`, `sort_order`) VALUES ('11412', '367', 'catalog/journal3/products/electronics/sony-bravia.jpg', '0');
INSERT INTO `oc_product_image` (`product_image_id`, `product_id`, `image`, `sort_order`) VALUES ('10925', '283', 'catalog/journal3/products/beauty/additional/3.jpg', '0');
INSERT INTO `oc_product_image` (`product_image_id`, `product_id`, `image`, `sort_order`) VALUES ('11432', '368', 'catalog/journal3/products/electronics/curved-oled-tv-55ec9300-by-lg.jpg', '0');
INSERT INTO `oc_product_image` (`product_image_id`, `product_id`, `image`, `sort_order`) VALUES ('11431', '368', 'catalog/journal3/products/electronics/ks9500-curved-4k-suhd-tv-by-samsung.jpg', '0');
INSERT INTO `oc_product_image` (`product_image_id`, `product_id`, `image`, `sort_order`) VALUES ('11429', '368', 'catalog/journal3/products/electronics/w8-led-tv-by-sony.jpg', '0');
INSERT INTO `oc_product_image` (`product_image_id`, `product_id`, `image`, `sort_order`) VALUES ('11430', '368', 'catalog/journal3/products/electronics/smart-tv-h6240-by-samsung.jpg', '0');
INSERT INTO `oc_product_image` (`product_image_id`, `product_id`, `image`, `sort_order`) VALUES ('11169', '369', 'catalog/journal3/products/electronics/smart-tv-h6240-by-samsung.jpg', '0');
INSERT INTO `oc_product_image` (`product_image_id`, `product_id`, `image`, `sort_order`) VALUES ('11844', '311', 'catalog/journal3/products/fashion/additional/adult-automobile-automotive-839011.jpg', '0');
INSERT INTO `oc_product_image` (`product_image_id`, `product_id`, `image`, `sort_order`) VALUES ('11718', '299', 'catalog/journal3/products/fashion/additional/te.jpg', '0');
INSERT INTO `oc_product_image` (`product_image_id`, `product_id`, `image`, `sort_order`) VALUES ('11168', '369', 'catalog/journal3/products/electronics/w8-led-tv-by-sony.jpg', '0');
INSERT INTO `oc_product_image` (`product_image_id`, `product_id`, `image`, `sort_order`) VALUES ('11165', '369', 'catalog/journal3/products/electronics/sony-bravia.jpg', '0');
INSERT INTO `oc_product_image` (`product_image_id`, `product_id`, `image`, `sort_order`) VALUES ('11166', '369', 'catalog/journal3/products/electronics/ks9500-curved-4k-suhd-tv-by-samsung.jpg', '0');
INSERT INTO `oc_product_image` (`product_image_id`, `product_id`, `image`, `sort_order`) VALUES ('11167', '369', 'catalog/journal3/products/electronics/curved-oled-tv-55ec9300-by-lg.jpg', '0');
INSERT INTO `oc_product_image` (`product_image_id`, `product_id`, `image`, `sort_order`) VALUES ('11140', '370', 'catalog/journal3/products/electronics/bluetooth-gramophone-by-gramovox.jpg', '0');
INSERT INTO `oc_product_image` (`product_image_id`, `product_id`, `image`, `sort_order`) VALUES ('11139', '370', 'catalog/journal3/products/electronics/additional/apple-gold.png', '0');
INSERT INTO `oc_product_image` (`product_image_id`, `product_id`, `image`, `sort_order`) VALUES ('11137', '370', 'catalog/journal3/products/electronics/additional/apple-rose.png', '0');
INSERT INTO `oc_product_image` (`product_image_id`, `product_id`, `image`, `sort_order`) VALUES ('11138', '370', 'catalog/journal3/products/electronics/additional/apple-green.png', '0');
INSERT INTO `oc_product_image` (`product_image_id`, `product_id`, `image`, `sort_order`) VALUES ('11136', '370', 'catalog/journal3/products/electronics/apple-white-2.png', '0');
INSERT INTO `oc_product_image` (`product_image_id`, `product_id`, `image`, `sort_order`) VALUES ('11296', '371', 'catalog/journal3/products/backpacks/2.jpg', '0');
INSERT INTO `oc_product_image` (`product_image_id`, `product_id`, `image`, `sort_order`) VALUES ('11295', '371', 'catalog/journal3/products/backpacks/4.jpg', '0');
INSERT INTO `oc_product_image` (`product_image_id`, `product_id`, `image`, `sort_order`) VALUES ('11294', '371', 'catalog/journal3/products/backpacks/9.jpg', '0');
INSERT INTO `oc_product_image` (`product_image_id`, `product_id`, `image`, `sort_order`) VALUES ('11293', '371', 'catalog/journal3/products/backpacks/3.jpg', '0');
INSERT INTO `oc_product_image` (`product_image_id`, `product_id`, `image`, `sort_order`) VALUES ('11292', '371', 'catalog/journal3/products/backpacks/10.jpg', '0');
INSERT INTO `oc_product_image` (`product_image_id`, `product_id`, `image`, `sort_order`) VALUES ('11291', '371', 'catalog/journal3/products/backpacks/8.jpg', '0');
INSERT INTO `oc_product_image` (`product_image_id`, `product_id`, `image`, `sort_order`) VALUES ('11290', '371', 'catalog/journal3/products/backpacks/5.jpg', '0');
INSERT INTO `oc_product_image` (`product_image_id`, `product_id`, `image`, `sort_order`) VALUES ('10543', '319', 'catalog/journal3/products/fashion/bags/phone-case2.jpg', '0');
INSERT INTO `oc_product_image` (`product_image_id`, `product_id`, `image`, `sort_order`) VALUES ('11497', '372', 'catalog/journal3/products/backpacks/2.jpg', '0');
INSERT INTO `oc_product_image` (`product_image_id`, `product_id`, `image`, `sort_order`) VALUES ('11496', '372', 'catalog/journal3/products/backpacks/9.jpg', '0');
INSERT INTO `oc_product_image` (`product_image_id`, `product_id`, `image`, `sort_order`) VALUES ('11495', '372', 'catalog/journal3/products/backpacks/8.jpg', '0');
INSERT INTO `oc_product_image` (`product_image_id`, `product_id`, `image`, `sort_order`) VALUES ('11494', '372', 'catalog/journal3/products/backpacks/4.jpg', '0');
INSERT INTO `oc_product_image` (`product_image_id`, `product_id`, `image`, `sort_order`) VALUES ('11493', '372', 'catalog/journal3/products/backpacks/6.jpg', '0');
INSERT INTO `oc_product_image` (`product_image_id`, `product_id`, `image`, `sort_order`) VALUES ('11492', '372', 'catalog/journal3/products/backpacks/7.jpg', '0');
INSERT INTO `oc_product_image` (`product_image_id`, `product_id`, `image`, `sort_order`) VALUES ('11491', '372', 'catalog/journal3/products/backpacks/1.jpg', '0');
INSERT INTO `oc_product_image` (`product_image_id`, `product_id`, `image`, `sort_order`) VALUES ('11303', '333', 'catalog/journal3/products/footwear/additional/airmax_6.jpg', '0');
INSERT INTO `oc_product_image` (`product_image_id`, `product_id`, `image`, `sort_order`) VALUES ('11115', '373', 'catalog/journal3/products/backpacks/1.jpg', '0');
INSERT INTO `oc_product_image` (`product_image_id`, `product_id`, `image`, `sort_order`) VALUES ('11114', '373', 'catalog/journal3/products/backpacks/10.jpg', '0');
INSERT INTO `oc_product_image` (`product_image_id`, `product_id`, `image`, `sort_order`) VALUES ('11113', '373', 'catalog/journal3/products/backpacks/9.jpg', '0');
INSERT INTO `oc_product_image` (`product_image_id`, `product_id`, `image`, `sort_order`) VALUES ('11112', '373', 'catalog/journal3/products/backpacks/8.jpg', '0');
INSERT INTO `oc_product_image` (`product_image_id`, `product_id`, `image`, `sort_order`) VALUES ('11111', '373', 'catalog/journal3/products/backpacks/5.jpg', '0');
INSERT INTO `oc_product_image` (`product_image_id`, `product_id`, `image`, `sort_order`) VALUES ('11110', '373', 'catalog/journal3/products/backpacks/4.jpg', '0');
INSERT INTO `oc_product_image` (`product_image_id`, `product_id`, `image`, `sort_order`) VALUES ('10446', '374', 'catalog/journal3/products/backpacks/8.jpg', '0');
INSERT INTO `oc_product_image` (`product_image_id`, `product_id`, `image`, `sort_order`) VALUES ('10445', '374', 'catalog/journal3/products/backpacks/6.jpg', '0');
INSERT INTO `oc_product_image` (`product_image_id`, `product_id`, `image`, `sort_order`) VALUES ('10444', '374', 'catalog/journal3/products/backpacks/5.jpg', '0');
INSERT INTO `oc_product_image` (`product_image_id`, `product_id`, `image`, `sort_order`) VALUES ('10443', '374', 'catalog/journal3/products/backpacks/4.jpg', '0');
INSERT INTO `oc_product_image` (`product_image_id`, `product_id`, `image`, `sort_order`) VALUES ('10442', '374', 'catalog/journal3/products/backpacks/2.jpg', '0');
INSERT INTO `oc_product_image` (`product_image_id`, `product_id`, `image`, `sort_order`) VALUES ('10441', '374', 'catalog/journal3/products/backpacks/10.jpg', '0');
INSERT INTO `oc_product_image` (`product_image_id`, `product_id`, `image`, `sort_order`) VALUES ('10440', '374', 'catalog/journal3/products/backpacks/1.jpg', '0');
INSERT INTO `oc_product_image` (`product_image_id`, `product_id`, `image`, `sort_order`) VALUES ('10912', '289', 'catalog/journal3/products/beauty/additional/23.jpg', '0');
INSERT INTO `oc_product_image` (`product_image_id`, `product_id`, `image`, `sort_order`) VALUES ('11069', '337', 'catalog/journal3/products/footwear/additional/airmax_5.jpg', '0');
INSERT INTO `oc_product_image` (`product_image_id`, `product_id`, `image`, `sort_order`) VALUES ('11460', '271', 'catalog/journal3/products/sunglasses/glasses.jpg', '0');
INSERT INTO `oc_product_image` (`product_image_id`, `product_id`, `image`, `sort_order`) VALUES ('11008', '284', 'catalog/journal3/products/beauty/additional/31.jpg', '0');
INSERT INTO `oc_product_image` (`product_image_id`, `product_id`, `image`, `sort_order`) VALUES ('11872', '313', 'catalog/journal3/products/fashion/g1.jpg', '0');
INSERT INTO `oc_product_image` (`product_image_id`, `product_id`, `image`, `sort_order`) VALUES ('11861', '376', 'catalog/journal3/products/fashion/c2.jpg', '4');
INSERT INTO `oc_product_image` (`product_image_id`, `product_id`, `image`, `sort_order`) VALUES ('11860', '376', 'catalog/journal3/products/fashion/b1.jpg', '3');
INSERT INTO `oc_product_image` (`product_image_id`, `product_id`, `image`, `sort_order`) VALUES ('10869', '282', 'catalog/journal3/products/beauty/additional/set2.jpg', '0');
INSERT INTO `oc_product_image` (`product_image_id`, `product_id`, `image`, `sort_order`) VALUES ('10937', '293', 'catalog/journal3/products/beauty/additional/sponge.jpg', '0');
INSERT INTO `oc_product_image` (`product_image_id`, `product_id`, `image`, `sort_order`) VALUES ('10999', '287', 'catalog/journal3/products/beauty/additional/set3.jpg', '0');
INSERT INTO `oc_product_image` (`product_image_id`, `product_id`, `image`, `sort_order`) VALUES ('11499', '291', 'catalog/journal3/products/beauty/additional/set.jpg', '0');
INSERT INTO `oc_product_image` (`product_image_id`, `product_id`, `image`, `sort_order`) VALUES ('10584', '288', 'catalog/journal3/products/beauty/additional/soap-bag.jpg', '0');
INSERT INTO `oc_product_image` (`product_image_id`, `product_id`, `image`, `sort_order`) VALUES ('10936', '293', 'catalog/journal3/products/beauty/additional/muller.jpg', '0');
INSERT INTO `oc_product_image` (`product_image_id`, `product_id`, `image`, `sort_order`) VALUES ('11003', '286', 'catalog/journal3/products/beauty/additional/powder.jpg', '0');
INSERT INTO `oc_product_image` (`product_image_id`, `product_id`, `image`, `sort_order`) VALUES ('10918', '294', 'catalog/journal3/products/beauty/28.jpg', '0');
INSERT INTO `oc_product_image` (`product_image_id`, `product_id`, `image`, `sort_order`) VALUES ('11717', '299', 'catalog/journal3/products/fashion/additional/tee5.jpg', '0');
INSERT INTO `oc_product_image` (`product_image_id`, `product_id`, `image`, `sort_order`) VALUES ('10998', '287', 'catalog/journal3/products/beauty/additional/15.jpg', '0');
INSERT INTO `oc_product_image` (`product_image_id`, `product_id`, `image`, `sort_order`) VALUES ('11867', '306', 'catalog/journal3/products/fashion/additional/tee3.jpg', '0');
INSERT INTO `oc_product_image` (`product_image_id`, `product_id`, `image`, `sort_order`) VALUES ('11877', '303', 'catalog/journal3/products/fashion/additional/tee4.jpg', '0');
INSERT INTO `oc_product_image` (`product_image_id`, `product_id`, `image`, `sort_order`) VALUES ('11846', '304', 'catalog/journal3/products/fashion/j2.jpg', '-2');
INSERT INTO `oc_product_image` (`product_image_id`, `product_id`, `image`, `sort_order`) VALUES ('11866', '306', 'catalog/journal3/products/fashion/additional/hat.jpg', '0');
INSERT INTO `oc_product_image` (`product_image_id`, `product_id`, `image`, `sort_order`) VALUES ('11853', '307', 'catalog/journal3/products/fashion/additional/tee3.jpg', '0');
INSERT INTO `oc_product_image` (`product_image_id`, `product_id`, `image`, `sort_order`) VALUES ('11750', '308', 'catalog/journal3/products/fashion/additional/te2.jpg', '0');
INSERT INTO `oc_product_image` (`product_image_id`, `product_id`, `image`, `sort_order`) VALUES ('11749', '308', 'catalog/journal3/products/fashion/additional/adult-airport-bags-837129.jpg', '0');
INSERT INTO `oc_product_image` (`product_image_id`, `product_id`, `image`, `sort_order`) VALUES ('11884', '309', 'catalog/journal3/products/fashion/o2.jpg', '0');
INSERT INTO `oc_product_image` (`product_image_id`, `product_id`, `image`, `sort_order`) VALUES ('11284', '354', 'catalog/journal3/products/fashion/bags/handbag.jpg', '0');
INSERT INTO `oc_product_image` (`product_image_id`, `product_id`, `image`, `sort_order`) VALUES ('11847', '304', 'catalog/journal3/products/fashion/additional/te2.jpg', '0');
INSERT INTO `oc_product_image` (`product_image_id`, `product_id`, `image`, `sort_order`) VALUES ('11838', '310', 'catalog/journal3/products/fashion/additional/Untitled-1.jpg', '0');
INSERT INTO `oc_product_image` (`product_image_id`, `product_id`, `image`, `sort_order`) VALUES ('11816', '312', 'catalog/journal3/products/fashion/b2.jpg', '0');
INSERT INTO `oc_product_image` (`product_image_id`, `product_id`, `image`, `sort_order`) VALUES ('11836', '314', 'catalog/journal3/products/fashion/additional/te4.jpg', '0');
INSERT INTO `oc_product_image` (`product_image_id`, `product_id`, `image`, `sort_order`) VALUES ('11835', '314', 'catalog/journal3/products/fashion/additional/adult-airport-bags-837129.jpg', '0');
INSERT INTO `oc_product_image` (`product_image_id`, `product_id`, `image`, `sort_order`) VALUES ('11843', '311', 'catalog/journal3/products/fashion/additional/adult-airport-bags-837129.jpg', '0');
INSERT INTO `oc_product_image` (`product_image_id`, `product_id`, `image`, `sort_order`) VALUES ('10942', '298', 'catalog/journal3/products/beauty/additional/brush-case.jpg', '0');
INSERT INTO `oc_product_image` (`product_image_id`, `product_id`, `image`, `sort_order`) VALUES ('11014', '296', 'catalog/journal3/products/beauty/brush2.jpg', '0');
INSERT INTO `oc_product_image` (`product_image_id`, `product_id`, `image`, `sort_order`) VALUES ('11563', '42', 'catalog/demo/canon_logo.jpg', '0');
INSERT INTO `oc_product_image` (`product_image_id`, `product_id`, `image`, `sort_order`) VALUES ('11562', '42', 'catalog/demo/canon_eos_5d_2.jpg', '0');
INSERT INTO `oc_product_image` (`product_image_id`, `product_id`, `image`, `sort_order`) VALUES ('11561', '42', 'catalog/demo/canon_eos_5d_1.jpg', '0');
INSERT INTO `oc_product_image` (`product_image_id`, `product_id`, `image`, `sort_order`) VALUES ('10413', '321', 'catalog/journal3/products/fashion/bags/purse2.jpg', '0');
INSERT INTO `oc_product_image` (`product_image_id`, `product_id`, `image`, `sort_order`) VALUES ('10544', '319', 'catalog/journal3/products/fashion/bags/tote2.jpg', '0');
INSERT INTO `oc_product_image` (`product_image_id`, `product_id`, `image`, `sort_order`) VALUES ('11871', '313', 'catalog/journal3/products/fashion/p2.jpg', '0');
INSERT INTO `oc_product_image` (`product_image_id`, `product_id`, `image`, `sort_order`) VALUES ('11870', '313', 'catalog/journal3/products/fashion/f1.jpg', '-2');
INSERT INTO `oc_product_image` (`product_image_id`, `product_id`, `image`, `sort_order`) VALUES ('10569', '355', 'catalog/journal3/products/fashion/bags/wallet2.jpg', '0');
INSERT INTO `oc_product_image` (`product_image_id`, `product_id`, `image`, `sort_order`) VALUES ('10701', '353', 'catalog/journal3/products/fashion/bags/straw-bag.jpg', '0');
INSERT INTO `oc_product_image` (`product_image_id`, `product_id`, `image`, `sort_order`) VALUES ('11888', '305', 'catalog/journal3/products/fashion/additional/8536633275_c894e8cee5_o.jpg', '-2');
INSERT INTO `oc_product_image` (`product_image_id`, `product_id`, `image`, `sort_order`) VALUES ('10222', '331', 'catalog/journal3/products/footwear/additional/airmax_5.jpg', '0');
INSERT INTO `oc_product_image` (`product_image_id`, `product_id`, `image`, `sort_order`) VALUES ('10217', '331', 'catalog/journal3/products/footwear/additional/airmax.jpg', '0');
INSERT INTO `oc_product_image` (`product_image_id`, `product_id`, `image`, `sort_order`) VALUES ('10516', '340', 'catalog/journal3/products/footwear/additional/airmax_6.jpg', '0');
INSERT INTO `oc_product_image` (`product_image_id`, `product_id`, `image`, `sort_order`) VALUES ('10515', '340', 'catalog/journal3/products/footwear/13.png', '0');
INSERT INTO `oc_product_image` (`product_image_id`, `product_id`, `image`, `sort_order`) VALUES ('11514', '330', 'catalog/journal3/products/footwear/additional/airmax_2.jpg', '0');
INSERT INTO `oc_product_image` (`product_image_id`, `product_id`, `image`, `sort_order`) VALUES ('11904', '317', 'catalog/journal3/products/fashion/additional/glasses.jpg', '0');
INSERT INTO `oc_product_image` (`product_image_id`, `product_id`, `image`, `sort_order`) VALUES ('11882', '309', 'catalog/journal3/products/fashion/s1.jpg', '-3');
INSERT INTO `oc_product_image` (`product_image_id`, `product_id`, `image`, `sort_order`) VALUES ('11323', '356', 'catalog/journal3/products/fashion/additional/hat.jpg', '0');
INSERT INTO `oc_product_image` (`product_image_id`, `product_id`, `image`, `sort_order`) VALUES ('10624', '261', 'catalog/journal3/products/home/patio.jpeg', '0');
INSERT INTO `oc_product_image` (`product_image_id`, `product_id`, `image`, `sort_order`) VALUES ('11859', '376', 'catalog/journal3/products/fashion/additional/red-back.jpg', '2');
INSERT INTO `oc_product_image` (`product_image_id`, `product_id`, `image`, `sort_order`) VALUES ('11030', '338', 'catalog/journal3/products/footwear/additional/airmax_6.jpg', '0');
INSERT INTO `oc_product_image` (`product_image_id`, `product_id`, `image`, `sort_order`) VALUES ('11028', '338', 'catalog/journal3/products/footwear/additional/airmax_2.jpg', '0');
INSERT INTO `oc_product_image` (`product_image_id`, `product_id`, `image`, `sort_order`) VALUES ('10247', '326', 'catalog/journal3/products/footwear/additional/9.jpg', '0');
INSERT INTO `oc_product_image` (`product_image_id`, `product_id`, `image`, `sort_order`) VALUES ('11153', '344', 'catalog/journal3/products/footwear/13.png', '0');
INSERT INTO `oc_product_image` (`product_image_id`, `product_id`, `image`, `sort_order`) VALUES ('10457', '325', 'catalog/journal3/products/footwear/additional/9.jpg', '0');
INSERT INTO `oc_product_image` (`product_image_id`, `product_id`, `image`, `sort_order`) VALUES ('10597', '348', 'catalog/journal3/products/footwear/9.png', '0');
INSERT INTO `oc_product_image` (`product_image_id`, `product_id`, `image`, `sort_order`) VALUES ('10635', '323', 'catalog/journal3/products/footwear/additional/airmax_6.jpg', '0');
INSERT INTO `oc_product_image` (`product_image_id`, `product_id`, `image`, `sort_order`) VALUES ('10715', '345', 'catalog/journal3/products/footwear/flip-flops.jpg', '0');
INSERT INTO `oc_product_image` (`product_image_id`, `product_id`, `image`, `sort_order`) VALUES ('11378', '346', 'catalog/journal3/products/footwear/flip-flops.jpg', '0');
INSERT INTO `oc_product_image` (`product_image_id`, `product_id`, `image`, `sort_order`) VALUES ('11399', '335', 'catalog/journal3/products/footwear/7.png', '0');
INSERT INTO `oc_product_image` (`product_image_id`, `product_id`, `image`, `sort_order`) VALUES ('11063', '347', 'catalog/journal3/products/footwear/shoes5.jpg', '0');
INSERT INTO `oc_product_image` (`product_image_id`, `product_id`, `image`, `sort_order`) VALUES ('11061', '347', 'catalog/journal3/products/footwear/additional/airmax_2.jpg', '0');
INSERT INTO `oc_product_image` (`product_image_id`, `product_id`, `image`, `sort_order`) VALUES ('10258', '339', 'catalog/journal3/products/footwear/additional/airmax_2.jpg', '0');
INSERT INTO `oc_product_image` (`product_image_id`, `product_id`, `image`, `sort_order`) VALUES ('11075', '269', 'catalog/journal3/products/footwear/1.png', '0');
INSERT INTO `oc_product_image` (`product_image_id`, `product_id`, `image`, `sort_order`) VALUES ('11074', '269', 'catalog/journal3/products/footwear/additional/airmax_10.jpg', '0');
INSERT INTO `oc_product_image` (`product_image_id`, `product_id`, `image`, `sort_order`) VALUES ('10723', '273', 'catalog/journal3/products/electronics/apple-black.png', '0');
INSERT INTO `oc_product_image` (`product_image_id`, `product_id`, `image`, `sort_order`) VALUES ('10722', '273', 'catalog/journal3/products/electronics/additional/apple-gold.png', '0');
INSERT INTO `oc_product_image` (`product_image_id`, `product_id`, `image`, `sort_order`) VALUES ('10620', '272', 'catalog/journal3/products/electronics/bluetooth-gramophone-by-gramovox.jpg', '0');
INSERT INTO `oc_product_image` (`product_image_id`, `product_id`, `image`, `sort_order`) VALUES ('10618', '272', 'catalog/journal3/products/electronics/additional/apple-gold.png', '0');
INSERT INTO `oc_product_image` (`product_image_id`, `product_id`, `image`, `sort_order`) VALUES ('10617', '272', 'catalog/journal3/products/electronics/apple-black.png', '-1');
INSERT INTO `oc_product_image` (`product_image_id`, `product_id`, `image`, `sort_order`) VALUES ('10553', '270', 'catalog/journal3/products/footwear/additional/airmax_6.jpg', '0');
INSERT INTO `oc_product_image` (`product_image_id`, `product_id`, `image`, `sort_order`) VALUES ('10551', '270', 'catalog/journal3/products/footwear/additional/airmax_4.jpg', '0');
INSERT INTO `oc_product_image` (`product_image_id`, `product_id`, `image`, `sort_order`) VALUES ('10550', '270', 'catalog/journal3/products/footwear/additional/airmax_7.jpg', '0');
INSERT INTO `oc_product_image` (`product_image_id`, `product_id`, `image`, `sort_order`) VALUES ('11150', '263', 'catalog/journal3/products/footwear/additional/airmax_4.jpg', '0');
INSERT INTO `oc_product_image` (`product_image_id`, `product_id`, `image`, `sort_order`) VALUES ('11149', '263', 'catalog/journal3/products/footwear/additional/8.jpg', '0');
INSERT INTO `oc_product_image` (`product_image_id`, `product_id`, `image`, `sort_order`) VALUES ('10316', '260', 'catalog/journal3/products/backpacks/5.jpg', '0');
INSERT INTO `oc_product_image` (`product_image_id`, `product_id`, `image`, `sort_order`) VALUES ('10315', '260', 'catalog/journal3/products/backpacks/7.jpg', '0');
INSERT INTO `oc_product_image` (`product_image_id`, `product_id`, `image`, `sort_order`) VALUES ('11054', '267', 'catalog/journal3/products/footwear/additional/airmax_6.jpg', '0');
INSERT INTO `oc_product_image` (`product_image_id`, `product_id`, `image`, `sort_order`) VALUES ('11053', '267', 'catalog/journal3/products/footwear/boot-2558324_1920.jpg', '0');
INSERT INTO `oc_product_image` (`product_image_id`, `product_id`, `image`, `sort_order`) VALUES ('11408', '264', 'catalog/journal3/products/perfume/perfume2.jpg', '0');
INSERT INTO `oc_product_image` (`product_image_id`, `product_id`, `image`, `sort_order`) VALUES ('11407', '264', 'catalog/journal3/products/beauty/13.jpg', '0');
INSERT INTO `oc_product_image` (`product_image_id`, `product_id`, `image`, `sort_order`) VALUES ('10434', '262', 'catalog/journal3/products/home/living.jpeg', '0');
INSERT INTO `oc_product_image` (`product_image_id`, `product_id`, `image`, `sort_order`) VALUES ('10432', '262', 'catalog/journal3/products/home/cottage-lake-water-nature-161029.jpeg', '0');
INSERT INTO `oc_product_image` (`product_image_id`, `product_id`, `image`, `sort_order`) VALUES ('11019', '266', 'catalog/journal3/products/footwear/shoes6.jpg', '0');
INSERT INTO `oc_product_image` (`product_image_id`, `product_id`, `image`, `sort_order`) VALUES ('11018', '266', 'catalog/journal3/products/footwear/shoes.jpg', '0');
INSERT INTO `oc_product_image` (`product_image_id`, `product_id`, `image`, `sort_order`) VALUES ('10770', '256', 'catalog/journal3/products/backpacks/4.jpg', '0');
INSERT INTO `oc_product_image` (`product_image_id`, `product_id`, `image`, `sort_order`) VALUES ('11086', '259', 'catalog/journal3/products/backpacks/9.jpg', '0');
INSERT INTO `oc_product_image` (`product_image_id`, `product_id`, `image`, `sort_order`) VALUES ('11085', '259', 'catalog/journal3/products/backpacks/7.jpg', '0');
INSERT INTO `oc_product_image` (`product_image_id`, `product_id`, `image`, `sort_order`) VALUES ('11057', '268', 'catalog/journal3/products/footwear/shoe.jpg', '0');
INSERT INTO `oc_product_image` (`product_image_id`, `product_id`, `image`, `sort_order`) VALUES ('10623', '261', 'catalog/journal3/products/home/outdoor.jpeg', '0');
INSERT INTO `oc_product_image` (`product_image_id`, `product_id`, `image`, `sort_order`) VALUES ('10621', '261', 'catalog/journal3/products/home/cottage-lake-water-nature-161029.jpeg', '0');
INSERT INTO `oc_product_image` (`product_image_id`, `product_id`, `image`, `sort_order`) VALUES ('11722', '351', '', '0');
INSERT INTO `oc_product_image` (`product_image_id`, `product_id`, `image`, `sort_order`) VALUES ('11723', '351', '', '0');
INSERT INTO `oc_product_image` (`product_image_id`, `product_id`, `image`, `sort_order`) VALUES ('11103', '318', 'catalog/journal3/products/fashion/bags/wallet.jpg', '0');
INSERT INTO `oc_product_image` (`product_image_id`, `product_id`, `image`, `sort_order`) VALUES ('11498', '291', 'catalog/journal3/products/beauty/additional/set3.jpg', '0');
INSERT INTO `oc_product_image` (`product_image_id`, `product_id`, `image`, `sort_order`) VALUES ('11521', '329', 'catalog/journal3/products/footwear/10.png', '0');
INSERT INTO `oc_product_image` (`product_image_id`, `product_id`, `image`, `sort_order`) VALUES ('10753', '341', 'catalog/journal3/products/footwear/11.png', '0');
INSERT INTO `oc_product_image` (`product_image_id`, `product_id`, `image`, `sort_order`) VALUES ('11543', '342', 'catalog/journal3/products/footwear/additional/airmax_6.jpg', '0');
INSERT INTO `oc_product_image` (`product_image_id`, `product_id`, `image`, `sort_order`) VALUES ('11400', '335', 'catalog/journal3/products/footwear/additional/airmax_4.jpg', '0');
INSERT INTO `oc_product_image` (`product_image_id`, `product_id`, `image`, `sort_order`) VALUES ('11893', '300', 'catalog/journal3/products/fashion/additional/te4.jpg', '0');
INSERT INTO `oc_product_image` (`product_image_id`, `product_id`, `image`, `sort_order`) VALUES ('11322', '356', 'catalog/journal3/products/fashion/accessories/case2.jpg', '0');
INSERT INTO `oc_product_image` (`product_image_id`, `product_id`, `image`, `sort_order`) VALUES ('11135', '370', 'catalog/journal3/products/electronics/camera.jpg', '0');
INSERT INTO `oc_product_image` (`product_image_id`, `product_id`, `image`, `sort_order`) VALUES ('10893', '277', 'catalog/journal3/products/beauty/4.jpg', '0');
INSERT INTO `oc_product_image` (`product_image_id`, `product_id`, `image`, `sort_order`) VALUES ('11035', '334', 'catalog/journal3/products/footwear/additional/9.jpg', '0');
INSERT INTO `oc_product_image` (`product_image_id`, `product_id`, `image`, `sort_order`) VALUES ('11060', '347', 'catalog/journal3/products/footwear/flip-flops.jpg', '0');
INSERT INTO `oc_product_image` (`product_image_id`, `product_id`, `image`, `sort_order`) VALUES ('10917', '294', 'catalog/journal3/products/beauty/additional/set3.jpg', '0');
INSERT INTO `oc_product_image` (`product_image_id`, `product_id`, `image`, `sort_order`) VALUES ('11285', '354', 'catalog/journal3/products/fashion/bags/purse2.jpg', '0');
INSERT INTO `oc_product_image` (`product_image_id`, `product_id`, `image`, `sort_order`) VALUES ('11538', '360', 'catalog/journal3/products/electronics/additional/apple-rose.png', '0');
INSERT INTO `oc_product_image` (`product_image_id`, `product_id`, `image`, `sort_order`) VALUES ('10909', '297', 'catalog/journal3/products/beauty/additional/set3.jpg', '0');
INSERT INTO `oc_product_image` (`product_image_id`, `product_id`, `image`, `sort_order`) VALUES ('11056', '268', 'catalog/journal3/products/footwear/slippers.jpg', '0');
INSERT INTO `oc_product_image` (`product_image_id`, `product_id`, `image`, `sort_order`) VALUES ('11865', '306', 'catalog/journal3/products/fashion/additional/te4.jpg', '0');
INSERT INTO `oc_product_image` (`product_image_id`, `product_id`, `image`, `sort_order`) VALUES ('11490', '349', 'catalog/journal3/products/fashion/bags/purse2.jpg', '0');
INSERT INTO `oc_product_image` (`product_image_id`, `product_id`, `image`, `sort_order`) VALUES ('11503', '291', 'catalog/journal3/products/beauty/additional/set2.jpg', '0');
INSERT INTO `oc_product_image` (`product_image_id`, `product_id`, `image`, `sort_order`) VALUES ('11858', '376', 'catalog/journal3/products/fashion/additional/blonde-woman-holding-a-plant-9.jpg', '1');
INSERT INTO `oc_product_image` (`product_image_id`, `product_id`, `image`, `sort_order`) VALUES ('11520', '330', 'catalog/journal3/products/footwear/additional/airmax_10.jpg', '0');
INSERT INTO `oc_product_image` (`product_image_id`, `product_id`, `image`, `sort_order`) VALUES ('11527', '329', 'catalog/journal3/products/footwear/additional/airmax.jpg', '0');
INSERT INTO `oc_product_image` (`product_image_id`, `product_id`, `image`, `sort_order`) VALUES ('11542', '360', 'catalog/journal3/products/electronics/camera.jpg', '0');
INSERT INTO `oc_product_image` (`product_image_id`, `product_id`, `image`, `sort_order`) VALUES ('11549', '342', 'catalog/journal3/products/footwear/additional/airmax_10.jpg', '0');
INSERT INTO `oc_product_image` (`product_image_id`, `product_id`, `image`, `sort_order`) VALUES ('11564', '42', 'catalog/demo/hp_1.jpg', '0');
INSERT INTO `oc_product_image` (`product_image_id`, `product_id`, `image`, `sort_order`) VALUES ('11902', '317', 'catalog/journal3/products/fashion/b2.jpg', '-1');
INSERT INTO `oc_product_image` (`product_image_id`, `product_id`, `image`, `sort_order`) VALUES ('11821', '301', 'catalog/journal3/products/fashion/b2.jpg', '-2');
INSERT INTO `oc_product_image` (`product_image_id`, `product_id`, `image`, `sort_order`) VALUES ('11818', '312', 'catalog/journal3/products/fashion/additional/glasses3.jpg', '0');
INSERT INTO `oc_product_image` (`product_image_id`, `product_id`, `image`, `sort_order`) VALUES ('11834', '314', 'catalog/journal3/products/fashion/additional/andrew-neel-227873-unsplash.jpg', '0');
INSERT INTO `oc_product_image` (`product_image_id`, `product_id`, `image`, `sort_order`) VALUES ('11903', '317', 'catalog/journal3/products/fashion/additional/blonde-woman-holding-a-plant-9.jpg', '0');
INSERT INTO `oc_product_image` (`product_image_id`, `product_id`, `image`, `sort_order`) VALUES ('11817', '312', 'catalog/journal3/products/fashion/additional/8325113024_f2f3e5e9a7_o.jpg', '0');
INSERT INTO `oc_product_image` (`product_image_id`, `product_id`, `image`, `sort_order`) VALUES ('11815', '312', 'catalog/journal3/products/fashion/g2.jpg', '-1');
INSERT INTO `oc_product_image` (`product_image_id`, `product_id`, `image`, `sort_order`) VALUES ('11851', '307', 'catalog/journal3/products/fashion/k2.jpg', '-20');
INSERT INTO `oc_product_image` (`product_image_id`, `product_id`, `image`, `sort_order`) VALUES ('11852', '307', 'catalog/journal3/products/fashion/c2.jpg', '0');
INSERT INTO `oc_product_image` (`product_image_id`, `product_id`, `image`, `sort_order`) VALUES ('11753', '308', 'catalog/journal3/products/fashion/additional/tee4.jpg', '0');
INSERT INTO `oc_product_image` (`product_image_id`, `product_id`, `image`, `sort_order`) VALUES ('11748', '308', 'catalog/journal3/products/fashion/additional/tee5.jpg', '0');
INSERT INTO `oc_product_image` (`product_image_id`, `product_id`, `image`, `sort_order`) VALUES ('11857', '376', 'catalog/journal3/products/fashion/l2.jpg', '0');
INSERT INTO `oc_product_image` (`product_image_id`, `product_id`, `image`, `sort_order`) VALUES ('11863', '306', 'catalog/journal3/products/fashion/m2.jpg', '-2');
INSERT INTO `oc_product_image` (`product_image_id`, `product_id`, `image`, `sort_order`) VALUES ('11864', '306', 'catalog/journal3/products/fashion/c1.jpg', '0');
INSERT INTO `oc_product_image` (`product_image_id`, `product_id`, `image`, `sort_order`) VALUES ('11876', '303', 'catalog/journal3/products/fashion/r1.jpg', '-3');
INSERT INTO `oc_product_image` (`product_image_id`, `product_id`, `image`, `sort_order`) VALUES ('11788', '316', 'catalog/journal3/products/fashion/additional/hat.jpg', '0');
INSERT INTO `oc_product_image` (`product_image_id`, `product_id`, `image`, `sort_order`) VALUES ('11784', '316', 'catalog/journal3/products/fashion/additional/te.jpg', '0');
INSERT INTO `oc_product_image` (`product_image_id`, `product_id`, `image`, `sort_order`) VALUES ('11901', '280', 'catalog/journal3/products/beauty/2.jpg', '0');
INSERT INTO `oc_product_image` (`product_image_id`, `product_id`, `image`, `sort_order`) VALUES ('12009', '377', 'catalog/journal3/products/beauty/24.jpg', '0');
INSERT INTO `oc_product_image` (`product_image_id`, `product_id`, `image`, `sort_order`) VALUES ('12008', '377', 'catalog/journal3/products/beauty/additional/23.jpg', '0');
INSERT INTO `oc_product_image` (`product_image_id`, `product_id`, `image`, `sort_order`) VALUES ('12007', '377', 'catalog/journal3/products/beauty/additional/8.jpg', '0');
INSERT INTO `oc_product_image` (`product_image_id`, `product_id`, `image`, `sort_order`) VALUES ('12006', '377', 'catalog/journal3/products/beauty/additional/15.jpg', '0');
INSERT INTO `oc_product_image` (`product_image_id`, `product_id`, `image`, `sort_order`) VALUES ('12004', '377', 'catalog/journal3/products/beauty/2.jpg', '0');
INSERT INTO `oc_product_image` (`product_image_id`, `product_id`, `image`, `sort_order`) VALUES ('12005', '377', 'catalog/journal3/products/sports/1b.jpg', '-1');
INSERT INTO `oc_product_image` (`product_image_id`, `product_id`, `image`, `sort_order`) VALUES ('11968', '378', 'catalog/journal3/products/electronics/beolab-19-by-bang-olufsen.jpg', '0');
INSERT INTO `oc_product_image` (`product_image_id`, `product_id`, `image`, `sort_order`) VALUES ('11967', '378', 'catalog/journal3/products/electronics/smart-tv-h6240-by-samsung.jpg', '0');
INSERT INTO `oc_product_image` (`product_image_id`, `product_id`, `image`, `sort_order`) VALUES ('11966', '378', 'catalog/journal3/products/electronics/leica-m9-digital-camera-by-leica.jpg', '0');
INSERT INTO `oc_product_image` (`product_image_id`, `product_id`, `image`, `sort_order`) VALUES ('11991', '379', 'catalog/journal3/products/fashion/additional/Untitled-1.jpg', '0');
INSERT INTO `oc_product_image` (`product_image_id`, `product_id`, `image`, `sort_order`) VALUES ('11989', '379', 'catalog/journal3/products/fashion/additional/tee5.jpg', '0');
INSERT INTO `oc_product_image` (`product_image_id`, `product_id`, `image`, `sort_order`) VALUES ('11990', '379', 'catalog/journal3/products/fashion/additional/tee4.jpg', '0');
INSERT INTO `oc_product_image` (`product_image_id`, `product_id`, `image`, `sort_order`) VALUES ('11988', '379', 'catalog/journal3/products/fashion/b1.jpg', '0');
INSERT INTO `oc_product_image` (`product_image_id`, `product_id`, `image`, `sort_order`) VALUES ('12020', '380', 'catalog/journal3/products/beauty/additional/15.jpg', '0');
INSERT INTO `oc_product_image` (`product_image_id`, `product_id`, `image`, `sort_order`) VALUES ('12021', '380', 'catalog/journal3/products/sports/4b.jpg', '-1');
INSERT INTO `oc_product_image` (`product_image_id`, `product_id`, `image`, `sort_order`) VALUES ('12022', '380', 'catalog/journal3/products/beauty/additional/basket5.jpg', '0');
INSERT INTO `oc_product_image` (`product_image_id`, `product_id`, `image`, `sort_order`) VALUES ('12023', '380', 'catalog/journal3/products/beauty/additional/set2.jpg', '0');
INSERT INTO `oc_product_image` (`product_image_id`, `product_id`, `image`, `sort_order`) VALUES ('12018', '380', 'catalog/journal3/products/beauty/additional/set3.jpg', '0');
INSERT INTO `oc_product_image` (`product_image_id`, `product_id`, `image`, `sort_order`) VALUES ('12019', '380', 'catalog/journal3/products/beauty/additional/harc+prosop.jpg', '0');
INSERT INTO `oc_product_image` (`product_image_id`, `product_id`, `image`, `sort_order`) VALUES ('12029', '381', 'catalog/journal3/products/sports/6.jpg', '0');
INSERT INTO `oc_product_image` (`product_image_id`, `product_id`, `image`, `sort_order`) VALUES ('12028', '381', 'catalog/journal3/products/sports/6b.jpg', '0');
INSERT INTO `oc_product_image` (`product_image_id`, `product_id`, `image`, `sort_order`) VALUES ('12027', '382', 'catalog/journal3/products/fashion/additional/te4.jpg', '0');
INSERT INTO `oc_product_image` (`product_image_id`, `product_id`, `image`, `sort_order`) VALUES ('12026', '382', 'catalog/journal3/products/fashion/additional/te.jpg', '0');
INSERT INTO `oc_product_image` (`product_image_id`, `product_id`, `image`, `sort_order`) VALUES ('12025', '382', 'catalog/journal3/products/fashion/additional/tee3.jpg', '0');
INSERT INTO `oc_product_image` (`product_image_id`, `product_id`, `image`, `sort_order`) VALUES ('12024', '382', 'catalog/journal3/products/sports/6b.jpg', '-3');
INSERT INTO `oc_product_image` (`product_image_id`, `product_id`, `image`, `sort_order`) VALUES ('11987', '379', 'catalog/journal3/products/sports/3b.jpg', '-4');
INSERT INTO `oc_product_image` (`product_image_id`, `product_id`, `image`, `sort_order`) VALUES ('11969', '378', 'catalog/journal3/products/electronics/sony-bravia.jpg', '0');
INSERT INTO `oc_product_image` (`product_image_id`, `product_id`, `image`, `sort_order`) VALUES ('12017', '380', 'catalog/journal3/products/beauty/additional/23.jpg', '0');
INSERT INTO `oc_product_image` (`product_image_id`, `product_id`, `image`, `sort_order`) VALUES ('12003', '383', 'catalog/journal3/products/electronics/sony-bravia.jpg', '0');
INSERT INTO `oc_product_image` (`product_image_id`, `product_id`, `image`, `sort_order`) VALUES ('12002', '383', 'catalog/journal3/products/electronics/beolab-19-by-bang-olufsen.jpg', '0');
INSERT INTO `oc_product_image` (`product_image_id`, `product_id`, `image`, `sort_order`) VALUES ('12001', '383', 'catalog/journal3/products/electronics/smart-tv-h6240-by-samsung.jpg', '0');
INSERT INTO `oc_product_image` (`product_image_id`, `product_id`, `image`, `sort_order`) VALUES ('12000', '383', 'catalog/journal3/products/sports/2b.jpg', '-1');
INSERT INTO `oc_product_image` (`product_image_id`, `product_id`, `image`, `sort_order`) VALUES ('12030', '381', 'catalog/journal3/products/sports/3.jpg', '0');


TRUNCATE TABLE `oc_product_option`;

INSERT INTO `oc_product_option` (`product_option_id`, `product_id`, `option_id`, `value`, `required`) VALUES ('225', '47', '12', '2011-04-22', '0');
INSERT INTO `oc_product_option` (`product_option_id`, `product_id`, `option_id`, `value`, `required`) VALUES ('546', '30', '7', '', '0');
INSERT INTO `oc_product_option` (`product_option_id`, `product_id`, `option_id`, `value`, `required`) VALUES ('580', '281', '2', '', '0');
INSERT INTO `oc_product_option` (`product_option_id`, `product_id`, `option_id`, `value`, `required`) VALUES ('582', '290', '2', '', '0');
INSERT INTO `oc_product_option` (`product_option_id`, `product_id`, `option_id`, `value`, `required`) VALUES ('572', '293', '2', '', '0');
INSERT INTO `oc_product_option` (`product_option_id`, `product_id`, `option_id`, `value`, `required`) VALUES ('570', '278', '2', '', '0');
INSERT INTO `oc_product_option` (`product_option_id`, `product_id`, `option_id`, `value`, `required`) VALUES ('566', '294', '2', '', '0');
INSERT INTO `oc_product_option` (`product_option_id`, `product_id`, `option_id`, `value`, `required`) VALUES ('603', '277', '11', '', '0');
INSERT INTO `oc_product_option` (`product_option_id`, `product_id`, `option_id`, `value`, `required`) VALUES ('557', '282', '2', '', '0');
INSERT INTO `oc_product_option` (`product_option_id`, `product_id`, `option_id`, `value`, `required`) VALUES ('552', '376', '2', '', '0');
INSERT INTO `oc_product_option` (`product_option_id`, `product_id`, `option_id`, `value`, `required`) VALUES ('553', '376', '11', '', '0');
INSERT INTO `oc_product_option` (`product_option_id`, `product_id`, `option_id`, `value`, `required`) VALUES ('563', '297', '2', '', '0');
INSERT INTO `oc_product_option` (`product_option_id`, `product_id`, `option_id`, `value`, `required`) VALUES ('556', '280', '2', '', '0');
INSERT INTO `oc_product_option` (`product_option_id`, `product_id`, `option_id`, `value`, `required`) VALUES ('654', '367', '2', '', '0');
INSERT INTO `oc_product_option` (`product_option_id`, `product_id`, `option_id`, `value`, `required`) VALUES ('652', '335', '2', '', '0');
INSERT INTO `oc_product_option` (`product_option_id`, `product_id`, `option_id`, `value`, `required`) VALUES ('653', '335', '11', '', '0');
INSERT INTO `oc_product_option` (`product_option_id`, `product_id`, `option_id`, `value`, `required`) VALUES ('618', '317', '11', '', '0');
INSERT INTO `oc_product_option` (`product_option_id`, `product_id`, `option_id`, `value`, `required`) VALUES ('605', '279', '11', '', '0');
INSERT INTO `oc_product_option` (`product_option_id`, `product_id`, `option_id`, `value`, `required`) VALUES ('561', '279', '2', '', '0');
INSERT INTO `oc_product_option` (`product_option_id`, `product_id`, `option_id`, `value`, `required`) VALUES ('598', '292', '2', '', '0');
INSERT INTO `oc_product_option` (`product_option_id`, `product_id`, `option_id`, `value`, `required`) VALUES ('592', '284', '2', '', '0');
INSERT INTO `oc_product_option` (`product_option_id`, `product_id`, `option_id`, `value`, `required`) VALUES ('578', '275', '2', '', '0');
INSERT INTO `oc_product_option` (`product_option_id`, `product_id`, `option_id`, `value`, `required`) VALUES ('568', '283', '2', '', '0');
INSERT INTO `oc_product_option` (`product_option_id`, `product_id`, `option_id`, `value`, `required`) VALUES ('586', '295', '2', '', '0');
INSERT INTO `oc_product_option` (`product_option_id`, `product_id`, `option_id`, `value`, `required`) VALUES ('564', '289', '2', '', '0');
INSERT INTO `oc_product_option` (`product_option_id`, `product_id`, `option_id`, `value`, `required`) VALUES ('677', '383', '2', '', '0');
INSERT INTO `oc_product_option` (`product_option_id`, `product_id`, `option_id`, `value`, `required`) VALUES ('641', '336', '11', '', '0');
INSERT INTO `oc_product_option` (`product_option_id`, `product_id`, `option_id`, `value`, `required`) VALUES ('640', '336', '2', '', '0');
INSERT INTO `oc_product_option` (`product_option_id`, `product_id`, `option_id`, `value`, `required`) VALUES ('631', '371', '11', '', '0');
INSERT INTO `oc_product_option` (`product_option_id`, `product_id`, `option_id`, `value`, `required`) VALUES ('630', '371', '2', '', '0');
INSERT INTO `oc_product_option` (`product_option_id`, `product_id`, `option_id`, `value`, `required`) VALUES ('590', '286', '2', '', '0');
INSERT INTO `oc_product_option` (`product_option_id`, `product_id`, `option_id`, `value`, `required`) VALUES ('678', '383', '11', '', '0');
INSERT INTO `oc_product_option` (`product_option_id`, `product_id`, `option_id`, `value`, `required`) VALUES ('622', '317', '2', '', '0');
INSERT INTO `oc_product_option` (`product_option_id`, `product_id`, `option_id`, `value`, `required`) VALUES ('588', '287', '2', '', '0');
INSERT INTO `oc_product_option` (`product_option_id`, `product_id`, `option_id`, `value`, `required`) VALUES ('676', '379', '2', '', '0');
INSERT INTO `oc_product_option` (`product_option_id`, `product_id`, `option_id`, `value`, `required`) VALUES ('674', '382', '2', '', '0');
INSERT INTO `oc_product_option` (`product_option_id`, `product_id`, `option_id`, `value`, `required`) VALUES ('614', '318', '2', '', '0');
INSERT INTO `oc_product_option` (`product_option_id`, `product_id`, `option_id`, `value`, `required`) VALUES ('675', '382', '11', '', '0');
INSERT INTO `oc_product_option` (`product_option_id`, `product_id`, `option_id`, `value`, `required`) VALUES ('600', '291', '2', '', '0');
INSERT INTO `oc_product_option` (`product_option_id`, `product_id`, `option_id`, `value`, `required`) VALUES ('628', '354', '2', '', '0');
INSERT INTO `oc_product_option` (`product_option_id`, `product_id`, `option_id`, `value`, `required`) VALUES ('629', '354', '11', '', '0');
INSERT INTO `oc_product_option` (`product_option_id`, `product_id`, `option_id`, `value`, `required`) VALUES ('220', '42', '10', '2011-02-20 22:25', '0');
INSERT INTO `oc_product_option` (`product_option_id`, `product_id`, `option_id`, `value`, `required`) VALUES ('606', '276', '11', '', '0');
INSERT INTO `oc_product_option` (`product_option_id`, `product_id`, `option_id`, `value`, `required`) VALUES ('576', '276', '2', '', '0');
INSERT INTO `oc_product_option` (`product_option_id`, `product_id`, `option_id`, `value`, `required`) VALUES ('673', '381', '11', '', '0');
INSERT INTO `oc_product_option` (`product_option_id`, `product_id`, `option_id`, `value`, `required`) VALUES ('574', '298', '2', '', '0');
INSERT INTO `oc_product_option` (`product_option_id`, `product_id`, `option_id`, `value`, `required`) VALUES ('646', '360', '2', '', '0');
INSERT INTO `oc_product_option` (`product_option_id`, `product_id`, `option_id`, `value`, `required`) VALUES ('647', '349', '2', '', '0');
INSERT INTO `oc_product_option` (`product_option_id`, `product_id`, `option_id`, `value`, `required`) VALUES ('650', '342', '2', '', '0');
INSERT INTO `oc_product_option` (`product_option_id`, `product_id`, `option_id`, `value`, `required`) VALUES ('648', '346', '2', '', '0');
INSERT INTO `oc_product_option` (`product_option_id`, `product_id`, `option_id`, `value`, `required`) VALUES ('649', '346', '11', '', '0');
INSERT INTO `oc_product_option` (`product_option_id`, `product_id`, `option_id`, `value`, `required`) VALUES ('651', '342', '11', '', '0');
INSERT INTO `oc_product_option` (`product_option_id`, `product_id`, `option_id`, `value`, `required`) VALUES ('672', '381', '2', '', '0');
INSERT INTO `oc_product_option` (`product_option_id`, `product_id`, `option_id`, `value`, `required`) VALUES ('612', '320', '2', '', '0');
INSERT INTO `oc_product_option` (`product_option_id`, `product_id`, `option_id`, `value`, `required`) VALUES ('594', '296', '2', '', '0');
INSERT INTO `oc_product_option` (`product_option_id`, `product_id`, `option_id`, `value`, `required`) VALUES ('671', '380', '2', '', '0');
INSERT INTO `oc_product_option` (`product_option_id`, `product_id`, `option_id`, `value`, `required`) VALUES ('209', '42', '6', '', '0');
INSERT INTO `oc_product_option` (`product_option_id`, `product_id`, `option_id`, `value`, `required`) VALUES ('221', '42', '9', '22:25', '0');
INSERT INTO `oc_product_option` (`product_option_id`, `product_id`, `option_id`, `value`, `required`) VALUES ('217', '42', '5', '', '0');
INSERT INTO `oc_product_option` (`product_option_id`, `product_id`, `option_id`, `value`, `required`) VALUES ('218', '42', '1', '', '0');
INSERT INTO `oc_product_option` (`product_option_id`, `product_id`, `option_id`, `value`, `required`) VALUES ('656', '364', '2', '', '0');
INSERT INTO `oc_product_option` (`product_option_id`, `product_id`, `option_id`, `value`, `required`) VALUES ('626', '312', '2', '', '0');
INSERT INTO `oc_product_option` (`product_option_id`, `product_id`, `option_id`, `value`, `required`) VALUES ('635', '316', '11', '', '0');
INSERT INTO `oc_product_option` (`product_option_id`, `product_id`, `option_id`, `value`, `required`) VALUES ('632', '333', '2', '', '0');
INSERT INTO `oc_product_option` (`product_option_id`, `product_id`, `option_id`, `value`, `required`) VALUES ('633', '333', '11', '', '0');
INSERT INTO `oc_product_option` (`product_option_id`, `product_id`, `option_id`, `value`, `required`) VALUES ('634', '316', '2', '', '0');
INSERT INTO `oc_product_option` (`product_option_id`, `product_id`, `option_id`, `value`, `required`) VALUES ('661', '33', '12', '2021-01-10', '0');
INSERT INTO `oc_product_option` (`product_option_id`, `product_id`, `option_id`, `value`, `required`) VALUES ('659', '49', '12', '2021-01-10', '0');
INSERT INTO `oc_product_option` (`product_option_id`, `product_id`, `option_id`, `value`, `required`) VALUES ('664', '309', '2', '', '0');
INSERT INTO `oc_product_option` (`product_option_id`, `product_id`, `option_id`, `value`, `required`) VALUES ('665', '309', '11', '', '0');
INSERT INTO `oc_product_option` (`product_option_id`, `product_id`, `option_id`, `value`, `required`) VALUES ('662', '368', '2', '', '0');
INSERT INTO `oc_product_option` (`product_option_id`, `product_id`, `option_id`, `value`, `required`) VALUES ('658', '49', '2', '', '0');
INSERT INTO `oc_product_option` (`product_option_id`, `product_id`, `option_id`, `value`, `required`) VALUES ('642', '300', '2', '', '0');
INSERT INTO `oc_product_option` (`product_option_id`, `product_id`, `option_id`, `value`, `required`) VALUES ('616', '373', '2', '', '0');
INSERT INTO `oc_product_option` (`product_option_id`, `product_id`, `option_id`, `value`, `required`) VALUES ('669', '378', '2', '', '0');
INSERT INTO `oc_product_option` (`product_option_id`, `product_id`, `option_id`, `value`, `required`) VALUES ('643', '300', '11', '', '0');
INSERT INTO `oc_product_option` (`product_option_id`, `product_id`, `option_id`, `value`, `required`) VALUES ('660', '33', '2', '', '0');
INSERT INTO `oc_product_option` (`product_option_id`, `product_id`, `option_id`, `value`, `required`) VALUES ('670', '378', '11', '', '0');
INSERT INTO `oc_product_option` (`product_option_id`, `product_id`, `option_id`, `value`, `required`) VALUES ('667', '377', '2', '', '0');
INSERT INTO `oc_product_option` (`product_option_id`, `product_id`, `option_id`, `value`, `required`) VALUES ('596', '288', '2', '', '0');
INSERT INTO `oc_product_option` (`product_option_id`, `product_id`, `option_id`, `value`, `required`) VALUES ('621', '301', '11', '', '0');
INSERT INTO `oc_product_option` (`product_option_id`, `product_id`, `option_id`, `value`, `required`) VALUES ('620', '301', '2', '', '0');
INSERT INTO `oc_product_option` (`product_option_id`, `product_id`, `option_id`, `value`, `required`) VALUES ('611', '351', '11', '', '0');
INSERT INTO `oc_product_option` (`product_option_id`, `product_id`, `option_id`, `value`, `required`) VALUES ('644', '357', '2', '', '0');
INSERT INTO `oc_product_option` (`product_option_id`, `product_id`, `option_id`, `value`, `required`) VALUES ('604', '274', '11', '', '0');
INSERT INTO `oc_product_option` (`product_option_id`, `product_id`, `option_id`, `value`, `required`) VALUES ('549', '274', '2', '', '0');
INSERT INTO `oc_product_option` (`product_option_id`, `product_id`, `option_id`, `value`, `required`) VALUES ('638', '372', '2', '', '0');
INSERT INTO `oc_product_option` (`product_option_id`, `product_id`, `option_id`, `value`, `required`) VALUES ('623', '314', '2', '', '0');
INSERT INTO `oc_product_option` (`product_option_id`, `product_id`, `option_id`, `value`, `required`) VALUES ('624', '314', '11', '', '0');
INSERT INTO `oc_product_option` (`product_option_id`, `product_id`, `option_id`, `value`, `required`) VALUES ('637', '356', '11', '', '0');
INSERT INTO `oc_product_option` (`product_option_id`, `product_id`, `option_id`, `value`, `required`) VALUES ('636', '356', '2', '', '0');
INSERT INTO `oc_product_option` (`product_option_id`, `product_id`, `option_id`, `value`, `required`) VALUES ('639', '372', '11', '', '0');
INSERT INTO `oc_product_option` (`product_option_id`, `product_id`, `option_id`, `value`, `required`) VALUES ('627', '312', '11', '', '0');
INSERT INTO `oc_product_option` (`product_option_id`, `product_id`, `option_id`, `value`, `required`) VALUES ('559', '277', '2', '', '0');
INSERT INTO `oc_product_option` (`product_option_id`, `product_id`, `option_id`, `value`, `required`) VALUES ('602', '280', '11', '', '0');
INSERT INTO `oc_product_option` (`product_option_id`, `product_id`, `option_id`, `value`, `required`) VALUES ('509', '256', '2', '', '0');
INSERT INTO `oc_product_option` (`product_option_id`, `product_id`, `option_id`, `value`, `required`) VALUES ('510', '256', '11', '', '0');
INSERT INTO `oc_product_option` (`product_option_id`, `product_id`, `option_id`, `value`, `required`) VALUES ('512', '257', '11', '', '0');
INSERT INTO `oc_product_option` (`product_option_id`, `product_id`, `option_id`, `value`, `required`) VALUES ('511', '257', '2', '', '0');
INSERT INTO `oc_product_option` (`product_option_id`, `product_id`, `option_id`, `value`, `required`) VALUES ('609', '350', '11', '', '0');
INSERT INTO `oc_product_option` (`product_option_id`, `product_id`, `option_id`, `value`, `required`) VALUES ('607', '350', '2', '', '0');
INSERT INTO `oc_product_option` (`product_option_id`, `product_id`, `option_id`, `value`, `required`) VALUES ('515', '259', '2', '', '0');
INSERT INTO `oc_product_option` (`product_option_id`, `product_id`, `option_id`, `value`, `required`) VALUES ('516', '259', '11', '', '0');
INSERT INTO `oc_product_option` (`product_option_id`, `product_id`, `option_id`, `value`, `required`) VALUES ('518', '260', '2', '', '0');
INSERT INTO `oc_product_option` (`product_option_id`, `product_id`, `option_id`, `value`, `required`) VALUES ('517', '260', '11', '', '0');
INSERT INTO `oc_product_option` (`product_option_id`, `product_id`, `option_id`, `value`, `required`) VALUES ('520', '261', '11', '', '0');
INSERT INTO `oc_product_option` (`product_option_id`, `product_id`, `option_id`, `value`, `required`) VALUES ('519', '261', '2', '', '0');
INSERT INTO `oc_product_option` (`product_option_id`, `product_id`, `option_id`, `value`, `required`) VALUES ('522', '262', '2', '', '0');
INSERT INTO `oc_product_option` (`product_option_id`, `product_id`, `option_id`, `value`, `required`) VALUES ('521', '262', '11', '', '0');
INSERT INTO `oc_product_option` (`product_option_id`, `product_id`, `option_id`, `value`, `required`) VALUES ('523', '263', '11', '', '0');
INSERT INTO `oc_product_option` (`product_option_id`, `product_id`, `option_id`, `value`, `required`) VALUES ('524', '263', '2', '', '0');
INSERT INTO `oc_product_option` (`product_option_id`, `product_id`, `option_id`, `value`, `required`) VALUES ('526', '264', '2', '', '0');
INSERT INTO `oc_product_option` (`product_option_id`, `product_id`, `option_id`, `value`, `required`) VALUES ('525', '264', '11', '', '0');
INSERT INTO `oc_product_option` (`product_option_id`, `product_id`, `option_id`, `value`, `required`) VALUES ('610', '351', '2', '', '0');
INSERT INTO `oc_product_option` (`product_option_id`, `product_id`, `option_id`, `value`, `required`) VALUES ('530', '266', '2', '', '0');
INSERT INTO `oc_product_option` (`product_option_id`, `product_id`, `option_id`, `value`, `required`) VALUES ('529', '266', '11', '', '0');
INSERT INTO `oc_product_option` (`product_option_id`, `product_id`, `option_id`, `value`, `required`) VALUES ('532', '267', '2', '', '0');
INSERT INTO `oc_product_option` (`product_option_id`, `product_id`, `option_id`, `value`, `required`) VALUES ('531', '267', '11', '', '0');
INSERT INTO `oc_product_option` (`product_option_id`, `product_id`, `option_id`, `value`, `required`) VALUES ('534', '268', '2', '', '0');
INSERT INTO `oc_product_option` (`product_option_id`, `product_id`, `option_id`, `value`, `required`) VALUES ('533', '268', '11', '', '0');
INSERT INTO `oc_product_option` (`product_option_id`, `product_id`, `option_id`, `value`, `required`) VALUES ('535', '269', '11', '', '0');
INSERT INTO `oc_product_option` (`product_option_id`, `product_id`, `option_id`, `value`, `required`) VALUES ('536', '269', '2', '', '0');
INSERT INTO `oc_product_option` (`product_option_id`, `product_id`, `option_id`, `value`, `required`) VALUES ('537', '270', '11', '', '0');
INSERT INTO `oc_product_option` (`product_option_id`, `product_id`, `option_id`, `value`, `required`) VALUES ('538', '270', '2', '', '0');
INSERT INTO `oc_product_option` (`product_option_id`, `product_id`, `option_id`, `value`, `required`) VALUES ('540', '271', '2', '', '0');
INSERT INTO `oc_product_option` (`product_option_id`, `product_id`, `option_id`, `value`, `required`) VALUES ('539', '271', '11', '', '0');
INSERT INTO `oc_product_option` (`product_option_id`, `product_id`, `option_id`, `value`, `required`) VALUES ('541', '272', '11', '', '0');
INSERT INTO `oc_product_option` (`product_option_id`, `product_id`, `option_id`, `value`, `required`) VALUES ('542', '272', '2', '', '0');
INSERT INTO `oc_product_option` (`product_option_id`, `product_id`, `option_id`, `value`, `required`) VALUES ('543', '273', '2', '', '0');
INSERT INTO `oc_product_option` (`product_option_id`, `product_id`, `option_id`, `value`, `required`) VALUES ('544', '273', '11', '', '0');
INSERT INTO `oc_product_option` (`product_option_id`, `product_id`, `option_id`, `value`, `required`) VALUES ('584', '285', '2', '', '0');
INSERT INTO `oc_product_option` (`product_option_id`, `product_id`, `option_id`, `value`, `required`) VALUES ('226', '30', '5', '', '0');
INSERT INTO `oc_product_option` (`product_option_id`, `product_id`, `option_id`, `value`, `required`) VALUES ('668', '377', '11', '', '0');
INSERT INTO `oc_product_option` (`product_option_id`, `product_id`, `option_id`, `value`, `required`) VALUES ('666', '306', '2', '', '0');
INSERT INTO `oc_product_option` (`product_option_id`, `product_id`, `option_id`, `value`, `required`) VALUES ('223', '42', '2', '', '0');
INSERT INTO `oc_product_option` (`product_option_id`, `product_id`, `option_id`, `value`, `required`) VALUES ('222', '42', '7', '', '0');
INSERT INTO `oc_product_option` (`product_option_id`, `product_id`, `option_id`, `value`, `required`) VALUES ('219', '42', '8', '2011-02-20', '0');
INSERT INTO `oc_product_option` (`product_option_id`, `product_id`, `option_id`, `value`, `required`) VALUES ('208', '42', '4', 'test', '0');


TRUNCATE TABLE `oc_product_option_value`;

INSERT INTO `oc_product_option_value` (`product_option_value_id`, `product_option_id`, `product_id`, `option_id`, `option_value_id`, `quantity`, `subtract`, `price`, `price_prefix`, `points`, `points_prefix`, `weight`, `weight_prefix`) VALUES ('1492', '654', '367', '2', '53', '30', '1', '0.0000', '+', '0', '+', '0.00000000', '+');
INSERT INTO `oc_product_option_value` (`product_option_value_id`, `product_option_id`, `product_id`, `option_id`, `option_value_id`, `quantity`, `subtract`, `price`, `price_prefix`, `points`, `points_prefix`, `weight`, `weight_prefix`) VALUES ('15', '226', '30', '5', '39', '1', '1', '0.0000', '+', '0', '+', '0.00000000', '+');
INSERT INTO `oc_product_option_value` (`product_option_value_id`, `product_option_id`, `product_id`, `option_id`, `option_value_id`, `quantity`, `subtract`, `price`, `price_prefix`, `points`, `points_prefix`, `weight`, `weight_prefix`) VALUES ('16', '226', '30', '5', '40', '5', '1', '0.0000', '+', '0', '+', '0.00000000', '+');
INSERT INTO `oc_product_option_value` (`product_option_value_id`, `product_option_id`, `product_id`, `option_id`, `option_value_id`, `quantity`, `subtract`, `price`, `price_prefix`, `points`, `points_prefix`, `weight`, `weight_prefix`) VALUES ('1508', '664', '309', '2', '23', '30', '1', '0.0000', '+', '0', '+', '0.00000000', '+');
INSERT INTO `oc_product_option_value` (`product_option_value_id`, `product_option_id`, `product_id`, `option_id`, `option_value_id`, `quantity`, `subtract`, `price`, `price_prefix`, `points`, `points_prefix`, `weight`, `weight_prefix`) VALUES ('1506', '664', '309', '2', '50', '30', '1', '0.0000', '+', '0', '+', '0.00000000', '+');
INSERT INTO `oc_product_option_value` (`product_option_value_id`, `product_option_id`, `product_id`, `option_id`, `option_value_id`, `quantity`, `subtract`, `price`, `price_prefix`, `points`, `points_prefix`, `weight`, `weight_prefix`) VALUES ('1507', '664', '309', '2', '57', '30', '1', '0.0000', '+', '0', '+', '0.00000000', '+');
INSERT INTO `oc_product_option_value` (`product_option_value_id`, `product_option_id`, `product_id`, `option_id`, `option_value_id`, `quantity`, `subtract`, `price`, `price_prefix`, `points`, `points_prefix`, `weight`, `weight_prefix`) VALUES ('1513', '665', '309', '11', '60', '30', '1', '0.0000', '+', '0', '+', '0.00000000', '+');
INSERT INTO `oc_product_option_value` (`product_option_value_id`, `product_option_id`, `product_id`, `option_id`, `option_value_id`, `quantity`, `subtract`, `price`, `price_prefix`, `points`, `points_prefix`, `weight`, `weight_prefix`) VALUES ('1512', '665', '309', '11', '48', '30', '1', '0.0000', '+', '0', '+', '0.00000000', '+');
INSERT INTO `oc_product_option_value` (`product_option_value_id`, `product_option_id`, `product_id`, `option_id`, `option_value_id`, `quantity`, `subtract`, `price`, `price_prefix`, `points`, `points_prefix`, `weight`, `weight_prefix`) VALUES ('1511', '665', '309', '11', '47', '30', '1', '0.0000', '+', '0', '+', '0.00000000', '+');
INSERT INTO `oc_product_option_value` (`product_option_value_id`, `product_option_id`, `product_id`, `option_id`, `option_value_id`, `quantity`, `subtract`, `price`, `price_prefix`, `points`, `points_prefix`, `weight`, `weight_prefix`) VALUES ('1510', '665', '309', '11', '46', '30', '1', '0.0000', '+', '0', '+', '0.00000000', '+');
INSERT INTO `oc_product_option_value` (`product_option_value_id`, `product_option_id`, `product_id`, `option_id`, `option_value_id`, `quantity`, `subtract`, `price`, `price_prefix`, `points`, `points_prefix`, `weight`, `weight_prefix`) VALUES ('1509', '665', '309', '11', '59', '30', '1', '0.0000', '+', '0', '+', '0.00000000', '+');
INSERT INTO `oc_product_option_value` (`product_option_value_id`, `product_option_id`, `product_id`, `option_id`, `option_value_id`, `quantity`, `subtract`, `price`, `price_prefix`, `points`, `points_prefix`, `weight`, `weight_prefix`) VALUES ('1505', '662', '368', '2', '49', '30', '1', '0.0000', '+', '0', '+', '0.00000000', '+');
INSERT INTO `oc_product_option_value` (`product_option_value_id`, `product_option_id`, `product_id`, `option_id`, `option_value_id`, `quantity`, `subtract`, `price`, `price_prefix`, `points`, `points_prefix`, `weight`, `weight_prefix`) VALUES ('1504', '662', '368', '2', '57', '30', '1', '0.0000', '+', '0', '+', '0.00000000', '+');
INSERT INTO `oc_product_option_value` (`product_option_value_id`, `product_option_id`, `product_id`, `option_id`, `option_value_id`, `quantity`, `subtract`, `price`, `price_prefix`, `points`, `points_prefix`, `weight`, `weight_prefix`) VALUES ('1503', '662', '368', '2', '53', '30', '1', '0.0000', '+', '0', '+', '0.00000000', '+');
INSERT INTO `oc_product_option_value` (`product_option_value_id`, `product_option_id`, `product_id`, `option_id`, `option_value_id`, `quantity`, `subtract`, `price`, `price_prefix`, `points`, `points_prefix`, `weight`, `weight_prefix`) VALUES ('1502', '660', '33', '2', '44', '30', '1', '0.0000', '+', '0', '+', '0.00000000', '+');
INSERT INTO `oc_product_option_value` (`product_option_value_id`, `product_option_id`, `product_id`, `option_id`, `option_value_id`, `quantity`, `subtract`, `price`, `price_prefix`, `points`, `points_prefix`, `weight`, `weight_prefix`) VALUES ('1501', '660', '33', '2', '57', '30', '1', '0.0000', '+', '0', '+', '0.00000000', '+');
INSERT INTO `oc_product_option_value` (`product_option_value_id`, `product_option_id`, `product_id`, `option_id`, `option_value_id`, `quantity`, `subtract`, `price`, `price_prefix`, `points`, `points_prefix`, `weight`, `weight_prefix`) VALUES ('1500', '660', '33', '2', '53', '30', '1', '0.0000', '+', '0', '+', '0.00000000', '+');
INSERT INTO `oc_product_option_value` (`product_option_value_id`, `product_option_id`, `product_id`, `option_id`, `option_value_id`, `quantity`, `subtract`, `price`, `price_prefix`, `points`, `points_prefix`, `weight`, `weight_prefix`) VALUES ('1499', '658', '49', '2', '44', '30', '1', '0.0000', '+', '0', '+', '0.00000000', '+');
INSERT INTO `oc_product_option_value` (`product_option_value_id`, `product_option_id`, `product_id`, `option_id`, `option_value_id`, `quantity`, `subtract`, `price`, `price_prefix`, `points`, `points_prefix`, `weight`, `weight_prefix`) VALUES ('1498', '658', '49', '2', '57', '30', '1', '0.0000', '+', '0', '+', '0.00000000', '+');
INSERT INTO `oc_product_option_value` (`product_option_value_id`, `product_option_id`, `product_id`, `option_id`, `option_value_id`, `quantity`, `subtract`, `price`, `price_prefix`, `points`, `points_prefix`, `weight`, `weight_prefix`) VALUES ('1497', '658', '49', '2', '53', '30', '1', '0.0000', '+', '0', '+', '0.00000000', '+');
INSERT INTO `oc_product_option_value` (`product_option_value_id`, `product_option_id`, `product_id`, `option_id`, `option_value_id`, `quantity`, `subtract`, `price`, `price_prefix`, `points`, `points_prefix`, `weight`, `weight_prefix`) VALUES ('1496', '656', '364', '2', '44', '30', '1', '0.0000', '+', '0', '+', '0.00000000', '+');
INSERT INTO `oc_product_option_value` (`product_option_value_id`, `product_option_id`, `product_id`, `option_id`, `option_value_id`, `quantity`, `subtract`, `price`, `price_prefix`, `points`, `points_prefix`, `weight`, `weight_prefix`) VALUES ('1494', '656', '364', '2', '53', '30', '1', '0.0000', '+', '0', '+', '0.00000000', '+');
INSERT INTO `oc_product_option_value` (`product_option_value_id`, `product_option_id`, `product_id`, `option_id`, `option_value_id`, `quantity`, `subtract`, `price`, `price_prefix`, `points`, `points_prefix`, `weight`, `weight_prefix`) VALUES ('1495', '656', '364', '2', '57', '30', '1', '0.0000', '+', '0', '+', '0.00000000', '+');
INSERT INTO `oc_product_option_value` (`product_option_value_id`, `product_option_id`, `product_id`, `option_id`, `option_value_id`, `quantity`, `subtract`, `price`, `price_prefix`, `points`, `points_prefix`, `weight`, `weight_prefix`) VALUES ('1493', '654', '367', '2', '49', '30', '1', '0.0000', '+', '0', '+', '0.00000000', '+');
INSERT INTO `oc_product_option_value` (`product_option_value_id`, `product_option_id`, `product_id`, `option_id`, `option_value_id`, `quantity`, `subtract`, `price`, `price_prefix`, `points`, `points_prefix`, `weight`, `weight_prefix`) VALUES ('1173', '523', '263', '11', '61', '0', '1', '0.0000', '+', '0', '+', '0.00000000', '+');
INSERT INTO `oc_product_option_value` (`product_option_value_id`, `product_option_id`, `product_id`, `option_id`, `option_value_id`, `quantity`, `subtract`, `price`, `price_prefix`, `points`, `points_prefix`, `weight`, `weight_prefix`) VALUES ('1448', '640', '336', '2', '50', '30', '1', '0.0000', '+', '0', '+', '0.00000000', '+');
INSERT INTO `oc_product_option_value` (`product_option_value_id`, `product_option_id`, `product_id`, `option_id`, `option_value_id`, `quantity`, `subtract`, `price`, `price_prefix`, `points`, `points_prefix`, `weight`, `weight_prefix`) VALUES ('1449', '640', '336', '2', '49', '30', '1', '0.0000', '+', '0', '+', '0.00000000', '+');
INSERT INTO `oc_product_option_value` (`product_option_value_id`, `product_option_id`, `product_id`, `option_id`, `option_value_id`, `quantity`, `subtract`, `price`, `price_prefix`, `points`, `points_prefix`, `weight`, `weight_prefix`) VALUES ('1450', '640', '336', '2', '44', '30', '1', '0.0000', '+', '0', '+', '0.00000000', '+');
INSERT INTO `oc_product_option_value` (`product_option_value_id`, `product_option_id`, `product_id`, `option_id`, `option_value_id`, `quantity`, `subtract`, `price`, `price_prefix`, `points`, `points_prefix`, `weight`, `weight_prefix`) VALUES ('1442', '638', '372', '2', '51', '30', '1', '0.0000', '+', '0', '+', '0.00000000', '+');
INSERT INTO `oc_product_option_value` (`product_option_value_id`, `product_option_id`, `product_id`, `option_id`, `option_value_id`, `quantity`, `subtract`, `price`, `price_prefix`, `points`, `points_prefix`, `weight`, `weight_prefix`) VALUES ('1443', '638', '372', '2', '50', '30', '1', '0.0000', '+', '0', '+', '0.00000000', '+');
INSERT INTO `oc_product_option_value` (`product_option_value_id`, `product_option_id`, `product_id`, `option_id`, `option_value_id`, `quantity`, `subtract`, `price`, `price_prefix`, `points`, `points_prefix`, `weight`, `weight_prefix`) VALUES ('1444', '638', '372', '2', '53', '30', '1', '0.0000', '+', '0', '+', '0.00000000', '+');
INSERT INTO `oc_product_option_value` (`product_option_value_id`, `product_option_id`, `product_id`, `option_id`, `option_value_id`, `quantity`, `subtract`, `price`, `price_prefix`, `points`, `points_prefix`, `weight`, `weight_prefix`) VALUES ('1447', '639', '372', '11', '48', '30', '1', '0.0000', '+', '0', '+', '0.00000000', '+');
INSERT INTO `oc_product_option_value` (`product_option_value_id`, `product_option_id`, `product_id`, `option_id`, `option_value_id`, `quantity`, `subtract`, `price`, `price_prefix`, `points`, `points_prefix`, `weight`, `weight_prefix`) VALUES ('1438', '636', '356', '2', '53', '30', '1', '0.0000', '+', '0', '+', '0.00000000', '+');
INSERT INTO `oc_product_option_value` (`product_option_value_id`, `product_option_id`, `product_id`, `option_id`, `option_value_id`, `quantity`, `subtract`, `price`, `price_prefix`, `points`, `points_prefix`, `weight`, `weight_prefix`) VALUES ('1437', '636', '356', '2', '57', '30', '1', '0.0000', '+', '0', '+', '0.00000000', '+');
INSERT INTO `oc_product_option_value` (`product_option_value_id`, `product_option_id`, `product_id`, `option_id`, `option_value_id`, `quantity`, `subtract`, `price`, `price_prefix`, `points`, `points_prefix`, `weight`, `weight_prefix`) VALUES ('1436', '636', '356', '2', '54', '30', '1', '0.0000', '+', '0', '+', '0.00000000', '+');
INSERT INTO `oc_product_option_value` (`product_option_value_id`, `product_option_id`, `product_id`, `option_id`, `option_value_id`, `quantity`, `subtract`, `price`, `price_prefix`, `points`, `points_prefix`, `weight`, `weight_prefix`) VALUES ('1439', '637', '356', '11', '47', '30', '1', '0.0000', '+', '0', '+', '0.00000000', '+');
INSERT INTO `oc_product_option_value` (`product_option_value_id`, `product_option_id`, `product_id`, `option_id`, `option_value_id`, `quantity`, `subtract`, `price`, `price_prefix`, `points`, `points_prefix`, `weight`, `weight_prefix`) VALUES ('1440', '637', '356', '11', '48', '30', '1', '0.0000', '+', '0', '+', '0.00000000', '+');
INSERT INTO `oc_product_option_value` (`product_option_value_id`, `product_option_id`, `product_id`, `option_id`, `option_value_id`, `quantity`, `subtract`, `price`, `price_prefix`, `points`, `points_prefix`, `weight`, `weight_prefix`) VALUES ('1441', '637', '356', '11', '60', '30', '1', '0.0000', '+', '0', '+', '0.00000000', '+');
INSERT INTO `oc_product_option_value` (`product_option_value_id`, `product_option_id`, `product_id`, `option_id`, `option_value_id`, `quantity`, `subtract`, `price`, `price_prefix`, `points`, `points_prefix`, `weight`, `weight_prefix`) VALUES ('1491', '654', '367', '2', '57', '30', '1', '0.0000', '+', '0', '+', '0.00000000', '+');
INSERT INTO `oc_product_option_value` (`product_option_value_id`, `product_option_id`, `product_id`, `option_id`, `option_value_id`, `quantity`, `subtract`, `price`, `price_prefix`, `points`, `points_prefix`, `weight`, `weight_prefix`) VALUES ('1359', '603', '277', '11', '48', '30', '1', '0.0000', '+', '0', '+', '0.00000000', '+');
INSERT INTO `oc_product_option_value` (`product_option_value_id`, `product_option_id`, `product_id`, `option_id`, `option_value_id`, `quantity`, `subtract`, `price`, `price_prefix`, `points`, `points_prefix`, `weight`, `weight_prefix`) VALUES ('1358', '603', '277', '11', '47', '30', '1', '0.0000', '+', '0', '+', '0.00000000', '+');
INSERT INTO `oc_product_option_value` (`product_option_value_id`, `product_option_id`, `product_id`, `option_id`, `option_value_id`, `quantity`, `subtract`, `price`, `price_prefix`, `points`, `points_prefix`, `weight`, `weight_prefix`) VALUES ('1357', '603', '277', '11', '46', '30', '1', '0.0000', '+', '0', '+', '0.00000000', '+');
INSERT INTO `oc_product_option_value` (`product_option_value_id`, `product_option_id`, `product_id`, `option_id`, `option_value_id`, `quantity`, `subtract`, `price`, `price_prefix`, `points`, `points_prefix`, `weight`, `weight_prefix`) VALUES ('1295', '557', '282', '2', '44', '99', '1', '0.0000', '+', '0', '+', '0.00000000', '+');
INSERT INTO `oc_product_option_value` (`product_option_value_id`, `product_option_id`, `product_id`, `option_id`, `option_value_id`, `quantity`, `subtract`, `price`, `price_prefix`, `points`, `points_prefix`, `weight`, `weight_prefix`) VALUES ('1294', '557', '282', '2', '49', '98', '1', '0.0000', '+', '0', '+', '0.00000000', '+');
INSERT INTO `oc_product_option_value` (`product_option_value_id`, `product_option_id`, `product_id`, `option_id`, `option_value_id`, `quantity`, `subtract`, `price`, `price_prefix`, `points`, `points_prefix`, `weight`, `weight_prefix`) VALUES ('1270', '549', '274', '2', '44', '99', '1', '0.0000', '+', '0', '+', '0.00000000', '+');
INSERT INTO `oc_product_option_value` (`product_option_value_id`, `product_option_id`, `product_id`, `option_id`, `option_value_id`, `quantity`, `subtract`, `price`, `price_prefix`, `points`, `points_prefix`, `weight`, `weight_prefix`) VALUES ('1457', '642', '300', '2', '56', '30', '1', '0.0000', '+', '0', '+', '0.00000000', '+');
INSERT INTO `oc_product_option_value` (`product_option_value_id`, `product_option_id`, `product_id`, `option_id`, `option_value_id`, `quantity`, `subtract`, `price`, `price_prefix`, `points`, `points_prefix`, `weight`, `weight_prefix`) VALUES ('1456', '642', '300', '2', '52', '30', '1', '0.0000', '+', '0', '+', '0.00000000', '+');
INSERT INTO `oc_product_option_value` (`product_option_value_id`, `product_option_id`, `product_id`, `option_id`, `option_value_id`, `quantity`, `subtract`, `price`, `price_prefix`, `points`, `points_prefix`, `weight`, `weight_prefix`) VALUES ('1455', '642', '300', '2', '58', '30', '1', '0.0000', '+', '0', '+', '0.00000000', '+');
INSERT INTO `oc_product_option_value` (`product_option_value_id`, `product_option_id`, `product_id`, `option_id`, `option_value_id`, `quantity`, `subtract`, `price`, `price_prefix`, `points`, `points_prefix`, `weight`, `weight_prefix`) VALUES ('1462', '643', '300', '11', '60', '30', '1', '0.0000', '+', '0', '+', '0.00000000', '+');
INSERT INTO `oc_product_option_value` (`product_option_value_id`, `product_option_id`, `product_id`, `option_id`, `option_value_id`, `quantity`, `subtract`, `price`, `price_prefix`, `points`, `points_prefix`, `weight`, `weight_prefix`) VALUES ('1420', '630', '371', '2', '23', '30', '1', '0.0000', '+', '0', '+', '0.00000000', '+');
INSERT INTO `oc_product_option_value` (`product_option_value_id`, `product_option_id`, `product_id`, `option_id`, `option_value_id`, `quantity`, `subtract`, `price`, `price_prefix`, `points`, `points_prefix`, `weight`, `weight_prefix`) VALUES ('1419', '630', '371', '2', '58', '30', '1', '0.0000', '+', '0', '+', '0.00000000', '+');
INSERT INTO `oc_product_option_value` (`product_option_value_id`, `product_option_id`, `product_id`, `option_id`, `option_value_id`, `quantity`, `subtract`, `price`, `price_prefix`, `points`, `points_prefix`, `weight`, `weight_prefix`) VALUES ('1415', '628', '354', '2', '54', '30', '1', '0.0000', '+', '0', '+', '0.00000000', '+');
INSERT INTO `oc_product_option_value` (`product_option_value_id`, `product_option_id`, `product_id`, `option_id`, `option_value_id`, `quantity`, `subtract`, `price`, `price_prefix`, `points`, `points_prefix`, `weight`, `weight_prefix`) VALUES ('1416', '628', '354', '2', '53', '30', '1', '0.0000', '+', '0', '+', '0.00000000', '+');
INSERT INTO `oc_product_option_value` (`product_option_value_id`, `product_option_id`, `product_id`, `option_id`, `option_value_id`, `quantity`, `subtract`, `price`, `price_prefix`, `points`, `points_prefix`, `weight`, `weight_prefix`) VALUES ('1418', '629', '354', '11', '48', '30', '1', '0.0000', '+', '0', '+', '0.00000000', '+');
INSERT INTO `oc_product_option_value` (`product_option_value_id`, `product_option_id`, `product_id`, `option_id`, `option_value_id`, `quantity`, `subtract`, `price`, `price_prefix`, `points`, `points_prefix`, `weight`, `weight_prefix`) VALUES ('4', '217', '42', '5', '39', '92', '1', '4.0000', '+', '0', '+', '4.00000000', '+');
INSERT INTO `oc_product_option_value` (`product_option_value_id`, `product_option_id`, `product_id`, `option_id`, `option_value_id`, `quantity`, `subtract`, `price`, `price_prefix`, `points`, `points_prefix`, `weight`, `weight_prefix`) VALUES ('3', '217', '42', '5', '40', '300', '0', '3.0000', '+', '0', '+', '3.00000000', '+');
INSERT INTO `oc_product_option_value` (`product_option_value_id`, `product_option_id`, `product_id`, `option_id`, `option_value_id`, `quantity`, `subtract`, `price`, `price_prefix`, `points`, `points_prefix`, `weight`, `weight_prefix`) VALUES ('7', '218', '42', '1', '43', '300', '1', '30.0000', '+', '3', '+', '30.00000000', '+');
INSERT INTO `oc_product_option_value` (`product_option_value_id`, `product_option_id`, `product_id`, `option_id`, `option_value_id`, `quantity`, `subtract`, `price`, `price_prefix`, `points`, `points_prefix`, `weight`, `weight_prefix`) VALUES ('6', '218', '42', '1', '31', '146', '1', '20.0000', '+', '2', '-', '20.00000000', '+');
INSERT INTO `oc_product_option_value` (`product_option_value_id`, `product_option_id`, `product_id`, `option_id`, `option_value_id`, `quantity`, `subtract`, `price`, `price_prefix`, `points`, `points_prefix`, `weight`, `weight_prefix`) VALUES ('5', '218', '42', '1', '32', '96', '1', '10.0000', '+', '1', '+', '10.00000000', '+');
INSERT INTO `oc_product_option_value` (`product_option_value_id`, `product_option_id`, `product_id`, `option_id`, `option_value_id`, `quantity`, `subtract`, `price`, `price_prefix`, `points`, `points_prefix`, `weight`, `weight_prefix`) VALUES ('11', '223', '42', '2', '45', '3998', '1', '40.0000', '+', '0', '+', '40.00000000', '+');
INSERT INTO `oc_product_option_value` (`product_option_value_id`, `product_option_id`, `product_id`, `option_id`, `option_value_id`, `quantity`, `subtract`, `price`, `price_prefix`, `points`, `points_prefix`, `weight`, `weight_prefix`) VALUES ('10', '223', '42', '2', '44', '2696', '1', '30.0000', '+', '0', '+', '30.00000000', '+');
INSERT INTO `oc_product_option_value` (`product_option_value_id`, `product_option_id`, `product_id`, `option_id`, `option_value_id`, `quantity`, `subtract`, `price`, `price_prefix`, `points`, `points_prefix`, `weight`, `weight_prefix`) VALUES ('1490', '653', '335', '11', '61', '30', '1', '0.0000', '+', '0', '+', '0.00000000', '+');
INSERT INTO `oc_product_option_value` (`product_option_value_id`, `product_option_id`, `product_id`, `option_id`, `option_value_id`, `quantity`, `subtract`, `price`, `price_prefix`, `points`, `points_prefix`, `weight`, `weight_prefix`) VALUES ('1489', '653', '335', '11', '60', '30', '1', '0.0000', '+', '0', '+', '0.00000000', '+');
INSERT INTO `oc_product_option_value` (`product_option_value_id`, `product_option_id`, `product_id`, `option_id`, `option_value_id`, `quantity`, `subtract`, `price`, `price_prefix`, `points`, `points_prefix`, `weight`, `weight_prefix`) VALUES ('1321', '576', '276', '2', '56', '30', '1', '0.0000', '+', '0', '+', '0.00000000', '+');
INSERT INTO `oc_product_option_value` (`product_option_value_id`, `product_option_id`, `product_id`, `option_id`, `option_value_id`, `quantity`, `subtract`, `price`, `price_prefix`, `points`, `points_prefix`, `weight`, `weight_prefix`) VALUES ('1451', '641', '336', '11', '46', '30', '1', '0.0000', '+', '0', '+', '0.00000000', '+');
INSERT INTO `oc_product_option_value` (`product_option_value_id`, `product_option_id`, `product_id`, `option_id`, `option_value_id`, `quantity`, `subtract`, `price`, `price_prefix`, `points`, `points_prefix`, `weight`, `weight_prefix`) VALUES ('1452', '641', '336', '11', '47', '30', '1', '0.0000', '+', '0', '+', '0.00000000', '+');
INSERT INTO `oc_product_option_value` (`product_option_value_id`, `product_option_id`, `product_id`, `option_id`, `option_value_id`, `quantity`, `subtract`, `price`, `price_prefix`, `points`, `points_prefix`, `weight`, `weight_prefix`) VALUES ('1453', '641', '336', '11', '48', '30', '1', '0.0000', '+', '0', '+', '0.00000000', '+');
INSERT INTO `oc_product_option_value` (`product_option_value_id`, `product_option_id`, `product_id`, `option_id`, `option_value_id`, `quantity`, `subtract`, `price`, `price_prefix`, `points`, `points_prefix`, `weight`, `weight_prefix`) VALUES ('1454', '641', '336', '11', '60', '30', '1', '0.0000', '+', '0', '+', '0.00000000', '+');
INSERT INTO `oc_product_option_value` (`product_option_value_id`, `product_option_id`, `product_id`, `option_id`, `option_value_id`, `quantity`, `subtract`, `price`, `price_prefix`, `points`, `points_prefix`, `weight`, `weight_prefix`) VALUES ('1461', '643', '300', '11', '48', '30', '1', '0.0000', '+', '0', '+', '0.00000000', '+');
INSERT INTO `oc_product_option_value` (`product_option_value_id`, `product_option_id`, `product_id`, `option_id`, `option_value_id`, `quantity`, `subtract`, `price`, `price_prefix`, `points`, `points_prefix`, `weight`, `weight_prefix`) VALUES ('1460', '643', '300', '11', '47', '30', '1', '0.0000', '+', '0', '+', '0.00000000', '+');
INSERT INTO `oc_product_option_value` (`product_option_value_id`, `product_option_id`, `product_id`, `option_id`, `option_value_id`, `quantity`, `subtract`, `price`, `price_prefix`, `points`, `points_prefix`, `weight`, `weight_prefix`) VALUES ('1459', '643', '300', '11', '46', '29', '1', '0.0000', '+', '0', '+', '0.00000000', '+');
INSERT INTO `oc_product_option_value` (`product_option_value_id`, `product_option_id`, `product_id`, `option_id`, `option_value_id`, `quantity`, `subtract`, `price`, `price_prefix`, `points`, `points_prefix`, `weight`, `weight_prefix`) VALUES ('1323', '578', '275', '2', '58', '20', '1', '0.0000', '+', '0', '+', '0.00000000', '+');
INSERT INTO `oc_product_option_value` (`product_option_value_id`, `product_option_id`, `product_id`, `option_id`, `option_value_id`, `quantity`, `subtract`, `price`, `price_prefix`, `points`, `points_prefix`, `weight`, `weight_prefix`) VALUES ('1322', '578', '275', '2', '52', '30', '1', '0.0000', '+', '0', '+', '0.00000000', '+');
INSERT INTO `oc_product_option_value` (`product_option_value_id`, `product_option_id`, `product_id`, `option_id`, `option_value_id`, `quantity`, `subtract`, `price`, `price_prefix`, `points`, `points_prefix`, `weight`, `weight_prefix`) VALUES ('1367', '605', '279', '11', '48', '30', '1', '0.0000', '+', '0', '+', '0.00000000', '+');
INSERT INTO `oc_product_option_value` (`product_option_value_id`, `product_option_id`, `product_id`, `option_id`, `option_value_id`, `quantity`, `subtract`, `price`, `price_prefix`, `points`, `points_prefix`, `weight`, `weight_prefix`) VALUES ('1319', '576', '276', '2', '58', '30', '1', '0.0000', '+', '0', '+', '0.00000000', '+');
INSERT INTO `oc_product_option_value` (`product_option_value_id`, `product_option_id`, `product_id`, `option_id`, `option_value_id`, `quantity`, `subtract`, `price`, `price_prefix`, `points`, `points_prefix`, `weight`, `weight_prefix`) VALUES ('1320', '576', '276', '2', '52', '30', '1', '0.0000', '+', '0', '+', '0.00000000', '+');
INSERT INTO `oc_product_option_value` (`product_option_value_id`, `product_option_id`, `product_id`, `option_id`, `option_value_id`, `quantity`, `subtract`, `price`, `price_prefix`, `points`, `points_prefix`, `weight`, `weight_prefix`) VALUES ('1311', '568', '283', '2', '57', '30', '1', '0.0000', '+', '0', '+', '0.00000000', '+');
INSERT INTO `oc_product_option_value` (`product_option_value_id`, `product_option_id`, `product_id`, `option_id`, `option_value_id`, `quantity`, `subtract`, `price`, `price_prefix`, `points`, `points_prefix`, `weight`, `weight_prefix`) VALUES ('1310', '568', '283', '2', '53', '30', '1', '0.0000', '+', '0', '+', '0.00000000', '+');
INSERT INTO `oc_product_option_value` (`product_option_value_id`, `product_option_id`, `product_id`, `option_id`, `option_value_id`, `quantity`, `subtract`, `price`, `price_prefix`, `points`, `points_prefix`, `weight`, `weight_prefix`) VALUES ('1313', '570', '278', '2', '44', '30', '1', '0.0000', '+', '0', '+', '0.00000000', '+');
INSERT INTO `oc_product_option_value` (`product_option_value_id`, `product_option_id`, `product_id`, `option_id`, `option_value_id`, `quantity`, `subtract`, `price`, `price_prefix`, `points`, `points_prefix`, `weight`, `weight_prefix`) VALUES ('1312', '570', '278', '2', '49', '29', '1', '0.0000', '+', '0', '+', '0.00000000', '+');
INSERT INTO `oc_product_option_value` (`product_option_value_id`, `product_option_id`, `product_id`, `option_id`, `option_value_id`, `quantity`, `subtract`, `price`, `price_prefix`, `points`, `points_prefix`, `weight`, `weight_prefix`) VALUES ('1314', '572', '293', '2', '52', '26', '1', '0.0000', '+', '0', '+', '0.00000000', '+');
INSERT INTO `oc_product_option_value` (`product_option_value_id`, `product_option_id`, `product_id`, `option_id`, `option_value_id`, `quantity`, `subtract`, `price`, `price_prefix`, `points`, `points_prefix`, `weight`, `weight_prefix`) VALUES ('1315', '572', '293', '2', '58', '29', '1', '0.0000', '+', '0', '+', '0.00000000', '+');
INSERT INTO `oc_product_option_value` (`product_option_value_id`, `product_option_id`, `product_id`, `option_id`, `option_value_id`, `quantity`, `subtract`, `price`, `price_prefix`, `points`, `points_prefix`, `weight`, `weight_prefix`) VALUES ('1318', '574', '298', '2', '44', '30', '1', '0.0000', '+', '0', '+', '0.00000000', '+');
INSERT INTO `oc_product_option_value` (`product_option_value_id`, `product_option_id`, `product_id`, `option_id`, `option_value_id`, `quantity`, `subtract`, `price`, `price_prefix`, `points`, `points_prefix`, `weight`, `weight_prefix`) VALUES ('1316', '574', '298', '2', '50', '30', '1', '0.0000', '+', '0', '+', '0.00000000', '+');
INSERT INTO `oc_product_option_value` (`product_option_value_id`, `product_option_id`, `product_id`, `option_id`, `option_value_id`, `quantity`, `subtract`, `price`, `price_prefix`, `points`, `points_prefix`, `weight`, `weight_prefix`) VALUES ('1317', '574', '298', '2', '49', '30', '1', '0.0000', '+', '0', '+', '0.00000000', '+');
INSERT INTO `oc_product_option_value` (`product_option_value_id`, `product_option_id`, `product_id`, `option_id`, `option_value_id`, `quantity`, `subtract`, `price`, `price_prefix`, `points`, `points_prefix`, `weight`, `weight_prefix`) VALUES ('1371', '606', '276', '11', '48', '49', '1', '0.0000', '+', '0', '+', '0.00000000', '+');
INSERT INTO `oc_product_option_value` (`product_option_value_id`, `product_option_id`, `product_id`, `option_id`, `option_value_id`, `quantity`, `subtract`, `price`, `price_prefix`, `points`, `points_prefix`, `weight`, `weight_prefix`) VALUES ('1293', '557', '282', '2', '58', '99', '1', '0.0000', '+', '0', '+', '0.00000000', '+');
INSERT INTO `oc_product_option_value` (`product_option_value_id`, `product_option_id`, `product_id`, `option_id`, `option_value_id`, `quantity`, `subtract`, `price`, `price_prefix`, `points`, `points_prefix`, `weight`, `weight_prefix`) VALUES ('1292', '556', '280', '2', '44', '99', '1', '0.0000', '+', '0', '+', '0.00000000', '+');
INSERT INTO `oc_product_option_value` (`product_option_value_id`, `product_option_id`, `product_id`, `option_id`, `option_value_id`, `quantity`, `subtract`, `price`, `price_prefix`, `points`, `points_prefix`, `weight`, `weight_prefix`) VALUES ('1290', '556', '280', '2', '57', '97', '1', '0.0000', '+', '0', '+', '0.00000000', '+');
INSERT INTO `oc_product_option_value` (`product_option_value_id`, `product_option_id`, `product_id`, `option_id`, `option_value_id`, `quantity`, `subtract`, `price`, `price_prefix`, `points`, `points_prefix`, `weight`, `weight_prefix`) VALUES ('1291', '556', '280', '2', '58', '99', '1', '0.0000', '+', '0', '+', '0.00000000', '+');
INSERT INTO `oc_product_option_value` (`product_option_value_id`, `product_option_id`, `product_id`, `option_id`, `option_value_id`, `quantity`, `subtract`, `price`, `price_prefix`, `points`, `points_prefix`, `weight`, `weight_prefix`) VALUES ('1309', '566', '294', '2', '50', '0', '1', '0.0000', '+', '0', '+', '0.00000000', '+');
INSERT INTO `oc_product_option_value` (`product_option_value_id`, `product_option_id`, `product_id`, `option_id`, `option_value_id`, `quantity`, `subtract`, `price`, `price_prefix`, `points`, `points_prefix`, `weight`, `weight_prefix`) VALUES ('1308', '566', '294', '2', '57', '30', '1', '0.0000', '+', '0', '+', '0.00000000', '+');
INSERT INTO `oc_product_option_value` (`product_option_value_id`, `product_option_id`, `product_id`, `option_id`, `option_value_id`, `quantity`, `subtract`, `price`, `price_prefix`, `points`, `points_prefix`, `weight`, `weight_prefix`) VALUES ('1307', '566', '294', '2', '53', '30', '1', '0.0000', '+', '0', '+', '0.00000000', '+');
INSERT INTO `oc_product_option_value` (`product_option_value_id`, `product_option_id`, `product_id`, `option_id`, `option_value_id`, `quantity`, `subtract`, `price`, `price_prefix`, `points`, `points_prefix`, `weight`, `weight_prefix`) VALUES ('1305', '564', '289', '2', '49', '40', '1', '0.0000', '+', '0', '+', '0.00000000', '+');
INSERT INTO `oc_product_option_value` (`product_option_value_id`, `product_option_id`, `product_id`, `option_id`, `option_value_id`, `quantity`, `subtract`, `price`, `price_prefix`, `points`, `points_prefix`, `weight`, `weight_prefix`) VALUES ('1306', '564', '289', '2', '58', '40', '1', '0.0000', '+', '0', '+', '0.00000000', '+');
INSERT INTO `oc_product_option_value` (`product_option_value_id`, `product_option_id`, `product_id`, `option_id`, `option_value_id`, `quantity`, `subtract`, `price`, `price_prefix`, `points`, `points_prefix`, `weight`, `weight_prefix`) VALUES ('1304', '563', '297', '2', '57', '30', '1', '0.0000', '+', '0', '+', '0.00000000', '+');
INSERT INTO `oc_product_option_value` (`product_option_value_id`, `product_option_id`, `product_id`, `option_id`, `option_value_id`, `quantity`, `subtract`, `price`, `price_prefix`, `points`, `points_prefix`, `weight`, `weight_prefix`) VALUES ('1303', '563', '297', '2', '54', '30', '1', '0.0000', '+', '0', '+', '0.00000000', '+');
INSERT INTO `oc_product_option_value` (`product_option_value_id`, `product_option_id`, `product_id`, `option_id`, `option_value_id`, `quantity`, `subtract`, `price`, `price_prefix`, `points`, `points_prefix`, `weight`, `weight_prefix`) VALUES ('1435', '635', '316', '11', '48', '30', '1', '0.0000', '+', '0', '+', '0.00000000', '+');
INSERT INTO `oc_product_option_value` (`product_option_value_id`, `product_option_id`, `product_id`, `option_id`, `option_value_id`, `quantity`, `subtract`, `price`, `price_prefix`, `points`, `points_prefix`, `weight`, `weight_prefix`) VALUES ('1403', '623', '314', '2', '44', '30', '1', '0.0000', '+', '0', '+', '0.00000000', '+');
INSERT INTO `oc_product_option_value` (`product_option_value_id`, `product_option_id`, `product_id`, `option_id`, `option_value_id`, `quantity`, `subtract`, `price`, `price_prefix`, `points`, `points_prefix`, `weight`, `weight_prefix`) VALUES ('1402', '623', '314', '2', '53', '30', '1', '0.0000', '+', '0', '+', '0.00000000', '+');
INSERT INTO `oc_product_option_value` (`product_option_value_id`, `product_option_id`, `product_id`, `option_id`, `option_value_id`, `quantity`, `subtract`, `price`, `price_prefix`, `points`, `points_prefix`, `weight`, `weight_prefix`) VALUES ('1401', '623', '314', '2', '57', '30', '1', '0.0000', '+', '0', '+', '0.00000000', '+');
INSERT INTO `oc_product_option_value` (`product_option_value_id`, `product_option_id`, `product_id`, `option_id`, `option_value_id`, `quantity`, `subtract`, `price`, `price_prefix`, `points`, `points_prefix`, `weight`, `weight_prefix`) VALUES ('1392', '618', '317', '11', '48', '30', '1', '0.0000', '+', '0', '+', '0.00000000', '+');
INSERT INTO `oc_product_option_value` (`product_option_value_id`, `product_option_id`, `product_id`, `option_id`, `option_value_id`, `quantity`, `subtract`, `price`, `price_prefix`, `points`, `points_prefix`, `weight`, `weight_prefix`) VALUES ('1391', '618', '317', '11', '47', '30', '1', '0.0000', '+', '0', '+', '0.00000000', '+');
INSERT INTO `oc_product_option_value` (`product_option_value_id`, `product_option_id`, `product_id`, `option_id`, `option_value_id`, `quantity`, `subtract`, `price`, `price_prefix`, `points`, `points_prefix`, `weight`, `weight_prefix`) VALUES ('1446', '639', '372', '11', '47', '30', '1', '0.0000', '+', '0', '+', '0.00000000', '+');
INSERT INTO `oc_product_option_value` (`product_option_value_id`, `product_option_id`, `product_id`, `option_id`, `option_value_id`, `quantity`, `subtract`, `price`, `price_prefix`, `points`, `points_prefix`, `weight`, `weight_prefix`) VALUES ('1445', '639', '372', '11', '46', '30', '1', '0.0000', '+', '0', '+', '0.00000000', '+');
INSERT INTO `oc_product_option_value` (`product_option_value_id`, `product_option_id`, `product_id`, `option_id`, `option_value_id`, `quantity`, `subtract`, `price`, `price_prefix`, `points`, `points_prefix`, `weight`, `weight_prefix`) VALUES ('1422', '631', '371', '11', '48', '30', '1', '0.0000', '+', '0', '+', '0.00000000', '+');
INSERT INTO `oc_product_option_value` (`product_option_value_id`, `product_option_id`, `product_id`, `option_id`, `option_value_id`, `quantity`, `subtract`, `price`, `price_prefix`, `points`, `points_prefix`, `weight`, `weight_prefix`) VALUES ('1421', '630', '371', '2', '51', '30', '1', '0.0000', '+', '0', '+', '0.00000000', '+');
INSERT INTO `oc_product_option_value` (`product_option_value_id`, `product_option_id`, `product_id`, `option_id`, `option_value_id`, `quantity`, `subtract`, `price`, `price_prefix`, `points`, `points_prefix`, `weight`, `weight_prefix`) VALUES ('1277', '552', '376', '2', '57', '99', '1', '50.0000', '+', '200', '+', '20.00000000', '+');
INSERT INTO `oc_product_option_value` (`product_option_value_id`, `product_option_id`, `product_id`, `option_id`, `option_value_id`, `quantity`, `subtract`, `price`, `price_prefix`, `points`, `points_prefix`, `weight`, `weight_prefix`) VALUES ('1282', '553', '376', '11', '61', '500', '1', '50.0000', '+', '400', '+', '0.00000000', '+');
INSERT INTO `oc_product_option_value` (`product_option_value_id`, `product_option_id`, `product_id`, `option_id`, `option_value_id`, `quantity`, `subtract`, `price`, `price_prefix`, `points`, `points_prefix`, `weight`, `weight_prefix`) VALUES ('1281', '553', '376', '11', '60', '500', '1', '40.0000', '+', '300', '+', '0.00000000', '+');
INSERT INTO `oc_product_option_value` (`product_option_value_id`, `product_option_id`, `product_id`, `option_id`, `option_value_id`, `quantity`, `subtract`, `price`, `price_prefix`, `points`, `points_prefix`, `weight`, `weight_prefix`) VALUES ('1280', '553', '376', '11', '48', '500', '1', '30.0000', '+', '200', '+', '0.00000000', '+');
INSERT INTO `oc_product_option_value` (`product_option_value_id`, `product_option_id`, `product_id`, `option_id`, `option_value_id`, `quantity`, `subtract`, `price`, `price_prefix`, `points`, `points_prefix`, `weight`, `weight_prefix`) VALUES ('1486', '653', '335', '11', '46', '30', '1', '0.0000', '+', '0', '+', '0.00000000', '+');
INSERT INTO `oc_product_option_value` (`product_option_value_id`, `product_option_id`, `product_id`, `option_id`, `option_value_id`, `quantity`, `subtract`, `price`, `price_prefix`, `points`, `points_prefix`, `weight`, `weight_prefix`) VALUES ('1487', '653', '335', '11', '47', '30', '1', '0.0000', '+', '0', '+', '0.00000000', '+');
INSERT INTO `oc_product_option_value` (`product_option_value_id`, `product_option_id`, `product_id`, `option_id`, `option_value_id`, `quantity`, `subtract`, `price`, `price_prefix`, `points`, `points_prefix`, `weight`, `weight_prefix`) VALUES ('1488', '653', '335', '11', '48', '30', '1', '0.0000', '+', '0', '+', '0.00000000', '+');
INSERT INTO `oc_product_option_value` (`product_option_value_id`, `product_option_id`, `product_id`, `option_id`, `option_value_id`, `quantity`, `subtract`, `price`, `price_prefix`, `points`, `points_prefix`, `weight`, `weight_prefix`) VALUES ('1366', '605', '279', '11', '47', '15', '1', '0.0000', '+', '0', '+', '0.00000000', '+');
INSERT INTO `oc_product_option_value` (`product_option_value_id`, `product_option_id`, `product_id`, `option_id`, `option_value_id`, `quantity`, `subtract`, `price`, `price_prefix`, `points`, `points_prefix`, `weight`, `weight_prefix`) VALUES ('1300', '561', '279', '2', '53', '99', '1', '0.0000', '+', '0', '+', '0.00000000', '+');
INSERT INTO `oc_product_option_value` (`product_option_value_id`, `product_option_id`, `product_id`, `option_id`, `option_value_id`, `quantity`, `subtract`, `price`, `price_prefix`, `points`, `points_prefix`, `weight`, `weight_prefix`) VALUES ('1355', '602', '280', '11', '48', '30', '1', '0.0000', '+', '0', '+', '0.00000000', '+');
INSERT INTO `oc_product_option_value` (`product_option_value_id`, `product_option_id`, `product_id`, `option_id`, `option_value_id`, `quantity`, `subtract`, `price`, `price_prefix`, `points`, `points_prefix`, `weight`, `weight_prefix`) VALUES ('1356', '603', '277', '11', '59', '30', '1', '0.0000', '+', '0', '+', '0.00000000', '+');
INSERT INTO `oc_product_option_value` (`product_option_value_id`, `product_option_id`, `product_id`, `option_id`, `option_value_id`, `quantity`, `subtract`, `price`, `price_prefix`, `points`, `points_prefix`, `weight`, `weight_prefix`) VALUES ('1298', '559', '277', '2', '50', '99', '1', '0.0000', '+', '0', '+', '0.00000000', '+');
INSERT INTO `oc_product_option_value` (`product_option_value_id`, `product_option_id`, `product_id`, `option_id`, `option_value_id`, `quantity`, `subtract`, `price`, `price_prefix`, `points`, `points_prefix`, `weight`, `weight_prefix`) VALUES ('1297', '559', '277', '2', '54', '99', '1', '0.0000', '+', '0', '+', '0.00000000', '+');
INSERT INTO `oc_product_option_value` (`product_option_value_id`, `product_option_id`, `product_id`, `option_id`, `option_value_id`, `quantity`, `subtract`, `price`, `price_prefix`, `points`, `points_prefix`, `weight`, `weight_prefix`) VALUES ('1296', '559', '277', '2', '52', '99', '1', '0.0000', '+', '0', '+', '0.00000000', '+');
INSERT INTO `oc_product_option_value` (`product_option_value_id`, `product_option_id`, `product_id`, `option_id`, `option_value_id`, `quantity`, `subtract`, `price`, `price_prefix`, `points`, `points_prefix`, `weight`, `weight_prefix`) VALUES ('1271', '549', '274', '2', '50', '99', '1', '0.0000', '+', '0', '+', '0.00000000', '+');
INSERT INTO `oc_product_option_value` (`product_option_value_id`, `product_option_id`, `product_id`, `option_id`, `option_value_id`, `quantity`, `subtract`, `price`, `price_prefix`, `points`, `points_prefix`, `weight`, `weight_prefix`) VALUES ('1269', '549', '274', '2', '54', '99', '1', '0.0000', '+', '0', '+', '0.00000000', '+');
INSERT INTO `oc_product_option_value` (`product_option_value_id`, `product_option_id`, `product_id`, `option_id`, `option_value_id`, `quantity`, `subtract`, `price`, `price_prefix`, `points`, `points_prefix`, `weight`, `weight_prefix`) VALUES ('1363', '604', '274', '11', '60', '49', '1', '0.0000', '+', '0', '+', '0.00000000', '+');
INSERT INTO `oc_product_option_value` (`product_option_value_id`, `product_option_id`, `product_id`, `option_id`, `option_value_id`, `quantity`, `subtract`, `price`, `price_prefix`, `points`, `points_prefix`, `weight`, `weight_prefix`) VALUES ('1362', '604', '274', '11', '48', '30', '1', '0.0000', '+', '0', '+', '0.00000000', '+');
INSERT INTO `oc_product_option_value` (`product_option_value_id`, `product_option_id`, `product_id`, `option_id`, `option_value_id`, `quantity`, `subtract`, `price`, `price_prefix`, `points`, `points_prefix`, `weight`, `weight_prefix`) VALUES ('1365', '605', '279', '11', '46', '18', '1', '0.0000', '+', '0', '+', '0.00000000', '+');
INSERT INTO `oc_product_option_value` (`product_option_value_id`, `product_option_id`, `product_id`, `option_id`, `option_value_id`, `quantity`, `subtract`, `price`, `price_prefix`, `points`, `points_prefix`, `weight`, `weight_prefix`) VALUES ('1364', '605', '279', '11', '59', '60', '1', '0.0000', '+', '0', '+', '0.00000000', '+');
INSERT INTO `oc_product_option_value` (`product_option_value_id`, `product_option_id`, `product_id`, `option_id`, `option_value_id`, `quantity`, `subtract`, `price`, `price_prefix`, `points`, `points_prefix`, `weight`, `weight_prefix`) VALUES ('1299', '561', '279', '2', '54', '98', '1', '0.0000', '+', '0', '+', '0.00000000', '+');
INSERT INTO `oc_product_option_value` (`product_option_value_id`, `product_option_id`, `product_id`, `option_id`, `option_value_id`, `quantity`, `subtract`, `price`, `price_prefix`, `points`, `points_prefix`, `weight`, `weight_prefix`) VALUES ('1169', '522', '262', '2', '54', '40', '1', '0.0000', '+', '0', '+', '0.00000000', '+');
INSERT INTO `oc_product_option_value` (`product_option_value_id`, `product_option_id`, `product_id`, `option_id`, `option_value_id`, `quantity`, `subtract`, `price`, `price_prefix`, `points`, `points_prefix`, `weight`, `weight_prefix`) VALUES ('1168', '522', '262', '2', '49', '30', '1', '0.0000', '+', '0', '+', '0.00000000', '+');
INSERT INTO `oc_product_option_value` (`product_option_value_id`, `product_option_id`, `product_id`, `option_id`, `option_value_id`, `quantity`, `subtract`, `price`, `price_prefix`, `points`, `points_prefix`, `weight`, `weight_prefix`) VALUES ('1477', '650', '342', '2', '45', '30', '1', '0.0000', '+', '0', '+', '0.00000000', '+');
INSERT INTO `oc_product_option_value` (`product_option_value_id`, `product_option_id`, `product_id`, `option_id`, `option_value_id`, `quantity`, `subtract`, `price`, `price_prefix`, `points`, `points_prefix`, `weight`, `weight_prefix`) VALUES ('1479', '650', '342', '2', '58', '30', '1', '0.0000', '+', '0', '+', '0.00000000', '+');
INSERT INTO `oc_product_option_value` (`product_option_value_id`, `product_option_id`, `product_id`, `option_id`, `option_value_id`, `quantity`, `subtract`, `price`, `price_prefix`, `points`, `points_prefix`, `weight`, `weight_prefix`) VALUES ('1463', '644', '357', '2', '45', '30', '1', '0.0000', '+', '0', '+', '0.00000000', '+');
INSERT INTO `oc_product_option_value` (`product_option_value_id`, `product_option_id`, `product_id`, `option_id`, `option_value_id`, `quantity`, `subtract`, `price`, `price_prefix`, `points`, `points_prefix`, `weight`, `weight_prefix`) VALUES ('1465', '644', '357', '2', '57', '30', '1', '0.0000', '+', '0', '+', '0.00000000', '+');
INSERT INTO `oc_product_option_value` (`product_option_value_id`, `product_option_id`, `product_id`, `option_id`, `option_value_id`, `quantity`, `subtract`, `price`, `price_prefix`, `points`, `points_prefix`, `weight`, `weight_prefix`) VALUES ('1464', '644', '357', '2', '54', '30', '1', '0.0000', '+', '0', '+', '0.00000000', '+');
INSERT INTO `oc_product_option_value` (`product_option_value_id`, `product_option_id`, `product_id`, `option_id`, `option_value_id`, `quantity`, `subtract`, `price`, `price_prefix`, `points`, `points_prefix`, `weight`, `weight_prefix`) VALUES ('1467', '646', '360', '2', '52', '30', '1', '0.0000', '+', '0', '+', '0.00000000', '+');
INSERT INTO `oc_product_option_value` (`product_option_value_id`, `product_option_id`, `product_id`, `option_id`, `option_value_id`, `quantity`, `subtract`, `price`, `price_prefix`, `points`, `points_prefix`, `weight`, `weight_prefix`) VALUES ('1466', '646', '360', '2', '58', '30', '1', '0.0000', '+', '0', '+', '0.00000000', '+');
INSERT INTO `oc_product_option_value` (`product_option_value_id`, `product_option_id`, `product_id`, `option_id`, `option_value_id`, `quantity`, `subtract`, `price`, `price_prefix`, `points`, `points_prefix`, `weight`, `weight_prefix`) VALUES ('1469', '647', '349', '2', '45', '30', '1', '0.0000', '+', '0', '+', '0.00000000', '+');
INSERT INTO `oc_product_option_value` (`product_option_value_id`, `product_option_id`, `product_id`, `option_id`, `option_value_id`, `quantity`, `subtract`, `price`, `price_prefix`, `points`, `points_prefix`, `weight`, `weight_prefix`) VALUES ('1468', '647', '349', '2', '54', '30', '1', '0.0000', '+', '0', '+', '0.00000000', '+');
INSERT INTO `oc_product_option_value` (`product_option_value_id`, `product_option_id`, `product_id`, `option_id`, `option_value_id`, `quantity`, `subtract`, `price`, `price_prefix`, `points`, `points_prefix`, `weight`, `weight_prefix`) VALUES ('1474', '649', '346', '11', '47', '30', '1', '0.0000', '+', '0', '+', '0.00000000', '+');
INSERT INTO `oc_product_option_value` (`product_option_value_id`, `product_option_id`, `product_id`, `option_id`, `option_value_id`, `quantity`, `subtract`, `price`, `price_prefix`, `points`, `points_prefix`, `weight`, `weight_prefix`) VALUES ('1475', '649', '346', '11', '48', '30', '1', '0.0000', '+', '0', '+', '0.00000000', '+');
INSERT INTO `oc_product_option_value` (`product_option_value_id`, `product_option_id`, `product_id`, `option_id`, `option_value_id`, `quantity`, `subtract`, `price`, `price_prefix`, `points`, `points_prefix`, `weight`, `weight_prefix`) VALUES ('1476', '649', '346', '11', '60', '30', '1', '0.0000', '+', '0', '+', '0.00000000', '+');
INSERT INTO `oc_product_option_value` (`product_option_value_id`, `product_option_id`, `product_id`, `option_id`, `option_value_id`, `quantity`, `subtract`, `price`, `price_prefix`, `points`, `points_prefix`, `weight`, `weight_prefix`) VALUES ('1478', '650', '342', '2', '54', '30', '1', '0.0000', '+', '0', '+', '0.00000000', '+');
INSERT INTO `oc_product_option_value` (`product_option_value_id`, `product_option_id`, `product_id`, `option_id`, `option_value_id`, `quantity`, `subtract`, `price`, `price_prefix`, `points`, `points_prefix`, `weight`, `weight_prefix`) VALUES ('1482', '651', '342', '11', '48', '30', '1', '0.0000', '+', '0', '+', '0.00000000', '+');
INSERT INTO `oc_product_option_value` (`product_option_value_id`, `product_option_id`, `product_id`, `option_id`, `option_value_id`, `quantity`, `subtract`, `price`, `price_prefix`, `points`, `points_prefix`, `weight`, `weight_prefix`) VALUES ('1481', '651', '342', '11', '47', '30', '1', '0.0000', '+', '0', '+', '0.00000000', '+');
INSERT INTO `oc_product_option_value` (`product_option_value_id`, `product_option_id`, `product_id`, `option_id`, `option_value_id`, `quantity`, `subtract`, `price`, `price_prefix`, `points`, `points_prefix`, `weight`, `weight_prefix`) VALUES ('1480', '651', '342', '11', '46', '30', '1', '0.0000', '+', '0', '+', '0.00000000', '+');
INSERT INTO `oc_product_option_value` (`product_option_value_id`, `product_option_id`, `product_id`, `option_id`, `option_value_id`, `quantity`, `subtract`, `price`, `price_prefix`, `points`, `points_prefix`, `weight`, `weight_prefix`) VALUES ('1485', '652', '335', '2', '55', '30', '1', '0.0000', '+', '0', '+', '0.00000000', '+');
INSERT INTO `oc_product_option_value` (`product_option_value_id`, `product_option_id`, `product_id`, `option_id`, `option_value_id`, `quantity`, `subtract`, `price`, `price_prefix`, `points`, `points_prefix`, `weight`, `weight_prefix`) VALUES ('1350', '598', '292', '2', '58', '30', '1', '0.0000', '+', '0', '+', '0.00000000', '+');
INSERT INTO `oc_product_option_value` (`product_option_value_id`, `product_option_id`, `product_id`, `option_id`, `option_value_id`, `quantity`, `subtract`, `price`, `price_prefix`, `points`, `points_prefix`, `weight`, `weight_prefix`) VALUES ('1348', '598', '292', '2', '56', '30', '1', '0.0000', '+', '0', '+', '0.00000000', '+');
INSERT INTO `oc_product_option_value` (`product_option_value_id`, `product_option_id`, `product_id`, `option_id`, `option_value_id`, `quantity`, `subtract`, `price`, `price_prefix`, `points`, `points_prefix`, `weight`, `weight_prefix`) VALUES ('1349', '598', '292', '2', '52', '30', '1', '0.0000', '+', '0', '+', '0.00000000', '+');
INSERT INTO `oc_product_option_value` (`product_option_value_id`, `product_option_id`, `product_id`, `option_id`, `option_value_id`, `quantity`, `subtract`, `price`, `price_prefix`, `points`, `points_prefix`, `weight`, `weight_prefix`) VALUES ('1352', '600', '291', '2', '44', '29', '1', '0.0000', '+', '0', '+', '0.00000000', '+');
INSERT INTO `oc_product_option_value` (`product_option_value_id`, `product_option_id`, `product_id`, `option_id`, `option_value_id`, `quantity`, `subtract`, `price`, `price_prefix`, `points`, `points_prefix`, `weight`, `weight_prefix`) VALUES ('1351', '600', '291', '2', '49', '30', '1', '0.0000', '+', '0', '+', '0.00000000', '+');
INSERT INTO `oc_product_option_value` (`product_option_value_id`, `product_option_id`, `product_id`, `option_id`, `option_value_id`, `quantity`, `subtract`, `price`, `price_prefix`, `points`, `points_prefix`, `weight`, `weight_prefix`) VALUES ('1407', '624', '314', '11', '60', '30', '1', '0.0000', '+', '0', '+', '0.00000000', '+');
INSERT INTO `oc_product_option_value` (`product_option_value_id`, `product_option_id`, `product_id`, `option_id`, `option_value_id`, `quantity`, `subtract`, `price`, `price_prefix`, `points`, `points_prefix`, `weight`, `weight_prefix`) VALUES ('1406', '624', '314', '11', '48', '30', '1', '0.0000', '+', '0', '+', '0.00000000', '+');
INSERT INTO `oc_product_option_value` (`product_option_value_id`, `product_option_id`, `product_id`, `option_id`, `option_value_id`, `quantity`, `subtract`, `price`, `price_prefix`, `points`, `points_prefix`, `weight`, `weight_prefix`) VALUES ('1405', '624', '314', '11', '47', '30', '1', '0.0000', '+', '0', '+', '0.00000000', '+');
INSERT INTO `oc_product_option_value` (`product_option_value_id`, `product_option_id`, `product_id`, `option_id`, `option_value_id`, `quantity`, `subtract`, `price`, `price_prefix`, `points`, `points_prefix`, `weight`, `weight_prefix`) VALUES ('1404', '624', '314', '11', '46', '30', '1', '0.0000', '+', '0', '+', '0.00000000', '+');
INSERT INTO `oc_product_option_value` (`product_option_value_id`, `product_option_id`, `product_id`, `option_id`, `option_value_id`, `quantity`, `subtract`, `price`, `price_prefix`, `points`, `points_prefix`, `weight`, `weight_prefix`) VALUES ('1434', '635', '316', '11', '47', '30', '1', '0.0000', '+', '0', '+', '0.00000000', '+');
INSERT INTO `oc_product_option_value` (`product_option_value_id`, `product_option_id`, `product_id`, `option_id`, `option_value_id`, `quantity`, `subtract`, `price`, `price_prefix`, `points`, `points_prefix`, `weight`, `weight_prefix`) VALUES ('1433', '635', '316', '11', '46', '30', '1', '0.0000', '+', '0', '+', '0.00000000', '+');
INSERT INTO `oc_product_option_value` (`product_option_value_id`, `product_option_id`, `product_id`, `option_id`, `option_value_id`, `quantity`, `subtract`, `price`, `price_prefix`, `points`, `points_prefix`, `weight`, `weight_prefix`) VALUES ('1432', '635', '316', '11', '59', '30', '1', '0.0000', '+', '0', '+', '0.00000000', '+');
INSERT INTO `oc_product_option_value` (`product_option_value_id`, `product_option_id`, `product_id`, `option_id`, `option_value_id`, `quantity`, `subtract`, `price`, `price_prefix`, `points`, `points_prefix`, `weight`, `weight_prefix`) VALUES ('1431', '634', '316', '2', '53', '30', '1', '0.0000', '+', '0', '+', '0.00000000', '+');
INSERT INTO `oc_product_option_value` (`product_option_value_id`, `product_option_id`, `product_id`, `option_id`, `option_value_id`, `quantity`, `subtract`, `price`, `price_prefix`, `points`, `points_prefix`, `weight`, `weight_prefix`) VALUES ('1430', '634', '316', '2', '57', '30', '1', '0.0000', '+', '0', '+', '0.00000000', '+');
INSERT INTO `oc_product_option_value` (`product_option_value_id`, `product_option_id`, `product_id`, `option_id`, `option_value_id`, `quantity`, `subtract`, `price`, `price_prefix`, `points`, `points_prefix`, `weight`, `weight_prefix`) VALUES ('1425', '632', '333', '2', '50', '30', '1', '0.0000', '+', '0', '+', '0.00000000', '+');
INSERT INTO `oc_product_option_value` (`product_option_value_id`, `product_option_id`, `product_id`, `option_id`, `option_value_id`, `quantity`, `subtract`, `price`, `price_prefix`, `points`, `points_prefix`, `weight`, `weight_prefix`) VALUES ('1426', '632', '333', '2', '49', '30', '1', '0.0000', '+', '0', '+', '0.00000000', '+');
INSERT INTO `oc_product_option_value` (`product_option_value_id`, `product_option_id`, `product_id`, `option_id`, `option_value_id`, `quantity`, `subtract`, `price`, `price_prefix`, `points`, `points_prefix`, `weight`, `weight_prefix`) VALUES ('1427', '633', '333', '11', '46', '30', '1', '0.0000', '+', '0', '+', '0.00000000', '+');
INSERT INTO `oc_product_option_value` (`product_option_value_id`, `product_option_id`, `product_id`, `option_id`, `option_value_id`, `quantity`, `subtract`, `price`, `price_prefix`, `points`, `points_prefix`, `weight`, `weight_prefix`) VALUES ('1428', '633', '333', '11', '47', '30', '1', '0.0000', '+', '0', '+', '0.00000000', '+');
INSERT INTO `oc_product_option_value` (`product_option_value_id`, `product_option_id`, `product_id`, `option_id`, `option_value_id`, `quantity`, `subtract`, `price`, `price_prefix`, `points`, `points_prefix`, `weight`, `weight_prefix`) VALUES ('1429', '633', '333', '11', '48', '30', '1', '0.0000', '+', '0', '+', '0.00000000', '+');
INSERT INTO `oc_product_option_value` (`product_option_value_id`, `product_option_id`, `product_id`, `option_id`, `option_value_id`, `quantity`, `subtract`, `price`, `price_prefix`, `points`, `points_prefix`, `weight`, `weight_prefix`) VALUES ('1346', '596', '288', '2', '56', '28', '1', '0.0000', '+', '0', '+', '0.00000000', '+');
INSERT INTO `oc_product_option_value` (`product_option_value_id`, `product_option_id`, `product_id`, `option_id`, `option_value_id`, `quantity`, `subtract`, `price`, `price_prefix`, `points`, `points_prefix`, `weight`, `weight_prefix`) VALUES ('1347', '596', '288', '2', '58', '30', '1', '0.0000', '+', '0', '+', '0.00000000', '+');
INSERT INTO `oc_product_option_value` (`product_option_value_id`, `product_option_id`, `product_id`, `option_id`, `option_value_id`, `quantity`, `subtract`, `price`, `price_prefix`, `points`, `points_prefix`, `weight`, `weight_prefix`) VALUES ('1345', '596', '288', '2', '52', '30', '1', '0.0000', '+', '0', '+', '0.00000000', '+');
INSERT INTO `oc_product_option_value` (`product_option_value_id`, `product_option_id`, `product_id`, `option_id`, `option_value_id`, `quantity`, `subtract`, `price`, `price_prefix`, `points`, `points_prefix`, `weight`, `weight_prefix`) VALUES ('1337', '590', '286', '2', '53', '30', '1', '0.0000', '+', '0', '+', '0.00000000', '+');
INSERT INTO `oc_product_option_value` (`product_option_value_id`, `product_option_id`, `product_id`, `option_id`, `option_value_id`, `quantity`, `subtract`, `price`, `price_prefix`, `points`, `points_prefix`, `weight`, `weight_prefix`) VALUES ('1340', '592', '284', '2', '54', '30', '1', '0.0000', '+', '0', '+', '0.00000000', '+');
INSERT INTO `oc_product_option_value` (`product_option_value_id`, `product_option_id`, `product_id`, `option_id`, `option_value_id`, `quantity`, `subtract`, `price`, `price_prefix`, `points`, `points_prefix`, `weight`, `weight_prefix`) VALUES ('1341', '592', '284', '2', '57', '30', '1', '0.0000', '+', '0', '+', '0.00000000', '+');
INSERT INTO `oc_product_option_value` (`product_option_value_id`, `product_option_id`, `product_id`, `option_id`, `option_value_id`, `quantity`, `subtract`, `price`, `price_prefix`, `points`, `points_prefix`, `weight`, `weight_prefix`) VALUES ('1342', '592', '284', '2', '53', '30', '1', '0.0000', '+', '0', '+', '0.00000000', '+');
INSERT INTO `oc_product_option_value` (`product_option_value_id`, `product_option_id`, `product_id`, `option_id`, `option_value_id`, `quantity`, `subtract`, `price`, `price_prefix`, `points`, `points_prefix`, `weight`, `weight_prefix`) VALUES ('1344', '594', '296', '2', '53', '30', '1', '0.0000', '+', '0', '+', '0.00000000', '+');
INSERT INTO `oc_product_option_value` (`product_option_value_id`, `product_option_id`, `product_id`, `option_id`, `option_value_id`, `quantity`, `subtract`, `price`, `price_prefix`, `points`, `points_prefix`, `weight`, `weight_prefix`) VALUES ('1343', '594', '296', '2', '57', '30', '1', '0.0000', '+', '0', '+', '0.00000000', '+');
INSERT INTO `oc_product_option_value` (`product_option_value_id`, `product_option_id`, `product_id`, `option_id`, `option_value_id`, `quantity`, `subtract`, `price`, `price_prefix`, `points`, `points_prefix`, `weight`, `weight_prefix`) VALUES ('1424', '631', '371', '11', '61', '30', '1', '0.0000', '+', '0', '+', '0.00000000', '+');
INSERT INTO `oc_product_option_value` (`product_option_value_id`, `product_option_id`, `product_id`, `option_id`, `option_value_id`, `quantity`, `subtract`, `price`, `price_prefix`, `points`, `points_prefix`, `weight`, `weight_prefix`) VALUES ('1423', '631', '371', '11', '60', '30', '1', '0.0000', '+', '0', '+', '0.00000000', '+');
INSERT INTO `oc_product_option_value` (`product_option_value_id`, `product_option_id`, `product_id`, `option_id`, `option_value_id`, `quantity`, `subtract`, `price`, `price_prefix`, `points`, `points_prefix`, `weight`, `weight_prefix`) VALUES ('1410', '626', '312', '2', '44', '30', '1', '0.0000', '+', '0', '+', '0.00000000', '+');
INSERT INTO `oc_product_option_value` (`product_option_value_id`, `product_option_id`, `product_id`, `option_id`, `option_value_id`, `quantity`, `subtract`, `price`, `price_prefix`, `points`, `points_prefix`, `weight`, `weight_prefix`) VALUES ('1408', '626', '312', '2', '53', '30', '1', '0.0000', '+', '0', '+', '0.00000000', '+');
INSERT INTO `oc_product_option_value` (`product_option_value_id`, `product_option_id`, `product_id`, `option_id`, `option_value_id`, `quantity`, `subtract`, `price`, `price_prefix`, `points`, `points_prefix`, `weight`, `weight_prefix`) VALUES ('1409', '626', '312', '2', '57', '30', '1', '0.0000', '+', '0', '+', '0.00000000', '+');
INSERT INTO `oc_product_option_value` (`product_option_value_id`, `product_option_id`, `product_id`, `option_id`, `option_value_id`, `quantity`, `subtract`, `price`, `price_prefix`, `points`, `points_prefix`, `weight`, `weight_prefix`) VALUES ('1414', '627', '312', '11', '60', '30', '1', '0.0000', '+', '0', '+', '0.00000000', '+');
INSERT INTO `oc_product_option_value` (`product_option_value_id`, `product_option_id`, `product_id`, `option_id`, `option_value_id`, `quantity`, `subtract`, `price`, `price_prefix`, `points`, `points_prefix`, `weight`, `weight_prefix`) VALUES ('1413', '627', '312', '11', '48', '30', '1', '0.0000', '+', '0', '+', '0.00000000', '+');
INSERT INTO `oc_product_option_value` (`product_option_value_id`, `product_option_id`, `product_id`, `option_id`, `option_value_id`, `quantity`, `subtract`, `price`, `price_prefix`, `points`, `points_prefix`, `weight`, `weight_prefix`) VALUES ('1412', '627', '312', '11', '47', '30', '1', '0.0000', '+', '0', '+', '0.00000000', '+');
INSERT INTO `oc_product_option_value` (`product_option_value_id`, `product_option_id`, `product_id`, `option_id`, `option_value_id`, `quantity`, `subtract`, `price`, `price_prefix`, `points`, `points_prefix`, `weight`, `weight_prefix`) VALUES ('1411', '627', '312', '11', '46', '30', '1', '0.0000', '+', '0', '+', '0.00000000', '+');
INSERT INTO `oc_product_option_value` (`product_option_value_id`, `product_option_id`, `product_id`, `option_id`, `option_value_id`, `quantity`, `subtract`, `price`, `price_prefix`, `points`, `points_prefix`, `weight`, `weight_prefix`) VALUES ('1228', '535', '269', '11', '61', '0', '1', '0.0000', '+', '0', '+', '0.00000000', '+');
INSERT INTO `oc_product_option_value` (`product_option_value_id`, `product_option_id`, `product_id`, `option_id`, `option_value_id`, `quantity`, `subtract`, `price`, `price_prefix`, `points`, `points_prefix`, `weight`, `weight_prefix`) VALUES ('1338', '590', '286', '2', '52', '30', '1', '0.0000', '+', '0', '+', '0.00000000', '+');
INSERT INTO `oc_product_option_value` (`product_option_value_id`, `product_option_id`, `product_id`, `option_id`, `option_value_id`, `quantity`, `subtract`, `price`, `price_prefix`, `points`, `points_prefix`, `weight`, `weight_prefix`) VALUES ('1324', '580', '281', '2', '56', '30', '1', '0.0000', '+', '0', '+', '0.00000000', '+');
INSERT INTO `oc_product_option_value` (`product_option_value_id`, `product_option_id`, `product_id`, `option_id`, `option_value_id`, `quantity`, `subtract`, `price`, `price_prefix`, `points`, `points_prefix`, `weight`, `weight_prefix`) VALUES ('1325', '580', '281', '2', '50', '30', '1', '0.0000', '+', '0', '+', '0.00000000', '+');
INSERT INTO `oc_product_option_value` (`product_option_value_id`, `product_option_id`, `product_id`, `option_id`, `option_value_id`, `quantity`, `subtract`, `price`, `price_prefix`, `points`, `points_prefix`, `weight`, `weight_prefix`) VALUES ('1326', '582', '290', '2', '24', '30', '1', '0.0000', '+', '0', '+', '0.00000000', '+');
INSERT INTO `oc_product_option_value` (`product_option_value_id`, `product_option_id`, `product_id`, `option_id`, `option_value_id`, `quantity`, `subtract`, `price`, `price_prefix`, `points`, `points_prefix`, `weight`, `weight_prefix`) VALUES ('1327', '582', '290', '2', '23', '30', '1', '0.0000', '+', '0', '+', '0.00000000', '+');
INSERT INTO `oc_product_option_value` (`product_option_value_id`, `product_option_id`, `product_id`, `option_id`, `option_value_id`, `quantity`, `subtract`, `price`, `price_prefix`, `points`, `points_prefix`, `weight`, `weight_prefix`) VALUES ('1328', '582', '290', '2', '50', '30', '1', '0.0000', '+', '0', '+', '0.00000000', '+');
INSERT INTO `oc_product_option_value` (`product_option_value_id`, `product_option_id`, `product_id`, `option_id`, `option_value_id`, `quantity`, `subtract`, `price`, `price_prefix`, `points`, `points_prefix`, `weight`, `weight_prefix`) VALUES ('1330', '584', '285', '2', '45', '30', '1', '0.0000', '+', '0', '+', '0.00000000', '+');
INSERT INTO `oc_product_option_value` (`product_option_value_id`, `product_option_id`, `product_id`, `option_id`, `option_value_id`, `quantity`, `subtract`, `price`, `price_prefix`, `points`, `points_prefix`, `weight`, `weight_prefix`) VALUES ('1329', '584', '285', '2', '54', '28', '1', '0.0000', '+', '0', '+', '0.00000000', '+');
INSERT INTO `oc_product_option_value` (`product_option_value_id`, `product_option_id`, `product_id`, `option_id`, `option_value_id`, `quantity`, `subtract`, `price`, `price_prefix`, `points`, `points_prefix`, `weight`, `weight_prefix`) VALUES ('1331', '584', '285', '2', '56', '30', '1', '0.0000', '+', '0', '+', '0.00000000', '+');
INSERT INTO `oc_product_option_value` (`product_option_value_id`, `product_option_id`, `product_id`, `option_id`, `option_value_id`, `quantity`, `subtract`, `price`, `price_prefix`, `points`, `points_prefix`, `weight`, `weight_prefix`) VALUES ('1339', '590', '286', '2', '57', '30', '1', '0.0000', '+', '0', '+', '0.00000000', '+');
INSERT INTO `oc_product_option_value` (`product_option_value_id`, `product_option_id`, `product_id`, `option_id`, `option_value_id`, `quantity`, `subtract`, `price`, `price_prefix`, `points`, `points_prefix`, `weight`, `weight_prefix`) VALUES ('1333', '586', '295', '2', '57', '29', '1', '0.0000', '+', '0', '+', '0.00000000', '+');
INSERT INTO `oc_product_option_value` (`product_option_value_id`, `product_option_id`, `product_id`, `option_id`, `option_value_id`, `quantity`, `subtract`, `price`, `price_prefix`, `points`, `points_prefix`, `weight`, `weight_prefix`) VALUES ('1332', '586', '295', '2', '53', '30', '1', '0.0000', '+', '0', '+', '0.00000000', '+');
INSERT INTO `oc_product_option_value` (`product_option_value_id`, `product_option_id`, `product_id`, `option_id`, `option_value_id`, `quantity`, `subtract`, `price`, `price_prefix`, `points`, `points_prefix`, `weight`, `weight_prefix`) VALUES ('1336', '588', '287', '2', '53', '30', '1', '0.0000', '+', '0', '+', '0.00000000', '+');
INSERT INTO `oc_product_option_value` (`product_option_value_id`, `product_option_id`, `product_id`, `option_id`, `option_value_id`, `quantity`, `subtract`, `price`, `price_prefix`, `points`, `points_prefix`, `weight`, `weight_prefix`) VALUES ('1335', '588', '287', '2', '52', '30', '1', '0.0000', '+', '0', '+', '0.00000000', '+');
INSERT INTO `oc_product_option_value` (`product_option_value_id`, `product_option_id`, `product_id`, `option_id`, `option_value_id`, `quantity`, `subtract`, `price`, `price_prefix`, `points`, `points_prefix`, `weight`, `weight_prefix`) VALUES ('1334', '588', '287', '2', '57', '30', '1', '0.0000', '+', '0', '+', '0.00000000', '+');
INSERT INTO `oc_product_option_value` (`product_option_value_id`, `product_option_id`, `product_id`, `option_id`, `option_value_id`, `quantity`, `subtract`, `price`, `price_prefix`, `points`, `points_prefix`, `weight`, `weight_prefix`) VALUES ('9', '223', '42', '2', '24', '194', '1', '20.0000', '+', '0', '+', '20.00000000', '+');
INSERT INTO `oc_product_option_value` (`product_option_value_id`, `product_option_id`, `product_id`, `option_id`, `option_value_id`, `quantity`, `subtract`, `price`, `price_prefix`, `points`, `points_prefix`, `weight`, `weight_prefix`) VALUES ('1417', '629', '354', '11', '47', '30', '1', '0.0000', '+', '0', '+', '0.00000000', '+');
INSERT INTO `oc_product_option_value` (`product_option_value_id`, `product_option_id`, `product_id`, `option_id`, `option_value_id`, `quantity`, `subtract`, `price`, `price_prefix`, `points`, `points_prefix`, `weight`, `weight_prefix`) VALUES ('1110', '509', '256', '2', '53', '30', '1', '0.0000', '+', '0', '+', '0.00000000', '+');
INSERT INTO `oc_product_option_value` (`product_option_value_id`, `product_option_id`, `product_id`, `option_id`, `option_value_id`, `quantity`, `subtract`, `price`, `price_prefix`, `points`, `points_prefix`, `weight`, `weight_prefix`) VALUES ('1458', '643', '300', '11', '59', '30', '1', '0.0000', '+', '0', '+', '0.00000000', '+');
INSERT INTO `oc_product_option_value` (`product_option_value_id`, `product_option_id`, `product_id`, `option_id`, `option_value_id`, `quantity`, `subtract`, `price`, `price_prefix`, `points`, `points_prefix`, `weight`, `weight_prefix`) VALUES ('1108', '509', '256', '2', '50', '40', '1', '0.0000', '+', '0', '+', '0.00000000', '+');
INSERT INTO `oc_product_option_value` (`product_option_value_id`, `product_option_id`, `product_id`, `option_id`, `option_value_id`, `quantity`, `subtract`, `price`, `price_prefix`, `points`, `points_prefix`, `weight`, `weight_prefix`) VALUES ('1114', '510', '256', '11', '60', '20', '1', '0.0000', '+', '0', '+', '0.00000000', '+');
INSERT INTO `oc_product_option_value` (`product_option_value_id`, `product_option_id`, `product_id`, `option_id`, `option_value_id`, `quantity`, `subtract`, `price`, `price_prefix`, `points`, `points_prefix`, `weight`, `weight_prefix`) VALUES ('1116', '510', '256', '11', '61', '0', '1', '0.0000', '+', '0', '+', '0.00000000', '+');
INSERT INTO `oc_product_option_value` (`product_option_value_id`, `product_option_id`, `product_id`, `option_id`, `option_value_id`, `quantity`, `subtract`, `price`, `price_prefix`, `points`, `points_prefix`, `weight`, `weight_prefix`) VALUES ('1109', '509', '256', '2', '58', '40', '1', '0.0000', '+', '0', '+', '0.00000000', '+');
INSERT INTO `oc_product_option_value` (`product_option_value_id`, `product_option_id`, `product_id`, `option_id`, `option_value_id`, `quantity`, `subtract`, `price`, `price_prefix`, `points`, `points_prefix`, `weight`, `weight_prefix`) VALUES ('1397', '621', '301', '11', '60', '30', '1', '0.0000', '+', '0', '+', '0.00000000', '+');
INSERT INTO `oc_product_option_value` (`product_option_value_id`, `product_option_id`, `product_id`, `option_id`, `option_value_id`, `quantity`, `subtract`, `price`, `price_prefix`, `points`, `points_prefix`, `weight`, `weight_prefix`) VALUES ('1396', '621', '301', '11', '48', '30', '1', '0.0000', '+', '0', '+', '0.00000000', '+');
INSERT INTO `oc_product_option_value` (`product_option_value_id`, `product_option_id`, `product_id`, `option_id`, `option_value_id`, `quantity`, `subtract`, `price`, `price_prefix`, `points`, `points_prefix`, `weight`, `weight_prefix`) VALUES ('1390', '618', '317', '11', '46', '30', '1', '0.0000', '+', '0', '+', '0.00000000', '+');
INSERT INTO `oc_product_option_value` (`product_option_value_id`, `product_option_id`, `product_id`, `option_id`, `option_value_id`, `quantity`, `subtract`, `price`, `price_prefix`, `points`, `points_prefix`, `weight`, `weight_prefix`) VALUES ('1112', '510', '256', '11', '47', '30', '1', '0.0000', '+', '0', '+', '0.00000000', '+');
INSERT INTO `oc_product_option_value` (`product_option_value_id`, `product_option_id`, `product_id`, `option_id`, `option_value_id`, `quantity`, `subtract`, `price`, `price_prefix`, `points`, `points_prefix`, `weight`, `weight_prefix`) VALUES ('1111', '510', '256', '11', '48', '30', '1', '0.0000', '+', '0', '+', '0.00000000', '+');
INSERT INTO `oc_product_option_value` (`product_option_value_id`, `product_option_id`, `product_id`, `option_id`, `option_value_id`, `quantity`, `subtract`, `price`, `price_prefix`, `points`, `points_prefix`, `weight`, `weight_prefix`) VALUES ('1388', '616', '373', '2', '57', '30', '1', '0.0000', '+', '0', '+', '0.00000000', '+');
INSERT INTO `oc_product_option_value` (`product_option_value_id`, `product_option_id`, `product_id`, `option_id`, `option_value_id`, `quantity`, `subtract`, `price`, `price_prefix`, `points`, `points_prefix`, `weight`, `weight_prefix`) VALUES ('1387', '616', '373', '2', '53', '30', '1', '0.0000', '+', '0', '+', '0.00000000', '+');
INSERT INTO `oc_product_option_value` (`product_option_value_id`, `product_option_id`, `product_id`, `option_id`, `option_value_id`, `quantity`, `subtract`, `price`, `price_prefix`, `points`, `points_prefix`, `weight`, `weight_prefix`) VALUES ('1386', '616', '373', '2', '50', '30', '1', '0.0000', '+', '0', '+', '0.00000000', '+');
INSERT INTO `oc_product_option_value` (`product_option_value_id`, `product_option_id`, `product_id`, `option_id`, `option_value_id`, `quantity`, `subtract`, `price`, `price_prefix`, `points`, `points_prefix`, `weight`, `weight_prefix`) VALUES ('1385', '614', '318', '2', '54', '30', '1', '0.0000', '+', '0', '+', '0.00000000', '+');
INSERT INTO `oc_product_option_value` (`product_option_value_id`, `product_option_id`, `product_id`, `option_id`, `option_value_id`, `quantity`, `subtract`, `price`, `price_prefix`, `points`, `points_prefix`, `weight`, `weight_prefix`) VALUES ('1384', '614', '318', '2', '56', '30', '1', '0.0000', '+', '0', '+', '0.00000000', '+');
INSERT INTO `oc_product_option_value` (`product_option_value_id`, `product_option_id`, `product_id`, `option_id`, `option_value_id`, `quantity`, `subtract`, `price`, `price_prefix`, `points`, `points_prefix`, `weight`, `weight_prefix`) VALUES ('1375', '609', '350', '11', '47', '30', '1', '0.0000', '+', '0', '+', '0.00000000', '+');
INSERT INTO `oc_product_option_value` (`product_option_value_id`, `product_option_id`, `product_id`, `option_id`, `option_value_id`, `quantity`, `subtract`, `price`, `price_prefix`, `points`, `points_prefix`, `weight`, `weight_prefix`) VALUES ('1221', '534', '268', '2', '52', '30', '1', '0.0000', '+', '0', '+', '0.00000000', '+');
INSERT INTO `oc_product_option_value` (`product_option_value_id`, `product_option_id`, `product_id`, `option_id`, `option_value_id`, `quantity`, `subtract`, `price`, `price_prefix`, `points`, `points_prefix`, `weight`, `weight_prefix`) VALUES ('1374', '609', '350', '11', '46', '30', '1', '0.0000', '+', '0', '+', '0.00000000', '+');
INSERT INTO `oc_product_option_value` (`product_option_value_id`, `product_option_id`, `product_id`, `option_id`, `option_value_id`, `quantity`, `subtract`, `price`, `price_prefix`, `points`, `points_prefix`, `weight`, `weight_prefix`) VALUES ('1372', '607', '350', '2', '53', '30', '1', '0.0000', '+', '0', '+', '0.00000000', '+');
INSERT INTO `oc_product_option_value` (`product_option_value_id`, `product_option_id`, `product_id`, `option_id`, `option_value_id`, `quantity`, `subtract`, `price`, `price_prefix`, `points`, `points_prefix`, `weight`, `weight_prefix`) VALUES ('1373', '607', '350', '2', '57', '30', '1', '0.0000', '+', '0', '+', '0.00000000', '+');
INSERT INTO `oc_product_option_value` (`product_option_value_id`, `product_option_id`, `product_id`, `option_id`, `option_value_id`, `quantity`, `subtract`, `price`, `price_prefix`, `points`, `points_prefix`, `weight`, `weight_prefix`) VALUES ('1382', '612', '320', '2', '45', '30', '1', '0.0000', '+', '0', '+', '0.00000000', '+');
INSERT INTO `oc_product_option_value` (`product_option_value_id`, `product_option_id`, `product_id`, `option_id`, `option_value_id`, `quantity`, `subtract`, `price`, `price_prefix`, `points`, `points_prefix`, `weight`, `weight_prefix`) VALUES ('1151', '518', '260', '2', '44', '40', '1', '0.0000', '+', '0', '+', '0.00000000', '+');
INSERT INTO `oc_product_option_value` (`product_option_value_id`, `product_option_id`, `product_id`, `option_id`, `option_value_id`, `quantity`, `subtract`, `price`, `price_prefix`, `points`, `points_prefix`, `weight`, `weight_prefix`) VALUES ('1150', '518', '260', '2', '49', '30', '1', '0.0000', '+', '0', '+', '0.00000000', '+');
INSERT INTO `oc_product_option_value` (`product_option_value_id`, `product_option_id`, `product_id`, `option_id`, `option_value_id`, `quantity`, `subtract`, `price`, `price_prefix`, `points`, `points_prefix`, `weight`, `weight_prefix`) VALUES ('1149', '518', '260', '2', '52', '30', '1', '0.0000', '+', '0', '+', '0.00000000', '+');
INSERT INTO `oc_product_option_value` (`product_option_value_id`, `product_option_id`, `product_id`, `option_id`, `option_value_id`, `quantity`, `subtract`, `price`, `price_prefix`, `points`, `points_prefix`, `weight`, `weight_prefix`) VALUES ('1143', '517', '260', '11', '60', '20', '1', '0.0000', '+', '0', '+', '0.00000000', '+');
INSERT INTO `oc_product_option_value` (`product_option_value_id`, `product_option_id`, `product_id`, `option_id`, `option_value_id`, `quantity`, `subtract`, `price`, `price_prefix`, `points`, `points_prefix`, `weight`, `weight_prefix`) VALUES ('1147', '517', '260', '11', '61', '0', '1', '0.0000', '+', '0', '+', '0.00000000', '+');
INSERT INTO `oc_product_option_value` (`product_option_value_id`, `product_option_id`, `product_id`, `option_id`, `option_value_id`, `quantity`, `subtract`, `price`, `price_prefix`, `points`, `points_prefix`, `weight`, `weight_prefix`) VALUES ('1146', '517', '260', '11', '48', '30', '1', '0.0000', '+', '0', '+', '0.00000000', '+');
INSERT INTO `oc_product_option_value` (`product_option_value_id`, `product_option_id`, `product_id`, `option_id`, `option_value_id`, `quantity`, `subtract`, `price`, `price_prefix`, `points`, `points_prefix`, `weight`, `weight_prefix`) VALUES ('1145', '517', '260', '11', '47', '30', '1', '0.0000', '+', '0', '+', '0.00000000', '+');
INSERT INTO `oc_product_option_value` (`product_option_value_id`, `product_option_id`, `product_id`, `option_id`, `option_value_id`, `quantity`, `subtract`, `price`, `price_prefix`, `points`, `points_prefix`, `weight`, `weight_prefix`) VALUES ('1156', '520', '261', '11', '61', '10', '1', '0.0000', '+', '0', '+', '0.00000000', '+');
INSERT INTO `oc_product_option_value` (`product_option_value_id`, `product_option_id`, `product_id`, `option_id`, `option_value_id`, `quantity`, `subtract`, `price`, `price_prefix`, `points`, `points_prefix`, `weight`, `weight_prefix`) VALUES ('1160', '520', '261', '11', '60', '20', '1', '0.0000', '+', '0', '+', '0.00000000', '+');
INSERT INTO `oc_product_option_value` (`product_option_value_id`, `product_option_id`, `product_id`, `option_id`, `option_value_id`, `quantity`, `subtract`, `price`, `price_prefix`, `points`, `points_prefix`, `weight`, `weight_prefix`) VALUES ('1157', '520', '261', '11', '48', '30', '1', '0.0000', '+', '0', '+', '0.00000000', '+');
INSERT INTO `oc_product_option_value` (`product_option_value_id`, `product_option_id`, `product_id`, `option_id`, `option_value_id`, `quantity`, `subtract`, `price`, `price_prefix`, `points`, `points_prefix`, `weight`, `weight_prefix`) VALUES ('1158', '520', '261', '11', '47', '30', '1', '0.0000', '+', '0', '+', '0.00000000', '+');
INSERT INTO `oc_product_option_value` (`product_option_value_id`, `product_option_id`, `product_id`, `option_id`, `option_value_id`, `quantity`, `subtract`, `price`, `price_prefix`, `points`, `points_prefix`, `weight`, `weight_prefix`) VALUES ('1159', '520', '261', '11', '46', '30', '1', '0.0000', '+', '0', '+', '0.00000000', '+');
INSERT INTO `oc_product_option_value` (`product_option_value_id`, `product_option_id`, `product_id`, `option_id`, `option_value_id`, `quantity`, `subtract`, `price`, `price_prefix`, `points`, `points_prefix`, `weight`, `weight_prefix`) VALUES ('1155', '520', '261', '11', '59', '20', '1', '0.0000', '+', '0', '+', '0.00000000', '+');
INSERT INTO `oc_product_option_value` (`product_option_value_id`, `product_option_id`, `product_id`, `option_id`, `option_value_id`, `quantity`, `subtract`, `price`, `price_prefix`, `points`, `points_prefix`, `weight`, `weight_prefix`) VALUES ('1152', '519', '261', '2', '45', '40', '1', '0.0000', '+', '0', '+', '0.00000000', '+');
INSERT INTO `oc_product_option_value` (`product_option_value_id`, `product_option_id`, `product_id`, `option_id`, `option_value_id`, `quantity`, `subtract`, `price`, `price_prefix`, `points`, `points_prefix`, `weight`, `weight_prefix`) VALUES ('1153', '519', '261', '2', '49', '30', '1', '0.0000', '+', '0', '+', '0.00000000', '+');
INSERT INTO `oc_product_option_value` (`product_option_value_id`, `product_option_id`, `product_id`, `option_id`, `option_value_id`, `quantity`, `subtract`, `price`, `price_prefix`, `points`, `points_prefix`, `weight`, `weight_prefix`) VALUES ('1154', '519', '261', '2', '56', '30', '1', '0.0000', '+', '0', '+', '0.00000000', '+');
INSERT INTO `oc_product_option_value` (`product_option_value_id`, `product_option_id`, `product_id`, `option_id`, `option_value_id`, `quantity`, `subtract`, `price`, `price_prefix`, `points`, `points_prefix`, `weight`, `weight_prefix`) VALUES ('1167', '522', '262', '2', '57', '30', '1', '0.0000', '+', '0', '+', '0.00000000', '+');
INSERT INTO `oc_product_option_value` (`product_option_value_id`, `product_option_id`, `product_id`, `option_id`, `option_value_id`, `quantity`, `subtract`, `price`, `price_prefix`, `points`, `points_prefix`, `weight`, `weight_prefix`) VALUES ('1164', '521', '262', '11', '61', '0', '1', '0.0000', '+', '0', '+', '0.00000000', '+');
INSERT INTO `oc_product_option_value` (`product_option_value_id`, `product_option_id`, `product_id`, `option_id`, `option_value_id`, `quantity`, `subtract`, `price`, `price_prefix`, `points`, `points_prefix`, `weight`, `weight_prefix`) VALUES ('1166', '521', '262', '11', '60', '20', '1', '0.0000', '+', '0', '+', '0.00000000', '+');
INSERT INTO `oc_product_option_value` (`product_option_value_id`, `product_option_id`, `product_id`, `option_id`, `option_value_id`, `quantity`, `subtract`, `price`, `price_prefix`, `points`, `points_prefix`, `weight`, `weight_prefix`) VALUES ('1162', '521', '262', '11', '47', '30', '1', '0.0000', '+', '0', '+', '0.00000000', '+');
INSERT INTO `oc_product_option_value` (`product_option_value_id`, `product_option_id`, `product_id`, `option_id`, `option_value_id`, `quantity`, `subtract`, `price`, `price_prefix`, `points`, `points_prefix`, `weight`, `weight_prefix`) VALUES ('1163', '521', '262', '11', '48', '30', '1', '0.0000', '+', '0', '+', '0.00000000', '+');
INSERT INTO `oc_product_option_value` (`product_option_value_id`, `product_option_id`, `product_id`, `option_id`, `option_value_id`, `quantity`, `subtract`, `price`, `price_prefix`, `points`, `points_prefix`, `weight`, `weight_prefix`) VALUES ('1161', '521', '262', '11', '46', '30', '1', '0.0000', '+', '0', '+', '0.00000000', '+');
INSERT INTO `oc_product_option_value` (`product_option_value_id`, `product_option_id`, `product_id`, `option_id`, `option_value_id`, `quantity`, `subtract`, `price`, `price_prefix`, `points`, `points_prefix`, `weight`, `weight_prefix`) VALUES ('1165', '521', '262', '11', '59', '20', '1', '0.0000', '+', '0', '+', '0.00000000', '+');
INSERT INTO `oc_product_option_value` (`product_option_value_id`, `product_option_id`, `product_id`, `option_id`, `option_value_id`, `quantity`, `subtract`, `price`, `price_prefix`, `points`, `points_prefix`, `weight`, `weight_prefix`) VALUES ('1175', '523', '263', '11', '60', '20', '1', '0.0000', '+', '0', '+', '0.00000000', '+');
INSERT INTO `oc_product_option_value` (`product_option_value_id`, `product_option_id`, `product_id`, `option_id`, `option_value_id`, `quantity`, `subtract`, `price`, `price_prefix`, `points`, `points_prefix`, `weight`, `weight_prefix`) VALUES ('1172', '523', '263', '11', '48', '30', '1', '0.0000', '+', '0', '+', '0.00000000', '+');
INSERT INTO `oc_product_option_value` (`product_option_value_id`, `product_option_id`, `product_id`, `option_id`, `option_value_id`, `quantity`, `subtract`, `price`, `price_prefix`, `points`, `points_prefix`, `weight`, `weight_prefix`) VALUES ('1171', '523', '263', '11', '47', '30', '1', '0.0000', '+', '0', '+', '0.00000000', '+');
INSERT INTO `oc_product_option_value` (`product_option_value_id`, `product_option_id`, `product_id`, `option_id`, `option_value_id`, `quantity`, `subtract`, `price`, `price_prefix`, `points`, `points_prefix`, `weight`, `weight_prefix`) VALUES ('1170', '523', '263', '11', '46', '30', '1', '0.0000', '+', '0', '+', '0.00000000', '+');
INSERT INTO `oc_product_option_value` (`product_option_value_id`, `product_option_id`, `product_id`, `option_id`, `option_value_id`, `quantity`, `subtract`, `price`, `price_prefix`, `points`, `points_prefix`, `weight`, `weight_prefix`) VALUES ('1174', '523', '263', '11', '59', '20', '1', '0.0000', '+', '0', '+', '0.00000000', '+');
INSERT INTO `oc_product_option_value` (`product_option_value_id`, `product_option_id`, `product_id`, `option_id`, `option_value_id`, `quantity`, `subtract`, `price`, `price_prefix`, `points`, `points_prefix`, `weight`, `weight_prefix`) VALUES ('1178', '524', '263', '2', '44', '40', '1', '0.0000', '+', '0', '+', '0.00000000', '+');
INSERT INTO `oc_product_option_value` (`product_option_value_id`, `product_option_id`, `product_id`, `option_id`, `option_value_id`, `quantity`, `subtract`, `price`, `price_prefix`, `points`, `points_prefix`, `weight`, `weight_prefix`) VALUES ('1177', '524', '263', '2', '49', '30', '1', '0.0000', '+', '0', '+', '0.00000000', '+');
INSERT INTO `oc_product_option_value` (`product_option_value_id`, `product_option_id`, `product_id`, `option_id`, `option_value_id`, `quantity`, `subtract`, `price`, `price_prefix`, `points`, `points_prefix`, `weight`, `weight_prefix`) VALUES ('1389', '618', '317', '11', '59', '29', '1', '0.0000', '+', '0', '+', '0.00000000', '+');
INSERT INTO `oc_product_option_value` (`product_option_value_id`, `product_option_id`, `product_id`, `option_id`, `option_value_id`, `quantity`, `subtract`, `price`, `price_prefix`, `points`, `points_prefix`, `weight`, `weight_prefix`) VALUES ('1399', '622', '317', '2', '44', '30', '1', '0.0000', '+', '0', '+', '0.00000000', '+');
INSERT INTO `oc_product_option_value` (`product_option_value_id`, `product_option_id`, `product_id`, `option_id`, `option_value_id`, `quantity`, `subtract`, `price`, `price_prefix`, `points`, `points_prefix`, `weight`, `weight_prefix`) VALUES ('1400', '622', '317', '2', '23', '30', '1', '0.0000', '+', '0', '+', '0.00000000', '+');
INSERT INTO `oc_product_option_value` (`product_option_value_id`, `product_option_id`, `product_id`, `option_id`, `option_value_id`, `quantity`, `subtract`, `price`, `price_prefix`, `points`, `points_prefix`, `weight`, `weight_prefix`) VALUES ('1398', '622', '317', '2', '50', '29', '1', '0.0000', '+', '0', '+', '0.00000000', '+');
INSERT INTO `oc_product_option_value` (`product_option_value_id`, `product_option_id`, `product_id`, `option_id`, `option_value_id`, `quantity`, `subtract`, `price`, `price_prefix`, `points`, `points_prefix`, `weight`, `weight_prefix`) VALUES ('1185', '526', '264', '2', '24', '30', '1', '0.0000', '+', '0', '+', '0.00000000', '+');
INSERT INTO `oc_product_option_value` (`product_option_value_id`, `product_option_id`, `product_id`, `option_id`, `option_value_id`, `quantity`, `subtract`, `price`, `price_prefix`, `points`, `points_prefix`, `weight`, `weight_prefix`) VALUES ('1186', '526', '264', '2', '49', '30', '1', '0.0000', '+', '0', '+', '0.00000000', '+');
INSERT INTO `oc_product_option_value` (`product_option_value_id`, `product_option_id`, `product_id`, `option_id`, `option_value_id`, `quantity`, `subtract`, `price`, `price_prefix`, `points`, `points_prefix`, `weight`, `weight_prefix`) VALUES ('1187', '526', '264', '2', '52', '38', '1', '0.0000', '+', '0', '+', '0.00000000', '+');
INSERT INTO `oc_product_option_value` (`product_option_value_id`, `product_option_id`, `product_id`, `option_id`, `option_value_id`, `quantity`, `subtract`, `price`, `price_prefix`, `points`, `points_prefix`, `weight`, `weight_prefix`) VALUES ('1183', '525', '264', '11', '61', '10', '1', '0.0000', '+', '0', '+', '0.00000000', '+');
INSERT INTO `oc_product_option_value` (`product_option_value_id`, `product_option_id`, `product_id`, `option_id`, `option_value_id`, `quantity`, `subtract`, `price`, `price_prefix`, `points`, `points_prefix`, `weight`, `weight_prefix`) VALUES ('1179', '525', '264', '11', '60', '20', '1', '0.0000', '+', '0', '+', '0.00000000', '+');
INSERT INTO `oc_product_option_value` (`product_option_value_id`, `product_option_id`, `product_id`, `option_id`, `option_value_id`, `quantity`, `subtract`, `price`, `price_prefix`, `points`, `points_prefix`, `weight`, `weight_prefix`) VALUES ('1182', '525', '264', '11', '48', '30', '1', '0.0000', '+', '0', '+', '0.00000000', '+');
INSERT INTO `oc_product_option_value` (`product_option_value_id`, `product_option_id`, `product_id`, `option_id`, `option_value_id`, `quantity`, `subtract`, `price`, `price_prefix`, `points`, `points_prefix`, `weight`, `weight_prefix`) VALUES ('1184', '525', '264', '11', '59', '18', '1', '0.0000', '+', '0', '+', '0.00000000', '+');
INSERT INTO `oc_product_option_value` (`product_option_value_id`, `product_option_id`, `product_id`, `option_id`, `option_value_id`, `quantity`, `subtract`, `price`, `price_prefix`, `points`, `points_prefix`, `weight`, `weight_prefix`) VALUES ('1181', '525', '264', '11', '47', '30', '1', '0.0000', '+', '0', '+', '0.00000000', '+');
INSERT INTO `oc_product_option_value` (`product_option_value_id`, `product_option_id`, `product_id`, `option_id`, `option_value_id`, `quantity`, `subtract`, `price`, `price_prefix`, `points`, `points_prefix`, `weight`, `weight_prefix`) VALUES ('1180', '525', '264', '11', '46', '30', '1', '0.0000', '+', '0', '+', '0.00000000', '+');
INSERT INTO `oc_product_option_value` (`product_option_value_id`, `product_option_id`, `product_id`, `option_id`, `option_value_id`, `quantity`, `subtract`, `price`, `price_prefix`, `points`, `points_prefix`, `weight`, `weight_prefix`) VALUES ('1205', '530', '266', '2', '49', '40', '1', '0.0000', '+', '0', '+', '0.00000000', '+');
INSERT INTO `oc_product_option_value` (`product_option_value_id`, `product_option_id`, `product_id`, `option_id`, `option_value_id`, `quantity`, `subtract`, `price`, `price_prefix`, `points`, `points_prefix`, `weight`, `weight_prefix`) VALUES ('1203', '530', '266', '2', '57', '30', '1', '0.0000', '+', '0', '+', '0.00000000', '+');
INSERT INTO `oc_product_option_value` (`product_option_value_id`, `product_option_id`, `product_id`, `option_id`, `option_value_id`, `quantity`, `subtract`, `price`, `price_prefix`, `points`, `points_prefix`, `weight`, `weight_prefix`) VALUES ('1204', '530', '266', '2', '52', '30', '1', '0.0000', '+', '0', '+', '0.00000000', '+');
INSERT INTO `oc_product_option_value` (`product_option_value_id`, `product_option_id`, `product_id`, `option_id`, `option_value_id`, `quantity`, `subtract`, `price`, `price_prefix`, `points`, `points_prefix`, `weight`, `weight_prefix`) VALUES ('1201', '529', '266', '11', '61', '0', '1', '0.0000', '+', '0', '+', '0.00000000', '+');
INSERT INTO `oc_product_option_value` (`product_option_value_id`, `product_option_id`, `product_id`, `option_id`, `option_value_id`, `quantity`, `subtract`, `price`, `price_prefix`, `points`, `points_prefix`, `weight`, `weight_prefix`) VALUES ('1197', '529', '266', '11', '60', '20', '1', '0.0000', '+', '0', '+', '0.00000000', '+');
INSERT INTO `oc_product_option_value` (`product_option_value_id`, `product_option_id`, `product_id`, `option_id`, `option_value_id`, `quantity`, `subtract`, `price`, `price_prefix`, `points`, `points_prefix`, `weight`, `weight_prefix`) VALUES ('1212', '532', '267', '2', '45', '30', '1', '0.0000', '+', '0', '+', '0.00000000', '+');
INSERT INTO `oc_product_option_value` (`product_option_value_id`, `product_option_id`, `product_id`, `option_id`, `option_value_id`, `quantity`, `subtract`, `price`, `price_prefix`, `points`, `points_prefix`, `weight`, `weight_prefix`) VALUES ('1214', '532', '267', '2', '51', '40', '1', '0.0000', '+', '0', '+', '0.00000000', '+');
INSERT INTO `oc_product_option_value` (`product_option_value_id`, `product_option_id`, `product_id`, `option_id`, `option_value_id`, `quantity`, `subtract`, `price`, `price_prefix`, `points`, `points_prefix`, `weight`, `weight_prefix`) VALUES ('1213', '532', '267', '2', '49', '29', '1', '0.0000', '+', '0', '+', '0.00000000', '+');
INSERT INTO `oc_product_option_value` (`product_option_value_id`, `product_option_id`, `product_id`, `option_id`, `option_value_id`, `quantity`, `subtract`, `price`, `price_prefix`, `points`, `points_prefix`, `weight`, `weight_prefix`) VALUES ('1210', '531', '267', '11', '61', '10', '1', '0.0000', '+', '0', '+', '0.00000000', '+');
INSERT INTO `oc_product_option_value` (`product_option_value_id`, `product_option_id`, `product_id`, `option_id`, `option_value_id`, `quantity`, `subtract`, `price`, `price_prefix`, `points`, `points_prefix`, `weight`, `weight_prefix`) VALUES ('1206', '531', '267', '11', '60', '20', '1', '0.0000', '+', '0', '+', '0.00000000', '+');
INSERT INTO `oc_product_option_value` (`product_option_value_id`, `product_option_id`, `product_id`, `option_id`, `option_value_id`, `quantity`, `subtract`, `price`, `price_prefix`, `points`, `points_prefix`, `weight`, `weight_prefix`) VALUES ('1209', '531', '267', '11', '48', '30', '1', '0.0000', '+', '0', '+', '0.00000000', '+');
INSERT INTO `oc_product_option_value` (`product_option_value_id`, `product_option_id`, `product_id`, `option_id`, `option_value_id`, `quantity`, `subtract`, `price`, `price_prefix`, `points`, `points_prefix`, `weight`, `weight_prefix`) VALUES ('1208', '531', '267', '11', '47', '29', '1', '0.0000', '+', '0', '+', '0.00000000', '+');
INSERT INTO `oc_product_option_value` (`product_option_value_id`, `product_option_id`, `product_id`, `option_id`, `option_value_id`, `quantity`, `subtract`, `price`, `price_prefix`, `points`, `points_prefix`, `weight`, `weight_prefix`) VALUES ('1207', '531', '267', '11', '46', '30', '1', '0.0000', '+', '0', '+', '0.00000000', '+');
INSERT INTO `oc_product_option_value` (`product_option_value_id`, `product_option_id`, `product_id`, `option_id`, `option_value_id`, `quantity`, `subtract`, `price`, `price_prefix`, `points`, `points_prefix`, `weight`, `weight_prefix`) VALUES ('1211', '531', '267', '11', '59', '20', '1', '0.0000', '+', '0', '+', '0.00000000', '+');
INSERT INTO `oc_product_option_value` (`product_option_value_id`, `product_option_id`, `product_id`, `option_id`, `option_value_id`, `quantity`, `subtract`, `price`, `price_prefix`, `points`, `points_prefix`, `weight`, `weight_prefix`) VALUES ('1222', '534', '268', '2', '56', '30', '1', '0.0000', '+', '0', '+', '0.00000000', '+');
INSERT INTO `oc_product_option_value` (`product_option_value_id`, `product_option_id`, `product_id`, `option_id`, `option_value_id`, `quantity`, `subtract`, `price`, `price_prefix`, `points`, `points_prefix`, `weight`, `weight_prefix`) VALUES ('1223', '534', '268', '2', '58', '40', '1', '0.0000', '+', '0', '+', '0.00000000', '+');
INSERT INTO `oc_product_option_value` (`product_option_value_id`, `product_option_id`, `product_id`, `option_id`, `option_value_id`, `quantity`, `subtract`, `price`, `price_prefix`, `points`, `points_prefix`, `weight`, `weight_prefix`) VALUES ('1219', '533', '268', '11', '61', '0', '1', '0.0000', '+', '0', '+', '0.00000000', '+');
INSERT INTO `oc_product_option_value` (`product_option_value_id`, `product_option_id`, `product_id`, `option_id`, `option_value_id`, `quantity`, `subtract`, `price`, `price_prefix`, `points`, `points_prefix`, `weight`, `weight_prefix`) VALUES ('1215', '533', '268', '11', '60', '20', '1', '0.0000', '+', '0', '+', '0.00000000', '+');
INSERT INTO `oc_product_option_value` (`product_option_value_id`, `product_option_id`, `product_id`, `option_id`, `option_value_id`, `quantity`, `subtract`, `price`, `price_prefix`, `points`, `points_prefix`, `weight`, `weight_prefix`) VALUES ('1218', '533', '268', '11', '48', '30', '1', '0.0000', '+', '0', '+', '0.00000000', '+');
INSERT INTO `oc_product_option_value` (`product_option_value_id`, `product_option_id`, `product_id`, `option_id`, `option_value_id`, `quantity`, `subtract`, `price`, `price_prefix`, `points`, `points_prefix`, `weight`, `weight_prefix`) VALUES ('1217', '533', '268', '11', '47', '30', '1', '0.0000', '+', '0', '+', '0.00000000', '+');
INSERT INTO `oc_product_option_value` (`product_option_value_id`, `product_option_id`, `product_id`, `option_id`, `option_value_id`, `quantity`, `subtract`, `price`, `price_prefix`, `points`, `points_prefix`, `weight`, `weight_prefix`) VALUES ('1216', '533', '268', '11', '46', '30', '1', '0.0000', '+', '0', '+', '0.00000000', '+');
INSERT INTO `oc_product_option_value` (`product_option_value_id`, `product_option_id`, `product_id`, `option_id`, `option_value_id`, `quantity`, `subtract`, `price`, `price_prefix`, `points`, `points_prefix`, `weight`, `weight_prefix`) VALUES ('1224', '535', '269', '11', '60', '20', '1', '0.0000', '+', '0', '+', '0.00000000', '+');
INSERT INTO `oc_product_option_value` (`product_option_value_id`, `product_option_id`, `product_id`, `option_id`, `option_value_id`, `quantity`, `subtract`, `price`, `price_prefix`, `points`, `points_prefix`, `weight`, `weight_prefix`) VALUES ('1227', '535', '269', '11', '48', '30', '1', '0.0000', '+', '0', '+', '0.00000000', '+');
INSERT INTO `oc_product_option_value` (`product_option_value_id`, `product_option_id`, `product_id`, `option_id`, `option_value_id`, `quantity`, `subtract`, `price`, `price_prefix`, `points`, `points_prefix`, `weight`, `weight_prefix`) VALUES ('1226', '535', '269', '11', '47', '30', '1', '0.0000', '+', '0', '+', '0.00000000', '+');
INSERT INTO `oc_product_option_value` (`product_option_value_id`, `product_option_id`, `product_id`, `option_id`, `option_value_id`, `quantity`, `subtract`, `price`, `price_prefix`, `points`, `points_prefix`, `weight`, `weight_prefix`) VALUES ('1225', '535', '269', '11', '46', '30', '1', '0.0000', '+', '0', '+', '0.00000000', '+');
INSERT INTO `oc_product_option_value` (`product_option_value_id`, `product_option_id`, `product_id`, `option_id`, `option_value_id`, `quantity`, `subtract`, `price`, `price_prefix`, `points`, `points_prefix`, `weight`, `weight_prefix`) VALUES ('1229', '535', '269', '11', '59', '20', '1', '0.0000', '+', '0', '+', '0.00000000', '+');
INSERT INTO `oc_product_option_value` (`product_option_value_id`, `product_option_id`, `product_id`, `option_id`, `option_value_id`, `quantity`, `subtract`, `price`, `price_prefix`, `points`, `points_prefix`, `weight`, `weight_prefix`) VALUES ('1230', '536', '269', '2', '53', '30', '1', '0.0000', '+', '0', '+', '0.00000000', '+');
INSERT INTO `oc_product_option_value` (`product_option_value_id`, `product_option_id`, `product_id`, `option_id`, `option_value_id`, `quantity`, `subtract`, `price`, `price_prefix`, `points`, `points_prefix`, `weight`, `weight_prefix`) VALUES ('1231', '536', '269', '2', '57', '30', '1', '0.0000', '+', '0', '+', '0.00000000', '+');
INSERT INTO `oc_product_option_value` (`product_option_value_id`, `product_option_id`, `product_id`, `option_id`, `option_value_id`, `quantity`, `subtract`, `price`, `price_prefix`, `points`, `points_prefix`, `weight`, `weight_prefix`) VALUES ('1232', '536', '269', '2', '49', '40', '1', '0.0000', '+', '0', '+', '0.00000000', '+');
INSERT INTO `oc_product_option_value` (`product_option_value_id`, `product_option_id`, `product_id`, `option_id`, `option_value_id`, `quantity`, `subtract`, `price`, `price_prefix`, `points`, `points_prefix`, `weight`, `weight_prefix`) VALUES ('1237', '537', '270', '11', '61', '10', '1', '0.0000', '+', '0', '+', '0.00000000', '+');
INSERT INTO `oc_product_option_value` (`product_option_value_id`, `product_option_id`, `product_id`, `option_id`, `option_value_id`, `quantity`, `subtract`, `price`, `price_prefix`, `points`, `points_prefix`, `weight`, `weight_prefix`) VALUES ('1233', '537', '270', '11', '60', '19', '1', '0.0000', '+', '0', '+', '0.00000000', '+');
INSERT INTO `oc_product_option_value` (`product_option_value_id`, `product_option_id`, `product_id`, `option_id`, `option_value_id`, `quantity`, `subtract`, `price`, `price_prefix`, `points`, `points_prefix`, `weight`, `weight_prefix`) VALUES ('1236', '537', '270', '11', '48', '30', '1', '0.0000', '+', '0', '+', '0.00000000', '+');
INSERT INTO `oc_product_option_value` (`product_option_value_id`, `product_option_id`, `product_id`, `option_id`, `option_value_id`, `quantity`, `subtract`, `price`, `price_prefix`, `points`, `points_prefix`, `weight`, `weight_prefix`) VALUES ('1235', '537', '270', '11', '47', '30', '1', '0.0000', '+', '0', '+', '0.00000000', '+');
INSERT INTO `oc_product_option_value` (`product_option_value_id`, `product_option_id`, `product_id`, `option_id`, `option_value_id`, `quantity`, `subtract`, `price`, `price_prefix`, `points`, `points_prefix`, `weight`, `weight_prefix`) VALUES ('1234', '537', '270', '11', '46', '30', '1', '0.0000', '+', '0', '+', '0.00000000', '+');
INSERT INTO `oc_product_option_value` (`product_option_value_id`, `product_option_id`, `product_id`, `option_id`, `option_value_id`, `quantity`, `subtract`, `price`, `price_prefix`, `points`, `points_prefix`, `weight`, `weight_prefix`) VALUES ('1238', '537', '270', '11', '59', '20', '1', '0.0000', '+', '0', '+', '0.00000000', '+');
INSERT INTO `oc_product_option_value` (`product_option_value_id`, `product_option_id`, `product_id`, `option_id`, `option_value_id`, `quantity`, `subtract`, `price`, `price_prefix`, `points`, `points_prefix`, `weight`, `weight_prefix`) VALUES ('1241', '538', '270', '2', '45', '39', '1', '0.0000', '+', '0', '+', '0.00000000', '+');
INSERT INTO `oc_product_option_value` (`product_option_value_id`, `product_option_id`, `product_id`, `option_id`, `option_value_id`, `quantity`, `subtract`, `price`, `price_prefix`, `points`, `points_prefix`, `weight`, `weight_prefix`) VALUES ('1239', '538', '270', '2', '50', '30', '1', '0.0000', '+', '0', '+', '0.00000000', '+');
INSERT INTO `oc_product_option_value` (`product_option_value_id`, `product_option_id`, `product_id`, `option_id`, `option_value_id`, `quantity`, `subtract`, `price`, `price_prefix`, `points`, `points_prefix`, `weight`, `weight_prefix`) VALUES ('1240', '538', '270', '2', '49', '30', '1', '0.0000', '+', '0', '+', '0.00000000', '+');
INSERT INTO `oc_product_option_value` (`product_option_value_id`, `product_option_id`, `product_id`, `option_id`, `option_value_id`, `quantity`, `subtract`, `price`, `price_prefix`, `points`, `points_prefix`, `weight`, `weight_prefix`) VALUES ('1471', '648', '346', '2', '45', '30', '1', '0.0000', '+', '0', '+', '0.00000000', '+');
INSERT INTO `oc_product_option_value` (`product_option_value_id`, `product_option_id`, `product_id`, `option_id`, `option_value_id`, `quantity`, `subtract`, `price`, `price_prefix`, `points`, `points_prefix`, `weight`, `weight_prefix`) VALUES ('1473', '649', '346', '11', '46', '30', '1', '0.0000', '+', '0', '+', '0.00000000', '+');
INSERT INTO `oc_product_option_value` (`product_option_value_id`, `product_option_id`, `product_id`, `option_id`, `option_value_id`, `quantity`, `subtract`, `price`, `price_prefix`, `points`, `points_prefix`, `weight`, `weight_prefix`) VALUES ('1472', '648', '346', '2', '24', '30', '1', '0.0000', '+', '0', '+', '0.00000000', '+');
INSERT INTO `oc_product_option_value` (`product_option_value_id`, `product_option_id`, `product_id`, `option_id`, `option_value_id`, `quantity`, `subtract`, `price`, `price_prefix`, `points`, `points_prefix`, `weight`, `weight_prefix`) VALUES ('1470', '648', '346', '2', '54', '30', '1', '0.0000', '+', '0', '+', '0.00000000', '+');
INSERT INTO `oc_product_option_value` (`product_option_value_id`, `product_option_id`, `product_id`, `option_id`, `option_value_id`, `quantity`, `subtract`, `price`, `price_prefix`, `points`, `points_prefix`, `weight`, `weight_prefix`) VALUES ('1354', '602', '280', '11', '47', '38', '1', '0.0000', '+', '0', '+', '0.00000000', '+');
INSERT INTO `oc_product_option_value` (`product_option_value_id`, `product_option_id`, `product_id`, `option_id`, `option_value_id`, `quantity`, `subtract`, `price`, `price_prefix`, `points`, `points_prefix`, `weight`, `weight_prefix`) VALUES ('1353', '602', '280', '11', '46', '30', '1', '0.0000', '+', '0', '+', '0.00000000', '+');
INSERT INTO `oc_product_option_value` (`product_option_value_id`, `product_option_id`, `product_id`, `option_id`, `option_value_id`, `quantity`, `subtract`, `price`, `price_prefix`, `points`, `points_prefix`, `weight`, `weight_prefix`) VALUES ('1255', '541', '272', '11', '61', '9', '1', '0.0000', '+', '0', '+', '0.00000000', '+');
INSERT INTO `oc_product_option_value` (`product_option_value_id`, `product_option_id`, `product_id`, `option_id`, `option_value_id`, `quantity`, `subtract`, `price`, `price_prefix`, `points`, `points_prefix`, `weight`, `weight_prefix`) VALUES ('1251', '541', '272', '11', '60', '20', '1', '0.0000', '+', '0', '+', '0.00000000', '+');
INSERT INTO `oc_product_option_value` (`product_option_value_id`, `product_option_id`, `product_id`, `option_id`, `option_value_id`, `quantity`, `subtract`, `price`, `price_prefix`, `points`, `points_prefix`, `weight`, `weight_prefix`) VALUES ('1254', '541', '272', '11', '48', '30', '1', '0.0000', '+', '0', '+', '0.00000000', '+');
INSERT INTO `oc_product_option_value` (`product_option_value_id`, `product_option_id`, `product_id`, `option_id`, `option_value_id`, `quantity`, `subtract`, `price`, `price_prefix`, `points`, `points_prefix`, `weight`, `weight_prefix`) VALUES ('1257', '542', '272', '2', '52', '29', '1', '0.0000', '+', '0', '+', '0.00000000', '+');
INSERT INTO `oc_product_option_value` (`product_option_value_id`, `product_option_id`, `product_id`, `option_id`, `option_value_id`, `quantity`, `subtract`, `price`, `price_prefix`, `points`, `points_prefix`, `weight`, `weight_prefix`) VALUES ('1259', '542', '272', '2', '58', '35', '1', '0.0000', '+', '0', '+', '0.00000000', '+');
INSERT INTO `oc_product_option_value` (`product_option_value_id`, `product_option_id`, `product_id`, `option_id`, `option_value_id`, `quantity`, `subtract`, `price`, `price_prefix`, `points`, `points_prefix`, `weight`, `weight_prefix`) VALUES ('1256', '541', '272', '11', '59', '16', '1', '0.0000', '+', '0', '+', '0.00000000', '+');
INSERT INTO `oc_product_option_value` (`product_option_value_id`, `product_option_id`, `product_id`, `option_id`, `option_value_id`, `quantity`, `subtract`, `price`, `price_prefix`, `points`, `points_prefix`, `weight`, `weight_prefix`) VALUES ('1252', '541', '272', '11', '46', '29', '1', '0.0000', '+', '0', '+', '0.00000000', '+');
INSERT INTO `oc_product_option_value` (`product_option_value_id`, `product_option_id`, `product_id`, `option_id`, `option_value_id`, `quantity`, `subtract`, `price`, `price_prefix`, `points`, `points_prefix`, `weight`, `weight_prefix`) VALUES ('1253', '541', '272', '11', '47', '30', '1', '0.0000', '+', '0', '+', '0.00000000', '+');
INSERT INTO `oc_product_option_value` (`product_option_value_id`, `product_option_id`, `product_id`, `option_id`, `option_value_id`, `quantity`, `subtract`, `price`, `price_prefix`, `points`, `points_prefix`, `weight`, `weight_prefix`) VALUES ('1262', '543', '273', '2', '57', '21', '1', '0.0000', '+', '0', '+', '0.00000000', '+');
INSERT INTO `oc_product_option_value` (`product_option_value_id`, `product_option_id`, `product_id`, `option_id`, `option_value_id`, `quantity`, `subtract`, `price`, `price_prefix`, `points`, `points_prefix`, `weight`, `weight_prefix`) VALUES ('1258', '542', '272', '2', '57', '28', '1', '0.0000', '+', '0', '+', '0.00000000', '+');
INSERT INTO `oc_product_option_value` (`product_option_value_id`, `product_option_id`, `product_id`, `option_id`, `option_value_id`, `quantity`, `subtract`, `price`, `price_prefix`, `points`, `points_prefix`, `weight`, `weight_prefix`) VALUES ('1381', '612', '320', '2', '51', '30', '1', '0.0000', '+', '0', '+', '0.00000000', '+');
INSERT INTO `oc_product_option_value` (`product_option_value_id`, `product_option_id`, `product_id`, `option_id`, `option_value_id`, `quantity`, `subtract`, `price`, `price_prefix`, `points`, `points_prefix`, `weight`, `weight_prefix`) VALUES ('1383', '612', '320', '2', '54', '30', '1', '0.0000', '+', '0', '+', '0.00000000', '+');
INSERT INTO `oc_product_option_value` (`product_option_value_id`, `product_option_id`, `product_id`, `option_id`, `option_value_id`, `quantity`, `subtract`, `price`, `price_prefix`, `points`, `points_prefix`, `weight`, `weight_prefix`) VALUES ('1380', '611', '351', '11', '48', '30', '1', '0.0000', '+', '0', '+', '0.00000000', '+');
INSERT INTO `oc_product_option_value` (`product_option_value_id`, `product_option_id`, `product_id`, `option_id`, `option_value_id`, `quantity`, `subtract`, `price`, `price_prefix`, `points`, `points_prefix`, `weight`, `weight_prefix`) VALUES ('1379', '611', '351', '11', '47', '30', '1', '0.0000', '+', '0', '+', '0.00000000', '+');
INSERT INTO `oc_product_option_value` (`product_option_value_id`, `product_option_id`, `product_id`, `option_id`, `option_value_id`, `quantity`, `subtract`, `price`, `price_prefix`, `points`, `points_prefix`, `weight`, `weight_prefix`) VALUES ('1378', '610', '351', '2', '44', '30', '1', '0.0000', '+', '0', '+', '0.00000000', '+');
INSERT INTO `oc_product_option_value` (`product_option_value_id`, `product_option_id`, `product_id`, `option_id`, `option_value_id`, `quantity`, `subtract`, `price`, `price_prefix`, `points`, `points_prefix`, `weight`, `weight_prefix`) VALUES ('1377', '610', '351', '2', '49', '30', '1', '0.0000', '+', '0', '+', '0.00000000', '+');
INSERT INTO `oc_product_option_value` (`product_option_value_id`, `product_option_id`, `product_id`, `option_id`, `option_value_id`, `quantity`, `subtract`, `price`, `price_prefix`, `points`, `points_prefix`, `weight`, `weight_prefix`) VALUES ('1376', '610', '351', '2', '50', '30', '1', '0.0000', '+', '0', '+', '0.00000000', '+');
INSERT INTO `oc_product_option_value` (`product_option_value_id`, `product_option_id`, `product_id`, `option_id`, `option_value_id`, `quantity`, `subtract`, `price`, `price_prefix`, `points`, `points_prefix`, `weight`, `weight_prefix`) VALUES ('1370', '606', '276', '11', '47', '40', '1', '0.0000', '+', '0', '+', '0.00000000', '+');
INSERT INTO `oc_product_option_value` (`product_option_value_id`, `product_option_id`, `product_id`, `option_id`, `option_value_id`, `quantity`, `subtract`, `price`, `price_prefix`, `points`, `points_prefix`, `weight`, `weight_prefix`) VALUES ('1369', '606', '276', '11', '46', '30', '1', '0.0000', '+', '0', '+', '0.00000000', '+');
INSERT INTO `oc_product_option_value` (`product_option_value_id`, `product_option_id`, `product_id`, `option_id`, `option_value_id`, `quantity`, `subtract`, `price`, `price_prefix`, `points`, `points_prefix`, `weight`, `weight_prefix`) VALUES ('1125', '512', '257', '11', '61', '0', '1', '0.0000', '+', '0', '+', '0.00000000', '+');
INSERT INTO `oc_product_option_value` (`product_option_value_id`, `product_option_id`, `product_id`, `option_id`, `option_value_id`, `quantity`, `subtract`, `price`, `price_prefix`, `points`, `points_prefix`, `weight`, `weight_prefix`) VALUES ('1123', '512', '257', '11', '60', '20', '1', '0.0000', '+', '0', '+', '0.00000000', '+');
INSERT INTO `oc_product_option_value` (`product_option_value_id`, `product_option_id`, `product_id`, `option_id`, `option_value_id`, `quantity`, `subtract`, `price`, `price_prefix`, `points`, `points_prefix`, `weight`, `weight_prefix`) VALUES ('1120', '512', '257', '11', '48', '30', '1', '0.0000', '+', '0', '+', '0.00000000', '+');
INSERT INTO `oc_product_option_value` (`product_option_value_id`, `product_option_id`, `product_id`, `option_id`, `option_value_id`, `quantity`, `subtract`, `price`, `price_prefix`, `points`, `points_prefix`, `weight`, `weight_prefix`) VALUES ('1121', '512', '257', '11', '47', '30', '1', '0.0000', '+', '0', '+', '0.00000000', '+');
INSERT INTO `oc_product_option_value` (`product_option_value_id`, `product_option_id`, `product_id`, `option_id`, `option_value_id`, `quantity`, `subtract`, `price`, `price_prefix`, `points`, `points_prefix`, `weight`, `weight_prefix`) VALUES ('1122', '512', '257', '11', '46', '30', '1', '0.0000', '+', '0', '+', '0.00000000', '+');
INSERT INTO `oc_product_option_value` (`product_option_value_id`, `product_option_id`, `product_id`, `option_id`, `option_value_id`, `quantity`, `subtract`, `price`, `price_prefix`, `points`, `points_prefix`, `weight`, `weight_prefix`) VALUES ('1124', '512', '257', '11', '59', '20', '1', '0.0000', '+', '0', '+', '0.00000000', '+');
INSERT INTO `oc_product_option_value` (`product_option_value_id`, `product_option_id`, `product_id`, `option_id`, `option_value_id`, `quantity`, `subtract`, `price`, `price_prefix`, `points`, `points_prefix`, `weight`, `weight_prefix`) VALUES ('1117', '511', '257', '2', '58', '40', '1', '0.0000', '+', '0', '+', '0.00000000', '+');
INSERT INTO `oc_product_option_value` (`product_option_value_id`, `product_option_id`, `product_id`, `option_id`, `option_value_id`, `quantity`, `subtract`, `price`, `price_prefix`, `points`, `points_prefix`, `weight`, `weight_prefix`) VALUES ('1119', '511', '257', '2', '52', '30', '1', '0.0000', '+', '0', '+', '0.00000000', '+');
INSERT INTO `oc_product_option_value` (`product_option_value_id`, `product_option_id`, `product_id`, `option_id`, `option_value_id`, `quantity`, `subtract`, `price`, `price_prefix`, `points`, `points_prefix`, `weight`, `weight_prefix`) VALUES ('1260', '543', '273', '2', '53', '39', '1', '0.0000', '+', '0', '+', '0.00000000', '+');
INSERT INTO `oc_product_option_value` (`product_option_value_id`, `product_option_id`, `product_id`, `option_id`, `option_value_id`, `quantity`, `subtract`, `price`, `price_prefix`, `points`, `points_prefix`, `weight`, `weight_prefix`) VALUES ('1261', '543', '273', '2', '50', '3', '1', '0.0000', '+', '0', '+', '0.00000000', '+');
INSERT INTO `oc_product_option_value` (`product_option_value_id`, `product_option_id`, `product_id`, `option_id`, `option_value_id`, `quantity`, `subtract`, `price`, `price_prefix`, `points`, `points_prefix`, `weight`, `weight_prefix`) VALUES ('1264', '544', '273', '11', '61', '0', '1', '0.0000', '+', '0', '+', '0.00000000', '+');
INSERT INTO `oc_product_option_value` (`product_option_value_id`, `product_option_id`, `product_id`, `option_id`, `option_value_id`, `quantity`, `subtract`, `price`, `price_prefix`, `points`, `points_prefix`, `weight`, `weight_prefix`) VALUES ('1200', '529', '266', '11', '48', '30', '1', '0.0000', '+', '0', '+', '0.00000000', '+');
INSERT INTO `oc_product_option_value` (`product_option_value_id`, `product_option_id`, `product_id`, `option_id`, `option_value_id`, `quantity`, `subtract`, `price`, `price_prefix`, `points`, `points_prefix`, `weight`, `weight_prefix`) VALUES ('1199', '529', '266', '11', '47', '30', '1', '0.0000', '+', '0', '+', '0.00000000', '+');
INSERT INTO `oc_product_option_value` (`product_option_value_id`, `product_option_id`, `product_id`, `option_id`, `option_value_id`, `quantity`, `subtract`, `price`, `price_prefix`, `points`, `points_prefix`, `weight`, `weight_prefix`) VALUES ('1198', '529', '266', '11', '46', '30', '1', '0.0000', '+', '0', '+', '0.00000000', '+');
INSERT INTO `oc_product_option_value` (`product_option_value_id`, `product_option_id`, `product_id`, `option_id`, `option_value_id`, `quantity`, `subtract`, `price`, `price_prefix`, `points`, `points_prefix`, `weight`, `weight_prefix`) VALUES ('1202', '529', '266', '11', '59', '20', '1', '0.0000', '+', '0', '+', '0.00000000', '+');
INSERT INTO `oc_product_option_value` (`product_option_value_id`, `product_option_id`, `product_id`, `option_id`, `option_value_id`, `quantity`, `subtract`, `price`, `price_prefix`, `points`, `points_prefix`, `weight`, `weight_prefix`) VALUES ('1220', '533', '268', '11', '59', '20', '1', '0.0000', '+', '0', '+', '0.00000000', '+');
INSERT INTO `oc_product_option_value` (`product_option_value_id`, `product_option_id`, `product_id`, `option_id`, `option_value_id`, `quantity`, `subtract`, `price`, `price_prefix`, `points`, `points_prefix`, `weight`, `weight_prefix`) VALUES ('1368', '606', '276', '11', '59', '20', '1', '0.0000', '+', '0', '+', '0.00000000', '+');
INSERT INTO `oc_product_option_value` (`product_option_value_id`, `product_option_id`, `product_id`, `option_id`, `option_value_id`, `quantity`, `subtract`, `price`, `price_prefix`, `points`, `points_prefix`, `weight`, `weight_prefix`) VALUES ('1395', '621', '301', '11', '47', '30', '1', '0.0000', '+', '0', '+', '0.00000000', '+');
INSERT INTO `oc_product_option_value` (`product_option_value_id`, `product_option_id`, `product_id`, `option_id`, `option_value_id`, `quantity`, `subtract`, `price`, `price_prefix`, `points`, `points_prefix`, `weight`, `weight_prefix`) VALUES ('1394', '620', '301', '2', '44', '30', '1', '0.0000', '+', '0', '+', '0.00000000', '+');
INSERT INTO `oc_product_option_value` (`product_option_value_id`, `product_option_id`, `product_id`, `option_id`, `option_value_id`, `quantity`, `subtract`, `price`, `price_prefix`, `points`, `points_prefix`, `weight`, `weight_prefix`) VALUES ('1393', '620', '301', '2', '57', '30', '1', '0.0000', '+', '0', '+', '0.00000000', '+');
INSERT INTO `oc_product_option_value` (`product_option_value_id`, `product_option_id`, `product_id`, `option_id`, `option_value_id`, `quantity`, `subtract`, `price`, `price_prefix`, `points`, `points_prefix`, `weight`, `weight_prefix`) VALUES ('1483', '652', '335', '2', '58', '30', '1', '0.0000', '+', '0', '+', '0.00000000', '+');
INSERT INTO `oc_product_option_value` (`product_option_value_id`, `product_option_id`, `product_id`, `option_id`, `option_value_id`, `quantity`, `subtract`, `price`, `price_prefix`, `points`, `points_prefix`, `weight`, `weight_prefix`) VALUES ('1484', '652', '335', '2', '23', '30', '1', '0.0000', '+', '0', '+', '0.00000000', '+');
INSERT INTO `oc_product_option_value` (`product_option_value_id`, `product_option_id`, `product_id`, `option_id`, `option_value_id`, `quantity`, `subtract`, `price`, `price_prefix`, `points`, `points_prefix`, `weight`, `weight_prefix`) VALUES ('1135', '515', '259', '2', '44', '30', '1', '0.0000', '+', '0', '+', '0.00000000', '+');
INSERT INTO `oc_product_option_value` (`product_option_value_id`, `product_option_id`, `product_id`, `option_id`, `option_value_id`, `quantity`, `subtract`, `price`, `price_prefix`, `points`, `points_prefix`, `weight`, `weight_prefix`) VALUES ('1142', '515', '259', '2', '53', '30', '1', '0.0000', '+', '0', '+', '0.00000000', '+');
INSERT INTO `oc_product_option_value` (`product_option_value_id`, `product_option_id`, `product_id`, `option_id`, `option_value_id`, `quantity`, `subtract`, `price`, `price_prefix`, `points`, `points_prefix`, `weight`, `weight_prefix`) VALUES ('1134', '515', '259', '2', '57', '40', '1', '0.0000', '+', '0', '+', '0.00000000', '+');
INSERT INTO `oc_product_option_value` (`product_option_value_id`, `product_option_id`, `product_id`, `option_id`, `option_value_id`, `quantity`, `subtract`, `price`, `price_prefix`, `points`, `points_prefix`, `weight`, `weight_prefix`) VALUES ('1140', '516', '259', '11', '61', '0', '1', '0.0000', '+', '0', '+', '0.00000000', '+');
INSERT INTO `oc_product_option_value` (`product_option_value_id`, `product_option_id`, `product_id`, `option_id`, `option_value_id`, `quantity`, `subtract`, `price`, `price_prefix`, `points`, `points_prefix`, `weight`, `weight_prefix`) VALUES ('1141', '516', '259', '11', '59', '20', '1', '0.0000', '+', '0', '+', '0.00000000', '+');
INSERT INTO `oc_product_option_value` (`product_option_value_id`, `product_option_id`, `product_id`, `option_id`, `option_value_id`, `quantity`, `subtract`, `price`, `price_prefix`, `points`, `points_prefix`, `weight`, `weight_prefix`) VALUES ('1138', '516', '259', '11', '46', '30', '1', '0.0000', '+', '0', '+', '0.00000000', '+');
INSERT INTO `oc_product_option_value` (`product_option_value_id`, `product_option_id`, `product_id`, `option_id`, `option_value_id`, `quantity`, `subtract`, `price`, `price_prefix`, `points`, `points_prefix`, `weight`, `weight_prefix`) VALUES ('1137', '516', '259', '11', '47', '30', '1', '0.0000', '+', '0', '+', '0.00000000', '+');
INSERT INTO `oc_product_option_value` (`product_option_value_id`, `product_option_id`, `product_id`, `option_id`, `option_value_id`, `quantity`, `subtract`, `price`, `price_prefix`, `points`, `points_prefix`, `weight`, `weight_prefix`) VALUES ('1136', '516', '259', '11', '48', '30', '1', '0.0000', '+', '0', '+', '0.00000000', '+');
INSERT INTO `oc_product_option_value` (`product_option_value_id`, `product_option_id`, `product_id`, `option_id`, `option_value_id`, `quantity`, `subtract`, `price`, `price_prefix`, `points`, `points_prefix`, `weight`, `weight_prefix`) VALUES ('1139', '516', '259', '11', '60', '20', '1', '0.0000', '+', '0', '+', '0.00000000', '+');
INSERT INTO `oc_product_option_value` (`product_option_value_id`, `product_option_id`, `product_id`, `option_id`, `option_value_id`, `quantity`, `subtract`, `price`, `price_prefix`, `points`, `points_prefix`, `weight`, `weight_prefix`) VALUES ('1176', '524', '263', '2', '57', '30', '1', '0.0000', '+', '0', '+', '0.00000000', '+');
INSERT INTO `oc_product_option_value` (`product_option_value_id`, `product_option_id`, `product_id`, `option_id`, `option_value_id`, `quantity`, `subtract`, `price`, `price_prefix`, `points`, `points_prefix`, `weight`, `weight_prefix`) VALUES ('1144', '517', '260', '11', '46', '30', '1', '0.0000', '+', '0', '+', '0.00000000', '+');
INSERT INTO `oc_product_option_value` (`product_option_value_id`, `product_option_id`, `product_id`, `option_id`, `option_value_id`, `quantity`, `subtract`, `price`, `price_prefix`, `points`, `points_prefix`, `weight`, `weight_prefix`) VALUES ('1148', '517', '260', '11', '59', '20', '1', '0.0000', '+', '0', '+', '0.00000000', '+');
INSERT INTO `oc_product_option_value` (`product_option_value_id`, `product_option_id`, `product_id`, `option_id`, `option_value_id`, `quantity`, `subtract`, `price`, `price_prefix`, `points`, `points_prefix`, `weight`, `weight_prefix`) VALUES ('1361', '604', '274', '11', '47', '30', '1', '0.0000', '+', '0', '+', '0.00000000', '+');
INSERT INTO `oc_product_option_value` (`product_option_value_id`, `product_option_id`, `product_id`, `option_id`, `option_value_id`, `quantity`, `subtract`, `price`, `price_prefix`, `points`, `points_prefix`, `weight`, `weight_prefix`) VALUES ('1360', '604', '274', '11', '46', '30', '1', '0.0000', '+', '0', '+', '0.00000000', '+');
INSERT INTO `oc_product_option_value` (`product_option_value_id`, `product_option_id`, `product_id`, `option_id`, `option_value_id`, `quantity`, `subtract`, `price`, `price_prefix`, `points`, `points_prefix`, `weight`, `weight_prefix`) VALUES ('1250', '540', '271', '2', '54', '39', '1', '0.0000', '+', '0', '+', '0.00000000', '+');
INSERT INTO `oc_product_option_value` (`product_option_value_id`, `product_option_id`, `product_id`, `option_id`, `option_value_id`, `quantity`, `subtract`, `price`, `price_prefix`, `points`, `points_prefix`, `weight`, `weight_prefix`) VALUES ('1248', '540', '271', '2', '52', '30', '1', '0.0000', '+', '0', '+', '0.00000000', '+');
INSERT INTO `oc_product_option_value` (`product_option_value_id`, `product_option_id`, `product_id`, `option_id`, `option_value_id`, `quantity`, `subtract`, `price`, `price_prefix`, `points`, `points_prefix`, `weight`, `weight_prefix`) VALUES ('1249', '540', '271', '2', '53', '29', '1', '0.0000', '+', '0', '+', '0.00000000', '+');
INSERT INTO `oc_product_option_value` (`product_option_value_id`, `product_option_id`, `product_id`, `option_id`, `option_value_id`, `quantity`, `subtract`, `price`, `price_prefix`, `points`, `points_prefix`, `weight`, `weight_prefix`) VALUES ('1246', '539', '271', '11', '61', '0', '1', '0.0000', '+', '0', '+', '0.00000000', '+');
INSERT INTO `oc_product_option_value` (`product_option_value_id`, `product_option_id`, `product_id`, `option_id`, `option_value_id`, `quantity`, `subtract`, `price`, `price_prefix`, `points`, `points_prefix`, `weight`, `weight_prefix`) VALUES ('1244', '539', '271', '11', '60', '30', '1', '0.0000', '+', '0', '+', '0.00000000', '+');
INSERT INTO `oc_product_option_value` (`product_option_value_id`, `product_option_id`, `product_id`, `option_id`, `option_value_id`, `quantity`, `subtract`, `price`, `price_prefix`, `points`, `points_prefix`, `weight`, `weight_prefix`) VALUES ('1242', '539', '271', '11', '60', '20', '1', '0.0000', '+', '0', '+', '0.00000000', '+');
INSERT INTO `oc_product_option_value` (`product_option_value_id`, `product_option_id`, `product_id`, `option_id`, `option_value_id`, `quantity`, `subtract`, `price`, `price_prefix`, `points`, `points_prefix`, `weight`, `weight_prefix`) VALUES ('1243', '539', '271', '11', '60', '30', '1', '0.0000', '+', '0', '+', '0.00000000', '+');
INSERT INTO `oc_product_option_value` (`product_option_value_id`, `product_option_id`, `product_id`, `option_id`, `option_value_id`, `quantity`, `subtract`, `price`, `price_prefix`, `points`, `points_prefix`, `weight`, `weight_prefix`) VALUES ('1245', '539', '271', '11', '60', '30', '1', '0.0000', '+', '0', '+', '0.00000000', '+');
INSERT INTO `oc_product_option_value` (`product_option_value_id`, `product_option_id`, `product_id`, `option_id`, `option_value_id`, `quantity`, `subtract`, `price`, `price_prefix`, `points`, `points_prefix`, `weight`, `weight_prefix`) VALUES ('1268', '544', '273', '11', '60', '13', '1', '0.0000', '+', '0', '+', '0.00000000', '+');
INSERT INTO `oc_product_option_value` (`product_option_value_id`, `product_option_id`, `product_id`, `option_id`, `option_value_id`, `quantity`, `subtract`, `price`, `price_prefix`, `points`, `points_prefix`, `weight`, `weight_prefix`) VALUES ('1265', '544', '273', '11', '48', '25', '1', '0.0000', '+', '0', '+', '0.00000000', '+');
INSERT INTO `oc_product_option_value` (`product_option_value_id`, `product_option_id`, `product_id`, `option_id`, `option_value_id`, `quantity`, `subtract`, `price`, `price_prefix`, `points`, `points_prefix`, `weight`, `weight_prefix`) VALUES ('1266', '544', '273', '11', '47', '29', '1', '0.0000', '+', '0', '+', '0.00000000', '+');
INSERT INTO `oc_product_option_value` (`product_option_value_id`, `product_option_id`, `product_id`, `option_id`, `option_value_id`, `quantity`, `subtract`, `price`, `price_prefix`, `points`, `points_prefix`, `weight`, `weight_prefix`) VALUES ('1113', '510', '256', '11', '46', '30', '1', '0.0000', '+', '0', '+', '0.00000000', '+');
INSERT INTO `oc_product_option_value` (`product_option_value_id`, `product_option_id`, `product_id`, `option_id`, `option_value_id`, `quantity`, `subtract`, `price`, `price_prefix`, `points`, `points_prefix`, `weight`, `weight_prefix`) VALUES ('1115', '510', '256', '11', '59', '20', '1', '0.0000', '+', '0', '+', '0.00000000', '+');
INSERT INTO `oc_product_option_value` (`product_option_value_id`, `product_option_id`, `product_id`, `option_id`, `option_value_id`, `quantity`, `subtract`, `price`, `price_prefix`, `points`, `points_prefix`, `weight`, `weight_prefix`) VALUES ('1247', '539', '271', '11', '59', '19', '1', '0.0000', '+', '0', '+', '0.00000000', '+');
INSERT INTO `oc_product_option_value` (`product_option_value_id`, `product_option_id`, `product_id`, `option_id`, `option_value_id`, `quantity`, `subtract`, `price`, `price_prefix`, `points`, `points_prefix`, `weight`, `weight_prefix`) VALUES ('1267', '544', '273', '11', '46', '27', '1', '0.0000', '+', '0', '+', '0.00000000', '+');
INSERT INTO `oc_product_option_value` (`product_option_value_id`, `product_option_id`, `product_id`, `option_id`, `option_value_id`, `quantity`, `subtract`, `price`, `price_prefix`, `points`, `points_prefix`, `weight`, `weight_prefix`) VALUES ('1263', '544', '273', '11', '59', '0', '1', '0.0000', '+', '0', '+', '0.00000000', '+');
INSERT INTO `oc_product_option_value` (`product_option_value_id`, `product_option_id`, `product_id`, `option_id`, `option_value_id`, `quantity`, `subtract`, `price`, `price_prefix`, `points`, `points_prefix`, `weight`, `weight_prefix`) VALUES ('1514', '666', '306', '2', '54', '99', '1', '0.0000', '+', '0', '+', '0.00000000', '+');
INSERT INTO `oc_product_option_value` (`product_option_value_id`, `product_option_id`, `product_id`, `option_id`, `option_value_id`, `quantity`, `subtract`, `price`, `price_prefix`, `points`, `points_prefix`, `weight`, `weight_prefix`) VALUES ('1279', '553', '376', '11', '46', '500', '1', '20.0000', '-', '100', '+', '0.00000000', '+');
INSERT INTO `oc_product_option_value` (`product_option_value_id`, `product_option_id`, `product_id`, `option_id`, `option_value_id`, `quantity`, `subtract`, `price`, `price_prefix`, `points`, `points_prefix`, `weight`, `weight_prefix`) VALUES ('1', '217', '42', '5', '41', '100', '0', '1.0000', '+', '0', '+', '1.00000000', '+');
INSERT INTO `oc_product_option_value` (`product_option_value_id`, `product_option_id`, `product_id`, `option_id`, `option_value_id`, `quantity`, `subtract`, `price`, `price_prefix`, `points`, `points_prefix`, `weight`, `weight_prefix`) VALUES ('8', '223', '42', '2', '23', '48', '1', '10.0000', '+', '0', '+', '10.00000000', '+');
INSERT INTO `oc_product_option_value` (`product_option_value_id`, `product_option_id`, `product_id`, `option_id`, `option_value_id`, `quantity`, `subtract`, `price`, `price_prefix`, `points`, `points_prefix`, `weight`, `weight_prefix`) VALUES ('2', '217', '42', '5', '42', '200', '1', '2.0000', '+', '0', '+', '2.00000000', '+');
INSERT INTO `oc_product_option_value` (`product_option_value_id`, `product_option_id`, `product_id`, `option_id`, `option_value_id`, `quantity`, `subtract`, `price`, `price_prefix`, `points`, `points_prefix`, `weight`, `weight_prefix`) VALUES ('1278', '552', '376', '2', '54', '99', '1', '0.0000', '+', '0', '+', '0.00000000', '+');
INSERT INTO `oc_product_option_value` (`product_option_value_id`, `product_option_id`, `product_id`, `option_id`, `option_value_id`, `quantity`, `subtract`, `price`, `price_prefix`, `points`, `points_prefix`, `weight`, `weight_prefix`) VALUES ('1517', '667', '377', '2', '44', '99', '1', '0.0000', '+', '0', '+', '0.00000000', '+');
INSERT INTO `oc_product_option_value` (`product_option_value_id`, `product_option_id`, `product_id`, `option_id`, `option_value_id`, `quantity`, `subtract`, `price`, `price_prefix`, `points`, `points_prefix`, `weight`, `weight_prefix`) VALUES ('1516', '667', '377', '2', '58', '99', '1', '0.0000', '+', '0', '+', '0.00000000', '+');
INSERT INTO `oc_product_option_value` (`product_option_value_id`, `product_option_id`, `product_id`, `option_id`, `option_value_id`, `quantity`, `subtract`, `price`, `price_prefix`, `points`, `points_prefix`, `weight`, `weight_prefix`) VALUES ('1515', '667', '377', '2', '57', '98', '1', '0.0000', '+', '0', '+', '0.00000000', '+');
INSERT INTO `oc_product_option_value` (`product_option_value_id`, `product_option_id`, `product_id`, `option_id`, `option_value_id`, `quantity`, `subtract`, `price`, `price_prefix`, `points`, `points_prefix`, `weight`, `weight_prefix`) VALUES ('1520', '668', '377', '11', '48', '30', '1', '0.0000', '+', '0', '+', '0.00000000', '+');
INSERT INTO `oc_product_option_value` (`product_option_value_id`, `product_option_id`, `product_id`, `option_id`, `option_value_id`, `quantity`, `subtract`, `price`, `price_prefix`, `points`, `points_prefix`, `weight`, `weight_prefix`) VALUES ('1519', '668', '377', '11', '47', '39', '1', '0.0000', '+', '0', '+', '0.00000000', '+');
INSERT INTO `oc_product_option_value` (`product_option_value_id`, `product_option_id`, `product_id`, `option_id`, `option_value_id`, `quantity`, `subtract`, `price`, `price_prefix`, `points`, `points_prefix`, `weight`, `weight_prefix`) VALUES ('1518', '668', '377', '11', '46', '30', '1', '0.0000', '+', '0', '+', '0.00000000', '+');
INSERT INTO `oc_product_option_value` (`product_option_value_id`, `product_option_id`, `product_id`, `option_id`, `option_value_id`, `quantity`, `subtract`, `price`, `price_prefix`, `points`, `points_prefix`, `weight`, `weight_prefix`) VALUES ('1523', '669', '378', '2', '52', '0', '0', '0.0000', '+', '0', '+', '0.00000000', '+');
INSERT INTO `oc_product_option_value` (`product_option_value_id`, `product_option_id`, `product_id`, `option_id`, `option_value_id`, `quantity`, `subtract`, `price`, `price_prefix`, `points`, `points_prefix`, `weight`, `weight_prefix`) VALUES ('1522', '669', '378', '2', '58', '0', '0', '0.0000', '+', '0', '+', '0.00000000', '+');
INSERT INTO `oc_product_option_value` (`product_option_value_id`, `product_option_id`, `product_id`, `option_id`, `option_value_id`, `quantity`, `subtract`, `price`, `price_prefix`, `points`, `points_prefix`, `weight`, `weight_prefix`) VALUES ('1521', '669', '378', '2', '49', '0', '0', '0.0000', '+', '0', '+', '0.00000000', '+');
INSERT INTO `oc_product_option_value` (`product_option_value_id`, `product_option_id`, `product_id`, `option_id`, `option_value_id`, `quantity`, `subtract`, `price`, `price_prefix`, `points`, `points_prefix`, `weight`, `weight_prefix`) VALUES ('1527', '670', '378', '11', '60', '30', '0', '100.0000', '+', '100', '+', '0.00000000', '+');
INSERT INTO `oc_product_option_value` (`product_option_value_id`, `product_option_id`, `product_id`, `option_id`, `option_value_id`, `quantity`, `subtract`, `price`, `price_prefix`, `points`, `points_prefix`, `weight`, `weight_prefix`) VALUES ('1526', '670', '378', '11', '48', '99', '0', '0.0000', '+', '0', '+', '0.00000000', '+');
INSERT INTO `oc_product_option_value` (`product_option_value_id`, `product_option_id`, `product_id`, `option_id`, `option_value_id`, `quantity`, `subtract`, `price`, `price_prefix`, `points`, `points_prefix`, `weight`, `weight_prefix`) VALUES ('1525', '670', '378', '11', '46', '50', '0', '0.0000', '+', '0', '+', '0.00000000', '+');
INSERT INTO `oc_product_option_value` (`product_option_value_id`, `product_option_id`, `product_id`, `option_id`, `option_value_id`, `quantity`, `subtract`, `price`, `price_prefix`, `points`, `points_prefix`, `weight`, `weight_prefix`) VALUES ('1530', '671', '380', '2', '44', '99', '1', '0.0000', '+', '0', '+', '0.00000000', '+');
INSERT INTO `oc_product_option_value` (`product_option_value_id`, `product_option_id`, `product_id`, `option_id`, `option_value_id`, `quantity`, `subtract`, `price`, `price_prefix`, `points`, `points_prefix`, `weight`, `weight_prefix`) VALUES ('1529', '671', '380', '2', '58', '99', '1', '0.0000', '+', '0', '+', '0.00000000', '+');
INSERT INTO `oc_product_option_value` (`product_option_value_id`, `product_option_id`, `product_id`, `option_id`, `option_value_id`, `quantity`, `subtract`, `price`, `price_prefix`, `points`, `points_prefix`, `weight`, `weight_prefix`) VALUES ('1528', '671', '380', '2', '49', '99', '1', '0.0000', '+', '0', '+', '0.00000000', '+');
INSERT INTO `oc_product_option_value` (`product_option_value_id`, `product_option_id`, `product_id`, `option_id`, `option_value_id`, `quantity`, `subtract`, `price`, `price_prefix`, `points`, `points_prefix`, `weight`, `weight_prefix`) VALUES ('1538', '673', '381', '11', '60', '20', '1', '0.0000', '+', '0', '+', '0.00000000', '+');
INSERT INTO `oc_product_option_value` (`product_option_value_id`, `product_option_id`, `product_id`, `option_id`, `option_value_id`, `quantity`, `subtract`, `price`, `price_prefix`, `points`, `points_prefix`, `weight`, `weight_prefix`) VALUES ('1537', '673', '381', '11', '48', '30', '1', '0.0000', '+', '0', '+', '0.00000000', '+');
INSERT INTO `oc_product_option_value` (`product_option_value_id`, `product_option_id`, `product_id`, `option_id`, `option_value_id`, `quantity`, `subtract`, `price`, `price_prefix`, `points`, `points_prefix`, `weight`, `weight_prefix`) VALUES ('1536', '673', '381', '11', '47', '30', '1', '0.0000', '+', '0', '+', '0.00000000', '+');
INSERT INTO `oc_product_option_value` (`product_option_value_id`, `product_option_id`, `product_id`, `option_id`, `option_value_id`, `quantity`, `subtract`, `price`, `price_prefix`, `points`, `points_prefix`, `weight`, `weight_prefix`) VALUES ('1535', '673', '381', '11', '46', '30', '1', '0.0000', '+', '0', '+', '0.00000000', '+');
INSERT INTO `oc_product_option_value` (`product_option_value_id`, `product_option_id`, `product_id`, `option_id`, `option_value_id`, `quantity`, `subtract`, `price`, `price_prefix`, `points`, `points_prefix`, `weight`, `weight_prefix`) VALUES ('1534', '673', '381', '11', '59', '20', '1', '0.0000', '+', '0', '+', '0.00000000', '+');
INSERT INTO `oc_product_option_value` (`product_option_value_id`, `product_option_id`, `product_id`, `option_id`, `option_value_id`, `quantity`, `subtract`, `price`, `price_prefix`, `points`, `points_prefix`, `weight`, `weight_prefix`) VALUES ('1531', '672', '381', '2', '49', '40', '1', '0.0000', '+', '0', '+', '0.00000000', '+');
INSERT INTO `oc_product_option_value` (`product_option_value_id`, `product_option_id`, `product_id`, `option_id`, `option_value_id`, `quantity`, `subtract`, `price`, `price_prefix`, `points`, `points_prefix`, `weight`, `weight_prefix`) VALUES ('1533', '672', '381', '2', '52', '30', '1', '0.0000', '+', '0', '+', '0.00000000', '+');
INSERT INTO `oc_product_option_value` (`product_option_value_id`, `product_option_id`, `product_id`, `option_id`, `option_value_id`, `quantity`, `subtract`, `price`, `price_prefix`, `points`, `points_prefix`, `weight`, `weight_prefix`) VALUES ('1542', '674', '382', '2', '58', '30', '1', '0.0000', '+', '0', '+', '0.00000000', '+');
INSERT INTO `oc_product_option_value` (`product_option_value_id`, `product_option_id`, `product_id`, `option_id`, `option_value_id`, `quantity`, `subtract`, `price`, `price_prefix`, `points`, `points_prefix`, `weight`, `weight_prefix`) VALUES ('1541', '674', '382', '2', '52', '30', '1', '0.0000', '+', '0', '+', '0.00000000', '+');
INSERT INTO `oc_product_option_value` (`product_option_value_id`, `product_option_id`, `product_id`, `option_id`, `option_value_id`, `quantity`, `subtract`, `price`, `price_prefix`, `points`, `points_prefix`, `weight`, `weight_prefix`) VALUES ('1540', '674', '382', '2', '56', '30', '1', '0.0000', '+', '0', '+', '0.00000000', '+');
INSERT INTO `oc_product_option_value` (`product_option_value_id`, `product_option_id`, `product_id`, `option_id`, `option_value_id`, `quantity`, `subtract`, `price`, `price_prefix`, `points`, `points_prefix`, `weight`, `weight_prefix`) VALUES ('1547', '675', '382', '11', '60', '30', '1', '0.0000', '+', '0', '+', '0.00000000', '+');
INSERT INTO `oc_product_option_value` (`product_option_value_id`, `product_option_id`, `product_id`, `option_id`, `option_value_id`, `quantity`, `subtract`, `price`, `price_prefix`, `points`, `points_prefix`, `weight`, `weight_prefix`) VALUES ('1546', '675', '382', '11', '48', '30', '1', '0.0000', '+', '0', '+', '0.00000000', '+');
INSERT INTO `oc_product_option_value` (`product_option_value_id`, `product_option_id`, `product_id`, `option_id`, `option_value_id`, `quantity`, `subtract`, `price`, `price_prefix`, `points`, `points_prefix`, `weight`, `weight_prefix`) VALUES ('1545', '675', '382', '11', '47', '30', '1', '0.0000', '+', '0', '+', '0.00000000', '+');
INSERT INTO `oc_product_option_value` (`product_option_value_id`, `product_option_id`, `product_id`, `option_id`, `option_value_id`, `quantity`, `subtract`, `price`, `price_prefix`, `points`, `points_prefix`, `weight`, `weight_prefix`) VALUES ('1544', '675', '382', '11', '46', '30', '1', '0.0000', '+', '0', '+', '0.00000000', '+');
INSERT INTO `oc_product_option_value` (`product_option_value_id`, `product_option_id`, `product_id`, `option_id`, `option_value_id`, `quantity`, `subtract`, `price`, `price_prefix`, `points`, `points_prefix`, `weight`, `weight_prefix`) VALUES ('1543', '675', '382', '11', '59', '30', '1', '0.0000', '+', '0', '+', '0.00000000', '+');
INSERT INTO `oc_product_option_value` (`product_option_value_id`, `product_option_id`, `product_id`, `option_id`, `option_value_id`, `quantity`, `subtract`, `price`, `price_prefix`, `points`, `points_prefix`, `weight`, `weight_prefix`) VALUES ('1552', '677', '383', '2', '49', '0', '0', '0.0000', '+', '0', '+', '0.00000000', '+');
INSERT INTO `oc_product_option_value` (`product_option_value_id`, `product_option_id`, `product_id`, `option_id`, `option_value_id`, `quantity`, `subtract`, `price`, `price_prefix`, `points`, `points_prefix`, `weight`, `weight_prefix`) VALUES ('1548', '676', '379', '2', '45', '99', '1', '0.0000', '+', '0', '+', '0.00000000', '+');
INSERT INTO `oc_product_option_value` (`product_option_value_id`, `product_option_id`, `product_id`, `option_id`, `option_value_id`, `quantity`, `subtract`, `price`, `price_prefix`, `points`, `points_prefix`, `weight`, `weight_prefix`) VALUES ('1532', '672', '381', '2', '57', '30', '1', '0.0000', '+', '0', '+', '0.00000000', '+');
INSERT INTO `oc_product_option_value` (`product_option_value_id`, `product_option_id`, `product_id`, `option_id`, `option_value_id`, `quantity`, `subtract`, `price`, `price_prefix`, `points`, `points_prefix`, `weight`, `weight_prefix`) VALUES ('1524', '669', '378', '2', '50', '0', '0', '0.0000', '+', '0', '+', '0.00000000', '+');
INSERT INTO `oc_product_option_value` (`product_option_value_id`, `product_option_id`, `product_id`, `option_id`, `option_value_id`, `quantity`, `subtract`, `price`, `price_prefix`, `points`, `points_prefix`, `weight`, `weight_prefix`) VALUES ('1551', '677', '383', '2', '50', '0', '0', '0.0000', '+', '0', '+', '0.00000000', '+');
INSERT INTO `oc_product_option_value` (`product_option_value_id`, `product_option_id`, `product_id`, `option_id`, `option_value_id`, `quantity`, `subtract`, `price`, `price_prefix`, `points`, `points_prefix`, `weight`, `weight_prefix`) VALUES ('1550', '677', '383', '2', '58', '0', '0', '0.0000', '+', '0', '+', '0.00000000', '+');
INSERT INTO `oc_product_option_value` (`product_option_value_id`, `product_option_id`, `product_id`, `option_id`, `option_value_id`, `quantity`, `subtract`, `price`, `price_prefix`, `points`, `points_prefix`, `weight`, `weight_prefix`) VALUES ('1549', '677', '383', '2', '52', '0', '0', '0.0000', '+', '0', '+', '0.00000000', '+');
INSERT INTO `oc_product_option_value` (`product_option_value_id`, `product_option_id`, `product_id`, `option_id`, `option_value_id`, `quantity`, `subtract`, `price`, `price_prefix`, `points`, `points_prefix`, `weight`, `weight_prefix`) VALUES ('1555', '678', '383', '11', '60', '30', '0', '100.0000', '+', '100', '+', '0.00000000', '+');
INSERT INTO `oc_product_option_value` (`product_option_value_id`, `product_option_id`, `product_id`, `option_id`, `option_value_id`, `quantity`, `subtract`, `price`, `price_prefix`, `points`, `points_prefix`, `weight`, `weight_prefix`) VALUES ('1554', '678', '383', '11', '48', '99', '0', '0.0000', '+', '0', '+', '0.00000000', '+');
INSERT INTO `oc_product_option_value` (`product_option_value_id`, `product_option_id`, `product_id`, `option_id`, `option_value_id`, `quantity`, `subtract`, `price`, `price_prefix`, `points`, `points_prefix`, `weight`, `weight_prefix`) VALUES ('1553', '678', '383', '11', '46', '50', '0', '0.0000', '+', '0', '+', '0.00000000', '+');
INSERT INTO `oc_product_option_value` (`product_option_value_id`, `product_option_id`, `product_id`, `option_id`, `option_value_id`, `quantity`, `subtract`, `price`, `price_prefix`, `points`, `points_prefix`, `weight`, `weight_prefix`) VALUES ('1539', '673', '381', '11', '61', '0', '1', '0.0000', '+', '0', '+', '0.00000000', '+');


TRUNCATE TABLE `oc_product_recurring`;



TRUNCATE TABLE `oc_product_related`;

INSERT INTO `oc_product_related` (`product_id`, `related_id`) VALUES ('30', '363');
INSERT INTO `oc_product_related` (`product_id`, `related_id`) VALUES ('31', '363');
INSERT INTO `oc_product_related` (`product_id`, `related_id`) VALUES ('32', '49');
INSERT INTO `oc_product_related` (`product_id`, `related_id`) VALUES ('34', '49');
INSERT INTO `oc_product_related` (`product_id`, `related_id`) VALUES ('40', '42');
INSERT INTO `oc_product_related` (`product_id`, `related_id`) VALUES ('40', '49');
INSERT INTO `oc_product_related` (`product_id`, `related_id`) VALUES ('41', '42');
INSERT INTO `oc_product_related` (`product_id`, `related_id`) VALUES ('42', '40');
INSERT INTO `oc_product_related` (`product_id`, `related_id`) VALUES ('42', '41');
INSERT INTO `oc_product_related` (`product_id`, `related_id`) VALUES ('48', '49');
INSERT INTO `oc_product_related` (`product_id`, `related_id`) VALUES ('49', '32');
INSERT INTO `oc_product_related` (`product_id`, `related_id`) VALUES ('49', '34');
INSERT INTO `oc_product_related` (`product_id`, `related_id`) VALUES ('49', '40');
INSERT INTO `oc_product_related` (`product_id`, `related_id`) VALUES ('49', '48');
INSERT INTO `oc_product_related` (`product_id`, `related_id`) VALUES ('49', '378');
INSERT INTO `oc_product_related` (`product_id`, `related_id`) VALUES ('49', '383');
INSERT INTO `oc_product_related` (`product_id`, `related_id`) VALUES ('256', '259');
INSERT INTO `oc_product_related` (`product_id`, `related_id`) VALUES ('256', '260');
INSERT INTO `oc_product_related` (`product_id`, `related_id`) VALUES ('257', '259');
INSERT INTO `oc_product_related` (`product_id`, `related_id`) VALUES ('257', '260');
INSERT INTO `oc_product_related` (`product_id`, `related_id`) VALUES ('257', '264');
INSERT INTO `oc_product_related` (`product_id`, `related_id`) VALUES ('257', '269');
INSERT INTO `oc_product_related` (`product_id`, `related_id`) VALUES ('259', '256');
INSERT INTO `oc_product_related` (`product_id`, `related_id`) VALUES ('259', '257');
INSERT INTO `oc_product_related` (`product_id`, `related_id`) VALUES ('259', '260');
INSERT INTO `oc_product_related` (`product_id`, `related_id`) VALUES ('259', '262');
INSERT INTO `oc_product_related` (`product_id`, `related_id`) VALUES ('259', '263');
INSERT INTO `oc_product_related` (`product_id`, `related_id`) VALUES ('259', '266');
INSERT INTO `oc_product_related` (`product_id`, `related_id`) VALUES ('259', '267');
INSERT INTO `oc_product_related` (`product_id`, `related_id`) VALUES ('259', '268');
INSERT INTO `oc_product_related` (`product_id`, `related_id`) VALUES ('259', '269');
INSERT INTO `oc_product_related` (`product_id`, `related_id`) VALUES ('259', '270');
INSERT INTO `oc_product_related` (`product_id`, `related_id`) VALUES ('259', '272');
INSERT INTO `oc_product_related` (`product_id`, `related_id`) VALUES ('259', '381');
INSERT INTO `oc_product_related` (`product_id`, `related_id`) VALUES ('260', '256');
INSERT INTO `oc_product_related` (`product_id`, `related_id`) VALUES ('260', '257');
INSERT INTO `oc_product_related` (`product_id`, `related_id`) VALUES ('260', '259');
INSERT INTO `oc_product_related` (`product_id`, `related_id`) VALUES ('260', '266');
INSERT INTO `oc_product_related` (`product_id`, `related_id`) VALUES ('260', '267');
INSERT INTO `oc_product_related` (`product_id`, `related_id`) VALUES ('260', '268');
INSERT INTO `oc_product_related` (`product_id`, `related_id`) VALUES ('260', '381');
INSERT INTO `oc_product_related` (`product_id`, `related_id`) VALUES ('261', '262');
INSERT INTO `oc_product_related` (`product_id`, `related_id`) VALUES ('261', '263');
INSERT INTO `oc_product_related` (`product_id`, `related_id`) VALUES ('261', '266');
INSERT INTO `oc_product_related` (`product_id`, `related_id`) VALUES ('261', '271');
INSERT INTO `oc_product_related` (`product_id`, `related_id`) VALUES ('261', '273');
INSERT INTO `oc_product_related` (`product_id`, `related_id`) VALUES ('261', '381');
INSERT INTO `oc_product_related` (`product_id`, `related_id`) VALUES ('262', '259');
INSERT INTO `oc_product_related` (`product_id`, `related_id`) VALUES ('262', '261');
INSERT INTO `oc_product_related` (`product_id`, `related_id`) VALUES ('262', '266');
INSERT INTO `oc_product_related` (`product_id`, `related_id`) VALUES ('262', '267');
INSERT INTO `oc_product_related` (`product_id`, `related_id`) VALUES ('262', '381');
INSERT INTO `oc_product_related` (`product_id`, `related_id`) VALUES ('263', '259');
INSERT INTO `oc_product_related` (`product_id`, `related_id`) VALUES ('263', '261');
INSERT INTO `oc_product_related` (`product_id`, `related_id`) VALUES ('264', '257');
INSERT INTO `oc_product_related` (`product_id`, `related_id`) VALUES ('264', '266');
INSERT INTO `oc_product_related` (`product_id`, `related_id`) VALUES ('264', '267');
INSERT INTO `oc_product_related` (`product_id`, `related_id`) VALUES ('264', '268');
INSERT INTO `oc_product_related` (`product_id`, `related_id`) VALUES ('264', '269');
INSERT INTO `oc_product_related` (`product_id`, `related_id`) VALUES ('264', '270');
INSERT INTO `oc_product_related` (`product_id`, `related_id`) VALUES ('264', '271');
INSERT INTO `oc_product_related` (`product_id`, `related_id`) VALUES ('264', '272');
INSERT INTO `oc_product_related` (`product_id`, `related_id`) VALUES ('264', '273');
INSERT INTO `oc_product_related` (`product_id`, `related_id`) VALUES ('264', '381');
INSERT INTO `oc_product_related` (`product_id`, `related_id`) VALUES ('266', '259');
INSERT INTO `oc_product_related` (`product_id`, `related_id`) VALUES ('266', '260');
INSERT INTO `oc_product_related` (`product_id`, `related_id`) VALUES ('266', '261');
INSERT INTO `oc_product_related` (`product_id`, `related_id`) VALUES ('266', '262');
INSERT INTO `oc_product_related` (`product_id`, `related_id`) VALUES ('266', '264');
INSERT INTO `oc_product_related` (`product_id`, `related_id`) VALUES ('266', '267');
INSERT INTO `oc_product_related` (`product_id`, `related_id`) VALUES ('266', '268');
INSERT INTO `oc_product_related` (`product_id`, `related_id`) VALUES ('266', '269');
INSERT INTO `oc_product_related` (`product_id`, `related_id`) VALUES ('266', '270');
INSERT INTO `oc_product_related` (`product_id`, `related_id`) VALUES ('267', '259');
INSERT INTO `oc_product_related` (`product_id`, `related_id`) VALUES ('267', '260');
INSERT INTO `oc_product_related` (`product_id`, `related_id`) VALUES ('267', '262');
INSERT INTO `oc_product_related` (`product_id`, `related_id`) VALUES ('267', '264');
INSERT INTO `oc_product_related` (`product_id`, `related_id`) VALUES ('267', '266');
INSERT INTO `oc_product_related` (`product_id`, `related_id`) VALUES ('267', '268');
INSERT INTO `oc_product_related` (`product_id`, `related_id`) VALUES ('267', '269');
INSERT INTO `oc_product_related` (`product_id`, `related_id`) VALUES ('267', '270');
INSERT INTO `oc_product_related` (`product_id`, `related_id`) VALUES ('267', '271');
INSERT INTO `oc_product_related` (`product_id`, `related_id`) VALUES ('267', '272');
INSERT INTO `oc_product_related` (`product_id`, `related_id`) VALUES ('267', '273');
INSERT INTO `oc_product_related` (`product_id`, `related_id`) VALUES ('267', '381');
INSERT INTO `oc_product_related` (`product_id`, `related_id`) VALUES ('268', '259');
INSERT INTO `oc_product_related` (`product_id`, `related_id`) VALUES ('268', '260');
INSERT INTO `oc_product_related` (`product_id`, `related_id`) VALUES ('268', '264');
INSERT INTO `oc_product_related` (`product_id`, `related_id`) VALUES ('268', '266');
INSERT INTO `oc_product_related` (`product_id`, `related_id`) VALUES ('268', '267');
INSERT INTO `oc_product_related` (`product_id`, `related_id`) VALUES ('268', '271');
INSERT INTO `oc_product_related` (`product_id`, `related_id`) VALUES ('268', '272');
INSERT INTO `oc_product_related` (`product_id`, `related_id`) VALUES ('268', '273');
INSERT INTO `oc_product_related` (`product_id`, `related_id`) VALUES ('268', '381');
INSERT INTO `oc_product_related` (`product_id`, `related_id`) VALUES ('269', '257');
INSERT INTO `oc_product_related` (`product_id`, `related_id`) VALUES ('269', '259');
INSERT INTO `oc_product_related` (`product_id`, `related_id`) VALUES ('269', '264');
INSERT INTO `oc_product_related` (`product_id`, `related_id`) VALUES ('269', '266');
INSERT INTO `oc_product_related` (`product_id`, `related_id`) VALUES ('269', '267');
INSERT INTO `oc_product_related` (`product_id`, `related_id`) VALUES ('269', '270');
INSERT INTO `oc_product_related` (`product_id`, `related_id`) VALUES ('269', '271');
INSERT INTO `oc_product_related` (`product_id`, `related_id`) VALUES ('269', '272');
INSERT INTO `oc_product_related` (`product_id`, `related_id`) VALUES ('269', '273');
INSERT INTO `oc_product_related` (`product_id`, `related_id`) VALUES ('269', '381');
INSERT INTO `oc_product_related` (`product_id`, `related_id`) VALUES ('270', '259');
INSERT INTO `oc_product_related` (`product_id`, `related_id`) VALUES ('270', '264');
INSERT INTO `oc_product_related` (`product_id`, `related_id`) VALUES ('270', '266');
INSERT INTO `oc_product_related` (`product_id`, `related_id`) VALUES ('270', '267');
INSERT INTO `oc_product_related` (`product_id`, `related_id`) VALUES ('270', '269');
INSERT INTO `oc_product_related` (`product_id`, `related_id`) VALUES ('270', '271');
INSERT INTO `oc_product_related` (`product_id`, `related_id`) VALUES ('270', '272');
INSERT INTO `oc_product_related` (`product_id`, `related_id`) VALUES ('270', '273');
INSERT INTO `oc_product_related` (`product_id`, `related_id`) VALUES ('270', '381');
INSERT INTO `oc_product_related` (`product_id`, `related_id`) VALUES ('271', '261');
INSERT INTO `oc_product_related` (`product_id`, `related_id`) VALUES ('271', '264');
INSERT INTO `oc_product_related` (`product_id`, `related_id`) VALUES ('271', '267');
INSERT INTO `oc_product_related` (`product_id`, `related_id`) VALUES ('271', '268');
INSERT INTO `oc_product_related` (`product_id`, `related_id`) VALUES ('271', '269');
INSERT INTO `oc_product_related` (`product_id`, `related_id`) VALUES ('271', '270');
INSERT INTO `oc_product_related` (`product_id`, `related_id`) VALUES ('272', '259');
INSERT INTO `oc_product_related` (`product_id`, `related_id`) VALUES ('272', '264');
INSERT INTO `oc_product_related` (`product_id`, `related_id`) VALUES ('272', '267');
INSERT INTO `oc_product_related` (`product_id`, `related_id`) VALUES ('272', '268');
INSERT INTO `oc_product_related` (`product_id`, `related_id`) VALUES ('272', '269');
INSERT INTO `oc_product_related` (`product_id`, `related_id`) VALUES ('272', '270');
INSERT INTO `oc_product_related` (`product_id`, `related_id`) VALUES ('272', '378');
INSERT INTO `oc_product_related` (`product_id`, `related_id`) VALUES ('272', '383');
INSERT INTO `oc_product_related` (`product_id`, `related_id`) VALUES ('273', '261');
INSERT INTO `oc_product_related` (`product_id`, `related_id`) VALUES ('273', '264');
INSERT INTO `oc_product_related` (`product_id`, `related_id`) VALUES ('273', '267');
INSERT INTO `oc_product_related` (`product_id`, `related_id`) VALUES ('273', '268');
INSERT INTO `oc_product_related` (`product_id`, `related_id`) VALUES ('273', '269');
INSERT INTO `oc_product_related` (`product_id`, `related_id`) VALUES ('273', '270');
INSERT INTO `oc_product_related` (`product_id`, `related_id`) VALUES ('274', '277');
INSERT INTO `oc_product_related` (`product_id`, `related_id`) VALUES ('274', '280');
INSERT INTO `oc_product_related` (`product_id`, `related_id`) VALUES ('274', '289');
INSERT INTO `oc_product_related` (`product_id`, `related_id`) VALUES ('274', '293');
INSERT INTO `oc_product_related` (`product_id`, `related_id`) VALUES ('274', '377');
INSERT INTO `oc_product_related` (`product_id`, `related_id`) VALUES ('275', '277');
INSERT INTO `oc_product_related` (`product_id`, `related_id`) VALUES ('275', '281');
INSERT INTO `oc_product_related` (`product_id`, `related_id`) VALUES ('275', '283');
INSERT INTO `oc_product_related` (`product_id`, `related_id`) VALUES ('275', '289');
INSERT INTO `oc_product_related` (`product_id`, `related_id`) VALUES ('276', '277');
INSERT INTO `oc_product_related` (`product_id`, `related_id`) VALUES ('276', '278');
INSERT INTO `oc_product_related` (`product_id`, `related_id`) VALUES ('276', '279');
INSERT INTO `oc_product_related` (`product_id`, `related_id`) VALUES ('276', '280');
INSERT INTO `oc_product_related` (`product_id`, `related_id`) VALUES ('276', '377');
INSERT INTO `oc_product_related` (`product_id`, `related_id`) VALUES ('277', '274');
INSERT INTO `oc_product_related` (`product_id`, `related_id`) VALUES ('277', '275');
INSERT INTO `oc_product_related` (`product_id`, `related_id`) VALUES ('277', '276');
INSERT INTO `oc_product_related` (`product_id`, `related_id`) VALUES ('277', '278');
INSERT INTO `oc_product_related` (`product_id`, `related_id`) VALUES ('277', '279');
INSERT INTO `oc_product_related` (`product_id`, `related_id`) VALUES ('277', '280');
INSERT INTO `oc_product_related` (`product_id`, `related_id`) VALUES ('277', '281');
INSERT INTO `oc_product_related` (`product_id`, `related_id`) VALUES ('277', '377');
INSERT INTO `oc_product_related` (`product_id`, `related_id`) VALUES ('278', '276');
INSERT INTO `oc_product_related` (`product_id`, `related_id`) VALUES ('278', '277');
INSERT INTO `oc_product_related` (`product_id`, `related_id`) VALUES ('278', '289');
INSERT INTO `oc_product_related` (`product_id`, `related_id`) VALUES ('279', '276');
INSERT INTO `oc_product_related` (`product_id`, `related_id`) VALUES ('279', '277');
INSERT INTO `oc_product_related` (`product_id`, `related_id`) VALUES ('279', '280');
INSERT INTO `oc_product_related` (`product_id`, `related_id`) VALUES ('279', '282');
INSERT INTO `oc_product_related` (`product_id`, `related_id`) VALUES ('279', '290');
INSERT INTO `oc_product_related` (`product_id`, `related_id`) VALUES ('279', '377');
INSERT INTO `oc_product_related` (`product_id`, `related_id`) VALUES ('279', '380');
INSERT INTO `oc_product_related` (`product_id`, `related_id`) VALUES ('280', '274');
INSERT INTO `oc_product_related` (`product_id`, `related_id`) VALUES ('280', '276');
INSERT INTO `oc_product_related` (`product_id`, `related_id`) VALUES ('280', '277');
INSERT INTO `oc_product_related` (`product_id`, `related_id`) VALUES ('280', '279');
INSERT INTO `oc_product_related` (`product_id`, `related_id`) VALUES ('280', '282');
INSERT INTO `oc_product_related` (`product_id`, `related_id`) VALUES ('280', '380');
INSERT INTO `oc_product_related` (`product_id`, `related_id`) VALUES ('281', '275');
INSERT INTO `oc_product_related` (`product_id`, `related_id`) VALUES ('281', '277');
INSERT INTO `oc_product_related` (`product_id`, `related_id`) VALUES ('281', '290');
INSERT INTO `oc_product_related` (`product_id`, `related_id`) VALUES ('281', '291');
INSERT INTO `oc_product_related` (`product_id`, `related_id`) VALUES ('282', '279');
INSERT INTO `oc_product_related` (`product_id`, `related_id`) VALUES ('282', '280');
INSERT INTO `oc_product_related` (`product_id`, `related_id`) VALUES ('282', '293');
INSERT INTO `oc_product_related` (`product_id`, `related_id`) VALUES ('282', '377');
INSERT INTO `oc_product_related` (`product_id`, `related_id`) VALUES ('283', '275');
INSERT INTO `oc_product_related` (`product_id`, `related_id`) VALUES ('283', '288');
INSERT INTO `oc_product_related` (`product_id`, `related_id`) VALUES ('283', '292');
INSERT INTO `oc_product_related` (`product_id`, `related_id`) VALUES ('283', '295');
INSERT INTO `oc_product_related` (`product_id`, `related_id`) VALUES ('284', '285');
INSERT INTO `oc_product_related` (`product_id`, `related_id`) VALUES ('284', '286');
INSERT INTO `oc_product_related` (`product_id`, `related_id`) VALUES ('284', '287');
INSERT INTO `oc_product_related` (`product_id`, `related_id`) VALUES ('285', '284');
INSERT INTO `oc_product_related` (`product_id`, `related_id`) VALUES ('285', '286');
INSERT INTO `oc_product_related` (`product_id`, `related_id`) VALUES ('285', '287');
INSERT INTO `oc_product_related` (`product_id`, `related_id`) VALUES ('285', '288');
INSERT INTO `oc_product_related` (`product_id`, `related_id`) VALUES ('285', '294');
INSERT INTO `oc_product_related` (`product_id`, `related_id`) VALUES ('285', '295');
INSERT INTO `oc_product_related` (`product_id`, `related_id`) VALUES ('286', '284');
INSERT INTO `oc_product_related` (`product_id`, `related_id`) VALUES ('286', '285');
INSERT INTO `oc_product_related` (`product_id`, `related_id`) VALUES ('286', '287');
INSERT INTO `oc_product_related` (`product_id`, `related_id`) VALUES ('286', '294');
INSERT INTO `oc_product_related` (`product_id`, `related_id`) VALUES ('287', '284');
INSERT INTO `oc_product_related` (`product_id`, `related_id`) VALUES ('287', '285');
INSERT INTO `oc_product_related` (`product_id`, `related_id`) VALUES ('287', '286');
INSERT INTO `oc_product_related` (`product_id`, `related_id`) VALUES ('287', '288');
INSERT INTO `oc_product_related` (`product_id`, `related_id`) VALUES ('288', '283');
INSERT INTO `oc_product_related` (`product_id`, `related_id`) VALUES ('288', '285');
INSERT INTO `oc_product_related` (`product_id`, `related_id`) VALUES ('288', '287');
INSERT INTO `oc_product_related` (`product_id`, `related_id`) VALUES ('288', '294');
INSERT INTO `oc_product_related` (`product_id`, `related_id`) VALUES ('288', '296');
INSERT INTO `oc_product_related` (`product_id`, `related_id`) VALUES ('288', '297');
INSERT INTO `oc_product_related` (`product_id`, `related_id`) VALUES ('288', '298');
INSERT INTO `oc_product_related` (`product_id`, `related_id`) VALUES ('289', '274');
INSERT INTO `oc_product_related` (`product_id`, `related_id`) VALUES ('289', '275');
INSERT INTO `oc_product_related` (`product_id`, `related_id`) VALUES ('289', '278');
INSERT INTO `oc_product_related` (`product_id`, `related_id`) VALUES ('290', '279');
INSERT INTO `oc_product_related` (`product_id`, `related_id`) VALUES ('290', '281');
INSERT INTO `oc_product_related` (`product_id`, `related_id`) VALUES ('290', '292');
INSERT INTO `oc_product_related` (`product_id`, `related_id`) VALUES ('290', '293');
INSERT INTO `oc_product_related` (`product_id`, `related_id`) VALUES ('291', '281');
INSERT INTO `oc_product_related` (`product_id`, `related_id`) VALUES ('291', '292');
INSERT INTO `oc_product_related` (`product_id`, `related_id`) VALUES ('291', '293');
INSERT INTO `oc_product_related` (`product_id`, `related_id`) VALUES ('292', '283');
INSERT INTO `oc_product_related` (`product_id`, `related_id`) VALUES ('292', '290');
INSERT INTO `oc_product_related` (`product_id`, `related_id`) VALUES ('292', '291');
INSERT INTO `oc_product_related` (`product_id`, `related_id`) VALUES ('292', '293');
INSERT INTO `oc_product_related` (`product_id`, `related_id`) VALUES ('293', '274');
INSERT INTO `oc_product_related` (`product_id`, `related_id`) VALUES ('293', '282');
INSERT INTO `oc_product_related` (`product_id`, `related_id`) VALUES ('293', '290');
INSERT INTO `oc_product_related` (`product_id`, `related_id`) VALUES ('293', '291');
INSERT INTO `oc_product_related` (`product_id`, `related_id`) VALUES ('293', '292');
INSERT INTO `oc_product_related` (`product_id`, `related_id`) VALUES ('293', '380');
INSERT INTO `oc_product_related` (`product_id`, `related_id`) VALUES ('294', '285');
INSERT INTO `oc_product_related` (`product_id`, `related_id`) VALUES ('294', '286');
INSERT INTO `oc_product_related` (`product_id`, `related_id`) VALUES ('294', '288');
INSERT INTO `oc_product_related` (`product_id`, `related_id`) VALUES ('294', '298');
INSERT INTO `oc_product_related` (`product_id`, `related_id`) VALUES ('295', '283');
INSERT INTO `oc_product_related` (`product_id`, `related_id`) VALUES ('295', '285');
INSERT INTO `oc_product_related` (`product_id`, `related_id`) VALUES ('295', '296');
INSERT INTO `oc_product_related` (`product_id`, `related_id`) VALUES ('295', '297');
INSERT INTO `oc_product_related` (`product_id`, `related_id`) VALUES ('295', '298');
INSERT INTO `oc_product_related` (`product_id`, `related_id`) VALUES ('296', '288');
INSERT INTO `oc_product_related` (`product_id`, `related_id`) VALUES ('296', '295');
INSERT INTO `oc_product_related` (`product_id`, `related_id`) VALUES ('296', '297');
INSERT INTO `oc_product_related` (`product_id`, `related_id`) VALUES ('297', '288');
INSERT INTO `oc_product_related` (`product_id`, `related_id`) VALUES ('297', '295');
INSERT INTO `oc_product_related` (`product_id`, `related_id`) VALUES ('297', '296');
INSERT INTO `oc_product_related` (`product_id`, `related_id`) VALUES ('297', '298');
INSERT INTO `oc_product_related` (`product_id`, `related_id`) VALUES ('298', '288');
INSERT INTO `oc_product_related` (`product_id`, `related_id`) VALUES ('298', '294');
INSERT INTO `oc_product_related` (`product_id`, `related_id`) VALUES ('298', '295');
INSERT INTO `oc_product_related` (`product_id`, `related_id`) VALUES ('298', '297');
INSERT INTO `oc_product_related` (`product_id`, `related_id`) VALUES ('299', '303');
INSERT INTO `oc_product_related` (`product_id`, `related_id`) VALUES ('299', '304');
INSERT INTO `oc_product_related` (`product_id`, `related_id`) VALUES ('299', '305');
INSERT INTO `oc_product_related` (`product_id`, `related_id`) VALUES ('299', '306');
INSERT INTO `oc_product_related` (`product_id`, `related_id`) VALUES ('300', '303');
INSERT INTO `oc_product_related` (`product_id`, `related_id`) VALUES ('300', '305');
INSERT INTO `oc_product_related` (`product_id`, `related_id`) VALUES ('300', '306');
INSERT INTO `oc_product_related` (`product_id`, `related_id`) VALUES ('303', '299');
INSERT INTO `oc_product_related` (`product_id`, `related_id`) VALUES ('303', '300');
INSERT INTO `oc_product_related` (`product_id`, `related_id`) VALUES ('303', '304');
INSERT INTO `oc_product_related` (`product_id`, `related_id`) VALUES ('303', '316');
INSERT INTO `oc_product_related` (`product_id`, `related_id`) VALUES ('303', '382');
INSERT INTO `oc_product_related` (`product_id`, `related_id`) VALUES ('304', '299');
INSERT INTO `oc_product_related` (`product_id`, `related_id`) VALUES ('304', '303');
INSERT INTO `oc_product_related` (`product_id`, `related_id`) VALUES ('304', '306');
INSERT INTO `oc_product_related` (`product_id`, `related_id`) VALUES ('305', '299');
INSERT INTO `oc_product_related` (`product_id`, `related_id`) VALUES ('305', '300');
INSERT INTO `oc_product_related` (`product_id`, `related_id`) VALUES ('305', '382');
INSERT INTO `oc_product_related` (`product_id`, `related_id`) VALUES ('306', '299');
INSERT INTO `oc_product_related` (`product_id`, `related_id`) VALUES ('306', '300');
INSERT INTO `oc_product_related` (`product_id`, `related_id`) VALUES ('306', '304');
INSERT INTO `oc_product_related` (`product_id`, `related_id`) VALUES ('306', '382');
INSERT INTO `oc_product_related` (`product_id`, `related_id`) VALUES ('308', '312');
INSERT INTO `oc_product_related` (`product_id`, `related_id`) VALUES ('308', '316');
INSERT INTO `oc_product_related` (`product_id`, `related_id`) VALUES ('308', '317');
INSERT INTO `oc_product_related` (`product_id`, `related_id`) VALUES ('308', '376');
INSERT INTO `oc_product_related` (`product_id`, `related_id`) VALUES ('309', '310');
INSERT INTO `oc_product_related` (`product_id`, `related_id`) VALUES ('309', '314');
INSERT INTO `oc_product_related` (`product_id`, `related_id`) VALUES ('309', '379');
INSERT INTO `oc_product_related` (`product_id`, `related_id`) VALUES ('310', '309');
INSERT INTO `oc_product_related` (`product_id`, `related_id`) VALUES ('310', '311');
INSERT INTO `oc_product_related` (`product_id`, `related_id`) VALUES ('310', '313');
INSERT INTO `oc_product_related` (`product_id`, `related_id`) VALUES ('310', '376');
INSERT INTO `oc_product_related` (`product_id`, `related_id`) VALUES ('311', '310');
INSERT INTO `oc_product_related` (`product_id`, `related_id`) VALUES ('311', '312');
INSERT INTO `oc_product_related` (`product_id`, `related_id`) VALUES ('311', '314');
INSERT INTO `oc_product_related` (`product_id`, `related_id`) VALUES ('311', '379');
INSERT INTO `oc_product_related` (`product_id`, `related_id`) VALUES ('312', '308');
INSERT INTO `oc_product_related` (`product_id`, `related_id`) VALUES ('312', '311');
INSERT INTO `oc_product_related` (`product_id`, `related_id`) VALUES ('312', '313');
INSERT INTO `oc_product_related` (`product_id`, `related_id`) VALUES ('312', '314');
INSERT INTO `oc_product_related` (`product_id`, `related_id`) VALUES ('313', '310');
INSERT INTO `oc_product_related` (`product_id`, `related_id`) VALUES ('313', '312');
INSERT INTO `oc_product_related` (`product_id`, `related_id`) VALUES ('313', '314');
INSERT INTO `oc_product_related` (`product_id`, `related_id`) VALUES ('313', '317');
INSERT INTO `oc_product_related` (`product_id`, `related_id`) VALUES ('313', '379');
INSERT INTO `oc_product_related` (`product_id`, `related_id`) VALUES ('314', '309');
INSERT INTO `oc_product_related` (`product_id`, `related_id`) VALUES ('314', '311');
INSERT INTO `oc_product_related` (`product_id`, `related_id`) VALUES ('314', '312');
INSERT INTO `oc_product_related` (`product_id`, `related_id`) VALUES ('314', '313');
INSERT INTO `oc_product_related` (`product_id`, `related_id`) VALUES ('316', '303');
INSERT INTO `oc_product_related` (`product_id`, `related_id`) VALUES ('316', '308');
INSERT INTO `oc_product_related` (`product_id`, `related_id`) VALUES ('316', '376');
INSERT INTO `oc_product_related` (`product_id`, `related_id`) VALUES ('317', '308');
INSERT INTO `oc_product_related` (`product_id`, `related_id`) VALUES ('317', '313');
INSERT INTO `oc_product_related` (`product_id`, `related_id`) VALUES ('317', '376');
INSERT INTO `oc_product_related` (`product_id`, `related_id`) VALUES ('318', '321');
INSERT INTO `oc_product_related` (`product_id`, `related_id`) VALUES ('318', '349');
INSERT INTO `oc_product_related` (`product_id`, `related_id`) VALUES ('318', '350');
INSERT INTO `oc_product_related` (`product_id`, `related_id`) VALUES ('318', '352');
INSERT INTO `oc_product_related` (`product_id`, `related_id`) VALUES ('319', '320');
INSERT INTO `oc_product_related` (`product_id`, `related_id`) VALUES ('319', '321');
INSERT INTO `oc_product_related` (`product_id`, `related_id`) VALUES ('319', '352');
INSERT INTO `oc_product_related` (`product_id`, `related_id`) VALUES ('319', '353');
INSERT INTO `oc_product_related` (`product_id`, `related_id`) VALUES ('319', '354');
INSERT INTO `oc_product_related` (`product_id`, `related_id`) VALUES ('319', '355');
INSERT INTO `oc_product_related` (`product_id`, `related_id`) VALUES ('320', '319');
INSERT INTO `oc_product_related` (`product_id`, `related_id`) VALUES ('320', '354');
INSERT INTO `oc_product_related` (`product_id`, `related_id`) VALUES ('320', '355');
INSERT INTO `oc_product_related` (`product_id`, `related_id`) VALUES ('320', '356');
INSERT INTO `oc_product_related` (`product_id`, `related_id`) VALUES ('321', '318');
INSERT INTO `oc_product_related` (`product_id`, `related_id`) VALUES ('321', '319');
INSERT INTO `oc_product_related` (`product_id`, `related_id`) VALUES ('321', '322');
INSERT INTO `oc_product_related` (`product_id`, `related_id`) VALUES ('321', '353');
INSERT INTO `oc_product_related` (`product_id`, `related_id`) VALUES ('321', '354');
INSERT INTO `oc_product_related` (`product_id`, `related_id`) VALUES ('321', '355');
INSERT INTO `oc_product_related` (`product_id`, `related_id`) VALUES ('322', '321');
INSERT INTO `oc_product_related` (`product_id`, `related_id`) VALUES ('322', '350');
INSERT INTO `oc_product_related` (`product_id`, `related_id`) VALUES ('322', '351');
INSERT INTO `oc_product_related` (`product_id`, `related_id`) VALUES ('323', '325');
INSERT INTO `oc_product_related` (`product_id`, `related_id`) VALUES ('323', '328');
INSERT INTO `oc_product_related` (`product_id`, `related_id`) VALUES ('323', '329');
INSERT INTO `oc_product_related` (`product_id`, `related_id`) VALUES ('323', '336');
INSERT INTO `oc_product_related` (`product_id`, `related_id`) VALUES ('324', '326');
INSERT INTO `oc_product_related` (`product_id`, `related_id`) VALUES ('324', '329');
INSERT INTO `oc_product_related` (`product_id`, `related_id`) VALUES ('324', '332');
INSERT INTO `oc_product_related` (`product_id`, `related_id`) VALUES ('324', '333');
INSERT INTO `oc_product_related` (`product_id`, `related_id`) VALUES ('324', '337');
INSERT INTO `oc_product_related` (`product_id`, `related_id`) VALUES ('324', '338');
INSERT INTO `oc_product_related` (`product_id`, `related_id`) VALUES ('325', '323');
INSERT INTO `oc_product_related` (`product_id`, `related_id`) VALUES ('325', '329');
INSERT INTO `oc_product_related` (`product_id`, `related_id`) VALUES ('325', '331');
INSERT INTO `oc_product_related` (`product_id`, `related_id`) VALUES ('325', '332');
INSERT INTO `oc_product_related` (`product_id`, `related_id`) VALUES ('325', '338');
INSERT INTO `oc_product_related` (`product_id`, `related_id`) VALUES ('326', '324');
INSERT INTO `oc_product_related` (`product_id`, `related_id`) VALUES ('326', '330');
INSERT INTO `oc_product_related` (`product_id`, `related_id`) VALUES ('326', '333');
INSERT INTO `oc_product_related` (`product_id`, `related_id`) VALUES ('326', '336');
INSERT INTO `oc_product_related` (`product_id`, `related_id`) VALUES ('326', '337');
INSERT INTO `oc_product_related` (`product_id`, `related_id`) VALUES ('327', '328');
INSERT INTO `oc_product_related` (`product_id`, `related_id`) VALUES ('327', '329');
INSERT INTO `oc_product_related` (`product_id`, `related_id`) VALUES ('327', '330');
INSERT INTO `oc_product_related` (`product_id`, `related_id`) VALUES ('327', '331');
INSERT INTO `oc_product_related` (`product_id`, `related_id`) VALUES ('327', '335');
INSERT INTO `oc_product_related` (`product_id`, `related_id`) VALUES ('328', '323');
INSERT INTO `oc_product_related` (`product_id`, `related_id`) VALUES ('328', '327');
INSERT INTO `oc_product_related` (`product_id`, `related_id`) VALUES ('328', '330');
INSERT INTO `oc_product_related` (`product_id`, `related_id`) VALUES ('328', '331');
INSERT INTO `oc_product_related` (`product_id`, `related_id`) VALUES ('328', '338');
INSERT INTO `oc_product_related` (`product_id`, `related_id`) VALUES ('329', '323');
INSERT INTO `oc_product_related` (`product_id`, `related_id`) VALUES ('329', '324');
INSERT INTO `oc_product_related` (`product_id`, `related_id`) VALUES ('329', '325');
INSERT INTO `oc_product_related` (`product_id`, `related_id`) VALUES ('329', '327');
INSERT INTO `oc_product_related` (`product_id`, `related_id`) VALUES ('329', '333');
INSERT INTO `oc_product_related` (`product_id`, `related_id`) VALUES ('330', '326');
INSERT INTO `oc_product_related` (`product_id`, `related_id`) VALUES ('330', '327');
INSERT INTO `oc_product_related` (`product_id`, `related_id`) VALUES ('330', '328');
INSERT INTO `oc_product_related` (`product_id`, `related_id`) VALUES ('330', '334');
INSERT INTO `oc_product_related` (`product_id`, `related_id`) VALUES ('330', '337');
INSERT INTO `oc_product_related` (`product_id`, `related_id`) VALUES ('331', '325');
INSERT INTO `oc_product_related` (`product_id`, `related_id`) VALUES ('331', '327');
INSERT INTO `oc_product_related` (`product_id`, `related_id`) VALUES ('331', '328');
INSERT INTO `oc_product_related` (`product_id`, `related_id`) VALUES ('331', '334');
INSERT INTO `oc_product_related` (`product_id`, `related_id`) VALUES ('331', '335');
INSERT INTO `oc_product_related` (`product_id`, `related_id`) VALUES ('331', '338');
INSERT INTO `oc_product_related` (`product_id`, `related_id`) VALUES ('332', '324');
INSERT INTO `oc_product_related` (`product_id`, `related_id`) VALUES ('332', '325');
INSERT INTO `oc_product_related` (`product_id`, `related_id`) VALUES ('332', '337');
INSERT INTO `oc_product_related` (`product_id`, `related_id`) VALUES ('333', '324');
INSERT INTO `oc_product_related` (`product_id`, `related_id`) VALUES ('333', '326');
INSERT INTO `oc_product_related` (`product_id`, `related_id`) VALUES ('333', '329');
INSERT INTO `oc_product_related` (`product_id`, `related_id`) VALUES ('333', '334');
INSERT INTO `oc_product_related` (`product_id`, `related_id`) VALUES ('334', '330');
INSERT INTO `oc_product_related` (`product_id`, `related_id`) VALUES ('334', '331');
INSERT INTO `oc_product_related` (`product_id`, `related_id`) VALUES ('334', '333');
INSERT INTO `oc_product_related` (`product_id`, `related_id`) VALUES ('334', '335');
INSERT INTO `oc_product_related` (`product_id`, `related_id`) VALUES ('334', '336');
INSERT INTO `oc_product_related` (`product_id`, `related_id`) VALUES ('335', '327');
INSERT INTO `oc_product_related` (`product_id`, `related_id`) VALUES ('335', '331');
INSERT INTO `oc_product_related` (`product_id`, `related_id`) VALUES ('335', '334');
INSERT INTO `oc_product_related` (`product_id`, `related_id`) VALUES ('335', '336');
INSERT INTO `oc_product_related` (`product_id`, `related_id`) VALUES ('336', '323');
INSERT INTO `oc_product_related` (`product_id`, `related_id`) VALUES ('336', '326');
INSERT INTO `oc_product_related` (`product_id`, `related_id`) VALUES ('336', '334');
INSERT INTO `oc_product_related` (`product_id`, `related_id`) VALUES ('336', '335');
INSERT INTO `oc_product_related` (`product_id`, `related_id`) VALUES ('337', '324');
INSERT INTO `oc_product_related` (`product_id`, `related_id`) VALUES ('337', '326');
INSERT INTO `oc_product_related` (`product_id`, `related_id`) VALUES ('337', '330');
INSERT INTO `oc_product_related` (`product_id`, `related_id`) VALUES ('337', '332');
INSERT INTO `oc_product_related` (`product_id`, `related_id`) VALUES ('338', '324');
INSERT INTO `oc_product_related` (`product_id`, `related_id`) VALUES ('338', '325');
INSERT INTO `oc_product_related` (`product_id`, `related_id`) VALUES ('338', '328');
INSERT INTO `oc_product_related` (`product_id`, `related_id`) VALUES ('338', '331');
INSERT INTO `oc_product_related` (`product_id`, `related_id`) VALUES ('339', '344');
INSERT INTO `oc_product_related` (`product_id`, `related_id`) VALUES ('340', '348');
INSERT INTO `oc_product_related` (`product_id`, `related_id`) VALUES ('341', '345');
INSERT INTO `oc_product_related` (`product_id`, `related_id`) VALUES ('341', '347');
INSERT INTO `oc_product_related` (`product_id`, `related_id`) VALUES ('341', '348');
INSERT INTO `oc_product_related` (`product_id`, `related_id`) VALUES ('342', '343');
INSERT INTO `oc_product_related` (`product_id`, `related_id`) VALUES ('343', '342');
INSERT INTO `oc_product_related` (`product_id`, `related_id`) VALUES ('343', '345');
INSERT INTO `oc_product_related` (`product_id`, `related_id`) VALUES ('344', '339');
INSERT INTO `oc_product_related` (`product_id`, `related_id`) VALUES ('345', '341');
INSERT INTO `oc_product_related` (`product_id`, `related_id`) VALUES ('345', '343');
INSERT INTO `oc_product_related` (`product_id`, `related_id`) VALUES ('345', '346');
INSERT INTO `oc_product_related` (`product_id`, `related_id`) VALUES ('345', '347');
INSERT INTO `oc_product_related` (`product_id`, `related_id`) VALUES ('345', '348');
INSERT INTO `oc_product_related` (`product_id`, `related_id`) VALUES ('346', '345');
INSERT INTO `oc_product_related` (`product_id`, `related_id`) VALUES ('346', '347');
INSERT INTO `oc_product_related` (`product_id`, `related_id`) VALUES ('346', '348');
INSERT INTO `oc_product_related` (`product_id`, `related_id`) VALUES ('347', '341');
INSERT INTO `oc_product_related` (`product_id`, `related_id`) VALUES ('347', '345');
INSERT INTO `oc_product_related` (`product_id`, `related_id`) VALUES ('347', '346');
INSERT INTO `oc_product_related` (`product_id`, `related_id`) VALUES ('348', '340');
INSERT INTO `oc_product_related` (`product_id`, `related_id`) VALUES ('348', '341');
INSERT INTO `oc_product_related` (`product_id`, `related_id`) VALUES ('348', '345');
INSERT INTO `oc_product_related` (`product_id`, `related_id`) VALUES ('348', '346');
INSERT INTO `oc_product_related` (`product_id`, `related_id`) VALUES ('349', '318');
INSERT INTO `oc_product_related` (`product_id`, `related_id`) VALUES ('349', '351');
INSERT INTO `oc_product_related` (`product_id`, `related_id`) VALUES ('349', '352');
INSERT INTO `oc_product_related` (`product_id`, `related_id`) VALUES ('350', '318');
INSERT INTO `oc_product_related` (`product_id`, `related_id`) VALUES ('350', '322');
INSERT INTO `oc_product_related` (`product_id`, `related_id`) VALUES ('350', '351');
INSERT INTO `oc_product_related` (`product_id`, `related_id`) VALUES ('350', '352');
INSERT INTO `oc_product_related` (`product_id`, `related_id`) VALUES ('351', '322');
INSERT INTO `oc_product_related` (`product_id`, `related_id`) VALUES ('351', '349');
INSERT INTO `oc_product_related` (`product_id`, `related_id`) VALUES ('351', '350');
INSERT INTO `oc_product_related` (`product_id`, `related_id`) VALUES ('351', '352');
INSERT INTO `oc_product_related` (`product_id`, `related_id`) VALUES ('351', '356');
INSERT INTO `oc_product_related` (`product_id`, `related_id`) VALUES ('352', '318');
INSERT INTO `oc_product_related` (`product_id`, `related_id`) VALUES ('352', '319');
INSERT INTO `oc_product_related` (`product_id`, `related_id`) VALUES ('352', '349');
INSERT INTO `oc_product_related` (`product_id`, `related_id`) VALUES ('352', '350');
INSERT INTO `oc_product_related` (`product_id`, `related_id`) VALUES ('352', '351');
INSERT INTO `oc_product_related` (`product_id`, `related_id`) VALUES ('353', '319');
INSERT INTO `oc_product_related` (`product_id`, `related_id`) VALUES ('353', '321');
INSERT INTO `oc_product_related` (`product_id`, `related_id`) VALUES ('354', '319');
INSERT INTO `oc_product_related` (`product_id`, `related_id`) VALUES ('354', '320');
INSERT INTO `oc_product_related` (`product_id`, `related_id`) VALUES ('354', '321');
INSERT INTO `oc_product_related` (`product_id`, `related_id`) VALUES ('354', '355');
INSERT INTO `oc_product_related` (`product_id`, `related_id`) VALUES ('354', '356');
INSERT INTO `oc_product_related` (`product_id`, `related_id`) VALUES ('355', '319');
INSERT INTO `oc_product_related` (`product_id`, `related_id`) VALUES ('355', '320');
INSERT INTO `oc_product_related` (`product_id`, `related_id`) VALUES ('355', '321');
INSERT INTO `oc_product_related` (`product_id`, `related_id`) VALUES ('355', '354');
INSERT INTO `oc_product_related` (`product_id`, `related_id`) VALUES ('356', '320');
INSERT INTO `oc_product_related` (`product_id`, `related_id`) VALUES ('356', '351');
INSERT INTO `oc_product_related` (`product_id`, `related_id`) VALUES ('356', '354');
INSERT INTO `oc_product_related` (`product_id`, `related_id`) VALUES ('359', '360');
INSERT INTO `oc_product_related` (`product_id`, `related_id`) VALUES ('359', '361');
INSERT INTO `oc_product_related` (`product_id`, `related_id`) VALUES ('360', '359');
INSERT INTO `oc_product_related` (`product_id`, `related_id`) VALUES ('360', '361');
INSERT INTO `oc_product_related` (`product_id`, `related_id`) VALUES ('361', '359');
INSERT INTO `oc_product_related` (`product_id`, `related_id`) VALUES ('361', '360');
INSERT INTO `oc_product_related` (`product_id`, `related_id`) VALUES ('362', '363');
INSERT INTO `oc_product_related` (`product_id`, `related_id`) VALUES ('363', '30');
INSERT INTO `oc_product_related` (`product_id`, `related_id`) VALUES ('363', '31');
INSERT INTO `oc_product_related` (`product_id`, `related_id`) VALUES ('363', '362');
INSERT INTO `oc_product_related` (`product_id`, `related_id`) VALUES ('363', '366');
INSERT INTO `oc_product_related` (`product_id`, `related_id`) VALUES ('364', '365');
INSERT INTO `oc_product_related` (`product_id`, `related_id`) VALUES ('364', '367');
INSERT INTO `oc_product_related` (`product_id`, `related_id`) VALUES ('364', '368');
INSERT INTO `oc_product_related` (`product_id`, `related_id`) VALUES ('364', '369');
INSERT INTO `oc_product_related` (`product_id`, `related_id`) VALUES ('365', '364');
INSERT INTO `oc_product_related` (`product_id`, `related_id`) VALUES ('365', '367');
INSERT INTO `oc_product_related` (`product_id`, `related_id`) VALUES ('365', '369');
INSERT INTO `oc_product_related` (`product_id`, `related_id`) VALUES ('366', '363');
INSERT INTO `oc_product_related` (`product_id`, `related_id`) VALUES ('367', '364');
INSERT INTO `oc_product_related` (`product_id`, `related_id`) VALUES ('367', '365');
INSERT INTO `oc_product_related` (`product_id`, `related_id`) VALUES ('367', '368');
INSERT INTO `oc_product_related` (`product_id`, `related_id`) VALUES ('367', '369');
INSERT INTO `oc_product_related` (`product_id`, `related_id`) VALUES ('368', '364');
INSERT INTO `oc_product_related` (`product_id`, `related_id`) VALUES ('368', '367');
INSERT INTO `oc_product_related` (`product_id`, `related_id`) VALUES ('368', '369');
INSERT INTO `oc_product_related` (`product_id`, `related_id`) VALUES ('369', '364');
INSERT INTO `oc_product_related` (`product_id`, `related_id`) VALUES ('369', '365');
INSERT INTO `oc_product_related` (`product_id`, `related_id`) VALUES ('369', '367');
INSERT INTO `oc_product_related` (`product_id`, `related_id`) VALUES ('369', '368');
INSERT INTO `oc_product_related` (`product_id`, `related_id`) VALUES ('370', '378');
INSERT INTO `oc_product_related` (`product_id`, `related_id`) VALUES ('370', '383');
INSERT INTO `oc_product_related` (`product_id`, `related_id`) VALUES ('371', '372');
INSERT INTO `oc_product_related` (`product_id`, `related_id`) VALUES ('371', '373');
INSERT INTO `oc_product_related` (`product_id`, `related_id`) VALUES ('371', '374');
INSERT INTO `oc_product_related` (`product_id`, `related_id`) VALUES ('372', '371');
INSERT INTO `oc_product_related` (`product_id`, `related_id`) VALUES ('372', '373');
INSERT INTO `oc_product_related` (`product_id`, `related_id`) VALUES ('372', '374');
INSERT INTO `oc_product_related` (`product_id`, `related_id`) VALUES ('373', '371');
INSERT INTO `oc_product_related` (`product_id`, `related_id`) VALUES ('373', '372');
INSERT INTO `oc_product_related` (`product_id`, `related_id`) VALUES ('373', '374');
INSERT INTO `oc_product_related` (`product_id`, `related_id`) VALUES ('374', '371');
INSERT INTO `oc_product_related` (`product_id`, `related_id`) VALUES ('374', '372');
INSERT INTO `oc_product_related` (`product_id`, `related_id`) VALUES ('374', '373');
INSERT INTO `oc_product_related` (`product_id`, `related_id`) VALUES ('376', '308');
INSERT INTO `oc_product_related` (`product_id`, `related_id`) VALUES ('376', '310');
INSERT INTO `oc_product_related` (`product_id`, `related_id`) VALUES ('376', '316');
INSERT INTO `oc_product_related` (`product_id`, `related_id`) VALUES ('376', '317');
INSERT INTO `oc_product_related` (`product_id`, `related_id`) VALUES ('376', '379');
INSERT INTO `oc_product_related` (`product_id`, `related_id`) VALUES ('377', '274');
INSERT INTO `oc_product_related` (`product_id`, `related_id`) VALUES ('377', '276');
INSERT INTO `oc_product_related` (`product_id`, `related_id`) VALUES ('377', '277');
INSERT INTO `oc_product_related` (`product_id`, `related_id`) VALUES ('377', '279');
INSERT INTO `oc_product_related` (`product_id`, `related_id`) VALUES ('377', '282');
INSERT INTO `oc_product_related` (`product_id`, `related_id`) VALUES ('377', '380');
INSERT INTO `oc_product_related` (`product_id`, `related_id`) VALUES ('378', '49');
INSERT INTO `oc_product_related` (`product_id`, `related_id`) VALUES ('378', '272');
INSERT INTO `oc_product_related` (`product_id`, `related_id`) VALUES ('378', '370');
INSERT INTO `oc_product_related` (`product_id`, `related_id`) VALUES ('379', '309');
INSERT INTO `oc_product_related` (`product_id`, `related_id`) VALUES ('379', '311');
INSERT INTO `oc_product_related` (`product_id`, `related_id`) VALUES ('379', '313');
INSERT INTO `oc_product_related` (`product_id`, `related_id`) VALUES ('379', '376');
INSERT INTO `oc_product_related` (`product_id`, `related_id`) VALUES ('380', '279');
INSERT INTO `oc_product_related` (`product_id`, `related_id`) VALUES ('380', '280');
INSERT INTO `oc_product_related` (`product_id`, `related_id`) VALUES ('380', '293');
INSERT INTO `oc_product_related` (`product_id`, `related_id`) VALUES ('380', '377');
INSERT INTO `oc_product_related` (`product_id`, `related_id`) VALUES ('381', '259');
INSERT INTO `oc_product_related` (`product_id`, `related_id`) VALUES ('381', '260');
INSERT INTO `oc_product_related` (`product_id`, `related_id`) VALUES ('381', '261');
INSERT INTO `oc_product_related` (`product_id`, `related_id`) VALUES ('381', '262');
INSERT INTO `oc_product_related` (`product_id`, `related_id`) VALUES ('381', '264');
INSERT INTO `oc_product_related` (`product_id`, `related_id`) VALUES ('381', '267');
INSERT INTO `oc_product_related` (`product_id`, `related_id`) VALUES ('381', '268');
INSERT INTO `oc_product_related` (`product_id`, `related_id`) VALUES ('381', '269');
INSERT INTO `oc_product_related` (`product_id`, `related_id`) VALUES ('381', '270');
INSERT INTO `oc_product_related` (`product_id`, `related_id`) VALUES ('382', '303');
INSERT INTO `oc_product_related` (`product_id`, `related_id`) VALUES ('382', '305');
INSERT INTO `oc_product_related` (`product_id`, `related_id`) VALUES ('382', '306');
INSERT INTO `oc_product_related` (`product_id`, `related_id`) VALUES ('383', '49');
INSERT INTO `oc_product_related` (`product_id`, `related_id`) VALUES ('383', '272');
INSERT INTO `oc_product_related` (`product_id`, `related_id`) VALUES ('383', '370');


TRUNCATE TABLE `oc_product_reward`;

INSERT INTO `oc_product_reward` (`product_reward_id`, `product_id`, `customer_group_id`, `points`) VALUES ('1474', '47', '1', '300');
INSERT INTO `oc_product_reward` (`product_reward_id`, `product_id`, `customer_group_id`, `points`) VALUES ('1475', '28', '1', '400');
INSERT INTO `oc_product_reward` (`product_reward_id`, `product_id`, `customer_group_id`, `points`) VALUES ('1476', '43', '1', '600');
INSERT INTO `oc_product_reward` (`product_reward_id`, `product_id`, `customer_group_id`, `points`) VALUES ('1471', '30', '1', '200');
INSERT INTO `oc_product_reward` (`product_reward_id`, `product_id`, `customer_group_id`, `points`) VALUES ('1477', '44', '1', '700');
INSERT INTO `oc_product_reward` (`product_reward_id`, `product_id`, `customer_group_id`, `points`) VALUES ('1478', '45', '1', '800');
INSERT INTO `oc_product_reward` (`product_reward_id`, `product_id`, `customer_group_id`, `points`) VALUES ('1481', '49', '1', '1000');
INSERT INTO `oc_product_reward` (`product_reward_id`, `product_id`, `customer_group_id`, `points`) VALUES ('1485', '42', '1', '100');


TRUNCATE TABLE `oc_product_special`;

INSERT INTO `oc_product_special` (`product_special_id`, `product_id`, `customer_group_id`, `priority`, `price`, `date_start`, `date_end`) VALUES ('831', '30', '1', '2', '90.0000', '0000-00-00', '2018-05-05');
INSERT INTO `oc_product_special` (`product_special_id`, `product_id`, `customer_group_id`, `priority`, `price`, `date_start`, `date_end`) VALUES ('900', '330', '1', '20', '209.0000', '0000-00-00', '2024-06-12');
INSERT INTO `oc_product_special` (`product_special_id`, `product_id`, `customer_group_id`, `priority`, `price`, `date_start`, `date_end`) VALUES ('859', '272', '1', '50', '20.0000', '2017-01-09', '2018-05-05');
INSERT INTO `oc_product_special` (`product_special_id`, `product_id`, `customer_group_id`, `priority`, `price`, `date_start`, `date_end`) VALUES ('916', '351', '1', '20', '219.0000', '0000-00-00', '2021-01-10');
INSERT INTO `oc_product_special` (`product_special_id`, `product_id`, `customer_group_id`, `priority`, `price`, `date_start`, `date_end`) VALUES ('926', '313', '1', '20', '89.0000', '0000-00-00', '2024-06-12');
INSERT INTO `oc_product_special` (`product_special_id`, `product_id`, `customer_group_id`, `priority`, `price`, `date_start`, `date_end`) VALUES ('881', '359', '1', '30', '1599.0000', '0000-00-00', '2022-04-02');
INSERT INTO `oc_product_special` (`product_special_id`, `product_id`, `customer_group_id`, `priority`, `price`, `date_start`, `date_end`) VALUES ('892', '356', '1', '30', '199.0000', '0000-00-00', '2023-05-02');
INSERT INTO `oc_product_special` (`product_special_id`, `product_id`, `customer_group_id`, `priority`, `price`, `date_start`, `date_end`) VALUES ('847', '325', '1', '30', '209.0000', '0000-00-00', '2020-12-04');
INSERT INTO `oc_product_special` (`product_special_id`, `product_id`, `customer_group_id`, `priority`, `price`, `date_start`, `date_end`) VALUES ('890', '354', '1', '30', '159.0000', '0000-00-00', '2038-12-28');
INSERT INTO `oc_product_special` (`product_special_id`, `product_id`, `customer_group_id`, `priority`, `price`, `date_start`, `date_end`) VALUES ('856', '362', '1', '30', '299.0000', '0000-00-00', '2024-06-12');
INSERT INTO `oc_product_special` (`product_special_id`, `product_id`, `customer_group_id`, `priority`, `price`, `date_start`, `date_end`) VALUES ('903', '360', '1', '30', '999.0000', '0000-00-00', '0000-00-00');
INSERT INTO `oc_product_special` (`product_special_id`, `product_id`, `customer_group_id`, `priority`, `price`, `date_start`, `date_end`) VALUES ('879', '322', '1', '40', '359.0000', '0000-00-00', '2021-01-10');
INSERT INTO `oc_product_special` (`product_special_id`, `product_id`, `customer_group_id`, `priority`, `price`, `date_start`, `date_end`) VALUES ('893', '367', '1', '20', '2199.0000', '0000-00-00', '2029-11-30');
INSERT INTO `oc_product_special` (`product_special_id`, `product_id`, `customer_group_id`, `priority`, `price`, `date_start`, `date_end`) VALUES ('923', '311', '1', '20', '200.0000', '0000-00-00', '2021-01-10');
INSERT INTO `oc_product_special` (`product_special_id`, `product_id`, `customer_group_id`, `priority`, `price`, `date_start`, `date_end`) VALUES ('894', '368', '1', '30', '5199.0000', '0000-00-00', '2023-05-02');
INSERT INTO `oc_product_special` (`product_special_id`, `product_id`, `customer_group_id`, `priority`, `price`, `date_start`, `date_end`) VALUES ('868', '274', '1', '50', '100.0000', '0000-00-00', '2026-08-08');
INSERT INTO `oc_product_special` (`product_special_id`, `product_id`, `customer_group_id`, `priority`, `price`, `date_start`, `date_end`) VALUES ('924', '307', '1', '10', '399.0000', '0000-00-00', '2024-06-13');
INSERT INTO `oc_product_special` (`product_special_id`, `product_id`, `customer_group_id`, `priority`, `price`, `date_start`, `date_end`) VALUES ('877', '334', '1', '30', '219.0000', '0000-00-00', '2021-01-10');
INSERT INTO `oc_product_special` (`product_special_id`, `product_id`, `customer_group_id`, `priority`, `price`, `date_start`, `date_end`) VALUES ('871', '294', '1', '20', '29.0000', '0000-00-00', '2020-12-31');
INSERT INTO `oc_product_special` (`product_special_id`, `product_id`, `customer_group_id`, `priority`, `price`, `date_start`, `date_end`) VALUES ('845', '374', '1', '20', '399.0000', '0000-00-00', '2024-06-12');
INSERT INTO `oc_product_special` (`product_special_id`, `product_id`, `customer_group_id`, `priority`, `price`, `date_start`, `date_end`) VALUES ('850', '340', '1', '30', '99.0000', '0000-00-00', '2021-01-10');
INSERT INTO `oc_product_special` (`product_special_id`, `product_id`, `customer_group_id`, `priority`, `price`, `date_start`, `date_end`) VALUES ('876', '338', '1', '30', '309.0000', '0000-00-00', '2021-01-10');
INSERT INTO `oc_product_special` (`product_special_id`, `product_id`, `customer_group_id`, `priority`, `price`, `date_start`, `date_end`) VALUES ('928', '317', '1', '20', '99.0000', '0000-00-00', '2021-01-10');
INSERT INTO `oc_product_special` (`product_special_id`, `product_id`, `customer_group_id`, `priority`, `price`, `date_start`, `date_end`) VALUES ('872', '283', '1', '29', '89.0000', '0000-00-00', '2024-06-12');
INSERT INTO `oc_product_special` (`product_special_id`, `product_id`, `customer_group_id`, `priority`, `price`, `date_start`, `date_end`) VALUES ('936', '377', '1', '30', '99.0000', '0000-00-00', '2021-01-31');
INSERT INTO `oc_product_special` (`product_special_id`, `product_id`, `customer_group_id`, `priority`, `price`, `date_start`, `date_end`) VALUES ('906', '42', '1', '1', '90.0000', '0000-00-00', '0000-00-00');
INSERT INTO `oc_product_special` (`product_special_id`, `product_id`, `customer_group_id`, `priority`, `price`, `date_start`, `date_end`) VALUES ('873', '278', '1', '40', '389.0000', '0000-00-00', '2022-04-07');
INSERT INTO `oc_product_special` (`product_special_id`, `product_id`, `customer_group_id`, `priority`, `price`, `date_start`, `date_end`) VALUES ('927', '280', '1', '30', '99.0000', '0000-00-00', '2021-01-31');
INSERT INTO `oc_product_special` (`product_special_id`, `product_id`, `customer_group_id`, `priority`, `price`, `date_start`, `date_end`) VALUES ('925', '306', '1', '30', '139.0000', '0000-00-00', '2021-01-03');
INSERT INTO `oc_product_special` (`product_special_id`, `product_id`, `customer_group_id`, `priority`, `price`, `date_start`, `date_end`) VALUES ('853', '319', '1', '30', '199.0000', '0000-00-00', '2022-01-09');
INSERT INTO `oc_product_special` (`product_special_id`, `product_id`, `customer_group_id`, `priority`, `price`, `date_start`, `date_end`) VALUES ('857', '348', '1', '30', '299.0000', '0000-00-00', '2024-11-29');
INSERT INTO `oc_product_special` (`product_special_id`, `product_id`, `customer_group_id`, `priority`, `price`, `date_start`, `date_end`) VALUES ('870', '289', '1', '99', '200.0000', '0000-00-00', '0000-00-00');
INSERT INTO `oc_product_special` (`product_special_id`, `product_id`, `customer_group_id`, `priority`, `price`, `date_start`, `date_end`) VALUES ('844', '262', '1', '20', '119.0000', '0000-00-00', '2014-10-23');
INSERT INTO `oc_product_special` (`product_special_id`, `product_id`, `customer_group_id`, `priority`, `price`, `date_start`, `date_end`) VALUES ('880', '263', '1', '20', '119.0000', '0000-00-00', '2014-11-19');
INSERT INTO `oc_product_special` (`product_special_id`, `product_id`, `customer_group_id`, `priority`, `price`, `date_start`, `date_end`) VALUES ('864', '273', '1', '20', '109.0000', '0000-00-00', '2018-05-05');
INSERT INTO `oc_product_special` (`product_special_id`, `product_id`, `customer_group_id`, `priority`, `price`, `date_start`, `date_end`) VALUES ('869', '297', '1', '30', '99.0000', '0000-00-00', '2021-01-10');
INSERT INTO `oc_product_special` (`product_special_id`, `product_id`, `customer_group_id`, `priority`, `price`, `date_start`, `date_end`) VALUES ('875', '287', '1', '80', '59.0000', '0000-00-00', '2023-05-09');
INSERT INTO `oc_product_special` (`product_special_id`, `product_id`, `customer_group_id`, `priority`, `price`, `date_start`, `date_end`) VALUES ('935', '383', '1', '99', '99.0000', '0000-00-00', '0000-00-00');


TRUNCATE TABLE `oc_product_to_category`;

INSERT INTO `oc_product_to_category` (`product_id`, `category_id`) VALUES ('28', '20');
INSERT INTO `oc_product_to_category` (`product_id`, `category_id`) VALUES ('28', '24');
INSERT INTO `oc_product_to_category` (`product_id`, `category_id`) VALUES ('30', '20');
INSERT INTO `oc_product_to_category` (`product_id`, `category_id`) VALUES ('30', '33');
INSERT INTO `oc_product_to_category` (`product_id`, `category_id`) VALUES ('31', '33');
INSERT INTO `oc_product_to_category` (`product_id`, `category_id`) VALUES ('32', '34');
INSERT INTO `oc_product_to_category` (`product_id`, `category_id`) VALUES ('33', '20');
INSERT INTO `oc_product_to_category` (`product_id`, `category_id`) VALUES ('33', '28');
INSERT INTO `oc_product_to_category` (`product_id`, `category_id`) VALUES ('34', '34');
INSERT INTO `oc_product_to_category` (`product_id`, `category_id`) VALUES ('36', '34');
INSERT INTO `oc_product_to_category` (`product_id`, `category_id`) VALUES ('40', '20');
INSERT INTO `oc_product_to_category` (`product_id`, `category_id`) VALUES ('40', '24');
INSERT INTO `oc_product_to_category` (`product_id`, `category_id`) VALUES ('41', '27');
INSERT INTO `oc_product_to_category` (`product_id`, `category_id`) VALUES ('42', '20');
INSERT INTO `oc_product_to_category` (`product_id`, `category_id`) VALUES ('42', '28');
INSERT INTO `oc_product_to_category` (`product_id`, `category_id`) VALUES ('42', '220');
INSERT INTO `oc_product_to_category` (`product_id`, `category_id`) VALUES ('43', '18');
INSERT INTO `oc_product_to_category` (`product_id`, `category_id`) VALUES ('43', '20');
INSERT INTO `oc_product_to_category` (`product_id`, `category_id`) VALUES ('44', '18');
INSERT INTO `oc_product_to_category` (`product_id`, `category_id`) VALUES ('44', '20');
INSERT INTO `oc_product_to_category` (`product_id`, `category_id`) VALUES ('45', '18');
INSERT INTO `oc_product_to_category` (`product_id`, `category_id`) VALUES ('47', '18');
INSERT INTO `oc_product_to_category` (`product_id`, `category_id`) VALUES ('47', '20');
INSERT INTO `oc_product_to_category` (`product_id`, `category_id`) VALUES ('48', '20');
INSERT INTO `oc_product_to_category` (`product_id`, `category_id`) VALUES ('48', '34');
INSERT INTO `oc_product_to_category` (`product_id`, `category_id`) VALUES ('49', '69');
INSERT INTO `oc_product_to_category` (`product_id`, `category_id`) VALUES ('256', '107');
INSERT INTO `oc_product_to_category` (`product_id`, `category_id`) VALUES ('256', '165');
INSERT INTO `oc_product_to_category` (`product_id`, `category_id`) VALUES ('257', '107');
INSERT INTO `oc_product_to_category` (`product_id`, `category_id`) VALUES ('257', '121');
INSERT INTO `oc_product_to_category` (`product_id`, `category_id`) VALUES ('259', '107');
INSERT INTO `oc_product_to_category` (`product_id`, `category_id`) VALUES ('259', '165');
INSERT INTO `oc_product_to_category` (`product_id`, `category_id`) VALUES ('260', '35');
INSERT INTO `oc_product_to_category` (`product_id`, `category_id`) VALUES ('261', '35');
INSERT INTO `oc_product_to_category` (`product_id`, `category_id`) VALUES ('262', '35');
INSERT INTO `oc_product_to_category` (`product_id`, `category_id`) VALUES ('263', '111');
INSERT INTO `oc_product_to_category` (`product_id`, `category_id`) VALUES ('263', '214');
INSERT INTO `oc_product_to_category` (`product_id`, `category_id`) VALUES ('264', '109');
INSERT INTO `oc_product_to_category` (`product_id`, `category_id`) VALUES ('264', '164');
INSERT INTO `oc_product_to_category` (`product_id`, `category_id`) VALUES ('266', '111');
INSERT INTO `oc_product_to_category` (`product_id`, `category_id`) VALUES ('266', '132');
INSERT INTO `oc_product_to_category` (`product_id`, `category_id`) VALUES ('267', '35');
INSERT INTO `oc_product_to_category` (`product_id`, `category_id`) VALUES ('268', '111');
INSERT INTO `oc_product_to_category` (`product_id`, `category_id`) VALUES ('268', '132');
INSERT INTO `oc_product_to_category` (`product_id`, `category_id`) VALUES ('269', '111');
INSERT INTO `oc_product_to_category` (`product_id`, `category_id`) VALUES ('269', '214');
INSERT INTO `oc_product_to_category` (`product_id`, `category_id`) VALUES ('270', '35');
INSERT INTO `oc_product_to_category` (`product_id`, `category_id`) VALUES ('271', '35');
INSERT INTO `oc_product_to_category` (`product_id`, `category_id`) VALUES ('271', '105');
INSERT INTO `oc_product_to_category` (`product_id`, `category_id`) VALUES ('271', '153');
INSERT INTO `oc_product_to_category` (`product_id`, `category_id`) VALUES ('272', '35');
INSERT INTO `oc_product_to_category` (`product_id`, `category_id`) VALUES ('272', '69');
INSERT INTO `oc_product_to_category` (`product_id`, `category_id`) VALUES ('273', '35');
INSERT INTO `oc_product_to_category` (`product_id`, `category_id`) VALUES ('273', '69');
INSERT INTO `oc_product_to_category` (`product_id`, `category_id`) VALUES ('274', '109');
INSERT INTO `oc_product_to_category` (`product_id`, `category_id`) VALUES ('274', '164');
INSERT INTO `oc_product_to_category` (`product_id`, `category_id`) VALUES ('275', '109');
INSERT INTO `oc_product_to_category` (`product_id`, `category_id`) VALUES ('275', '164');
INSERT INTO `oc_product_to_category` (`product_id`, `category_id`) VALUES ('275', '216');
INSERT INTO `oc_product_to_category` (`product_id`, `category_id`) VALUES ('276', '109');
INSERT INTO `oc_product_to_category` (`product_id`, `category_id`) VALUES ('276', '164');
INSERT INTO `oc_product_to_category` (`product_id`, `category_id`) VALUES ('277', '109');
INSERT INTO `oc_product_to_category` (`product_id`, `category_id`) VALUES ('277', '164');
INSERT INTO `oc_product_to_category` (`product_id`, `category_id`) VALUES ('278', '109');
INSERT INTO `oc_product_to_category` (`product_id`, `category_id`) VALUES ('278', '164');
INSERT INTO `oc_product_to_category` (`product_id`, `category_id`) VALUES ('279', '109');
INSERT INTO `oc_product_to_category` (`product_id`, `category_id`) VALUES ('279', '164');
INSERT INTO `oc_product_to_category` (`product_id`, `category_id`) VALUES ('280', '109');
INSERT INTO `oc_product_to_category` (`product_id`, `category_id`) VALUES ('280', '164');
INSERT INTO `oc_product_to_category` (`product_id`, `category_id`) VALUES ('281', '109');
INSERT INTO `oc_product_to_category` (`product_id`, `category_id`) VALUES ('281', '164');
INSERT INTO `oc_product_to_category` (`product_id`, `category_id`) VALUES ('282', '109');
INSERT INTO `oc_product_to_category` (`product_id`, `category_id`) VALUES ('282', '164');
INSERT INTO `oc_product_to_category` (`product_id`, `category_id`) VALUES ('283', '109');
INSERT INTO `oc_product_to_category` (`product_id`, `category_id`) VALUES ('283', '216');
INSERT INTO `oc_product_to_category` (`product_id`, `category_id`) VALUES ('284', '109');
INSERT INTO `oc_product_to_category` (`product_id`, `category_id`) VALUES ('284', '123');
INSERT INTO `oc_product_to_category` (`product_id`, `category_id`) VALUES ('285', '109');
INSERT INTO `oc_product_to_category` (`product_id`, `category_id`) VALUES ('285', '123');
INSERT INTO `oc_product_to_category` (`product_id`, `category_id`) VALUES ('286', '109');
INSERT INTO `oc_product_to_category` (`product_id`, `category_id`) VALUES ('286', '124');
INSERT INTO `oc_product_to_category` (`product_id`, `category_id`) VALUES ('287', '109');
INSERT INTO `oc_product_to_category` (`product_id`, `category_id`) VALUES ('287', '124');
INSERT INTO `oc_product_to_category` (`product_id`, `category_id`) VALUES ('288', '109');
INSERT INTO `oc_product_to_category` (`product_id`, `category_id`) VALUES ('288', '216');
INSERT INTO `oc_product_to_category` (`product_id`, `category_id`) VALUES ('289', '109');
INSERT INTO `oc_product_to_category` (`product_id`, `category_id`) VALUES ('289', '164');
INSERT INTO `oc_product_to_category` (`product_id`, `category_id`) VALUES ('290', '109');
INSERT INTO `oc_product_to_category` (`product_id`, `category_id`) VALUES ('290', '122');
INSERT INTO `oc_product_to_category` (`product_id`, `category_id`) VALUES ('291', '109');
INSERT INTO `oc_product_to_category` (`product_id`, `category_id`) VALUES ('291', '122');
INSERT INTO `oc_product_to_category` (`product_id`, `category_id`) VALUES ('292', '109');
INSERT INTO `oc_product_to_category` (`product_id`, `category_id`) VALUES ('292', '122');
INSERT INTO `oc_product_to_category` (`product_id`, `category_id`) VALUES ('293', '109');
INSERT INTO `oc_product_to_category` (`product_id`, `category_id`) VALUES ('293', '122');
INSERT INTO `oc_product_to_category` (`product_id`, `category_id`) VALUES ('294', '109');
INSERT INTO `oc_product_to_category` (`product_id`, `category_id`) VALUES ('294', '125');
INSERT INTO `oc_product_to_category` (`product_id`, `category_id`) VALUES ('295', '109');
INSERT INTO `oc_product_to_category` (`product_id`, `category_id`) VALUES ('295', '125');
INSERT INTO `oc_product_to_category` (`product_id`, `category_id`) VALUES ('296', '109');
INSERT INTO `oc_product_to_category` (`product_id`, `category_id`) VALUES ('296', '125');
INSERT INTO `oc_product_to_category` (`product_id`, `category_id`) VALUES ('297', '109');
INSERT INTO `oc_product_to_category` (`product_id`, `category_id`) VALUES ('297', '125');
INSERT INTO `oc_product_to_category` (`product_id`, `category_id`) VALUES ('298', '109');
INSERT INTO `oc_product_to_category` (`product_id`, `category_id`) VALUES ('298', '216');
INSERT INTO `oc_product_to_category` (`product_id`, `category_id`) VALUES ('299', '59');
INSERT INTO `oc_product_to_category` (`product_id`, `category_id`) VALUES ('300', '59');
INSERT INTO `oc_product_to_category` (`product_id`, `category_id`) VALUES ('300', '60');
INSERT INTO `oc_product_to_category` (`product_id`, `category_id`) VALUES ('301', '59');
INSERT INTO `oc_product_to_category` (`product_id`, `category_id`) VALUES ('301', '105');
INSERT INTO `oc_product_to_category` (`product_id`, `category_id`) VALUES ('303', '59');
INSERT INTO `oc_product_to_category` (`product_id`, `category_id`) VALUES ('303', '108');
INSERT INTO `oc_product_to_category` (`product_id`, `category_id`) VALUES ('304', '59');
INSERT INTO `oc_product_to_category` (`product_id`, `category_id`) VALUES ('304', '112');
INSERT INTO `oc_product_to_category` (`product_id`, `category_id`) VALUES ('305', '59');
INSERT INTO `oc_product_to_category` (`product_id`, `category_id`) VALUES ('305', '113');
INSERT INTO `oc_product_to_category` (`product_id`, `category_id`) VALUES ('306', '59');
INSERT INTO `oc_product_to_category` (`product_id`, `category_id`) VALUES ('306', '108');
INSERT INTO `oc_product_to_category` (`product_id`, `category_id`) VALUES ('306', '112');
INSERT INTO `oc_product_to_category` (`product_id`, `category_id`) VALUES ('307', '59');
INSERT INTO `oc_product_to_category` (`product_id`, `category_id`) VALUES ('308', '59');
INSERT INTO `oc_product_to_category` (`product_id`, `category_id`) VALUES ('309', '59');
INSERT INTO `oc_product_to_category` (`product_id`, `category_id`) VALUES ('309', '60');
INSERT INTO `oc_product_to_category` (`product_id`, `category_id`) VALUES ('309', '108');
INSERT INTO `oc_product_to_category` (`product_id`, `category_id`) VALUES ('309', '130');
INSERT INTO `oc_product_to_category` (`product_id`, `category_id`) VALUES ('310', '59');
INSERT INTO `oc_product_to_category` (`product_id`, `category_id`) VALUES ('311', '59');
INSERT INTO `oc_product_to_category` (`product_id`, `category_id`) VALUES ('312', '59');
INSERT INTO `oc_product_to_category` (`product_id`, `category_id`) VALUES ('312', '112');
INSERT INTO `oc_product_to_category` (`product_id`, `category_id`) VALUES ('313', '59');
INSERT INTO `oc_product_to_category` (`product_id`, `category_id`) VALUES ('313', '60');
INSERT INTO `oc_product_to_category` (`product_id`, `category_id`) VALUES ('314', '59');
INSERT INTO `oc_product_to_category` (`product_id`, `category_id`) VALUES ('314', '113');
INSERT INTO `oc_product_to_category` (`product_id`, `category_id`) VALUES ('316', '59');
INSERT INTO `oc_product_to_category` (`product_id`, `category_id`) VALUES ('317', '59');
INSERT INTO `oc_product_to_category` (`product_id`, `category_id`) VALUES ('317', '112');
INSERT INTO `oc_product_to_category` (`product_id`, `category_id`) VALUES ('318', '107');
INSERT INTO `oc_product_to_category` (`product_id`, `category_id`) VALUES ('318', '118');
INSERT INTO `oc_product_to_category` (`product_id`, `category_id`) VALUES ('319', '107');
INSERT INTO `oc_product_to_category` (`product_id`, `category_id`) VALUES ('319', '120');
INSERT INTO `oc_product_to_category` (`product_id`, `category_id`) VALUES ('320', '107');
INSERT INTO `oc_product_to_category` (`product_id`, `category_id`) VALUES ('320', '121');
INSERT INTO `oc_product_to_category` (`product_id`, `category_id`) VALUES ('321', '107');
INSERT INTO `oc_product_to_category` (`product_id`, `category_id`) VALUES ('321', '120');
INSERT INTO `oc_product_to_category` (`product_id`, `category_id`) VALUES ('322', '107');
INSERT INTO `oc_product_to_category` (`product_id`, `category_id`) VALUES ('322', '120');
INSERT INTO `oc_product_to_category` (`product_id`, `category_id`) VALUES ('323', '111');
INSERT INTO `oc_product_to_category` (`product_id`, `category_id`) VALUES ('323', '134');
INSERT INTO `oc_product_to_category` (`product_id`, `category_id`) VALUES ('324', '111');
INSERT INTO `oc_product_to_category` (`product_id`, `category_id`) VALUES ('324', '134');
INSERT INTO `oc_product_to_category` (`product_id`, `category_id`) VALUES ('325', '111');
INSERT INTO `oc_product_to_category` (`product_id`, `category_id`) VALUES ('325', '134');
INSERT INTO `oc_product_to_category` (`product_id`, `category_id`) VALUES ('326', '111');
INSERT INTO `oc_product_to_category` (`product_id`, `category_id`) VALUES ('326', '131');
INSERT INTO `oc_product_to_category` (`product_id`, `category_id`) VALUES ('327', '111');
INSERT INTO `oc_product_to_category` (`product_id`, `category_id`) VALUES ('327', '134');
INSERT INTO `oc_product_to_category` (`product_id`, `category_id`) VALUES ('328', '111');
INSERT INTO `oc_product_to_category` (`product_id`, `category_id`) VALUES ('328', '134');
INSERT INTO `oc_product_to_category` (`product_id`, `category_id`) VALUES ('329', '111');
INSERT INTO `oc_product_to_category` (`product_id`, `category_id`) VALUES ('329', '131');
INSERT INTO `oc_product_to_category` (`product_id`, `category_id`) VALUES ('330', '111');
INSERT INTO `oc_product_to_category` (`product_id`, `category_id`) VALUES ('330', '131');
INSERT INTO `oc_product_to_category` (`product_id`, `category_id`) VALUES ('331', '111');
INSERT INTO `oc_product_to_category` (`product_id`, `category_id`) VALUES ('331', '134');
INSERT INTO `oc_product_to_category` (`product_id`, `category_id`) VALUES ('332', '111');
INSERT INTO `oc_product_to_category` (`product_id`, `category_id`) VALUES ('332', '131');
INSERT INTO `oc_product_to_category` (`product_id`, `category_id`) VALUES ('333', '111');
INSERT INTO `oc_product_to_category` (`product_id`, `category_id`) VALUES ('333', '131');
INSERT INTO `oc_product_to_category` (`product_id`, `category_id`) VALUES ('334', '111');
INSERT INTO `oc_product_to_category` (`product_id`, `category_id`) VALUES ('334', '134');
INSERT INTO `oc_product_to_category` (`product_id`, `category_id`) VALUES ('335', '111');
INSERT INTO `oc_product_to_category` (`product_id`, `category_id`) VALUES ('335', '131');
INSERT INTO `oc_product_to_category` (`product_id`, `category_id`) VALUES ('336', '111');
INSERT INTO `oc_product_to_category` (`product_id`, `category_id`) VALUES ('336', '134');
INSERT INTO `oc_product_to_category` (`product_id`, `category_id`) VALUES ('337', '111');
INSERT INTO `oc_product_to_category` (`product_id`, `category_id`) VALUES ('337', '131');
INSERT INTO `oc_product_to_category` (`product_id`, `category_id`) VALUES ('338', '111');
INSERT INTO `oc_product_to_category` (`product_id`, `category_id`) VALUES ('338', '131');
INSERT INTO `oc_product_to_category` (`product_id`, `category_id`) VALUES ('339', '111');
INSERT INTO `oc_product_to_category` (`product_id`, `category_id`) VALUES ('339', '133');
INSERT INTO `oc_product_to_category` (`product_id`, `category_id`) VALUES ('340', '111');
INSERT INTO `oc_product_to_category` (`product_id`, `category_id`) VALUES ('340', '215');
INSERT INTO `oc_product_to_category` (`product_id`, `category_id`) VALUES ('341', '111');
INSERT INTO `oc_product_to_category` (`product_id`, `category_id`) VALUES ('341', '133');
INSERT INTO `oc_product_to_category` (`product_id`, `category_id`) VALUES ('342', '111');
INSERT INTO `oc_product_to_category` (`product_id`, `category_id`) VALUES ('342', '132');
INSERT INTO `oc_product_to_category` (`product_id`, `category_id`) VALUES ('343', '111');
INSERT INTO `oc_product_to_category` (`product_id`, `category_id`) VALUES ('343', '132');
INSERT INTO `oc_product_to_category` (`product_id`, `category_id`) VALUES ('344', '111');
INSERT INTO `oc_product_to_category` (`product_id`, `category_id`) VALUES ('344', '133');
INSERT INTO `oc_product_to_category` (`product_id`, `category_id`) VALUES ('344', '214');
INSERT INTO `oc_product_to_category` (`product_id`, `category_id`) VALUES ('345', '111');
INSERT INTO `oc_product_to_category` (`product_id`, `category_id`) VALUES ('345', '133');
INSERT INTO `oc_product_to_category` (`product_id`, `category_id`) VALUES ('346', '111');
INSERT INTO `oc_product_to_category` (`product_id`, `category_id`) VALUES ('346', '133');
INSERT INTO `oc_product_to_category` (`product_id`, `category_id`) VALUES ('347', '111');
INSERT INTO `oc_product_to_category` (`product_id`, `category_id`) VALUES ('347', '133');
INSERT INTO `oc_product_to_category` (`product_id`, `category_id`) VALUES ('348', '111');
INSERT INTO `oc_product_to_category` (`product_id`, `category_id`) VALUES ('348', '215');
INSERT INTO `oc_product_to_category` (`product_id`, `category_id`) VALUES ('349', '107');
INSERT INTO `oc_product_to_category` (`product_id`, `category_id`) VALUES ('349', '118');
INSERT INTO `oc_product_to_category` (`product_id`, `category_id`) VALUES ('350', '107');
INSERT INTO `oc_product_to_category` (`product_id`, `category_id`) VALUES ('350', '119');
INSERT INTO `oc_product_to_category` (`product_id`, `category_id`) VALUES ('351', '107');
INSERT INTO `oc_product_to_category` (`product_id`, `category_id`) VALUES ('351', '119');
INSERT INTO `oc_product_to_category` (`product_id`, `category_id`) VALUES ('352', '107');
INSERT INTO `oc_product_to_category` (`product_id`, `category_id`) VALUES ('352', '119');
INSERT INTO `oc_product_to_category` (`product_id`, `category_id`) VALUES ('353', '107');
INSERT INTO `oc_product_to_category` (`product_id`, `category_id`) VALUES ('353', '121');
INSERT INTO `oc_product_to_category` (`product_id`, `category_id`) VALUES ('354', '107');
INSERT INTO `oc_product_to_category` (`product_id`, `category_id`) VALUES ('354', '121');
INSERT INTO `oc_product_to_category` (`product_id`, `category_id`) VALUES ('355', '107');
INSERT INTO `oc_product_to_category` (`product_id`, `category_id`) VALUES ('355', '121');
INSERT INTO `oc_product_to_category` (`product_id`, `category_id`) VALUES ('356', '107');
INSERT INTO `oc_product_to_category` (`product_id`, `category_id`) VALUES ('356', '121');
INSERT INTO `oc_product_to_category` (`product_id`, `category_id`) VALUES ('357', '59');
INSERT INTO `oc_product_to_category` (`product_id`, `category_id`) VALUES ('357', '105');
INSERT INTO `oc_product_to_category` (`product_id`, `category_id`) VALUES ('359', '69');
INSERT INTO `oc_product_to_category` (`product_id`, `category_id`) VALUES ('360', '25');
INSERT INTO `oc_product_to_category` (`product_id`, `category_id`) VALUES ('360', '69');
INSERT INTO `oc_product_to_category` (`product_id`, `category_id`) VALUES ('361', '69');
INSERT INTO `oc_product_to_category` (`product_id`, `category_id`) VALUES ('362', '69');
INSERT INTO `oc_product_to_category` (`product_id`, `category_id`) VALUES ('363', '69');
INSERT INTO `oc_product_to_category` (`product_id`, `category_id`) VALUES ('364', '69');
INSERT INTO `oc_product_to_category` (`product_id`, `category_id`) VALUES ('365', '69');
INSERT INTO `oc_product_to_category` (`product_id`, `category_id`) VALUES ('366', '69');
INSERT INTO `oc_product_to_category` (`product_id`, `category_id`) VALUES ('367', '69');
INSERT INTO `oc_product_to_category` (`product_id`, `category_id`) VALUES ('368', '69');
INSERT INTO `oc_product_to_category` (`product_id`, `category_id`) VALUES ('369', '69');
INSERT INTO `oc_product_to_category` (`product_id`, `category_id`) VALUES ('370', '69');
INSERT INTO `oc_product_to_category` (`product_id`, `category_id`) VALUES ('371', '107');
INSERT INTO `oc_product_to_category` (`product_id`, `category_id`) VALUES ('371', '165');
INSERT INTO `oc_product_to_category` (`product_id`, `category_id`) VALUES ('372', '107');
INSERT INTO `oc_product_to_category` (`product_id`, `category_id`) VALUES ('372', '165');
INSERT INTO `oc_product_to_category` (`product_id`, `category_id`) VALUES ('373', '107');
INSERT INTO `oc_product_to_category` (`product_id`, `category_id`) VALUES ('373', '165');
INSERT INTO `oc_product_to_category` (`product_id`, `category_id`) VALUES ('374', '107');
INSERT INTO `oc_product_to_category` (`product_id`, `category_id`) VALUES ('374', '165');
INSERT INTO `oc_product_to_category` (`product_id`, `category_id`) VALUES ('376', '59');
INSERT INTO `oc_product_to_category` (`product_id`, `category_id`) VALUES ('376', '108');
INSERT INTO `oc_product_to_category` (`product_id`, `category_id`) VALUES ('376', '112');
INSERT INTO `oc_product_to_category` (`product_id`, `category_id`) VALUES ('377', '221');
INSERT INTO `oc_product_to_category` (`product_id`, `category_id`) VALUES ('378', '69');
INSERT INTO `oc_product_to_category` (`product_id`, `category_id`) VALUES ('379', '134');
INSERT INTO `oc_product_to_category` (`product_id`, `category_id`) VALUES ('379', '221');
INSERT INTO `oc_product_to_category` (`product_id`, `category_id`) VALUES ('380', '221');
INSERT INTO `oc_product_to_category` (`product_id`, `category_id`) VALUES ('381', '221');
INSERT INTO `oc_product_to_category` (`product_id`, `category_id`) VALUES ('382', '221');
INSERT INTO `oc_product_to_category` (`product_id`, `category_id`) VALUES ('383', '221');


TRUNCATE TABLE `oc_product_to_download`;



TRUNCATE TABLE `oc_product_to_layout`;

INSERT INTO `oc_product_to_layout` (`product_id`, `store_id`, `layout_id`) VALUES ('311', '0', '0');
INSERT INTO `oc_product_to_layout` (`product_id`, `store_id`, `layout_id`) VALUES ('309', '0', '0');
INSERT INTO `oc_product_to_layout` (`product_id`, `store_id`, `layout_id`) VALUES ('307', '0', '0');
INSERT INTO `oc_product_to_layout` (`product_id`, `store_id`, `layout_id`) VALUES ('304', '0', '0');
INSERT INTO `oc_product_to_layout` (`product_id`, `store_id`, `layout_id`) VALUES ('303', '0', '0');
INSERT INTO `oc_product_to_layout` (`product_id`, `store_id`, `layout_id`) VALUES ('301', '0', '0');
INSERT INTO `oc_product_to_layout` (`product_id`, `store_id`, `layout_id`) VALUES ('299', '0', '0');
INSERT INTO `oc_product_to_layout` (`product_id`, `store_id`, `layout_id`) VALUES ('297', '0', '0');
INSERT INTO `oc_product_to_layout` (`product_id`, `store_id`, `layout_id`) VALUES ('294', '0', '0');
INSERT INTO `oc_product_to_layout` (`product_id`, `store_id`, `layout_id`) VALUES ('293', '0', '0');
INSERT INTO `oc_product_to_layout` (`product_id`, `store_id`, `layout_id`) VALUES ('291', '0', '0');
INSERT INTO `oc_product_to_layout` (`product_id`, `store_id`, `layout_id`) VALUES ('289', '0', '0');
INSERT INTO `oc_product_to_layout` (`product_id`, `store_id`, `layout_id`) VALUES ('43', '0', '0');
INSERT INTO `oc_product_to_layout` (`product_id`, `store_id`, `layout_id`) VALUES ('287', '0', '0');
INSERT INTO `oc_product_to_layout` (`product_id`, `store_id`, `layout_id`) VALUES ('284', '0', '0');
INSERT INTO `oc_product_to_layout` (`product_id`, `store_id`, `layout_id`) VALUES ('283', '0', '0');
INSERT INTO `oc_product_to_layout` (`product_id`, `store_id`, `layout_id`) VALUES ('281', '0', '0');
INSERT INTO `oc_product_to_layout` (`product_id`, `store_id`, `layout_id`) VALUES ('259', '0', '0');
INSERT INTO `oc_product_to_layout` (`product_id`, `store_id`, `layout_id`) VALUES ('279', '0', '0');
INSERT INTO `oc_product_to_layout` (`product_id`, `store_id`, `layout_id`) VALUES ('30', '0', '0');
INSERT INTO `oc_product_to_layout` (`product_id`, `store_id`, `layout_id`) VALUES ('31', '0', '0');
INSERT INTO `oc_product_to_layout` (`product_id`, `store_id`, `layout_id`) VALUES ('273', '0', '0');
INSERT INTO `oc_product_to_layout` (`product_id`, `store_id`, `layout_id`) VALUES ('310', '0', '0');
INSERT INTO `oc_product_to_layout` (`product_id`, `store_id`, `layout_id`) VALUES ('308', '0', '0');
INSERT INTO `oc_product_to_layout` (`product_id`, `store_id`, `layout_id`) VALUES ('306', '0', '0');
INSERT INTO `oc_product_to_layout` (`product_id`, `store_id`, `layout_id`) VALUES ('305', '0', '0');
INSERT INTO `oc_product_to_layout` (`product_id`, `store_id`, `layout_id`) VALUES ('377', '0', '0');
INSERT INTO `oc_product_to_layout` (`product_id`, `store_id`, `layout_id`) VALUES ('300', '0', '0');
INSERT INTO `oc_product_to_layout` (`product_id`, `store_id`, `layout_id`) VALUES ('266', '0', '0');
INSERT INTO `oc_product_to_layout` (`product_id`, `store_id`, `layout_id`) VALUES ('298', '0', '0');
INSERT INTO `oc_product_to_layout` (`product_id`, `store_id`, `layout_id`) VALUES ('296', '0', '0');
INSERT INTO `oc_product_to_layout` (`product_id`, `store_id`, `layout_id`) VALUES ('295', '0', '0');
INSERT INTO `oc_product_to_layout` (`product_id`, `store_id`, `layout_id`) VALUES ('292', '0', '0');
INSERT INTO `oc_product_to_layout` (`product_id`, `store_id`, `layout_id`) VALUES ('290', '0', '0');
INSERT INTO `oc_product_to_layout` (`product_id`, `store_id`, `layout_id`) VALUES ('288', '0', '0');
INSERT INTO `oc_product_to_layout` (`product_id`, `store_id`, `layout_id`) VALUES ('268', '0', '0');
INSERT INTO `oc_product_to_layout` (`product_id`, `store_id`, `layout_id`) VALUES ('286', '0', '0');
INSERT INTO `oc_product_to_layout` (`product_id`, `store_id`, `layout_id`) VALUES ('285', '0', '0');
INSERT INTO `oc_product_to_layout` (`product_id`, `store_id`, `layout_id`) VALUES ('282', '0', '0');
INSERT INTO `oc_product_to_layout` (`product_id`, `store_id`, `layout_id`) VALUES ('280', '0', '0');
INSERT INTO `oc_product_to_layout` (`product_id`, `store_id`, `layout_id`) VALUES ('278', '0', '0');
INSERT INTO `oc_product_to_layout` (`product_id`, `store_id`, `layout_id`) VALUES ('34', '0', '0');
INSERT INTO `oc_product_to_layout` (`product_id`, `store_id`, `layout_id`) VALUES ('33', '0', '0');
INSERT INTO `oc_product_to_layout` (`product_id`, `store_id`, `layout_id`) VALUES ('269', '0', '0');
INSERT INTO `oc_product_to_layout` (`product_id`, `store_id`, `layout_id`) VALUES ('257', '0', '0');
INSERT INTO `oc_product_to_layout` (`product_id`, `store_id`, `layout_id`) VALUES ('263', '0', '0');
INSERT INTO `oc_product_to_layout` (`product_id`, `store_id`, `layout_id`) VALUES ('260', '0', '0');
INSERT INTO `oc_product_to_layout` (`product_id`, `store_id`, `layout_id`) VALUES ('36', '0', '0');
INSERT INTO `oc_product_to_layout` (`product_id`, `store_id`, `layout_id`) VALUES ('47', '0', '0');
INSERT INTO `oc_product_to_layout` (`product_id`, `store_id`, `layout_id`) VALUES ('48', '0', '0');
INSERT INTO `oc_product_to_layout` (`product_id`, `store_id`, `layout_id`) VALUES ('28', '0', '0');
INSERT INTO `oc_product_to_layout` (`product_id`, `store_id`, `layout_id`) VALUES ('40', '0', '0');
INSERT INTO `oc_product_to_layout` (`product_id`, `store_id`, `layout_id`) VALUES ('41', '0', '0');
INSERT INTO `oc_product_to_layout` (`product_id`, `store_id`, `layout_id`) VALUES ('262', '0', '0');
INSERT INTO `oc_product_to_layout` (`product_id`, `store_id`, `layout_id`) VALUES ('276', '0', '0');
INSERT INTO `oc_product_to_layout` (`product_id`, `store_id`, `layout_id`) VALUES ('277', '0', '0');
INSERT INTO `oc_product_to_layout` (`product_id`, `store_id`, `layout_id`) VALUES ('275', '0', '0');
INSERT INTO `oc_product_to_layout` (`product_id`, `store_id`, `layout_id`) VALUES ('274', '0', '0');
INSERT INTO `oc_product_to_layout` (`product_id`, `store_id`, `layout_id`) VALUES ('45', '0', '0');
INSERT INTO `oc_product_to_layout` (`product_id`, `store_id`, `layout_id`) VALUES ('44', '0', '0');
INSERT INTO `oc_product_to_layout` (`product_id`, `store_id`, `layout_id`) VALUES ('271', '0', '0');
INSERT INTO `oc_product_to_layout` (`product_id`, `store_id`, `layout_id`) VALUES ('272', '0', '0');
INSERT INTO `oc_product_to_layout` (`product_id`, `store_id`, `layout_id`) VALUES ('32', '0', '0');
INSERT INTO `oc_product_to_layout` (`product_id`, `store_id`, `layout_id`) VALUES ('261', '0', '0');
INSERT INTO `oc_product_to_layout` (`product_id`, `store_id`, `layout_id`) VALUES ('270', '0', '0');
INSERT INTO `oc_product_to_layout` (`product_id`, `store_id`, `layout_id`) VALUES ('267', '0', '0');
INSERT INTO `oc_product_to_layout` (`product_id`, `store_id`, `layout_id`) VALUES ('42', '0', '0');
INSERT INTO `oc_product_to_layout` (`product_id`, `store_id`, `layout_id`) VALUES ('376', '0', '0');
INSERT INTO `oc_product_to_layout` (`product_id`, `store_id`, `layout_id`) VALUES ('374', '0', '0');
INSERT INTO `oc_product_to_layout` (`product_id`, `store_id`, `layout_id`) VALUES ('264', '0', '0');
INSERT INTO `oc_product_to_layout` (`product_id`, `store_id`, `layout_id`) VALUES ('373', '0', '0');
INSERT INTO `oc_product_to_layout` (`product_id`, `store_id`, `layout_id`) VALUES ('372', '0', '0');
INSERT INTO `oc_product_to_layout` (`product_id`, `store_id`, `layout_id`) VALUES ('371', '0', '0');
INSERT INTO `oc_product_to_layout` (`product_id`, `store_id`, `layout_id`) VALUES ('370', '0', '0');
INSERT INTO `oc_product_to_layout` (`product_id`, `store_id`, `layout_id`) VALUES ('369', '0', '0');
INSERT INTO `oc_product_to_layout` (`product_id`, `store_id`, `layout_id`) VALUES ('368', '0', '0');
INSERT INTO `oc_product_to_layout` (`product_id`, `store_id`, `layout_id`) VALUES ('367', '0', '0');
INSERT INTO `oc_product_to_layout` (`product_id`, `store_id`, `layout_id`) VALUES ('366', '0', '0');
INSERT INTO `oc_product_to_layout` (`product_id`, `store_id`, `layout_id`) VALUES ('364', '0', '0');
INSERT INTO `oc_product_to_layout` (`product_id`, `store_id`, `layout_id`) VALUES ('363', '0', '0');
INSERT INTO `oc_product_to_layout` (`product_id`, `store_id`, `layout_id`) VALUES ('362', '0', '0');
INSERT INTO `oc_product_to_layout` (`product_id`, `store_id`, `layout_id`) VALUES ('361', '0', '0');
INSERT INTO `oc_product_to_layout` (`product_id`, `store_id`, `layout_id`) VALUES ('360', '0', '0');
INSERT INTO `oc_product_to_layout` (`product_id`, `store_id`, `layout_id`) VALUES ('359', '0', '0');
INSERT INTO `oc_product_to_layout` (`product_id`, `store_id`, `layout_id`) VALUES ('357', '0', '0');
INSERT INTO `oc_product_to_layout` (`product_id`, `store_id`, `layout_id`) VALUES ('356', '0', '0');
INSERT INTO `oc_product_to_layout` (`product_id`, `store_id`, `layout_id`) VALUES ('355', '0', '0');
INSERT INTO `oc_product_to_layout` (`product_id`, `store_id`, `layout_id`) VALUES ('353', '0', '0');
INSERT INTO `oc_product_to_layout` (`product_id`, `store_id`, `layout_id`) VALUES ('354', '0', '0');
INSERT INTO `oc_product_to_layout` (`product_id`, `store_id`, `layout_id`) VALUES ('352', '0', '0');
INSERT INTO `oc_product_to_layout` (`product_id`, `store_id`, `layout_id`) VALUES ('351', '0', '0');
INSERT INTO `oc_product_to_layout` (`product_id`, `store_id`, `layout_id`) VALUES ('349', '0', '0');
INSERT INTO `oc_product_to_layout` (`product_id`, `store_id`, `layout_id`) VALUES ('348', '0', '0');
INSERT INTO `oc_product_to_layout` (`product_id`, `store_id`, `layout_id`) VALUES ('347', '0', '0');
INSERT INTO `oc_product_to_layout` (`product_id`, `store_id`, `layout_id`) VALUES ('346', '0', '0');
INSERT INTO `oc_product_to_layout` (`product_id`, `store_id`, `layout_id`) VALUES ('344', '0', '0');
INSERT INTO `oc_product_to_layout` (`product_id`, `store_id`, `layout_id`) VALUES ('345', '0', '0');
INSERT INTO `oc_product_to_layout` (`product_id`, `store_id`, `layout_id`) VALUES ('343', '0', '0');
INSERT INTO `oc_product_to_layout` (`product_id`, `store_id`, `layout_id`) VALUES ('342', '0', '0');
INSERT INTO `oc_product_to_layout` (`product_id`, `store_id`, `layout_id`) VALUES ('350', '0', '0');
INSERT INTO `oc_product_to_layout` (`product_id`, `store_id`, `layout_id`) VALUES ('256', '0', '0');
INSERT INTO `oc_product_to_layout` (`product_id`, `store_id`, `layout_id`) VALUES ('341', '0', '0');
INSERT INTO `oc_product_to_layout` (`product_id`, `store_id`, `layout_id`) VALUES ('340', '0', '0');
INSERT INTO `oc_product_to_layout` (`product_id`, `store_id`, `layout_id`) VALUES ('339', '0', '0');
INSERT INTO `oc_product_to_layout` (`product_id`, `store_id`, `layout_id`) VALUES ('338', '0', '0');
INSERT INTO `oc_product_to_layout` (`product_id`, `store_id`, `layout_id`) VALUES ('337', '0', '0');
INSERT INTO `oc_product_to_layout` (`product_id`, `store_id`, `layout_id`) VALUES ('336', '0', '0');
INSERT INTO `oc_product_to_layout` (`product_id`, `store_id`, `layout_id`) VALUES ('335', '0', '0');
INSERT INTO `oc_product_to_layout` (`product_id`, `store_id`, `layout_id`) VALUES ('334', '0', '0');
INSERT INTO `oc_product_to_layout` (`product_id`, `store_id`, `layout_id`) VALUES ('333', '0', '0');
INSERT INTO `oc_product_to_layout` (`product_id`, `store_id`, `layout_id`) VALUES ('332', '0', '0');
INSERT INTO `oc_product_to_layout` (`product_id`, `store_id`, `layout_id`) VALUES ('331', '0', '0');
INSERT INTO `oc_product_to_layout` (`product_id`, `store_id`, `layout_id`) VALUES ('330', '0', '0');
INSERT INTO `oc_product_to_layout` (`product_id`, `store_id`, `layout_id`) VALUES ('328', '0', '0');
INSERT INTO `oc_product_to_layout` (`product_id`, `store_id`, `layout_id`) VALUES ('329', '0', '0');
INSERT INTO `oc_product_to_layout` (`product_id`, `store_id`, `layout_id`) VALUES ('327', '0', '0');
INSERT INTO `oc_product_to_layout` (`product_id`, `store_id`, `layout_id`) VALUES ('326', '0', '0');
INSERT INTO `oc_product_to_layout` (`product_id`, `store_id`, `layout_id`) VALUES ('325', '0', '0');
INSERT INTO `oc_product_to_layout` (`product_id`, `store_id`, `layout_id`) VALUES ('324', '0', '0');
INSERT INTO `oc_product_to_layout` (`product_id`, `store_id`, `layout_id`) VALUES ('323', '0', '0');
INSERT INTO `oc_product_to_layout` (`product_id`, `store_id`, `layout_id`) VALUES ('322', '0', '0');
INSERT INTO `oc_product_to_layout` (`product_id`, `store_id`, `layout_id`) VALUES ('321', '0', '0');
INSERT INTO `oc_product_to_layout` (`product_id`, `store_id`, `layout_id`) VALUES ('320', '0', '0');
INSERT INTO `oc_product_to_layout` (`product_id`, `store_id`, `layout_id`) VALUES ('318', '0', '0');
INSERT INTO `oc_product_to_layout` (`product_id`, `store_id`, `layout_id`) VALUES ('319', '0', '0');
INSERT INTO `oc_product_to_layout` (`product_id`, `store_id`, `layout_id`) VALUES ('317', '0', '0');
INSERT INTO `oc_product_to_layout` (`product_id`, `store_id`, `layout_id`) VALUES ('316', '0', '0');
INSERT INTO `oc_product_to_layout` (`product_id`, `store_id`, `layout_id`) VALUES ('378', '0', '0');
INSERT INTO `oc_product_to_layout` (`product_id`, `store_id`, `layout_id`) VALUES ('314', '0', '0');
INSERT INTO `oc_product_to_layout` (`product_id`, `store_id`, `layout_id`) VALUES ('313', '0', '0');
INSERT INTO `oc_product_to_layout` (`product_id`, `store_id`, `layout_id`) VALUES ('312', '0', '0');
INSERT INTO `oc_product_to_layout` (`product_id`, `store_id`, `layout_id`) VALUES ('365', '0', '0');
INSERT INTO `oc_product_to_layout` (`product_id`, `store_id`, `layout_id`) VALUES ('49', '0', '0');
INSERT INTO `oc_product_to_layout` (`product_id`, `store_id`, `layout_id`) VALUES ('379', '0', '0');
INSERT INTO `oc_product_to_layout` (`product_id`, `store_id`, `layout_id`) VALUES ('380', '0', '0');
INSERT INTO `oc_product_to_layout` (`product_id`, `store_id`, `layout_id`) VALUES ('381', '0', '0');
INSERT INTO `oc_product_to_layout` (`product_id`, `store_id`, `layout_id`) VALUES ('382', '0', '0');
INSERT INTO `oc_product_to_layout` (`product_id`, `store_id`, `layout_id`) VALUES ('383', '0', '0');


TRUNCATE TABLE `oc_product_to_store`;

INSERT INTO `oc_product_to_store` (`product_id`, `store_id`) VALUES ('28', '0');
INSERT INTO `oc_product_to_store` (`product_id`, `store_id`) VALUES ('30', '0');
INSERT INTO `oc_product_to_store` (`product_id`, `store_id`) VALUES ('31', '0');
INSERT INTO `oc_product_to_store` (`product_id`, `store_id`) VALUES ('32', '0');
INSERT INTO `oc_product_to_store` (`product_id`, `store_id`) VALUES ('33', '0');
INSERT INTO `oc_product_to_store` (`product_id`, `store_id`) VALUES ('34', '0');
INSERT INTO `oc_product_to_store` (`product_id`, `store_id`) VALUES ('36', '0');
INSERT INTO `oc_product_to_store` (`product_id`, `store_id`) VALUES ('40', '0');
INSERT INTO `oc_product_to_store` (`product_id`, `store_id`) VALUES ('41', '0');
INSERT INTO `oc_product_to_store` (`product_id`, `store_id`) VALUES ('42', '0');
INSERT INTO `oc_product_to_store` (`product_id`, `store_id`) VALUES ('43', '0');
INSERT INTO `oc_product_to_store` (`product_id`, `store_id`) VALUES ('44', '0');
INSERT INTO `oc_product_to_store` (`product_id`, `store_id`) VALUES ('45', '0');
INSERT INTO `oc_product_to_store` (`product_id`, `store_id`) VALUES ('47', '0');
INSERT INTO `oc_product_to_store` (`product_id`, `store_id`) VALUES ('48', '0');
INSERT INTO `oc_product_to_store` (`product_id`, `store_id`) VALUES ('49', '0');
INSERT INTO `oc_product_to_store` (`product_id`, `store_id`) VALUES ('256', '0');
INSERT INTO `oc_product_to_store` (`product_id`, `store_id`) VALUES ('257', '0');
INSERT INTO `oc_product_to_store` (`product_id`, `store_id`) VALUES ('259', '0');
INSERT INTO `oc_product_to_store` (`product_id`, `store_id`) VALUES ('260', '0');
INSERT INTO `oc_product_to_store` (`product_id`, `store_id`) VALUES ('261', '0');
INSERT INTO `oc_product_to_store` (`product_id`, `store_id`) VALUES ('262', '0');
INSERT INTO `oc_product_to_store` (`product_id`, `store_id`) VALUES ('263', '0');
INSERT INTO `oc_product_to_store` (`product_id`, `store_id`) VALUES ('264', '0');
INSERT INTO `oc_product_to_store` (`product_id`, `store_id`) VALUES ('266', '0');
INSERT INTO `oc_product_to_store` (`product_id`, `store_id`) VALUES ('267', '0');
INSERT INTO `oc_product_to_store` (`product_id`, `store_id`) VALUES ('268', '0');
INSERT INTO `oc_product_to_store` (`product_id`, `store_id`) VALUES ('269', '0');
INSERT INTO `oc_product_to_store` (`product_id`, `store_id`) VALUES ('270', '0');
INSERT INTO `oc_product_to_store` (`product_id`, `store_id`) VALUES ('271', '0');
INSERT INTO `oc_product_to_store` (`product_id`, `store_id`) VALUES ('272', '0');
INSERT INTO `oc_product_to_store` (`product_id`, `store_id`) VALUES ('273', '0');
INSERT INTO `oc_product_to_store` (`product_id`, `store_id`) VALUES ('274', '0');
INSERT INTO `oc_product_to_store` (`product_id`, `store_id`) VALUES ('275', '0');
INSERT INTO `oc_product_to_store` (`product_id`, `store_id`) VALUES ('276', '0');
INSERT INTO `oc_product_to_store` (`product_id`, `store_id`) VALUES ('277', '0');
INSERT INTO `oc_product_to_store` (`product_id`, `store_id`) VALUES ('278', '0');
INSERT INTO `oc_product_to_store` (`product_id`, `store_id`) VALUES ('279', '0');
INSERT INTO `oc_product_to_store` (`product_id`, `store_id`) VALUES ('280', '0');
INSERT INTO `oc_product_to_store` (`product_id`, `store_id`) VALUES ('281', '0');
INSERT INTO `oc_product_to_store` (`product_id`, `store_id`) VALUES ('282', '0');
INSERT INTO `oc_product_to_store` (`product_id`, `store_id`) VALUES ('283', '0');
INSERT INTO `oc_product_to_store` (`product_id`, `store_id`) VALUES ('284', '0');
INSERT INTO `oc_product_to_store` (`product_id`, `store_id`) VALUES ('285', '0');
INSERT INTO `oc_product_to_store` (`product_id`, `store_id`) VALUES ('286', '0');
INSERT INTO `oc_product_to_store` (`product_id`, `store_id`) VALUES ('287', '0');
INSERT INTO `oc_product_to_store` (`product_id`, `store_id`) VALUES ('288', '0');
INSERT INTO `oc_product_to_store` (`product_id`, `store_id`) VALUES ('289', '0');
INSERT INTO `oc_product_to_store` (`product_id`, `store_id`) VALUES ('290', '0');
INSERT INTO `oc_product_to_store` (`product_id`, `store_id`) VALUES ('291', '0');
INSERT INTO `oc_product_to_store` (`product_id`, `store_id`) VALUES ('292', '0');
INSERT INTO `oc_product_to_store` (`product_id`, `store_id`) VALUES ('293', '0');
INSERT INTO `oc_product_to_store` (`product_id`, `store_id`) VALUES ('294', '0');
INSERT INTO `oc_product_to_store` (`product_id`, `store_id`) VALUES ('295', '0');
INSERT INTO `oc_product_to_store` (`product_id`, `store_id`) VALUES ('296', '0');
INSERT INTO `oc_product_to_store` (`product_id`, `store_id`) VALUES ('297', '0');
INSERT INTO `oc_product_to_store` (`product_id`, `store_id`) VALUES ('298', '0');
INSERT INTO `oc_product_to_store` (`product_id`, `store_id`) VALUES ('299', '0');
INSERT INTO `oc_product_to_store` (`product_id`, `store_id`) VALUES ('300', '0');
INSERT INTO `oc_product_to_store` (`product_id`, `store_id`) VALUES ('301', '0');
INSERT INTO `oc_product_to_store` (`product_id`, `store_id`) VALUES ('303', '0');
INSERT INTO `oc_product_to_store` (`product_id`, `store_id`) VALUES ('304', '0');
INSERT INTO `oc_product_to_store` (`product_id`, `store_id`) VALUES ('305', '0');
INSERT INTO `oc_product_to_store` (`product_id`, `store_id`) VALUES ('306', '0');
INSERT INTO `oc_product_to_store` (`product_id`, `store_id`) VALUES ('307', '0');
INSERT INTO `oc_product_to_store` (`product_id`, `store_id`) VALUES ('308', '0');
INSERT INTO `oc_product_to_store` (`product_id`, `store_id`) VALUES ('309', '0');
INSERT INTO `oc_product_to_store` (`product_id`, `store_id`) VALUES ('310', '0');
INSERT INTO `oc_product_to_store` (`product_id`, `store_id`) VALUES ('311', '0');
INSERT INTO `oc_product_to_store` (`product_id`, `store_id`) VALUES ('312', '0');
INSERT INTO `oc_product_to_store` (`product_id`, `store_id`) VALUES ('313', '0');
INSERT INTO `oc_product_to_store` (`product_id`, `store_id`) VALUES ('314', '0');
INSERT INTO `oc_product_to_store` (`product_id`, `store_id`) VALUES ('316', '0');
INSERT INTO `oc_product_to_store` (`product_id`, `store_id`) VALUES ('317', '0');
INSERT INTO `oc_product_to_store` (`product_id`, `store_id`) VALUES ('318', '0');
INSERT INTO `oc_product_to_store` (`product_id`, `store_id`) VALUES ('319', '0');
INSERT INTO `oc_product_to_store` (`product_id`, `store_id`) VALUES ('320', '0');
INSERT INTO `oc_product_to_store` (`product_id`, `store_id`) VALUES ('321', '0');
INSERT INTO `oc_product_to_store` (`product_id`, `store_id`) VALUES ('322', '0');
INSERT INTO `oc_product_to_store` (`product_id`, `store_id`) VALUES ('323', '0');
INSERT INTO `oc_product_to_store` (`product_id`, `store_id`) VALUES ('324', '0');
INSERT INTO `oc_product_to_store` (`product_id`, `store_id`) VALUES ('325', '0');
INSERT INTO `oc_product_to_store` (`product_id`, `store_id`) VALUES ('326', '0');
INSERT INTO `oc_product_to_store` (`product_id`, `store_id`) VALUES ('327', '0');
INSERT INTO `oc_product_to_store` (`product_id`, `store_id`) VALUES ('328', '0');
INSERT INTO `oc_product_to_store` (`product_id`, `store_id`) VALUES ('329', '0');
INSERT INTO `oc_product_to_store` (`product_id`, `store_id`) VALUES ('330', '0');
INSERT INTO `oc_product_to_store` (`product_id`, `store_id`) VALUES ('331', '0');
INSERT INTO `oc_product_to_store` (`product_id`, `store_id`) VALUES ('332', '0');
INSERT INTO `oc_product_to_store` (`product_id`, `store_id`) VALUES ('333', '0');
INSERT INTO `oc_product_to_store` (`product_id`, `store_id`) VALUES ('334', '0');
INSERT INTO `oc_product_to_store` (`product_id`, `store_id`) VALUES ('335', '0');
INSERT INTO `oc_product_to_store` (`product_id`, `store_id`) VALUES ('336', '0');
INSERT INTO `oc_product_to_store` (`product_id`, `store_id`) VALUES ('337', '0');
INSERT INTO `oc_product_to_store` (`product_id`, `store_id`) VALUES ('338', '0');
INSERT INTO `oc_product_to_store` (`product_id`, `store_id`) VALUES ('339', '0');
INSERT INTO `oc_product_to_store` (`product_id`, `store_id`) VALUES ('340', '0');
INSERT INTO `oc_product_to_store` (`product_id`, `store_id`) VALUES ('341', '0');
INSERT INTO `oc_product_to_store` (`product_id`, `store_id`) VALUES ('342', '0');
INSERT INTO `oc_product_to_store` (`product_id`, `store_id`) VALUES ('343', '0');
INSERT INTO `oc_product_to_store` (`product_id`, `store_id`) VALUES ('344', '0');
INSERT INTO `oc_product_to_store` (`product_id`, `store_id`) VALUES ('345', '0');
INSERT INTO `oc_product_to_store` (`product_id`, `store_id`) VALUES ('346', '0');
INSERT INTO `oc_product_to_store` (`product_id`, `store_id`) VALUES ('347', '0');
INSERT INTO `oc_product_to_store` (`product_id`, `store_id`) VALUES ('348', '0');
INSERT INTO `oc_product_to_store` (`product_id`, `store_id`) VALUES ('349', '0');
INSERT INTO `oc_product_to_store` (`product_id`, `store_id`) VALUES ('350', '0');
INSERT INTO `oc_product_to_store` (`product_id`, `store_id`) VALUES ('351', '0');
INSERT INTO `oc_product_to_store` (`product_id`, `store_id`) VALUES ('352', '0');
INSERT INTO `oc_product_to_store` (`product_id`, `store_id`) VALUES ('353', '0');
INSERT INTO `oc_product_to_store` (`product_id`, `store_id`) VALUES ('354', '0');
INSERT INTO `oc_product_to_store` (`product_id`, `store_id`) VALUES ('355', '0');
INSERT INTO `oc_product_to_store` (`product_id`, `store_id`) VALUES ('356', '0');
INSERT INTO `oc_product_to_store` (`product_id`, `store_id`) VALUES ('357', '0');
INSERT INTO `oc_product_to_store` (`product_id`, `store_id`) VALUES ('359', '0');
INSERT INTO `oc_product_to_store` (`product_id`, `store_id`) VALUES ('360', '0');
INSERT INTO `oc_product_to_store` (`product_id`, `store_id`) VALUES ('361', '0');
INSERT INTO `oc_product_to_store` (`product_id`, `store_id`) VALUES ('362', '0');
INSERT INTO `oc_product_to_store` (`product_id`, `store_id`) VALUES ('363', '0');
INSERT INTO `oc_product_to_store` (`product_id`, `store_id`) VALUES ('364', '0');
INSERT INTO `oc_product_to_store` (`product_id`, `store_id`) VALUES ('365', '0');
INSERT INTO `oc_product_to_store` (`product_id`, `store_id`) VALUES ('366', '0');
INSERT INTO `oc_product_to_store` (`product_id`, `store_id`) VALUES ('367', '0');
INSERT INTO `oc_product_to_store` (`product_id`, `store_id`) VALUES ('368', '0');
INSERT INTO `oc_product_to_store` (`product_id`, `store_id`) VALUES ('369', '0');
INSERT INTO `oc_product_to_store` (`product_id`, `store_id`) VALUES ('370', '0');
INSERT INTO `oc_product_to_store` (`product_id`, `store_id`) VALUES ('371', '0');
INSERT INTO `oc_product_to_store` (`product_id`, `store_id`) VALUES ('372', '0');
INSERT INTO `oc_product_to_store` (`product_id`, `store_id`) VALUES ('373', '0');
INSERT INTO `oc_product_to_store` (`product_id`, `store_id`) VALUES ('374', '0');
INSERT INTO `oc_product_to_store` (`product_id`, `store_id`) VALUES ('376', '0');
INSERT INTO `oc_product_to_store` (`product_id`, `store_id`) VALUES ('377', '0');
INSERT INTO `oc_product_to_store` (`product_id`, `store_id`) VALUES ('378', '0');
INSERT INTO `oc_product_to_store` (`product_id`, `store_id`) VALUES ('379', '0');
INSERT INTO `oc_product_to_store` (`product_id`, `store_id`) VALUES ('380', '0');
INSERT INTO `oc_product_to_store` (`product_id`, `store_id`) VALUES ('381', '0');
INSERT INTO `oc_product_to_store` (`product_id`, `store_id`) VALUES ('382', '0');
INSERT INTO `oc_product_to_store` (`product_id`, `store_id`) VALUES ('383', '0');


TRUNCATE TABLE `oc_stock_status`;

INSERT INTO `oc_stock_status` (`stock_status_id`, `language_id`, `name`) VALUES ('7', '1', 'In Stock');
INSERT INTO `oc_stock_status` (`stock_status_id`, `language_id`, `name`) VALUES ('8', '1', 'Pre-Order');
INSERT INTO `oc_stock_status` (`stock_status_id`, `language_id`, `name`) VALUES ('5', '1', 'Out Of Stock');
INSERT INTO `oc_stock_status` (`stock_status_id`, `language_id`, `name`) VALUES ('6', '1', '2-3 Days');
INSERT INTO `oc_stock_status` (`stock_status_id`, `language_id`, `name`) VALUES ('7', '5', 'In Stock');
INSERT INTO `oc_stock_status` (`stock_status_id`, `language_id`, `name`) VALUES ('8', '5', 'Pre-Order');
INSERT INTO `oc_stock_status` (`stock_status_id`, `language_id`, `name`) VALUES ('5', '5', 'Out Of Stock');
INSERT INTO `oc_stock_status` (`stock_status_id`, `language_id`, `name`) VALUES ('6', '5', '2-3 Days');
INSERT INTO `oc_stock_status` (`stock_status_id`, `language_id`, `name`) VALUES ('7', '6', 'In Stock');
INSERT INTO `oc_stock_status` (`stock_status_id`, `language_id`, `name`) VALUES ('8', '6', 'Pre-Order');
INSERT INTO `oc_stock_status` (`stock_status_id`, `language_id`, `name`) VALUES ('5', '6', 'Out Of Stock');
INSERT INTO `oc_stock_status` (`stock_status_id`, `language_id`, `name`) VALUES ('6', '6', '2-3 Days');
INSERT INTO `oc_stock_status` (`stock_status_id`, `language_id`, `name`) VALUES ('7', '3', 'In Stock');
INSERT INTO `oc_stock_status` (`stock_status_id`, `language_id`, `name`) VALUES ('8', '3', 'Pre-Order');
INSERT INTO `oc_stock_status` (`stock_status_id`, `language_id`, `name`) VALUES ('5', '3', 'Out Of Stock');
INSERT INTO `oc_stock_status` (`stock_status_id`, `language_id`, `name`) VALUES ('6', '3', '2-3 Days');


TRUNCATE TABLE `oc_seo_url`;

INSERT INTO `oc_seo_url` (`seo_url_id`, `store_id`, `language_id`, `query`, `keyword`) VALUES ('868', '0', '1', 'product_id=48', 'ipod-classic');
INSERT INTO `oc_seo_url` (`seo_url_id`, `store_id`, `language_id`, `query`, `keyword`) VALUES ('836', '0', '1', 'category_id=20', 'desktops');
INSERT INTO `oc_seo_url` (`seo_url_id`, `store_id`, `language_id`, `query`, `keyword`) VALUES ('834', '0', '1', 'category_id=26', 'pc');
INSERT INTO `oc_seo_url` (`seo_url_id`, `store_id`, `language_id`, `query`, `keyword`) VALUES ('888', '0', '1', 'category_id=27', 'mac');
INSERT INTO `oc_seo_url` (`seo_url_id`, `store_id`, `language_id`, `query`, `keyword`) VALUES ('880', '0', '1', 'manufacturer_id=8', 'apple');
INSERT INTO `oc_seo_url` (`seo_url_id`, `store_id`, `language_id`, `query`, `keyword`) VALUES ('898', '0', '1', 'information_id=4', 'about_us');
INSERT INTO `oc_seo_url` (`seo_url_id`, `store_id`, `language_id`, `query`, `keyword`) VALUES ('903', '0', '1', 'product_id=42', 'test');
INSERT INTO `oc_seo_url` (`seo_url_id`, `store_id`, `language_id`, `query`, `keyword`) VALUES ('789', '0', '1', 'category_id=34', 'mp3-players');
INSERT INTO `oc_seo_url` (`seo_url_id`, `store_id`, `language_id`, `query`, `keyword`) VALUES ('781', '0', '1', 'category_id=36', 'test2');
INSERT INTO `oc_seo_url` (`seo_url_id`, `store_id`, `language_id`, `query`, `keyword`) VALUES ('774', '0', '1', 'category_id=18', 'laptop-notebook');
INSERT INTO `oc_seo_url` (`seo_url_id`, `store_id`, `language_id`, `query`, `keyword`) VALUES ('775', '0', '1', 'category_id=46', 'macs');
INSERT INTO `oc_seo_url` (`seo_url_id`, `store_id`, `language_id`, `query`, `keyword`) VALUES ('776', '0', '1', 'category_id=45', 'windows');
INSERT INTO `oc_seo_url` (`seo_url_id`, `store_id`, `language_id`, `query`, `keyword`) VALUES ('854', '0', '1', 'category_id=25', 'component');
INSERT INTO `oc_seo_url` (`seo_url_id`, `store_id`, `language_id`, `query`, `keyword`) VALUES ('778', '0', '1', 'category_id=29', 'mouse');
INSERT INTO `oc_seo_url` (`seo_url_id`, `store_id`, `language_id`, `query`, `keyword`) VALUES ('779', '0', '1', 'category_id=28', 'monitor');
INSERT INTO `oc_seo_url` (`seo_url_id`, `store_id`, `language_id`, `query`, `keyword`) VALUES ('780', '0', '1', 'category_id=35', 'test1');
INSERT INTO `oc_seo_url` (`seo_url_id`, `store_id`, `language_id`, `query`, `keyword`) VALUES ('782', '0', '1', 'category_id=30', 'printer');
INSERT INTO `oc_seo_url` (`seo_url_id`, `store_id`, `language_id`, `query`, `keyword`) VALUES ('783', '0', '1', 'category_id=31', 'scanner');
INSERT INTO `oc_seo_url` (`seo_url_id`, `store_id`, `language_id`, `query`, `keyword`) VALUES ('784', '0', '1', 'category_id=32', 'web-camera');
INSERT INTO `oc_seo_url` (`seo_url_id`, `store_id`, `language_id`, `query`, `keyword`) VALUES ('785', '0', '1', 'category_id=57', 'tablet');
INSERT INTO `oc_seo_url` (`seo_url_id`, `store_id`, `language_id`, `query`, `keyword`) VALUES ('786', '0', '1', 'category_id=17', 'software');
INSERT INTO `oc_seo_url` (`seo_url_id`, `store_id`, `language_id`, `query`, `keyword`) VALUES ('855', '0', '1', 'category_id=24', 'smartphone');
INSERT INTO `oc_seo_url` (`seo_url_id`, `store_id`, `language_id`, `query`, `keyword`) VALUES ('846', '0', '1', 'category_id=33', 'camera');
INSERT INTO `oc_seo_url` (`seo_url_id`, `store_id`, `language_id`, `query`, `keyword`) VALUES ('790', '0', '1', 'category_id=43', 'test11');
INSERT INTO `oc_seo_url` (`seo_url_id`, `store_id`, `language_id`, `query`, `keyword`) VALUES ('791', '0', '1', 'category_id=44', 'test12');
INSERT INTO `oc_seo_url` (`seo_url_id`, `store_id`, `language_id`, `query`, `keyword`) VALUES ('792', '0', '1', 'category_id=47', 'test15');
INSERT INTO `oc_seo_url` (`seo_url_id`, `store_id`, `language_id`, `query`, `keyword`) VALUES ('793', '0', '1', 'category_id=48', 'test16');
INSERT INTO `oc_seo_url` (`seo_url_id`, `store_id`, `language_id`, `query`, `keyword`) VALUES ('794', '0', '1', 'category_id=49', 'test17');
INSERT INTO `oc_seo_url` (`seo_url_id`, `store_id`, `language_id`, `query`, `keyword`) VALUES ('795', '0', '1', 'category_id=50', 'test18');
INSERT INTO `oc_seo_url` (`seo_url_id`, `store_id`, `language_id`, `query`, `keyword`) VALUES ('796', '0', '1', 'category_id=51', 'test19');
INSERT INTO `oc_seo_url` (`seo_url_id`, `store_id`, `language_id`, `query`, `keyword`) VALUES ('797', '0', '1', 'category_id=52', 'test20');
INSERT INTO `oc_seo_url` (`seo_url_id`, `store_id`, `language_id`, `query`, `keyword`) VALUES ('798', '0', '1', 'category_id=58', 'test25');
INSERT INTO `oc_seo_url` (`seo_url_id`, `store_id`, `language_id`, `query`, `keyword`) VALUES ('799', '0', '1', 'category_id=53', 'test21');
INSERT INTO `oc_seo_url` (`seo_url_id`, `store_id`, `language_id`, `query`, `keyword`) VALUES ('800', '0', '1', 'category_id=54', 'test22');
INSERT INTO `oc_seo_url` (`seo_url_id`, `store_id`, `language_id`, `query`, `keyword`) VALUES ('801', '0', '1', 'category_id=55', 'test23');
INSERT INTO `oc_seo_url` (`seo_url_id`, `store_id`, `language_id`, `query`, `keyword`) VALUES ('802', '0', '1', 'category_id=56', 'test24');
INSERT INTO `oc_seo_url` (`seo_url_id`, `store_id`, `language_id`, `query`, `keyword`) VALUES ('803', '0', '1', 'category_id=38', 'test4');
INSERT INTO `oc_seo_url` (`seo_url_id`, `store_id`, `language_id`, `query`, `keyword`) VALUES ('804', '0', '1', 'category_id=37', 'test5');
INSERT INTO `oc_seo_url` (`seo_url_id`, `store_id`, `language_id`, `query`, `keyword`) VALUES ('805', '0', '1', 'category_id=39', 'test6');
INSERT INTO `oc_seo_url` (`seo_url_id`, `store_id`, `language_id`, `query`, `keyword`) VALUES ('806', '0', '1', 'category_id=40', 'test7');
INSERT INTO `oc_seo_url` (`seo_url_id`, `store_id`, `language_id`, `query`, `keyword`) VALUES ('807', '0', '1', 'category_id=41', 'test8');
INSERT INTO `oc_seo_url` (`seo_url_id`, `store_id`, `language_id`, `query`, `keyword`) VALUES ('808', '0', '1', 'category_id=42', 'test9');
INSERT INTO `oc_seo_url` (`seo_url_id`, `store_id`, `language_id`, `query`, `keyword`) VALUES ('858', '0', '1', 'product_id=30', 'canon-eos-5d');
INSERT INTO `oc_seo_url` (`seo_url_id`, `store_id`, `language_id`, `query`, `keyword`) VALUES ('861', '0', '1', 'product_id=47', 'hp-lp3065');
INSERT INTO `oc_seo_url` (`seo_url_id`, `store_id`, `language_id`, `query`, `keyword`) VALUES ('862', '0', '1', 'product_id=28', 'htc-touch-hd');
INSERT INTO `oc_seo_url` (`seo_url_id`, `store_id`, `language_id`, `query`, `keyword`) VALUES ('873', '0', '1', 'product_id=43', 'macbook');
INSERT INTO `oc_seo_url` (`seo_url_id`, `store_id`, `language_id`, `query`, `keyword`) VALUES ('874', '0', '1', 'product_id=44', 'macbook-air');
INSERT INTO `oc_seo_url` (`seo_url_id`, `store_id`, `language_id`, `query`, `keyword`) VALUES ('875', '0', '1', 'product_id=45', 'macbook-pro');
INSERT INTO `oc_seo_url` (`seo_url_id`, `store_id`, `language_id`, `query`, `keyword`) VALUES ('876', '0', '1', 'product_id=31', 'nikon-d300');
INSERT INTO `oc_seo_url` (`seo_url_id`, `store_id`, `language_id`, `query`, `keyword`) VALUES ('906', '0', '1', 'product_id=376', 'journal-tee');
INSERT INTO `oc_seo_url` (`seo_url_id`, `store_id`, `language_id`, `query`, `keyword`) VALUES ('818', '0', '1', 'product_id=35', 'product-8');
INSERT INTO `oc_seo_url` (`seo_url_id`, `store_id`, `language_id`, `query`, `keyword`) VALUES ('892', '0', '1', 'product_id=49', 'samsung-galaxy-tab-10-1');
INSERT INTO `oc_seo_url` (`seo_url_id`, `store_id`, `language_id`, `query`, `keyword`) VALUES ('894', '0', '1', 'product_id=33', 'samsung-syncmaster-941bw');
INSERT INTO `oc_seo_url` (`seo_url_id`, `store_id`, `language_id`, `query`, `keyword`) VALUES ('863', '0', '1', 'product_id=41', 'imac');
INSERT INTO `oc_seo_url` (`seo_url_id`, `store_id`, `language_id`, `query`, `keyword`) VALUES ('864', '0', '1', 'product_id=40', 'iphone');
INSERT INTO `oc_seo_url` (`seo_url_id`, `store_id`, `language_id`, `query`, `keyword`) VALUES ('867', '0', '1', 'product_id=36', 'ipod-nano');
INSERT INTO `oc_seo_url` (`seo_url_id`, `store_id`, `language_id`, `query`, `keyword`) VALUES ('869', '0', '1', 'product_id=34', 'ipod-shuffle');
INSERT INTO `oc_seo_url` (`seo_url_id`, `store_id`, `language_id`, `query`, `keyword`) VALUES ('871', '0', '1', 'product_id=32', 'ipod-touch');
INSERT INTO `oc_seo_url` (`seo_url_id`, `store_id`, `language_id`, `query`, `keyword`) VALUES ('881', '0', '1', 'manufacturer_id=9', 'canon');
INSERT INTO `oc_seo_url` (`seo_url_id`, `store_id`, `language_id`, `query`, `keyword`) VALUES ('883', '0', '1', 'manufacturer_id=5', 'htc');
INSERT INTO `oc_seo_url` (`seo_url_id`, `store_id`, `language_id`, `query`, `keyword`) VALUES ('882', '0', '1', 'manufacturer_id=7', 'hewlett-packard');
INSERT INTO `oc_seo_url` (`seo_url_id`, `store_id`, `language_id`, `query`, `keyword`) VALUES ('884', '0', '1', 'manufacturer_id=6', 'palm');
INSERT INTO `oc_seo_url` (`seo_url_id`, `store_id`, `language_id`, `query`, `keyword`) VALUES ('885', '0', '1', 'manufacturer_id=10', 'sony');
INSERT INTO `oc_seo_url` (`seo_url_id`, `store_id`, `language_id`, `query`, `keyword`) VALUES ('841', '0', '1', 'information_id=6', 'delivery');
INSERT INTO `oc_seo_url` (`seo_url_id`, `store_id`, `language_id`, `query`, `keyword`) VALUES ('842', '0', '1', 'information_id=3', 'privacy');
INSERT INTO `oc_seo_url` (`seo_url_id`, `store_id`, `language_id`, `query`, `keyword`) VALUES ('843', '0', '1', 'information_id=5', 'terms');
INSERT INTO `oc_seo_url` (`seo_url_id`, `store_id`, `language_id`, `query`, `keyword`) VALUES ('904', '0', '1', 'category_id=59', 'fashion');


