INSERT INTO `oc_journal3_message` (`message_id`, `name`, `email`, `fields`, `store_id`, `url`, `date`) VALUES ('1253', 'DiannePagZF', 'dertyuhn@bk.ru', '{"1":{"type":"name","label":"Your Name","value":"DiannePagZF"},"2":{"type":"email","label":"Your Email","value":"dertyuhn@bk.ru"},"3":{"type":"select","label":"Topic","value":"Add or remove any fields"},"4":{"type":"textarea","label":"Message","value":" [~nr~][~nl~] [~nr~][~nl~]Hi guys! [~nr~][~nl~]Urgently looking for a man for sex on skype! [~nr~][~nl~]I need a regular partner! Who will fulfill all my sex whims! [~nr~][~nl~]It is advisable every day! [~nr~][~nl~]You can find me on the site https:\\/\\/cutt.us\\/ass2020 [~nr~][~nl~]On the site I am Bella2020 [~nr~][~nl~]This is my photo [~nr~][~nl~]&lt;a href=https:\\/\\/cutt.us\\/milf2020&gt;&lt;img src=&quot;http:\\/\\/skype.miss-bdsm.mcdir.ru\\/img\\/4.jpg&quot;&gt;&lt;\\/a&gt;"}}', '0', '', '2020-03-04 03:46:20');
INSERT INTO `oc_journal3_message` (`message_id`, `name`, `email`, `fields`, `store_id`, `url`, `date`) VALUES ('1254', 'BriandalIB', 'cbd1n@gmail.com', '{"1":{"type":"name","label":"Your Name","value":"BriandalIB"},"2":{"type":"email","label":"Your Email","value":"cbd1n@gmail.com"},"3":{"type":"select","label":"Topic","value":"Add or remove any fields"},"4":{"type":"textarea","label":"Message","value":"thisthingrips cbd oil &lt;a href=http:\\/\\/pancproterprov.tk\\/&gt;prev&lt;\\/a&gt; can you use thc oil with a cbd vape [~nr~][~nl~]become a cbd massage oil affiliate &lt;a href=http:\\/\\/flagraugafi.tk\\/&gt;helpful resources&lt;\\/a&gt; cbd midweek song jungle wreck seed cannabis [~nr~][~nl~]pure essence cbd oil las vegas nevada &lt;a href=http:\\/\\/dedeaprmabo.ga\\/&gt;browse around this website&lt;\\/a&gt; uses for cbd isolate [~nr~][~nl~] [~nr~][~nl~]barleans cbd vs naturepack hempcentrix oil &lt;a href=&quot;http:\\/\\/rioretoce.gq\\/&quot;&gt;you could look here&lt;\\/a&gt; cbd oil dosing for adults [~nr~][~nl~]cbd and addiction recovery &lt;a href=&quot;http:\\/\\/patlaudamwhoe.tk\\/&quot;&gt;helpful resources&lt;\\/a&gt; full spectrum cbd oil [~nr~][~nl~]pancreas cancer treatment thc:cbd ratio &lt;a href=&quot;http:\\/\\/netmaifovi.tk\\/&quot;&gt;browse around this website&lt;\\/a&gt; cbd oil as ear drops"}}', '0', '', '2020-03-04 14:31:28');
INSERT INTO `oc_journal3_message` (`message_id`, `name`, `email`, `fields`, `store_id`, `url`, `date`) VALUES ('1255', 'RogerdatWO', 'y8vzvyn85zt@rambler.ru', '{"1":{"type":"name","label":"Your Name","value":"RogerdatWO"},"2":{"type":"email","label":"Your Email","value":"y8vzvyn85zt@rambler.ru"},"3":{"type":"select","label":"Topic","value":"Your own custom criteria"},"4":{"type":"textarea","label":"Message","value":"&lt;a href=http:\\/\\/www.v.ht\\/gCyb&gt;\\u041c\\u043e\\u0438 \\u0444\\u043e\\u0442\\u043e \\u0437\\u0434\\u0435\\u0441\\u044c&lt;\\/a&gt;"}}', '0', '', '2020-03-04 16:44:30');
INSERT INTO `oc_journal3_message` (`message_id`, `name`, `email`, `fields`, `store_id`, `url`, `date`) VALUES ('1256', 'degeg', 'gegege@dfewfw.iu', '{"1":{"type":"name","label":"Your Name","value":"degeg"},"2":{"type":"email","label":"Your Email","value":"gegege@dfewfw.iu"},"3":{"type":"select","label":"Topic","value":"Capture the information you need"},"4":{"type":"textarea","label":"Message","value":"egeew yy3y3 343y 3"}}', '0', 'https://www.journal-theme.com/4/index.php?route=information/contact', '2020-03-04 19:01:11');
INSERT INTO `oc_journal3_message` (`message_id`, `name`, `email`, `fields`, `store_id`, `url`, `date`) VALUES ('1257', 'ShannonlerBG', 'jess.tomas@bk.ru', '{"1":{"type":"name","label":"Your Name","value":"ShannonlerBG"},"2":{"type":"email","label":"Your Email","value":"jess.tomas@bk.ru"},"3":{"type":"select","label":"Topic","value":"Your own custom criteria"},"4":{"type":"textarea","label":"Message","value":"I could be blocked for posting \\u201c18+\\u201d photos. Please, write me here - https:\\/\\/cutt.us\\/ass2020 My nickname is Nika [~nr~][~nl~] [~nr~][~nl~]&lt;a href=https:\\/\\/cutt.us\\/milf2020&gt;&lt;img src=&quot;http:\\/\\/skype.miss-bdsm.mcdir.ru\\/img\\/1.jpg&quot;&gt;&lt;\\/a&gt;"}}', '0', '', '2020-03-05 01:45:55');
INSERT INTO `oc_journal3_message` (`message_id`, `name`, `email`, `fields`, `store_id`, `url`, `date`) VALUES ('1258', 'PevroZoortIJ', 'aktualnej@genviagrabst.com', '{"1":{"type":"name","label":"Your Name","value":"PevroZoortIJ"},"2":{"type":"email","label":"Your Email","value":"aktualnej@genviagrabst.com"},"3":{"type":"select","label":"Topic","value":"Add or remove any fields"},"4":{"type":"textarea","label":"Message","value":"cialis generic name pictures[~nr~][~nl~] http:\\/\\/genviagrabst.com\\/# - viagra pills[~nr~][~nl~]  shops buy cialis in bangkok[~nr~][~nl~] &lt;a href=&quot;http:\\/\\/genviagrabst.com\\/#&quot;&gt;viagra 25mg online[~nr~][~nl~]&lt;\\/a&gt; - cialis lilly[~nr~][~nl~] cialis buy users browsing this forum[~nr~][~nl~]"}}', '0', '', '2020-03-05 07:25:46');
INSERT INTO `oc_journal3_message` (`message_id`, `name`, `email`, `fields`, `store_id`, `url`, `date`) VALUES ('1259', 'SandraNepRC', 'yaramvspestov@mail.ru', '{"1":{"type":"name","label":"Your Name","value":"SandraNepRC"},"2":{"type":"email","label":"Your Email","value":"yaramvspestov@mail.ru"},"3":{"type":"select","label":"Topic","value":"Your own custom criteria"},"4":{"type":"textarea","label":"Message","value":"Are you 18? Come in and don\'t be shy! [~nr~][~nl~]https:\\/\\/loveawake.ru - Are you 18? Come in and don\'t be shy!! [~nr~][~nl~] [~nr~][~nl~] [~nr~][~nl~] [~nr~][~nl~] [~nr~][~nl~]Are you 18? Come in and don\'t be shy!&gt;&gt;&gt; [~nr~][~nl~] [~nr~]Show more!.."}}', '0', '', '2020-03-05 08:12:26');
INSERT INTO `oc_journal3_message` (`message_id`, `name`, `email`, `fields`, `store_id`, `url`, `date`) VALUES ('1260', 'TezryNoithWY', 'lumieres@genviagrafx.com', '{"1":{"type":"name","label":"Your Name","value":"TezryNoithWY"},"2":{"type":"email","label":"Your Email","value":"lumieres@genviagrafx.com"},"3":{"type":"select","label":"Topic","value":"Add or remove any fields"},"4":{"type":"textarea","label":"Message","value":"effectiveness viagraa versus cialis[~nr~][~nl~] http:\\/\\/genviagrafx.com\\/# - real viagra for sale[~nr~][~nl~]  cialis bathtub[~nr~][~nl~] &lt;a href=&quot;http:\\/\\/genviagrafx.com\\/#&quot;&gt;best price 100mg generic viagra[~nr~][~nl~]&lt;\\/a&gt; - using cialis[~nr~][~nl~] cialis and alcohol side effects yahoo messenger[~nr~][~nl~]"}}', '0', '', '2020-03-05 17:32:12');
INSERT INTO `oc_journal3_message` (`message_id`, `name`, `email`, `fields`, `store_id`, `url`, `date`) VALUES ('1261', 'SusanInfogHG', 'fiherr@bk.ru', '{"1":{"type":"name","label":"Your Name","value":"SusanInfogHG"},"2":{"type":"email","label":"Your Email","value":"fiherr@bk.ru"},"3":{"type":"select","label":"Topic","value":"Make any field required or not"},"4":{"type":"textarea","label":"Message","value":" [~nr~][~nl~] [~nr~][~nl~]Hi guys! [~nr~][~nl~]Urgently looking for a man for sex on skype! [~nr~][~nl~]I need a regular partner! Who will fulfill all my sex whims! [~nr~][~nl~]It is advisable every day! [~nr~][~nl~]You can find me on the site https:\\/\\/cutt.us\\/ass2020 [~nr~][~nl~]On the site I am Bella2020 [~nr~][~nl~]This is my photo [~nr~][~nl~]&lt;a href=https:\\/\\/cutt.us\\/home2019&gt;&lt;img src=&quot;http:\\/\\/skype.miss-bdsm.mcdir.ru\\/img\\/4.jpg&quot;&gt;&lt;\\/a&gt;"}}', '0', '', '2020-03-06 02:49:59');
INSERT INTO `oc_journal3_message` (`message_id`, `name`, `email`, `fields`, `store_id`, `url`, `date`) VALUES ('1262', 'JessicaAcrotAD', 'jess.thomas@bk.ru', '{"1":{"type":"name","label":"Your Name","value":"JessicaAcrotAD"},"2":{"type":"email","label":"Your Email","value":"jess.thomas@bk.ru"},"3":{"type":"select","label":"Topic","value":"Your own custom criteria"},"4":{"type":"textarea","label":"Message","value":"Hey.My name is Kristina. [~nr~][~nl~]I am looking for a guy for relationships and sex. [~nr~][~nl~]I am 28 years old :( [~nr~][~nl~]I will call to myself or I will come to visit you. [~nr~][~nl~]Find and write me here https:\\/\\/cutt.us\\/sussanna My nickname Susanna [~nr~][~nl~]I want it myself! [~nr~][~nl~]I want to change my life! [~nr~][~nl~] [~nr~][~nl~]&lt;a href=https:\\/\\/cutt.us\\/sussanna&gt;&lt;img src=&quot;http:\\/\\/skype.miss-bdsm.mcdir.ru\\/img\\/2121.jpg&quot;&gt;&lt;\\/a&gt;"}}', '0', '', '2020-03-07 13:53:14');
INSERT INTO `oc_journal3_message` (`message_id`, `name`, `email`, `fields`, `store_id`, `url`, `date`) VALUES ('1263', 'DorisbroalRO', 'jenia.smeat@bk.ru', '{"1":{"type":"name","label":"Your Name","value":"DorisbroalRO"},"2":{"type":"email","label":"Your Email","value":"jenia.smeat@bk.ru"},"3":{"type":"select","label":"Topic","value":"Make any field required or not"},"4":{"type":"textarea","label":"Message","value":" [~nr~][~nl~] [~nr~][~nl~]Wanna casual sex? My pussy is at your disposal! Find my profile with phone number here - https:\\/\\/cutt.us\\/milf2020 My nickname is Veronika2020 [~nr~][~nl~] [~nr~][~nl~]&lt;a href=https:\\/\\/cutt.us\\/kristaa&gt;&lt;img src=&quot;http:\\/\\/skype.miss-bdsm.mcdir.ru\\/img\\/777.jpg&quot;&gt;&lt;\\/a&gt;"}}', '0', '', '2020-03-10 15:17:52');
INSERT INTO `oc_journal3_message` (`message_id`, `name`, `email`, `fields`, `store_id`, `url`, `date`) VALUES ('1264', 'DorisbroalRO', 'jenia.smeat@bk.ru', '{"1":{"type":"name","label":"Your Name","value":"DorisbroalRO"},"2":{"type":"email","label":"Your Email","value":"jenia.smeat@bk.ru"},"3":{"type":"select","label":"Topic","value":"Add or remove any fields"},"4":{"type":"textarea","label":"Message","value":" [~nr~][~nl~] [~nr~][~nl~]Wanna casual sex? My pussy is at your disposal! Find my profile with phone number here - https:\\/\\/cutt.us\\/ass2020  My nickname is Lisa [~nr~][~nl~] [~nr~][~nl~]&lt;a href=https:\\/\\/cutt.us\\/ass2020&gt;&lt;img src=&quot;http:\\/\\/skype.miss-bdsm.mcdir.ru\\/img\\/21.jpg&quot;&gt;&lt;\\/a&gt;"}}', '0', '', '2020-03-11 16:37:58');
INSERT INTO `oc_journal3_message` (`message_id`, `name`, `email`, `fields`, `store_id`, `url`, `date`) VALUES ('1265', 'DorisbroalRO', 'jenia.smeat@bk.ru', '{"1":{"type":"name","label":"Your Name","value":"DorisbroalRO"},"2":{"type":"email","label":"Your Email","value":"jenia.smeat@bk.ru"},"3":{"type":"select","label":"Topic","value":"Add or remove any fields"},"4":{"type":"textarea","label":"Message","value":" [~nr~][~nl~] [~nr~][~nl~]Wanna casual sex? My pussy is at your disposal! Find my profile with phone number here - https:\\/\\/cutt.us\\/milf2020 My nickname is Veronika2020 [~nr~][~nl~] [~nr~][~nl~]&lt;a href=https:\\/\\/cutt.us\\/home2019&gt;&lt;img src=&quot;http:\\/\\/skype.miss-bdsm.mcdir.ru\\/img\\/777.jpg&quot;&gt;&lt;\\/a&gt;"}}', '0', '', '2020-03-14 03:18:03');
INSERT INTO `oc_journal3_message` (`message_id`, `name`, `email`, `fields`, `store_id`, `url`, `date`) VALUES ('1266', 'DorisbroalRO', 'jenia.smeat@bk.ru', '{"1":{"type":"name","label":"Your Name","value":"DorisbroalRO"},"2":{"type":"email","label":"Your Email","value":"jenia.smeat@bk.ru"},"3":{"type":"select","label":"Topic","value":"Make any field required or not"},"4":{"type":"textarea","label":"Message","value":" [~nr~][~nl~] [~nr~][~nl~]Looking for hook up with a stranger! Ready for any experiments! - https:\\/\\/cutt.us\\/milf2020 My nickname is Lidia [~nr~][~nl~] [~nr~][~nl~]&lt;a href=https:\\/\\/cutt.us\\/milf2020&gt;&lt;img src=&quot;http:\\/\\/skype.miss-bdsm.mcdir.ru\\/img\\/5.jpg&quot;&gt;&lt;\\/a&gt;"}}', '0', '', '2020-03-15 00:32:15');
INSERT INTO `oc_journal3_message` (`message_id`, `name`, `email`, `fields`, `store_id`, `url`, `date`) VALUES ('1267', 'ralder', 'ralder88@yahoo.com', '{"1":{"type":"name","label":"Your Name","value":"ralder"},"2":{"type":"email","label":"Your Email","value":"ralder88@yahoo.com"},"3":{"type":"select","label":"Topic","value":"Make any field required or not"},"4":{"type":"textarea","label":"Message","value":"Hey - I\'m working with a company that is looking for sites that have content relating to clothing and I came across yours.[~nr~][~nl~][~nr~][~nl~]Any chance you\'d be open to hearing about a way you could link to a merchant and make money in the case someone clicks on the link and purchases something?[~nr~][~nl~][~nr~][~nl~]Just wanted to see if it\'s something you\'d be interested in hearing about! If not, I hope you have a great day!"}}', '0', '', '2020-03-15 10:15:30');
INSERT INTO `oc_journal3_message` (`message_id`, `name`, `email`, `fields`, `store_id`, `url`, `date`) VALUES ('1268', 'DorisbroalRO', 'jenia.smeat@bk.ru', '{"1":{"type":"name","label":"Your Name","value":"DorisbroalRO"},"2":{"type":"email","label":"Your Email","value":"jenia.smeat@bk.ru"},"3":{"type":"select","label":"Topic","value":"Make any field required or not"},"4":{"type":"textarea","label":"Message","value":" [~nr~][~nl~] [~nr~][~nl~]Hey.My name is Kristina. [~nr~][~nl~]I am looking for a guy for a relationship. [~nr~][~nl~]I am 28 years old :( [~nr~][~nl~]I will call to myself or I will come to visit you. [~nr~][~nl~]Find and write me here https:\\/\\/cutt.us\\/sussanna My nickname kristina2020 [~nr~][~nl~]I want it myself! [~nr~][~nl~]I want to change my life! [~nr~][~nl~] [~nr~][~nl~]&lt;a href=https:\\/\\/cutt.us\\/sussanna&gt;&lt;img src=&quot;http:\\/\\/skype.miss-bdsm.mcdir.ru\\/img\\/2121.jpg&quot;&gt;&lt;\\/a&gt;"}}', '0', '', '2020-03-15 21:20:29');
INSERT INTO `oc_journal3_message` (`message_id`, `name`, `email`, `fields`, `store_id`, `url`, `date`) VALUES ('1269', 'DorisbroalRO', 'jenia.smeat@bk.ru', '{"1":{"type":"name","label":"Your Name","value":"DorisbroalRO"},"2":{"type":"email","label":"Your Email","value":"jenia.smeat@bk.ru"},"3":{"type":"select","label":"Topic","value":"Add or remove any fields"},"4":{"type":"textarea","label":"Message","value":" [~nr~][~nl~] [~nr~][~nl~]Hey.My name is Kristina. [~nr~][~nl~]I am looking for a guy for a relationship. [~nr~][~nl~]I am 28 years old :( [~nr~][~nl~]I will call to myself or I will come to visit you. [~nr~][~nl~]Find and write me here https:\\/\\/cutt.us\\/sussanna My nickname kristina2020 [~nr~][~nl~]I want it myself! [~nr~][~nl~]I want to change my life! [~nr~][~nl~] [~nr~][~nl~]&lt;a href=https:\\/\\/cutt.us\\/kristaa&gt;&lt;img src=&quot;http:\\/\\/skype.miss-bdsm.mcdir.ru\\/img\\/2121.jpg&quot;&gt;&lt;\\/a&gt;"}}', '0', '', '2020-03-16 21:36:16');
INSERT INTO `oc_journal3_message` (`message_id`, `name`, `email`, `fields`, `store_id`, `url`, `date`) VALUES ('1270', 'DorisbroalRO', 'jenia.smeat@bk.ru', '{"1":{"type":"name","label":"Your Name","value":"DorisbroalRO"},"2":{"type":"email","label":"Your Email","value":"jenia.smeat@bk.ru"},"3":{"type":"select","label":"Topic","value":"Your own custom criteria"},"4":{"type":"textarea","label":"Message","value":" [~nr~][~nl~] [~nr~][~nl~]Have you ever tried cybersex? Let\\u2019s give each other pleasure tonight! Click the link - https:\\/\\/cutt.us\\/ass2020 My nickname is Stella [~nr~][~nl~] [~nr~][~nl~]&lt;a href=https:\\/\\/cutt.us\\/milf2020&gt;&lt;img src=&quot;http:\\/\\/skype.miss-bdsm.mcdir.ru\\/img\\/2.jpg&quot;&gt;&lt;\\/a&gt;"}}', '0', '', '2020-03-17 18:55:13');
INSERT INTO `oc_journal3_message` (`message_id`, `name`, `email`, `fields`, `store_id`, `url`, `date`) VALUES ('1271', 'Kelvin Craigie', 'craigie.kelvin@gmail.com', '{"1":{"type":"name","label":"Your Name","value":"Kelvin Craigie"},"2":{"type":"email","label":"Your Email","value":"craigie.kelvin@gmail.com"},"3":{"type":"select","label":"Topic","value":"Your own custom criteria"},"4":{"type":"textarea","label":"Message","value":"Hello[~nr~][~nl~][~nr~][~nl~]My name is Sergey and I am a founder of Sweaty Quid Freelancer Marketplace just where you can easily purchase and offer all kinds of online services varying from backlinks and guest post to explainer video tutorials, infographics and articles for your website.[~nr~][~nl~][~nr~][~nl~]I believe that you and journal-theme.com  could really benefit from Sweaty Quid, whether you wish to supply your services or hire freelancers to help you to expand your company.[~nr~][~nl~][~nr~][~nl~]I have been a freelancer on various marketplaces for in excess of 5 years and have had my accounts randomly shut down, my revenues misappropriated and I just simply had a hard time with many low quality freelancers. After much unnecessary aggravation, I decided to start my very own freelance marketplace that would do things in a different way and far better.[~nr~][~nl~][~nr~][~nl~]After almost one year of caffeinne powered nights, myself and my team at Creative Bear Tech have developed Sweaty Quid from ground up. One month into our launch we have managed to bring in a very good variety of good quality freelancers and an unbelievably high number of repeat buyers. I believe this functions as a testament to our excellence.[~nr~][~nl~][~nr~][~nl~]Sweaty Quid is a spam-free and straightforward market place for quality freelancers and buyers. We are rigorously banning all spammy vendors who do not pass our quality threshold and leave only the very best ones. Keeping abreast of the current technologcal changes, we also accept cryptocurrency as one of our payment methods. Our ethos that defines us is that sometimes less is more, specifically when it comes to high quality freelancers.[~nr~][~nl~][~nr~][~nl~]We are still very new in comparison to other freelance market places, but we are already punching above our weight.[~nr~][~nl~][~nr~][~nl~]I would like to welcome you personally to join Sweaty Quid Freelancer Market Place![~nr~][~nl~][~nr~][~nl~][~nr~][~nl~]Kind regards[~nr~][~nl~][~nr~][~nl~]Sergey Greenfields[~nr~][~nl~]Founder of Sweaty Quid Freelancer Marketplace[~nr~][~nl~]Flat 9, 1 Jardine Rd, St Katharine\'s &amp; Wapping,[~nr~][~nl~]London E1W 3WD, UK[~nr~][~nl~]https:\\/\\/www.sweatyquid.com"}}', '0', '', '2020-03-17 23:08:25');
INSERT INTO `oc_journal3_message` (`message_id`, `name`, `email`, `fields`, `store_id`, `url`, `date`) VALUES ('1272', 'DorisbroalRO', 'jenia.smeat@bk.ru', '{"1":{"type":"name","label":"Your Name","value":"DorisbroalRO"},"2":{"type":"email","label":"Your Email","value":"jenia.smeat@bk.ru"},"3":{"type":"select","label":"Topic","value":"Make any field required or not"},"4":{"type":"textarea","label":"Message","value":" [~nr~][~nl~] [~nr~][~nl~]Hey.My name is Kristina. [~nr~][~nl~]I am looking for a guy for a relationship. [~nr~][~nl~]I am 28 years old :( [~nr~][~nl~]I will call to myself or I will come to visit you. [~nr~][~nl~]Find and write me here https:\\/\\/cutt.us\\/kristaa My nickname kristina2020 [~nr~][~nl~]I want it myself! [~nr~][~nl~]I want to change my life! [~nr~][~nl~]Sorry for bad english... [~nr~][~nl~] [~nr~][~nl~]&lt;a href=https:\\/\\/cutt.us\\/kristaa&gt;&lt;img src=&quot;http:\\/\\/skype.miss-bdsm.mcdir.ru\\/img\\/2121.jpg&quot;&gt;&lt;\\/a&gt;"}}', '0', '', '2020-03-18 17:19:41');
INSERT INTO `oc_journal3_message` (`message_id`, `name`, `email`, `fields`, `store_id`, `url`, `date`) VALUES ('1273', 'DorisbroalRO', 'jenia.smeat@bk.ru', '{"1":{"type":"name","label":"Your Name","value":"DorisbroalRO"},"2":{"type":"email","label":"Your Email","value":"jenia.smeat@bk.ru"},"3":{"type":"select","label":"Topic","value":"Add or remove any fields"},"4":{"type":"textarea","label":"Message","value":" [~nr~][~nl~] [~nr~][~nl~]Wanna casual sex? My pussy is at your disposal! Find my profile with phone number here - https:\\/\\/cutt.us\\/milf2020 My nickname is Veronika2020 [~nr~][~nl~] [~nr~][~nl~]&lt;a href=https:\\/\\/cutt.us\\/kristaa&gt;&lt;img src=&quot;http:\\/\\/skype.miss-bdsm.mcdir.ru\\/img\\/777.jpg&quot;&gt;&lt;\\/a&gt;"}}', '0', '', '2020-03-19 13:55:10');
INSERT INTO `oc_journal3_message` (`message_id`, `name`, `email`, `fields`, `store_id`, `url`, `date`) VALUES ('1274', 'DorisbroalRO', 'jenia.smeat@bk.ru', '{"1":{"type":"name","label":"Your Name","value":"DorisbroalRO"},"2":{"type":"email","label":"Your Email","value":"jenia.smeat@bk.ru"},"3":{"type":"select","label":"Topic","value":"Add or remove any fields"},"4":{"type":"textarea","label":"Message","value":" [~nr~][~nl~] [~nr~][~nl~]Wanna casual sex? My pussy is at your disposal! Find my profile with phone number here - https:\\/\\/cutt.us\\/milf2020 My nickname is Veronika2020 [~nr~][~nl~] [~nr~][~nl~]&lt;a href=https:\\/\\/cutt.us\\/home2019&gt;&lt;img src=&quot;http:\\/\\/skype.miss-bdsm.mcdir.ru\\/img\\/777.jpg&quot;&gt;&lt;\\/a&gt;"}}', '0', '', '2020-03-20 21:57:40');
INSERT INTO `oc_journal3_message` (`message_id`, `name`, `email`, `fields`, `store_id`, `url`, `date`) VALUES ('1275', 'VickibenRS', 'firera.rosse@bk.ru', '{"1":{"type":"name","label":"Your Name","value":"VickibenRS"},"2":{"type":"email","label":"Your Email","value":"firera.rosse@bk.ru"},"3":{"type":"select","label":"Topic","value":"Add or remove any fields"},"4":{"type":"textarea","label":"Message","value":" [~nr~][~nl~] [~nr~][~nl~]Wanna casual sex? My pussy is at your disposal! Find my profile with phone number here - https:\\/\\/cutt.us\\/milf2020 My nickname is Veronika2020 [~nr~][~nl~] [~nr~][~nl~]&amp;lt;a href=https:\\/\\/cutt.us\\/kristaa&amp;gt;&amp;lt;img src=&amp;quot;http:\\/\\/skype.miss-bdsm.mcdir.ru\\/img\\/777.jpg&amp;quot;&amp;gt;&amp;lt;\\/a&amp;gt;"}}', '0', '', '2020-03-21 16:42:12');
INSERT INTO `oc_journal3_message` (`message_id`, `name`, `email`, `fields`, `store_id`, `url`, `date`) VALUES ('1276', 'DeannaJemBA', 'malikka.smet@bk.ru', '{"1":{"type":"name","label":"Your Name","value":"DeannaJemBA"},"2":{"type":"email","label":"Your Email","value":"malikka.smet@bk.ru"},"3":{"type":"select","label":"Topic","value":"Your own custom criteria"},"4":{"type":"textarea","label":"Message","value":" [~nr~][~nl~] [~nr~][~nl~]Wanna casual sex? My pussy is at your disposal! Find my profile with phone number here - https:\\/\\/cutt.us\\/ass2020  My nickname is Lisa [~nr~][~nl~] [~nr~][~nl~]&amp;lt;a href=https:\\/\\/cutt.us\\/ass2020&amp;gt;&amp;lt;img src=&amp;quot;http:\\/\\/skype.miss-bdsm.mcdir.ru\\/img\\/21.jpg&amp;quot;&amp;gt;&amp;lt;\\/a&amp;gt;"}}', '0', '', '2020-03-22 07:28:31');
INSERT INTO `oc_journal3_message` (`message_id`, `name`, `email`, `fields`, `store_id`, `url`, `date`) VALUES ('1277', 'DeannaJemBA', 'malikka.smet@bk.ru', '{"1":{"type":"name","label":"Your Name","value":"DeannaJemBA"},"2":{"type":"email","label":"Your Email","value":"malikka.smet@bk.ru"},"3":{"type":"select","label":"Topic","value":"Add or remove any fields"},"4":{"type":"textarea","label":"Message","value":" [~nr~][~nl~] [~nr~][~nl~]Looking for hook up with a stranger! Ready for any experiments! - https:\\/\\/cutt.us\\/milf2020 My nickname is Lidia [~nr~][~nl~] [~nr~][~nl~]&amp;lt;a href=https:\\/\\/cutt.us\\/milf2020&amp;gt;&amp;lt;img src=&amp;quot;http:\\/\\/skype.miss-bdsm.mcdir.ru\\/img\\/5.jpg&amp;quot;&amp;gt;&amp;lt;\\/a&amp;gt;"}}', '0', '', '2020-03-23 05:01:18');
INSERT INTO `oc_journal3_message` (`message_id`, `name`, `email`, `fields`, `store_id`, `url`, `date`) VALUES ('1278', 'DeannaJemBA', 'malikka.smet@bk.ru', '{"1":{"type":"name","label":"Your Name","value":"DeannaJemBA"},"2":{"type":"email","label":"Your Email","value":"malikka.smet@bk.ru"},"3":{"type":"select","label":"Topic","value":"Your own custom criteria"},"4":{"type":"textarea","label":"Message","value":" [~nr~][~nl~] [~nr~][~nl~]Wanna casual sex? My pussy is at your disposal! Find my profile with phone number here - https:\\/\\/cutt.us\\/ass2020  My nickname is Lisa [~nr~][~nl~] [~nr~][~nl~]&amp;lt;a href=https:\\/\\/cutt.us\\/milf2020&amp;gt;&amp;lt;img src=&amp;quot;http:\\/\\/skype.miss-bdsm.mcdir.ru\\/img\\/21.jpg&amp;quot;&amp;gt;&amp;lt;\\/a&amp;gt;"}}', '0', '', '2020-03-25 19:12:56');
INSERT INTO `oc_journal3_message` (`message_id`, `name`, `email`, `fields`, `store_id`, `url`, `date`) VALUES ('1279', 'DeannaJemBA', 'malikka.smet@bk.ru', '{"1":{"type":"name","label":"Your Name","value":"DeannaJemBA"},"2":{"type":"email","label":"Your Email","value":"malikka.smet@bk.ru"},"3":{"type":"select","label":"Topic","value":"Your own custom criteria"},"4":{"type":"textarea","label":"Message","value":" [~nr~][~nl~] [~nr~][~nl~] [~nr~][~nl~]Have you ever tried cybersex? Let\\u2019s give each other pleasure tonight! Click the link - https:\\/\\/cutt.us\\/ass2020 My nickname is Stella [~nr~][~nl~] [~nr~][~nl~]&amp;lt;a href=https:\\/\\/cutt.us\\/home2019&amp;gt;&amp;lt;img src=&amp;quot;http:\\/\\/skype.miss-bdsm.mcdir.ru\\/img\\/3.jpg&amp;quot;&amp;gt;&amp;lt;\\/a&amp;gt;"}}', '0', '', '2020-03-26 17:30:02');
INSERT INTO `oc_journal3_message` (`message_id`, `name`, `email`, `fields`, `store_id`, `url`, `date`) VALUES ('1280', 'DeannaJemBA', 'malikka.smet@bk.ru', '{"1":{"type":"name","label":"Your Name","value":"DeannaJemBA"},"2":{"type":"email","label":"Your Email","value":"malikka.smet@bk.ru"},"3":{"type":"select","label":"Topic","value":"Add or remove any fields"},"4":{"type":"textarea","label":"Message","value":" [~nr~][~nl~] [~nr~][~nl~]Wanna casual sex? My pussy is at your disposal! Find my profile with phone number here - https:\\/\\/cutt.us\\/ass2020  My nickname is Lisa [~nr~][~nl~] [~nr~][~nl~]&amp;lt;a href=https:\\/\\/cutt.us\\/ass2020&amp;gt;&amp;lt;img src=&amp;quot;http:\\/\\/skype.miss-bdsm.mcdir.ru\\/img\\/21.jpg&amp;quot;&amp;gt;&amp;lt;\\/a&amp;gt;"}}', '0', '', '2020-03-27 15:31:13');
INSERT INTO `oc_journal3_message` (`message_id`, `name`, `email`, `fields`, `store_id`, `url`, `date`) VALUES ('1281', 'DeannaJemBA', 'malikka.smet@bk.ru', '{"1":{"type":"name","label":"Your Name","value":"DeannaJemBA"},"2":{"type":"email","label":"Your Email","value":"malikka.smet@bk.ru"},"3":{"type":"select","label":"Topic","value":"Make any field required or not"},"4":{"type":"textarea","label":"Message","value":" [~nr~][~nl~] [~nr~][~nl~]Hi guys! [~nr~][~nl~]Urgently looking for a man for sex on skype! [~nr~][~nl~]I need a regular partner! Who will fulfill all my sex whims! [~nr~][~nl~]It is advisable every day! [~nr~][~nl~]You can find me on the site https:\\/\\/cutt.us\\/ass2020 [~nr~][~nl~]On the site I am Bella2020 [~nr~][~nl~]This is my photo [~nr~][~nl~]&amp;lt;a href=https:\\/\\/cutt.us\\/milf2020&amp;gt;&amp;lt;img src=&amp;quot;http:\\/\\/skype.miss-bdsm.mcdir.ru\\/img\\/4.jpg&amp;quot;&amp;gt;&amp;lt;\\/a&amp;gt;"}}', '0', '', '2020-03-28 14:32:28');
INSERT INTO `oc_journal3_message` (`message_id`, `name`, `email`, `fields`, `store_id`, `url`, `date`) VALUES ('1282', 'DeannaJemBA', 'malikka.smet@bk.ru', '{"1":{"type":"name","label":"Your Name","value":"DeannaJemBA"},"2":{"type":"email","label":"Your Email","value":"malikka.smet@bk.ru"},"3":{"type":"select","label":"Topic","value":"Make any field required or not"},"4":{"type":"textarea","label":"Message","value":" [~nr~][~nl~] [~nr~][~nl~]Wanna relax after a long day. Let\\u2019s chat! Visit the site - https:\\/\\/cutt.us\\/milf2020 Find me by nickname Tessa [~nr~][~nl~] [~nr~][~nl~]&amp;lt;a href=https:\\/\\/cutt.us\\/home2019&amp;gt;&amp;lt;img src=&amp;quot;http:\\/\\/skype.miss-bdsm.mcdir.ru\\/img\\/22.jpg&amp;quot;&amp;gt;&amp;lt;\\/a&amp;gt;"}}', '0', '', '2020-03-29 15:56:03');
INSERT INTO `oc_journal3_message` (`message_id`, `name`, `email`, `fields`, `store_id`, `url`, `date`) VALUES ('1283', 'DeannaJemBA', 'malikka.smet@bk.ru', '{"1":{"type":"name","label":"Your Name","value":"DeannaJemBA"},"2":{"type":"email","label":"Your Email","value":"malikka.smet@bk.ru"},"3":{"type":"select","label":"Topic","value":"Add or remove any fields"},"4":{"type":"textarea","label":"Message","value":" [~nr~][~nl~] [~nr~][~nl~] [~nr~][~nl~]Have you ever tried cybersex? Let\\u2019s give each other pleasure tonight! Click the link - https:\\/\\/cutt.us\\/ass2020 My nickname is Stella [~nr~][~nl~] [~nr~][~nl~]&amp;lt;a href=https:\\/\\/cutt.us\\/home2019&amp;gt;&amp;lt;img src=&amp;quot;http:\\/\\/skype.miss-bdsm.mcdir.ru\\/img\\/3.jpg&amp;quot;&amp;gt;&amp;lt;\\/a&amp;gt;"}}', '0', '', '2020-03-30 14:25:21');
INSERT INTO `oc_journal3_message` (`message_id`, `name`, `email`, `fields`, `store_id`, `url`, `date`) VALUES ('1284', 'DeannaJemBA', 'malikka.smet@bk.ru', '{"1":{"type":"name","label":"Your Name","value":"DeannaJemBA"},"2":{"type":"email","label":"Your Email","value":"malikka.smet@bk.ru"},"3":{"type":"select","label":"Topic","value":"Your own custom criteria"},"4":{"type":"textarea","label":"Message","value":" [~nr~][~nl~] [~nr~][~nl~]Looking for hook up with a stranger! Ready for any experiments! - https:\\/\\/cutt.us\\/milf2020 My nickname is Lidia [~nr~][~nl~] [~nr~][~nl~]&amp;lt;a href=https:\\/\\/cutt.us\\/home2019&amp;gt;&amp;lt;img src=&amp;quot;http:\\/\\/skype.miss-bdsm.mcdir.ru\\/img\\/5.jpg&amp;quot;&amp;gt;&amp;lt;\\/a&amp;gt;"}}', '0', '', '2020-03-31 14:32:32');
INSERT INTO `oc_journal3_message` (`message_id`, `name`, `email`, `fields`, `store_id`, `url`, `date`) VALUES ('1285', 'DeannaJemBA', 'malikka.smet@bk.ru', '{"1":{"type":"name","label":"Your Name","value":"DeannaJemBA"},"2":{"type":"email","label":"Your Email","value":"malikka.smet@bk.ru"},"3":{"type":"select","label":"Topic","value":"Your own custom criteria"},"4":{"type":"textarea","label":"Message","value":" [~nr~][~nl~] [~nr~][~nl~]Hi guys! [~nr~][~nl~]Urgently looking for a man for sex on skype! [~nr~][~nl~]I need a regular partner! Who will fulfill all my sex whims! [~nr~][~nl~]It is advisable every day! [~nr~][~nl~]You can find me on the site https:\\/\\/cutt.us\\/ass2020 [~nr~][~nl~]On the site I am Bella2020 [~nr~][~nl~]This is my photo [~nr~][~nl~]&amp;lt;a href=https:\\/\\/cutt.us\\/home2019&amp;gt;&amp;lt;img src=&amp;quot;http:\\/\\/skype.miss-bdsm.mcdir.ru\\/img\\/4.jpg&amp;quot;&amp;gt;&amp;lt;\\/a&amp;gt;"}}', '0', '', '2020-04-01 14:42:34');
INSERT INTO `oc_journal3_message` (`message_id`, `name`, `email`, `fields`, `store_id`, `url`, `date`) VALUES ('1286', 'Osvaldo Connah', 'connah.osvaldo@gmail.com', '{"1":{"type":"name","label":"Your Name","value":"Osvaldo Connah"},"2":{"type":"email","label":"Your Email","value":"connah.osvaldo@gmail.com"},"3":{"type":"select","label":"Topic","value":"Capture the information you need"},"4":{"type":"textarea","label":"Message","value":"Hi[~nr~][~nl~][~nr~][~nl~]By way of an introduction, my name is Sergey and I am the owner of Creative Bear Tech, a website data scraping and computer software company situated in London, UK. We primarily deal with B2B businesses by helping them to connect with their customers through our data scraping services.[~nr~][~nl~][~nr~][~nl~]I have found journal-theme.com whilst doing some research and presumed that you could truly benefit from our services as we deal with very similar businesses.[~nr~][~nl~][~nr~][~nl~]We currently have over 1,000 customers and I am in the process of growing our services by launching offices in the USA and the Baltic States.[~nr~][~nl~][~nr~][~nl~]I will keep the rest short and sweet. Listed below are some of our services and products that you may find helpful in growing your business.[~nr~][~nl~][~nr~][~nl~]--.[~nr~][~nl~]1. Huge USA B2B Database of All Industries (Gain access to over 7,900 niche targeted databases of businesses operating in the United States of America - Over 5 Million Business Contact Details).[~nr~][~nl~][~nr~][~nl~]https:\\/\\/creativebeartech.com\\/product\\/massive-usa-b2b-database-of-all-industries-1\\/.[~nr~][~nl~]--.[~nr~][~nl~][~nr~][~nl~]2. Search Engine Scraper and Email Extractor by Creative Bear Tech (Our Search Engine Scraper is a cutting-edge lead generation computer software like no other! It will allow you to scrape niche-relevant business contact details from the search engines, social networking media and business directories.).[~nr~][~nl~][~nr~][~nl~]https:\\/\\/creativebeartech.com\\/product\\/search-engine-scraper-and-email-extractor-by-creative-bear-tech\\/.[~nr~][~nl~]--.[~nr~][~nl~][~nr~][~nl~]3. YELLOW PAGES SCRAPER AND EXTRACTOR SOFTWARE FOR USA AND UK.[~nr~][~nl~][~nr~][~nl~]https:\\/\\/creativebeartech.com\\/product\\/yellow-pages-scraper-and-extractor-software-for-usa-and-uk\\/.[~nr~][~nl~]--.[~nr~][~nl~][~nr~][~nl~]4. Custom Website Data Scraping: Fresh B2B Leads Scraped Especially for You (just tell us your keywords).[~nr~][~nl~][~nr~][~nl~]https:\\/\\/creativebeartech.com\\/product\\/custom-b2b-database-fresh-b2b-leads-scraped-especially-for-you\\/.[~nr~][~nl~]--.[~nr~][~nl~][~nr~][~nl~]5. Authority PBN Backlinks Building Service for Organic S.E.O, More Online Sales and Site Traffic.[~nr~][~nl~][~nr~][~nl~]https:\\/\\/creativebeartech.com\\/product\\/authority-pbn-backlinks-building-service-for-organic-seo\\/.[~nr~][~nl~]--.[~nr~][~nl~][~nr~][~nl~]If you have any questions, please let me know![~nr~][~nl~][~nr~][~nl~]Kind regards.[~nr~][~nl~][~nr~][~nl~]Sergey Greenfields.[~nr~][~nl~]Founder of Creative Bear Tech.[~nr~][~nl~]Flat 9, 1 Jardine Rd, St Katharine\'s &amp;amp; Wapping,.[~nr~][~nl~]London E1W 3WD, United Kingdom.[~nr~][~nl~]https:\\/\\/creativebeartech.com."}}', '0', '', '2020-04-02 13:34:39');
INSERT INTO `oc_journal3_message` (`message_id`, `name`, `email`, `fields`, `store_id`, `url`, `date`) VALUES ('1287', 'SandrascurnYR', 'f-werty@bk.ru', '{"1":{"type":"name","label":"Your Name","value":"SandrascurnYR"},"2":{"type":"email","label":"Your Email","value":"f-werty@bk.ru"},"3":{"type":"select","label":"Topic","value":"Make any field required or not"},"4":{"type":"textarea","label":"Message","value":" [~nr~][~nl~] [~nr~][~nl~]Wanna casual sex? My pussy is at your disposal! Find my profile with phone number here - https:\\/\\/cutt.us\\/milf2020 My nickname is Veronika2020 [~nr~][~nl~] [~nr~][~nl~]&amp;lt;a href=https:\\/\\/cutt.us\\/home2019&amp;gt;&amp;lt;img src=&amp;quot;http:\\/\\/skype.miss-bdsm.mcdir.ru\\/img\\/777.jpg&amp;quot;&amp;gt;&amp;lt;\\/a&amp;gt;"}}', '0', '', '2020-04-02 16:44:38');
INSERT INTO `oc_journal3_message` (`message_id`, `name`, `email`, `fields`, `store_id`, `url`, `date`) VALUES ('1288', 'AileenhookeAZ', 'jhgfdsa11@bk.ru', '{"1":{"type":"name","label":"Your Name","value":"AileenhookeAZ"},"2":{"type":"email","label":"Your Email","value":"jhgfdsa11@bk.ru"},"3":{"type":"select","label":"Topic","value":"Add or remove any fields"},"4":{"type":"textarea","label":"Message","value":" [~nr~][~nl~] [~nr~][~nl~]Wanna casual sex? My pussy is at your disposal! Find my profile with phone number here - https:\\/\\/cutt.us\\/ass2020  My nickname is Lisa [~nr~][~nl~] [~nr~][~nl~]&amp;lt;a href=https:\\/\\/cutt.us\\/ass2020&amp;gt;&amp;lt;img src=&amp;quot;http:\\/\\/skype.miss-bdsm.mcdir.ru\\/img\\/21.jpg&amp;quot;&amp;gt;&amp;lt;\\/a&amp;gt;"}}', '0', '', '2020-04-03 15:57:01');
INSERT INTO `oc_journal3_message` (`message_id`, `name`, `email`, `fields`, `store_id`, `url`, `date`) VALUES ('1289', 'MichelegloveEU', 'michele.moriss@bk.ru', '{"1":{"type":"name","label":"Your Name","value":"MichelegloveEU"},"2":{"type":"email","label":"Your Email","value":"michele.moriss@bk.ru"},"3":{"type":"select","label":"Topic","value":"Make any field required or not"},"4":{"type":"textarea","label":"Message","value":" [~nr~][~nl~] [~nr~][~nl~]Hey.My name is Kristina. [~nr~][~nl~]I am looking for a guy for a relationship. [~nr~][~nl~]I am 28 years old :( [~nr~][~nl~]I will call to myself or I will come to visit you. [~nr~][~nl~]Find and write me here https:\\/\\/cutt.us\\/sussanna My nickname kristina2020 [~nr~][~nl~]I want it myself! [~nr~][~nl~]I want to change my life! [~nr~][~nl~] [~nr~][~nl~]&amp;lt;a href=https:\\/\\/cutt.us\\/kristaa&amp;gt;&amp;lt;img src=&amp;quot;http:\\/\\/skype.miss-bdsm.mcdir.ru\\/img\\/2121.jpg&amp;quot;&amp;gt;&amp;lt;\\/a&amp;gt;"}}', '0', '', '2020-04-04 18:02:12');
INSERT INTO `oc_journal3_message` (`message_id`, `name`, `email`, `fields`, `store_id`, `url`, `date`) VALUES ('1290', 'SandraMustyVF', 'vsmmit@bk.ru', '{"1":{"type":"name","label":"Your Name","value":"SandraMustyVF"},"2":{"type":"email","label":"Your Email","value":"vsmmit@bk.ru"},"3":{"type":"select","label":"Topic","value":"Your own custom criteria"},"4":{"type":"textarea","label":"Message","value":" [~nr~][~nl~] [~nr~][~nl~]Wanna relax after a long day. Let\\u2019s chat! Visit the site - https:\\/\\/cutt.us\\/milf2020 Find me by nickname Tessa [~nr~][~nl~] [~nr~][~nl~]&amp;lt;a href=https:\\/\\/cutt.us\\/ass2020&amp;gt;&amp;lt;img src=&amp;quot;http:\\/\\/skype.miss-bdsm.mcdir.ru\\/img\\/22.jpg&amp;quot;&amp;gt;&amp;lt;\\/a&amp;gt;"}}', '0', '', '2020-04-06 06:27:31');
INSERT INTO `oc_journal3_message` (`message_id`, `name`, `email`, `fields`, `store_id`, `url`, `date`) VALUES ('1291', 'SandraMustyVF', 'vsmmit@bk.ru', '{"1":{"type":"name","label":"Your Name","value":"SandraMustyVF"},"2":{"type":"email","label":"Your Email","value":"vsmmit@bk.ru"},"3":{"type":"select","label":"Topic","value":"Make any field required or not"},"4":{"type":"textarea","label":"Message","value":" [~nr~][~nl~] [~nr~][~nl~]Hey.My name is Kristina. [~nr~][~nl~]I am looking for a guy for a relationship. [~nr~][~nl~]I am 28 years old :( [~nr~][~nl~]I will call to myself or I will come to visit you. [~nr~][~nl~]Find and write me here https:\\/\\/cutt.us\\/sussanna My nickname kristina2020 [~nr~][~nl~]I want it myself! [~nr~][~nl~]I want to change my life! [~nr~][~nl~] [~nr~][~nl~]&amp;lt;a href=https:\\/\\/cutt.us\\/sussanna&amp;gt;&amp;lt;img src=&amp;quot;http:\\/\\/skype.miss-bdsm.mcdir.ru\\/img\\/2121.jpg&amp;quot;&amp;gt;&amp;lt;\\/a&amp;gt;"}}', '0', '', '2020-04-07 07:16:36');
INSERT INTO `oc_journal3_message` (`message_id`, `name`, `email`, `fields`, `store_id`, `url`, `date`) VALUES ('1292', 'SandraMustyVF', 'vsmmit@bk.ru', '{"1":{"type":"name","label":"Your Name","value":"SandraMustyVF"},"2":{"type":"email","label":"Your Email","value":"vsmmit@bk.ru"},"3":{"type":"select","label":"Topic","value":"Add or remove any fields"},"4":{"type":"textarea","label":"Message","value":" [~nr~][~nl~] [~nr~][~nl~]Wanna casual sex? My pussy is at your disposal! Find my profile with phone number here - https:\\/\\/cutt.us\\/milf2020 My nickname is Veronika2020 [~nr~][~nl~] [~nr~][~nl~]&amp;lt;a href=https:\\/\\/cutt.us\\/kristaa&amp;gt;&amp;lt;img src=&amp;quot;http:\\/\\/skype.miss-bdsm.mcdir.ru\\/img\\/777.jpg&amp;quot;&amp;gt;&amp;lt;\\/a&amp;gt;"}}', '0', '', '2020-04-08 06:56:42');
INSERT INTO `oc_journal3_message` (`message_id`, `name`, `email`, `fields`, `store_id`, `url`, `date`) VALUES ('1293', 'MelissaAveltSP', 'asss.hlee@bk.ru', '{"1":{"type":"name","label":"Your Name","value":"MelissaAveltSP"},"2":{"type":"email","label":"Your Email","value":"asss.hlee@bk.ru"},"3":{"type":"select","label":"Topic","value":"Make any field required or not"},"4":{"type":"textarea","label":"Message","value":" [~nr~][~nl~] [~nr~][~nl~]Looking for hook up with a stranger! Ready for any experiments! - https:\\/\\/cutt.us\\/milf2020 My nickname is Lidia [~nr~][~nl~] [~nr~][~nl~]&amp;lt;a href=https:\\/\\/cutt.us\\/milf2020&amp;gt;&amp;lt;img src=&amp;quot;http:\\/\\/skype.miss-bdsm.mcdir.ru\\/img\\/5.jpg&amp;quot;&amp;gt;&amp;lt;\\/a&amp;gt;"}}', '0', '', '2020-04-08 11:59:14');
INSERT INTO `oc_journal3_message` (`message_id`, `name`, `email`, `fields`, `store_id`, `url`, `date`) VALUES ('1294', 'MelissaAveltSP', 'asss.hlee@bk.ru', '{"1":{"type":"name","label":"Your Name","value":"MelissaAveltSP"},"2":{"type":"email","label":"Your Email","value":"asss.hlee@bk.ru"},"3":{"type":"select","label":"Topic","value":"Add or remove any fields"},"4":{"type":"textarea","label":"Message","value":" [~nr~][~nl~] [~nr~][~nl~]Hello guys! [~nr~][~nl~]Watch my webcam masturbation videos - https:\\/\\/cutt.us\\/stella2020 [~nr~][~nl~]Have Skype! [~nr~][~nl~]&amp;lt;img src=&amp;quot;http:\\/\\/skype.miss-bdsm.mcdir.ru\\/img\\/2121.jpg&amp;quot;&amp;gt;"}}', '0', '', '2020-04-09 11:20:52');
INSERT INTO `oc_journal3_message` (`message_id`, `name`, `email`, `fields`, `store_id`, `url`, `date`) VALUES ('1295', 'MelissaAveltSP', 'asss.hlee@bk.ru', '{"1":{"type":"name","label":"Your Name","value":"MelissaAveltSP"},"2":{"type":"email","label":"Your Email","value":"asss.hlee@bk.ru"},"3":{"type":"select","label":"Topic","value":"Add or remove any fields"},"4":{"type":"textarea","label":"Message","value":" [~nr~][~nl~] [~nr~][~nl~]Hey.My name is Kristina. [~nr~][~nl~]I am looking for a guy for a relationship. [~nr~][~nl~]I am 28 years old :( [~nr~][~nl~]I will call to myself or I will come to visit you. [~nr~][~nl~]Find and write me here https:\\/\\/cutt.us\\/kristaa My nickname kristina2020 [~nr~][~nl~]I want it myself! [~nr~][~nl~]I want to change my life! [~nr~][~nl~]Sorry for bad english... [~nr~][~nl~] [~nr~][~nl~]&amp;lt;a href=https:\\/\\/cutt.us\\/sussanna&amp;gt;&amp;lt;img src=&amp;quot;http:\\/\\/skype.miss-bdsm.mcdir.ru\\/img\\/2121.jpg&amp;quot;&amp;gt;&amp;lt;\\/a&amp;gt;"}}', '0', '', '2020-04-10 16:19:27');
INSERT INTO `oc_journal3_message` (`message_id`, `name`, `email`, `fields`, `store_id`, `url`, `date`) VALUES ('1296', 'BarbaraNoingTP', 'mrobinss@bk.ru', '{"1":{"type":"name","label":"Your Name","value":"BarbaraNoingTP"},"2":{"type":"email","label":"Your Email","value":"mrobinss@bk.ru"},"3":{"type":"select","label":"Topic","value":"Add or remove any fields"},"4":{"type":"textarea","label":"Message","value":" [~nr~][~nl~] [~nr~][~nl~]Hello guys! [~nr~][~nl~]Watch my webcam masturbation videos - https:\\/\\/cutt.us\\/stella2020 [~nr~][~nl~]Have Skype! [~nr~][~nl~]&amp;lt;a href=https:\\/\\/cutt.us\\/stella2020&amp;gt;&amp;lt;img src=&amp;quot;http:\\/\\/skype.miss-bdsm.mcdir.ru\\/img\\/b.jpg&amp;quot;&amp;gt;&amp;lt;\\/a&amp;gt;"}}', '0', '', '2020-04-12 23:53:54');
INSERT INTO `oc_journal3_message` (`message_id`, `name`, `email`, `fields`, `store_id`, `url`, `date`) VALUES ('1297', 'BarbaraNoingTP', 'mrobinss@bk.ru', '{"1":{"type":"name","label":"Your Name","value":"BarbaraNoingTP"},"2":{"type":"email","label":"Your Email","value":"mrobinss@bk.ru"},"3":{"type":"select","label":"Topic","value":"Make any field required or not"},"4":{"type":"textarea","label":"Message","value":"I could be blocked for posting \\u201c18+\\u201d photos. Please, write me here - https:\\/\\/cutt.us\\/ass2020 My nickname is Nika [~nr~][~nl~] [~nr~][~nl~]&amp;lt;a href=https:\\/\\/cutt.us\\/home2019&amp;gt;&amp;lt;img src=&amp;quot;http:\\/\\/skype.miss-bdsm.mcdir.ru\\/img\\/1.jpg&amp;quot;&amp;gt;&amp;lt;\\/a&amp;gt;"}}', '0', '', '2020-04-13 23:14:35');
INSERT INTO `oc_journal3_message` (`message_id`, `name`, `email`, `fields`, `store_id`, `url`, `date`) VALUES ('1298', 'RoslynFupTL', 'salma.ebonia@bk.ru', '{"1":{"type":"name","label":"Your Name","value":"RoslynFupTL"},"2":{"type":"email","label":"Your Email","value":"salma.ebonia@bk.ru"},"3":{"type":"select","label":"Topic","value":"Your own custom criteria"},"4":{"type":"textarea","label":"Message","value":" [~nr~][~nl~] [~nr~][~nl~]Wanna casual sex? My pussy is at your disposal! Find my profile with phone number here - https:\\/\\/cutt.us\\/ass2020  My nickname is Lisa [~nr~][~nl~] [~nr~][~nl~]&amp;lt;a href=https:\\/\\/cutt.us\\/ass2020&amp;gt;&amp;lt;img src=&amp;quot;http:\\/\\/skype.miss-bdsm.mcdir.ru\\/img\\/21.jpg&amp;quot;&amp;gt;&amp;lt;\\/a&amp;gt;"}}', '0', '', '2020-04-15 03:44:39');
INSERT INTO `oc_journal3_message` (`message_id`, `name`, `email`, `fields`, `store_id`, `url`, `date`) VALUES ('1299', 'ObeteHL', 'naomisholtz7@gmail.com', '{"1":{"type":"name","label":"Your Name","value":"ObeteHL"},"2":{"type":"email","label":"Your Email","value":"naomisholtz7@gmail.com"},"3":{"type":"select","label":"Topic","value":"Add or remove any fields"},"4":{"type":"textarea","label":"Message","value":"What a nice comment that makes a lot of sense. I am very interested in this topic and glad to find some information about it here. [~nr~][~nl~]In this website there is also a lot of interesting and useful information: [~nr~][~nl~] [~nr~][~nl~]&amp;lt;a href=https:\\/\\/bibliocrunch.com\\/profile\\/wilson3cz\\/&amp;gt;\\u05e0\\u05e2\\u05e8\\u05d5\\u05ea \\u05dc\\u05d9\\u05d5\\u05d5\\u05d9&amp;lt;\\/a&amp;gt; "}}', '0', '', '2020-04-18 05:19:41');
INSERT INTO `oc_journal3_message` (`message_id`, `name`, `email`, `fields`, `store_id`, `url`, `date`) VALUES ('1300', 'Николай Невицкий', '3mart@elsan.kiev.ua', '{"1":{"type":"name","label":"Your Name","value":"\\u041d\\u0438\\u043a\\u043e\\u043b\\u0430\\u0439 \\u041d\\u0435\\u0432\\u0438\\u0446\\u043a\\u0438\\u0439"},"2":{"type":"email","label":"Your Email","value":"3mart@elsan.kiev.ua"},"3":{"type":"select","label":"Topic","value":"Your own custom criteria"},"4":{"type":"textarea","label":"Message","value":"\\u0415\\u0441\\u043b\\u0438 \\u0412\\u044b  \\u0436\\u0435\\u043b\\u0430\\u0435\\u0442\\u0435  \\u043f\\u043e\\u0434\\u043e\\u0431\\u0440\\u0430\\u0442\\u044c \\u0438 \\u043a\\u0443\\u043f\\u0438\\u0442\\u044c  \\u043d\\u0430 \\u043f\\u043e\\u0434\\u0430\\u0440\\u043e\\u043a \\u043e\\u0440\\u0438\\u0433\\u0438\\u043d\\u0430\\u043b\\u044c\\u043d\\u0443\\u044e \\u043c\\u0443\\u0436\\u0441\\u043a\\u0443\\u044e \\u0430\\u043a\\u0441\\u0435\\u0441\\u0441\\u0443\\u0430\\u0440\\u044b Calvin Klein, Michael Kors, Polo Ralph lauren, Diesel, Tommy Hilfiger, Sperry  \\u0438\\u043b\\u0438 \\u0436\\u0435\\u043d\\u0441\\u043a\\u0438\\u0435 \\u0441\\u0443\\u043c\\u043a\\u0438,\\u043a\\u043e\\u0448\\u0435\\u043b\\u044c\\u043a\\u0438  \\u041a\\u0435\\u043b\\u044c\\u0432\\u0438\\u043d \\u041a\\u043b\\u044f\\u0439\\u043d  \\u043f\\u043e \\u043d\\u0438\\u0437\\u043a\\u043e\\u0439  \\u0446\\u0435\\u043d\\u0435 \\u0441\\u043e \\u0441\\u043a\\u0438\\u0434\\u043a\\u0430\\u043c\\u0438 \\u2013 \\u0437\\u0430\\u043a\\u0430\\u0437\\u044b\\u0432\\u0430\\u0439\\u0442\\u0435 \\u0442\\u043e\\u0432\\u0430\\u0440 \\u0432 \\u0438\\u043d\\u0442\\u0435\\u0440\\u043d\\u0435\\u0442-\\u043c\\u0430\\u0433\\u0430\\u0437\\u0438\\u043d\\u0435 triamart.com.ua \\u0432 \\u041a\\u0438\\u0435\\u0432\\u0435 \\u0438 \\u043f\\u043e\\u0434\\u0431\\u0435\\u0440\\u0435\\u0442\\u0435 \\u043f\\u043e \\u0441\\u0432\\u043e\\u0435\\u043c\\u0443 \\u0432\\u043a\\u0443\\u0441\\u0443!  \\u0411\\u043e\\u043b\\u044c\\u0448\\u043e\\u0439  \\u0430\\u0441\\u0441\\u043e\\u0440\\u0442\\u0438\\u043c\\u0435\\u043d\\u0442 , \\u0442\\u043e\\u043b\\u044c\\u043a\\u043e \\u043e\\u0440\\u0438\\u0433\\u0438\\u043d\\u0430\\u043b\\u044c\\u043d\\u043e\\u0439 \\u043f\\u0440\\u043e\\u0434\\u0443\\u043a\\u0446\\u0438\\u0438 \\u0438\\u0437\\u0432\\u0435\\u0441\\u0442\\u043d\\u044b\\u0445 \\u0431\\u0440\\u0435\\u043d\\u0434\\u043e\\u0432 \\u0443\\u0434\\u043e\\u0432\\u043b\\u0435\\u0442\\u0432\\u043e\\u0440\\u044f\\u0442 \\u0412\\u0430\\u0448\\u0438 \\u043f\\u0440\\u0435\\u0434\\u043f\\u043e\\u0447\\u0442\\u0435\\u043d\\u0438\\u044f.  \\u041e\\u043f\\u0435\\u0440\\u0430\\u0442\\u0438\\u0432\\u043d\\u043e \\u0434\\u043e\\u0441\\u0442\\u0430\\u0432\\u043b\\u044f\\u0435\\u043c \\u0437\\u0430\\u043a\\u0430\\u0437\\u044b \\u043f\\u043e \\u041a\\u0438\\u0435\\u0432\\u0443 \\u0438 \\u0432\\u0441\\u0435\\u0439 \\u0423\\u043a\\u0440\\u0430\\u0438\\u043d\\u0435. \\u041f\\u043e\\u043c\\u043e\\u0436\\u0435\\u043c \\u043f\\u043e\\u0434\\u043e\\u0431\\u0440\\u0430\\u0442\\u044c, \\u043f\\u0440\\u043e\\u043a\\u043e\\u043d\\u0441\\u0443\\u043b\\u044c\\u0442\\u0438\\u0440\\u0443\\u0435\\u043c \\u043f\\u043e \\u0440\\u0430\\u0437\\u043c\\u0435\\u0440\\u0430\\u043c \\u043f\\u043e \\u0412\\u0430\\u0439\\u0431\\u0435\\u0440\\u0443 +38-093-538-7170. [~nr~][~nl~]\\u041a\\u0430\\u0447\\u0435\\u0441\\u0442\\u0432\\u043e, \\u043f\\u043e\\u0434\\u043b\\u0438\\u043d\\u043d\\u043e\\u0441\\u0442\\u044c \\u0442\\u043e\\u0432\\u0430\\u0440\\u0430 \\u0438 \\u0432\\u044b\\u0433\\u043e\\u0434\\u043d\\u044b\\u0435 \\u0446\\u0435\\u043d\\u044b \\u0433\\u0430\\u0440\\u0430\\u043d\\u0442\\u0438\\u0440\\u0443\\u0435\\u043c! [~nr~][~nl~]&amp;lt;a href=https:\\/\\/triamart.com.ua&amp;gt;\\u0411\\u0440\\u0435\\u043d\\u0434\\u043e\\u0432\\u044b\\u0439 \\u043c\\u0430\\u0433\\u0430\\u0437\\u0438\\u043d \\u043e\\u0434\\u0435\\u0436\\u0434\\u044b, \\u043e\\u0431\\u0443\\u0432\\u0438 \\u0438 \\u0430\\u043a\\u0441\\u0435\\u0441\\u0441\\u0443\\u0430\\u0440\\u043e\\u0432&amp;lt;\\/a&amp;gt;"}}', '0', '', '2020-05-12 19:45:40');
INSERT INTO `oc_journal3_message` (`message_id`, `name`, `email`, `fields`, `store_id`, `url`, `date`) VALUES ('1301', 'William Cambage', 'cambage.william@gmail.com', '{"1":{"type":"name","label":"Your Name","value":"William Cambage"},"2":{"type":"email","label":"Your Email","value":"cambage.william@gmail.com"},"3":{"type":"select","label":"Topic","value":"Make any field required or not"},"4":{"type":"textarea","label":"Message","value":"Hi,[~nr~][~nl~]Sorry to bother you but Would you like to reach brand-new clients?[~nr~][~nl~][~nr~][~nl~]We are personally inviting you to join one of the leading markets for influencers and affiliate networks on the web, Fiverr Pro.[~nr~][~nl~]This network finds freelancers and influencers who will help you improve your website\'s design, ranking and promote your company to make it viral.[~nr~][~nl~]Freelancers of Fiverr Pro can: Improve your website design, make viral videos for you, promote your website and business all around the internet and potentially bring in more clients.[~nr~][~nl~][~nr~][~nl~]It\'s the most safe, easiest and most reliable way to increase your sales![~nr~][~nl~][~nr~][~nl~]What do you think?[~nr~][~nl~][~nr~][~nl~]Find out more: http:\\/\\/www.alecpow.com\\/fiverr-pro"}}', '0', '', '2020-05-22 10:54:36');
INSERT INTO `oc_journal3_message` (`message_id`, `name`, `email`, `fields`, `store_id`, `url`, `date`) VALUES ('1302', 'Catalina Wirth', 'catalina.wirth@gmail.com', '{"1":{"type":"name","label":"Your Name","value":"Catalina Wirth"},"2":{"type":"email","label":"Your Email","value":"catalina.wirth@gmail.com"},"3":{"type":"select","label":"Topic","value":"Your own custom criteria"},"4":{"type":"textarea","label":"Message","value":"You have a very nice website, but I\'m sure it\'s pretty hard to get it ranked in Google nowadays.[~nr~][~nl~][~nr~][~nl~]I\'m sure you\'re tired of getting these messages through your contact form, and that\'s why I won\'t bother you with long texts. I just think that you\'ll have a lot to gain from this small tip:)[~nr~][~nl~][~nr~][~nl~]I have been able to rank my websites and stay safe from all Google updates using some strong services from SeoClerks, which I`m sure would work wonders on a business like yours. We use SeoClerks, because you can get really great services for pennies. Here\'s a link to a Private Blog Network (PBN) gig that we use to rank ourselves: http:\\/\\/www.alecpow.com\\/seoclerks-service [~nr~][~nl~][~nr~][~nl~]You can reply to this email to ask for samples of websites we managed to rank."}}', '0', '', '2020-05-25 02:23:53');
INSERT INTO `oc_journal3_message` (`message_id`, `name`, `email`, `fields`, `store_id`, `url`, `date`) VALUES ('1303', 'Lucian Tanase', 'tanase.lucian@gmail.com', '{"1":{"type":"name","label":"Your Name","value":"Lucian Tanase"},"2":{"type":"email","label":"Your Email","value":"tanase.lucian@gmail.com"},"3":{"type":"select","label":"Topic","value":"Capture the information you need"},"4":{"type":"textarea","label":"Message","value":"Minions ipsum ti aamoo! Gelatooo wiiiii daa poopayee hahaha. Tank yuuu! aaaaaah ti aamoo! Daa para t\\u00fa butt poulet tikka masala pepete baboiii jeje po kass. La bodaaa bee do bee do bee do tatata bala tu butt po kass. Potatoooo daa jiji poopayee para t\\u00fa. Bananaaaa po kass baboiii jiji la bodaaa chasy chasy hahaha. Belloo! butt potatoooo pepete daa.[~nr~][~nl~][~nr~][~nl~]Jiji ti aamoo! Tulaliloo po kass ti aamoo! Tatata bala tu chasy uuuhhh bee do bee do bee do poopayee. Jiji jeje gelatooo jiji belloo! Poopayee daa. Aaaaaah ti aamoo! Butt jiji po kass. Para t\\u00fa chasy uuuhhh chasy tatata bala tu hana dul sae poulet tikka masala jeje. Jiji butt uuuhhh tulaliloo hahaha. Poopayee tank yuuu! Poulet tikka masala poulet tikka masala potatoooo bappleees po kass po kass. Po kass belloo! Tulaliloo hana dul sae jiji."}}', '0', 'https://www.journal-theme.com/4/index.php?route=information/contact', '2020-06-18 11:07:46');


TRUNCATE TABLE `oc_attribute`;

INSERT INTO `oc_attribute` (`attribute_id`, `attribute_group_id`, `sort_order`) VALUES ('1', '6', '1');
INSERT INTO `oc_attribute` (`attribute_id`, `attribute_group_id`, `sort_order`) VALUES ('2', '6', '5');
INSERT INTO `oc_attribute` (`attribute_id`, `attribute_group_id`, `sort_order`) VALUES ('3', '6', '3');
INSERT INTO `oc_attribute` (`attribute_id`, `attribute_group_id`, `sort_order`) VALUES ('4', '3', '1');
INSERT INTO `oc_attribute` (`attribute_id`, `attribute_group_id`, `sort_order`) VALUES ('5', '3', '2');
INSERT INTO `oc_attribute` (`attribute_id`, `attribute_group_id`, `sort_order`) VALUES ('6', '3', '3');
INSERT INTO `oc_attribute` (`attribute_id`, `attribute_group_id`, `sort_order`) VALUES ('7', '3', '4');
INSERT INTO `oc_attribute` (`attribute_id`, `attribute_group_id`, `sort_order`) VALUES ('8', '3', '5');
INSERT INTO `oc_attribute` (`attribute_id`, `attribute_group_id`, `sort_order`) VALUES ('9', '3', '6');
INSERT INTO `oc_attribute` (`attribute_id`, `attribute_group_id`, `sort_order`) VALUES ('10', '3', '7');
INSERT INTO `oc_attribute` (`attribute_id`, `attribute_group_id`, `sort_order`) VALUES ('11', '3', '8');
INSERT INTO `oc_attribute` (`attribute_id`, `attribute_group_id`, `sort_order`) VALUES ('12', '7', '0');
INSERT INTO `oc_attribute` (`attribute_id`, `attribute_group_id`, `sort_order`) VALUES ('13', '7', '0');
INSERT INTO `oc_attribute` (`attribute_id`, `attribute_group_id`, `sort_order`) VALUES ('14', '7', '0');
INSERT INTO `oc_attribute` (`attribute_id`, `attribute_group_id`, `sort_order`) VALUES ('15', '7', '0');
INSERT INTO `oc_attribute` (`attribute_id`, `attribute_group_id`, `sort_order`) VALUES ('23', '7', '0');
INSERT INTO `oc_attribute` (`attribute_id`, `attribute_group_id`, `sort_order`) VALUES ('24', '3', '0');
INSERT INTO `oc_attribute` (`attribute_id`, `attribute_group_id`, `sort_order`) VALUES ('25', '3', '0');
INSERT INTO `oc_attribute` (`attribute_id`, `attribute_group_id`, `sort_order`) VALUES ('26', '7', '0');
INSERT INTO `oc_attribute` (`attribute_id`, `attribute_group_id`, `sort_order`) VALUES ('27', '7', '0');


TRUNCATE TABLE `oc_attribute_description`;

INSERT INTO `oc_attribute_description` (`attribute_id`, `language_id`, `name`) VALUES ('1', '1', 'Description');
INSERT INTO `oc_attribute_description` (`attribute_id`, `language_id`, `name`) VALUES ('2', '1', 'No. of Cores');
INSERT INTO `oc_attribute_description` (`attribute_id`, `language_id`, `name`) VALUES ('4', '1', 'test 1');
INSERT INTO `oc_attribute_description` (`attribute_id`, `language_id`, `name`) VALUES ('5', '1', 'test 2');
INSERT INTO `oc_attribute_description` (`attribute_id`, `language_id`, `name`) VALUES ('6', '1', 'test 3');
INSERT INTO `oc_attribute_description` (`attribute_id`, `language_id`, `name`) VALUES ('7', '1', 'test 4');
INSERT INTO `oc_attribute_description` (`attribute_id`, `language_id`, `name`) VALUES ('8', '1', 'test 5');
INSERT INTO `oc_attribute_description` (`attribute_id`, `language_id`, `name`) VALUES ('9', '1', 'test 6');
INSERT INTO `oc_attribute_description` (`attribute_id`, `language_id`, `name`) VALUES ('10', '1', 'test 7');
INSERT INTO `oc_attribute_description` (`attribute_id`, `language_id`, `name`) VALUES ('11', '1', 'test 8');
INSERT INTO `oc_attribute_description` (`attribute_id`, `language_id`, `name`) VALUES ('3', '1', 'Clockspeed');
INSERT INTO `oc_attribute_description` (`attribute_id`, `language_id`, `name`) VALUES ('13', '1', 'Style');
INSERT INTO `oc_attribute_description` (`attribute_id`, `language_id`, `name`) VALUES ('15', '1', 'Material');
INSERT INTO `oc_attribute_description` (`attribute_id`, `language_id`, `name`) VALUES ('26', '1', 'Attribute 1');
INSERT INTO `oc_attribute_description` (`attribute_id`, `language_id`, `name`) VALUES ('27', '1', 'Attribute 2');
INSERT INTO `oc_attribute_description` (`attribute_id`, `language_id`, `name`) VALUES ('23', '4', 'اكتب');
INSERT INTO `oc_attribute_description` (`attribute_id`, `language_id`, `name`) VALUES ('15', '4', 'مادة');
INSERT INTO `oc_attribute_description` (`attribute_id`, `language_id`, `name`) VALUES ('14', '4', 'طول الثوب');
INSERT INTO `oc_attribute_description` (`attribute_id`, `language_id`, `name`) VALUES ('13', '4', 'نمط');
INSERT INTO `oc_attribute_description` (`attribute_id`, `language_id`, `name`) VALUES ('12', '4', 'مناسبة');
INSERT INTO `oc_attribute_description` (`attribute_id`, `language_id`, `name`) VALUES ('3', '3', 'Clockspeed');
INSERT INTO `oc_attribute_description` (`attribute_id`, `language_id`, `name`) VALUES ('11', '3', 'test 8');
INSERT INTO `oc_attribute_description` (`attribute_id`, `language_id`, `name`) VALUES ('10', '3', 'test 7');
INSERT INTO `oc_attribute_description` (`attribute_id`, `language_id`, `name`) VALUES ('9', '3', 'test 6');
INSERT INTO `oc_attribute_description` (`attribute_id`, `language_id`, `name`) VALUES ('8', '3', 'test 5');
INSERT INTO `oc_attribute_description` (`attribute_id`, `language_id`, `name`) VALUES ('7', '3', 'test 4');
INSERT INTO `oc_attribute_description` (`attribute_id`, `language_id`, `name`) VALUES ('6', '3', 'test 3');
INSERT INTO `oc_attribute_description` (`attribute_id`, `language_id`, `name`) VALUES ('5', '3', 'test 2');
INSERT INTO `oc_attribute_description` (`attribute_id`, `language_id`, `name`) VALUES ('4', '3', 'test 1');
INSERT INTO `oc_attribute_description` (`attribute_id`, `language_id`, `name`) VALUES ('2', '3', 'No. of Cores');
INSERT INTO `oc_attribute_description` (`attribute_id`, `language_id`, `name`) VALUES ('1', '3', 'Description');
INSERT INTO `oc_attribute_description` (`attribute_id`, `language_id`, `name`) VALUES ('24', '4', 'المكونات');
INSERT INTO `oc_attribute_description` (`attribute_id`, `language_id`, `name`) VALUES ('25', '4', 'حار بارد');
INSERT INTO `oc_attribute_description` (`attribute_id`, `language_id`, `name`) VALUES ('26', '3', 'Attribute 1');
INSERT INTO `oc_attribute_description` (`attribute_id`, `language_id`, `name`) VALUES ('27', '3', 'Attribute 2');
INSERT INTO `oc_attribute_description` (`attribute_id`, `language_id`, `name`) VALUES ('1', '4', 'Description');
INSERT INTO `oc_attribute_description` (`attribute_id`, `language_id`, `name`) VALUES ('2', '4', 'No. of Cores');
INSERT INTO `oc_attribute_description` (`attribute_id`, `language_id`, `name`) VALUES ('4', '4', 'test 1');
INSERT INTO `oc_attribute_description` (`attribute_id`, `language_id`, `name`) VALUES ('5', '4', 'test 2');
INSERT INTO `oc_attribute_description` (`attribute_id`, `language_id`, `name`) VALUES ('6', '4', 'test 3');
INSERT INTO `oc_attribute_description` (`attribute_id`, `language_id`, `name`) VALUES ('7', '4', 'test 4');
INSERT INTO `oc_attribute_description` (`attribute_id`, `language_id`, `name`) VALUES ('8', '4', 'test 5');
INSERT INTO `oc_attribute_description` (`attribute_id`, `language_id`, `name`) VALUES ('9', '4', 'test 6');
INSERT INTO `oc_attribute_description` (`attribute_id`, `language_id`, `name`) VALUES ('10', '4', 'test 7');
INSERT INTO `oc_attribute_description` (`attribute_id`, `language_id`, `name`) VALUES ('11', '4', 'test 8');
INSERT INTO `oc_attribute_description` (`attribute_id`, `language_id`, `name`) VALUES ('3', '4', 'Clockspeed');
INSERT INTO `oc_attribute_description` (`attribute_id`, `language_id`, `name`) VALUES ('12', '3', 'Occasion');
INSERT INTO `oc_attribute_description` (`attribute_id`, `language_id`, `name`) VALUES ('13', '3', 'Style');
INSERT INTO `oc_attribute_description` (`attribute_id`, `language_id`, `name`) VALUES ('14', '3', 'Dress Length');
INSERT INTO `oc_attribute_description` (`attribute_id`, `language_id`, `name`) VALUES ('15', '3', 'Material');
INSERT INTO `oc_attribute_description` (`attribute_id`, `language_id`, `name`) VALUES ('23', '3', 'Type');
INSERT INTO `oc_attribute_description` (`attribute_id`, `language_id`, `name`) VALUES ('24', '3', 'Ingredients');
INSERT INTO `oc_attribute_description` (`attribute_id`, `language_id`, `name`) VALUES ('25', '3', 'Hot / Cold');
INSERT INTO `oc_attribute_description` (`attribute_id`, `language_id`, `name`) VALUES ('26', '4', 'Attribute 1');
INSERT INTO `oc_attribute_description` (`attribute_id`, `language_id`, `name`) VALUES ('27', '4', 'Attribute 2');
INSERT INTO `oc_attribute_description` (`attribute_id`, `language_id`, `name`) VALUES ('14', '1', 'Dress Length');
INSERT INTO `oc_attribute_description` (`attribute_id`, `language_id`, `name`) VALUES ('25', '1', 'Hot / Cold');
INSERT INTO `oc_attribute_description` (`attribute_id`, `language_id`, `name`) VALUES ('24', '1', 'Ingredients');
INSERT INTO `oc_attribute_description` (`attribute_id`, `language_id`, `name`) VALUES ('12', '1', 'Occasion');
INSERT INTO `oc_attribute_description` (`attribute_id`, `language_id`, `name`) VALUES ('23', '1', 'Type');


TRUNCATE TABLE `oc_attribute_group`;

INSERT INTO `oc_attribute_group` (`attribute_group_id`, `sort_order`) VALUES ('3', '2');
INSERT INTO `oc_attribute_group` (`attribute_group_id`, `sort_order`) VALUES ('4', '1');
INSERT INTO `oc_attribute_group` (`attribute_group_id`, `sort_order`) VALUES ('5', '3');
INSERT INTO `oc_attribute_group` (`attribute_group_id`, `sort_order`) VALUES ('6', '4');
INSERT INTO `oc_attribute_group` (`attribute_group_id`, `sort_order`) VALUES ('7', '0');


TRUNCATE TABLE `oc_attribute_group_description`;

INSERT INTO `oc_attribute_group_description` (`attribute_group_id`, `language_id`, `name`) VALUES ('4', '1', 'Technical');
INSERT INTO `oc_attribute_group_description` (`attribute_group_id`, `language_id`, `name`) VALUES ('5', '1', 'Motherboard');
INSERT INTO `oc_attribute_group_description` (`attribute_group_id`, `language_id`, `name`) VALUES ('6', '1', 'Processor');
INSERT INTO `oc_attribute_group_description` (`attribute_group_id`, `language_id`, `name`) VALUES ('7', '1', 'Style');
INSERT INTO `oc_attribute_group_description` (`attribute_group_id`, `language_id`, `name`) VALUES ('7', '3', 'Style');
INSERT INTO `oc_attribute_group_description` (`attribute_group_id`, `language_id`, `name`) VALUES ('6', '3', 'Processor');
INSERT INTO `oc_attribute_group_description` (`attribute_group_id`, `language_id`, `name`) VALUES ('5', '3', 'Motherboard');
INSERT INTO `oc_attribute_group_description` (`attribute_group_id`, `language_id`, `name`) VALUES ('4', '3', 'Technical');
INSERT INTO `oc_attribute_group_description` (`attribute_group_id`, `language_id`, `name`) VALUES ('3', '1', 'Composition');
INSERT INTO `oc_attribute_group_description` (`attribute_group_id`, `language_id`, `name`) VALUES ('4', '4', 'Technical');
INSERT INTO `oc_attribute_group_description` (`attribute_group_id`, `language_id`, `name`) VALUES ('5', '4', 'Motherboard');
INSERT INTO `oc_attribute_group_description` (`attribute_group_id`, `language_id`, `name`) VALUES ('6', '4', 'Processor');
INSERT INTO `oc_attribute_group_description` (`attribute_group_id`, `language_id`, `name`) VALUES ('7', '4', 'Style');


TRUNCATE TABLE `oc_category`;

INSERT INTO `oc_category` (`category_id`, `image`, `parent_id`, `top`, `column`, `sort_order`, `status`, `date_added`, `date_modified`) VALUES ('25', 'catalog/journal3/products/electronics/beolab-19-by-bang-olufsen.jpg', '69', '1', '1', '3', '1', '2009-01-31 01:04:25', '2018-06-05 13:26:21');
INSERT INTO `oc_category` (`category_id`, `image`, `parent_id`, `top`, `column`, `sort_order`, `status`, `date_added`, `date_modified`) VALUES ('27', '', '20', '0', '0', '2', '1', '2009-01-31 01:55:34', '2018-07-08 13:47:56');
INSERT INTO `oc_category` (`category_id`, `image`, `parent_id`, `top`, `column`, `sort_order`, `status`, `date_added`, `date_modified`) VALUES ('20', 'catalog/demo/compaq_presario.jpg', '69', '1', '1', '1', '1', '2009-01-05 21:49:43', '2014-04-10 15:14:31');
INSERT INTO `oc_category` (`category_id`, `image`, `parent_id`, `top`, `column`, `sort_order`, `status`, `date_added`, `date_modified`) VALUES ('24', 'catalog/demo/iphone_2.jpg', '69', '1', '1', '5', '1', '2009-01-20 02:36:26', '2018-06-05 13:27:05');
INSERT INTO `oc_category` (`category_id`, `image`, `parent_id`, `top`, `column`, `sort_order`, `status`, `date_added`, `date_modified`) VALUES ('18', 'catalog/demo/hp_2.jpg', '69', '1', '0', '2', '1', '2009-01-05 21:49:15', '2014-04-10 15:14:56');
INSERT INTO `oc_category` (`category_id`, `image`, `parent_id`, `top`, `column`, `sort_order`, `status`, `date_added`, `date_modified`) VALUES ('28', '', '25', '0', '0', '1', '1', '2009-02-02 13:11:12', '2010-08-22 06:32:46');
INSERT INTO `oc_category` (`category_id`, `image`, `parent_id`, `top`, `column`, `sort_order`, `status`, `date_added`, `date_modified`) VALUES ('26', '', '20', '0', '0', '1', '1', '2009-01-31 01:55:14', '2010-08-22 06:31:45');
INSERT INTO `oc_category` (`category_id`, `image`, `parent_id`, `top`, `column`, `sort_order`, `status`, `date_added`, `date_modified`) VALUES ('59', 'catalog/journal3/categories/demo09.jpg', '0', '1', '1', '-10', '1', '2014-03-31 00:24:37', '2018-08-23 19:06:51');
INSERT INTO `oc_category` (`category_id`, `image`, `parent_id`, `top`, `column`, `sort_order`, `status`, `date_added`, `date_modified`) VALUES ('30', '', '25', '0', '0', '1', '1', '2009-02-02 13:11:59', '2010-08-22 06:33:00');
INSERT INTO `oc_category` (`category_id`, `image`, `parent_id`, `top`, `column`, `sort_order`, `status`, `date_added`, `date_modified`) VALUES ('31', '', '25', '0', '0', '1', '1', '2009-02-03 14:17:24', '2010-08-22 06:33:06');
INSERT INTO `oc_category` (`category_id`, `image`, `parent_id`, `top`, `column`, `sort_order`, `status`, `date_added`, `date_modified`) VALUES ('32', '', '25', '0', '0', '1', '1', '2009-02-03 14:17:34', '2010-08-22 06:33:12');
INSERT INTO `oc_category` (`category_id`, `image`, `parent_id`, `top`, `column`, `sort_order`, `status`, `date_added`, `date_modified`) VALUES ('33', 'catalog/journal3/products/electronics/camera2.jpg', '69', '1', '1', '6', '1', '2009-02-03 14:17:55', '2018-06-03 14:58:48');
INSERT INTO `oc_category` (`category_id`, `image`, `parent_id`, `top`, `column`, `sort_order`, `status`, `date_added`, `date_modified`) VALUES ('34', 'catalog/demo/ipod_touch_4.jpg', '69', '1', '4', '7', '1', '2009-02-03 14:18:11', '2014-04-10 15:15:07');
INSERT INTO `oc_category` (`category_id`, `image`, `parent_id`, `top`, `column`, `sort_order`, `status`, `date_added`, `date_modified`) VALUES ('35', 'catalog/old/watch4.jpg', '20', '0', '0', '0', '1', '2010-09-17 10:06:48', '2014-05-28 22:37:48');
INSERT INTO `oc_category` (`category_id`, `image`, `parent_id`, `top`, `column`, `sort_order`, `status`, `date_added`, `date_modified`) VALUES ('60', 'catalog/journal3/products/misc/assorted-blurred-background-boutique-994523.jpg', '59', '0', '1', '0', '1', '2014-03-31 00:25:23', '2018-06-04 18:45:34');
INSERT INTO `oc_category` (`category_id`, `image`, `parent_id`, `top`, `column`, `sort_order`, `status`, `date_added`, `date_modified`) VALUES ('45', '', '18', '0', '0', '0', '1', '2010-09-24 18:29:16', '2011-04-26 08:52:11');
INSERT INTO `oc_category` (`category_id`, `image`, `parent_id`, `top`, `column`, `sort_order`, `status`, `date_added`, `date_modified`) VALUES ('46', '', '18', '0', '0', '0', '1', '2010-09-24 18:29:31', '2011-04-26 08:52:23');
INSERT INTO `oc_category` (`category_id`, `image`, `parent_id`, `top`, `column`, `sort_order`, `status`, `date_added`, `date_modified`) VALUES ('69', 'catalog/journal3/categories/elec.jpg', '0', '1', '1', '-3', '1', '2014-04-10 15:11:16', '2018-08-23 19:06:35');
INSERT INTO `oc_category` (`category_id`, `image`, `parent_id`, `top`, `column`, `sort_order`, `status`, `date_added`, `date_modified`) VALUES ('105', 'catalog/journal3/products/sunglasses/glasses3.jpg', '59', '1', '1', '0', '1', '2014-04-10 17:31:05', '2018-06-04 09:13:44');
INSERT INTO `oc_category` (`category_id`, `image`, `parent_id`, `top`, `column`, `sort_order`, `status`, `date_added`, `date_modified`) VALUES ('106', 'catalog/journal3/products/fashion/jacket.jpg', '108', '0', '1', '0', '1', '2014-04-10 17:31:50', '2018-06-03 14:48:12');
INSERT INTO `oc_category` (`category_id`, `image`, `parent_id`, `top`, `column`, `sort_order`, `status`, `date_added`, `date_modified`) VALUES ('107', 'catalog/journal3/categories/bagcat.jpg', '0', '0', '1', '-9', '1', '2014-04-10 17:34:03', '2018-08-23 19:06:10');
INSERT INTO `oc_category` (`category_id`, `image`, `parent_id`, `top`, `column`, `sort_order`, `status`, `date_added`, `date_modified`) VALUES ('108', 'catalog/journal3/products/fashion/sweater.jpg', '59', '0', '1', '0', '1', '2014-04-10 17:36:38', '2018-06-05 12:50:33');
INSERT INTO `oc_category` (`category_id`, `image`, `parent_id`, `top`, `column`, `sort_order`, `status`, `date_added`, `date_modified`) VALUES ('109', 'catalog/journal3/categories/beauty.jpg', '0', '1', '1', '-7', '1', '2014-04-10 17:38:20', '2018-08-23 19:11:45');
INSERT INTO `oc_category` (`category_id`, `image`, `parent_id`, `top`, `column`, `sort_order`, `status`, `date_added`, `date_modified`) VALUES ('110', 'catalog/journal3/products/jewelry/16.jpg', '105', '0', '1', '0', '1', '2014-04-10 17:39:00', '2018-06-03 14:30:00');
INSERT INTO `oc_category` (`category_id`, `image`, `parent_id`, `top`, `column`, `sort_order`, `status`, `date_added`, `date_modified`) VALUES ('111', 'catalog/journal3/categories/f6.jpg', '0', '1', '1', '-5', '1', '2014-04-10 17:44:07', '2018-08-23 19:09:03');
INSERT INTO `oc_category` (`category_id`, `image`, `parent_id`, `top`, `column`, `sort_order`, `status`, `date_added`, `date_modified`) VALUES ('112', 'catalog/journal3/products/fashion/t2.jpg', '59', '0', '1', '0', '1', '2014-04-10 17:45:18', '2018-06-03 14:45:33');
INSERT INTO `oc_category` (`category_id`, `image`, `parent_id`, `top`, `column`, `sort_order`, `status`, `date_added`, `date_modified`) VALUES ('113', 'catalog/journal3/products/fashion/c.jpg', '59', '0', '1', '0', '1', '2014-04-10 17:45:49', '2018-06-03 14:41:18');
INSERT INTO `oc_category` (`category_id`, `image`, `parent_id`, `top`, `column`, `sort_order`, `status`, `date_added`, `date_modified`) VALUES ('114', 'catalog/journal3/products/jewelry/11.jpg', '110', '0', '1', '0', '1', '2014-04-10 17:56:25', '2018-06-03 14:31:24');
INSERT INTO `oc_category` (`category_id`, `image`, `parent_id`, `top`, `column`, `sort_order`, `status`, `date_added`, `date_modified`) VALUES ('115', 'catalog/journal3/products/jewelry/3.jpg', '110', '0', '1', '0', '1', '2014-04-10 17:59:13', '2018-06-03 14:31:42');
INSERT INTO `oc_category` (`category_id`, `image`, `parent_id`, `top`, `column`, `sort_order`, `status`, `date_added`, `date_modified`) VALUES ('116', 'catalog/journal3/products/misc/adult-barley-field-beautiful-735838.jpg', '105', '0', '1', '0', '1', '2014-04-10 17:59:50', '2018-06-04 18:20:47');
INSERT INTO `oc_category` (`category_id`, `image`, `parent_id`, `top`, `column`, `sort_order`, `status`, `date_added`, `date_modified`) VALUES ('117', 'catalog/journal3/products/jewelry/14.jpg', '110', '0', '1', '0', '1', '2014-04-10 18:01:10', '2018-06-03 14:30:36');
INSERT INTO `oc_category` (`category_id`, `image`, `parent_id`, `top`, `column`, `sort_order`, `status`, `date_added`, `date_modified`) VALUES ('118', 'catalog/journal3/products/fashion/bags/bag.jpg', '107', '0', '1', '0', '1', '2014-04-10 18:06:14', '2018-06-03 14:37:41');
INSERT INTO `oc_category` (`category_id`, `image`, `parent_id`, `top`, `column`, `sort_order`, `status`, `date_added`, `date_modified`) VALUES ('119', 'catalog/journal3/products/fashion/bags/tote2.jpg', '107', '0', '1', '0', '1', '2014-04-10 18:06:42', '2018-06-03 14:38:27');
INSERT INTO `oc_category` (`category_id`, `image`, `parent_id`, `top`, `column`, `sort_order`, `status`, `date_added`, `date_modified`) VALUES ('120', 'catalog/journal3/products/fashion/bags/purse.jpg', '107', '0', '1', '0', '1', '2014-04-10 18:07:01', '2018-06-03 14:36:33');
INSERT INTO `oc_category` (`category_id`, `image`, `parent_id`, `top`, `column`, `sort_order`, `status`, `date_added`, `date_modified`) VALUES ('121', 'catalog/journal3/products/fashion/bags/straw-bag.jpg', '107', '0', '1', '0', '1', '2014-04-10 18:07:20', '2018-06-03 14:38:07');
INSERT INTO `oc_category` (`category_id`, `image`, `parent_id`, `top`, `column`, `sort_order`, `status`, `date_added`, `date_modified`) VALUES ('122', 'catalog/journal3/products/beauty/basket4.jpg', '109', '0', '1', '0', '1', '2014-04-10 18:10:13', '2018-06-03 13:48:35');
INSERT INTO `oc_category` (`category_id`, `image`, `parent_id`, `top`, `column`, `sort_order`, `status`, `date_added`, `date_modified`) VALUES ('123', 'catalog/journal3/products/beauty/25.jpg', '109', '0', '1', '0', '1', '2014-04-10 18:10:24', '2018-06-03 13:46:04');
INSERT INTO `oc_category` (`category_id`, `image`, `parent_id`, `top`, `column`, `sort_order`, `status`, `date_added`, `date_modified`) VALUES ('124', 'catalog/journal3/products/beauty/28.jpg', '109', '0', '1', '0', '1', '2014-04-10 18:10:43', '2018-06-03 13:49:55');
INSERT INTO `oc_category` (`category_id`, `image`, `parent_id`, `top`, `column`, `sort_order`, `status`, `date_added`, `date_modified`) VALUES ('125', 'catalog/journal3/products/beauty/set6.jpg', '109', '0', '1', '0', '1', '2014-04-10 18:12:46', '2018-06-03 13:45:05');
INSERT INTO `oc_category` (`category_id`, `image`, `parent_id`, `top`, `column`, `sort_order`, `status`, `date_added`, `date_modified`) VALUES ('126', 'catalog/journal3/products/fashion/b.jpg', '113', '0', '1', '0', '1', '2014-04-10 18:13:21', '2018-06-03 14:42:41');
INSERT INTO `oc_category` (`category_id`, `image`, `parent_id`, `top`, `column`, `sort_order`, `status`, `date_added`, `date_modified`) VALUES ('127', 'catalog/journal3/products/fashion/jtee-2.jpg', '108', '0', '1', '0', '1', '2014-04-10 18:13:41', '2018-06-03 14:50:27');
INSERT INTO `oc_category` (`category_id`, `image`, `parent_id`, `top`, `column`, `sort_order`, `status`, `date_added`, `date_modified`) VALUES ('129', 'catalog/journal3/products/fashion/tee2 copy.jpg', '108', '0', '1', '0', '1', '2014-04-10 18:16:44', '2018-06-03 14:49:58');
INSERT INTO `oc_category` (`category_id`, `image`, `parent_id`, `top`, `column`, `sort_order`, `status`, `date_added`, `date_modified`) VALUES ('130', 'catalog/journal3/products/fashion/shirt.jpg', '108', '0', '1', '0', '1', '2014-04-10 18:18:03', '2018-06-03 14:49:14');
INSERT INTO `oc_category` (`category_id`, `image`, `parent_id`, `top`, `column`, `sort_order`, `status`, `date_added`, `date_modified`) VALUES ('131', 'catalog/journal3/products/footwear/additional/airmax_7.jpg', '111', '0', '1', '0', '1', '2014-04-10 18:18:42', '2018-06-05 12:21:00');
INSERT INTO `oc_category` (`category_id`, `image`, `parent_id`, `top`, `column`, `sort_order`, `status`, `date_added`, `date_modified`) VALUES ('132', 'catalog/journal3/products/footwear/shoe.jpg', '111', '0', '1', '0', '1', '2014-04-10 18:18:56', '2018-06-03 14:03:02');
INSERT INTO `oc_category` (`category_id`, `image`, `parent_id`, `top`, `column`, `sort_order`, `status`, `date_added`, `date_modified`) VALUES ('133', 'catalog/journal3/products/footwear/slippers.jpg', '111', '0', '1', '0', '1', '2014-04-10 18:19:11', '2018-06-03 14:01:31');
INSERT INTO `oc_category` (`category_id`, `image`, `parent_id`, `top`, `column`, `sort_order`, `status`, `date_added`, `date_modified`) VALUES ('134', 'catalog/journal3/products/footwear/additional/9.jpg', '111', '0', '1', '0', '1', '2014-04-10 18:19:41', '2018-06-05 12:20:36');
INSERT INTO `oc_category` (`category_id`, `image`, `parent_id`, `top`, `column`, `sort_order`, `status`, `date_added`, `date_modified`) VALUES ('135', 'catalog/journal3/products/fashion/f.jpg', '113', '0', '1', '0', '1', '2014-04-10 18:20:11', '2018-06-03 14:45:22');
INSERT INTO `oc_category` (`category_id`, `image`, `parent_id`, `top`, `column`, `sort_order`, `status`, `date_added`, `date_modified`) VALUES ('136', 'catalog/journal3/products/fashion/e.jpg', '113', '0', '1', '0', '1', '2014-04-10 18:20:40', '2018-06-03 14:42:18');
INSERT INTO `oc_category` (`category_id`, `image`, `parent_id`, `top`, `column`, `sort_order`, `status`, `date_added`, `date_modified`) VALUES ('137', 'catalog/journal3/products/fashion/b.jpg', '113', '0', '1', '0', '1', '2014-04-10 18:21:52', '2018-06-05 12:49:53');
INSERT INTO `oc_category` (`category_id`, `image`, `parent_id`, `top`, `column`, `sort_order`, `status`, `date_added`, `date_modified`) VALUES ('142', 'catalog/journal3/products/fashion/e.jpg', '106', '0', '1', '0', '1', '2014-04-10 18:25:32', '2018-06-03 14:52:34');
INSERT INTO `oc_category` (`category_id`, `image`, `parent_id`, `top`, `column`, `sort_order`, `status`, `date_added`, `date_modified`) VALUES ('143', 'catalog/journal3/products/fashion/d.jpg', '106', '0', '1', '0', '1', '2014-04-10 18:25:51', '2018-06-03 14:52:16');
INSERT INTO `oc_category` (`category_id`, `image`, `parent_id`, `top`, `column`, `sort_order`, `status`, `date_added`, `date_modified`) VALUES ('144', 'catalog/journal3/products/fashion/e.jpg', '106', '0', '1', '0', '1', '2014-04-10 18:26:20', '2018-06-03 14:51:06');
INSERT INTO `oc_category` (`category_id`, `image`, `parent_id`, `top`, `column`, `sort_order`, `status`, `date_added`, `date_modified`) VALUES ('145', 'catalog/journal3/products/fashion/c.jpg', '106', '0', '1', '0', '1', '2014-04-10 18:26:47', '2018-06-03 14:51:54');
INSERT INTO `oc_category` (`category_id`, `image`, `parent_id`, `top`, `column`, `sort_order`, `status`, `date_added`, `date_modified`) VALUES ('146', 'catalog/journal3/products/jewelry/19.png', '110', '0', '1', '0', '1', '2014-04-10 18:32:33', '2018-06-03 14:31:05');
INSERT INTO `oc_category` (`category_id`, `image`, `parent_id`, `top`, `column`, `sort_order`, `status`, `date_added`, `date_modified`) VALUES ('147', 'catalog/journal3/products/fashion/a.jpg', '60', '0', '1', '0', '1', '2014-04-10 18:34:14', '2018-06-04 18:43:29');
INSERT INTO `oc_category` (`category_id`, `image`, `parent_id`, `top`, `column`, `sort_order`, `status`, `date_added`, `date_modified`) VALUES ('148', 'catalog/journal3/products/misc/armchair-attractive-beautiful-371085.jpg', '60', '0', '1', '0', '1', '2014-04-10 18:34:31', '2018-06-04 18:41:28');
INSERT INTO `oc_category` (`category_id`, `image`, `parent_id`, `top`, `column`, `sort_order`, `status`, `date_added`, `date_modified`) VALUES ('149', 'catalog/journal3/products/misc/adult-beautiful-beauty-972937.jpg', '60', '0', '1', '0', '1', '2014-04-10 18:34:50', '2018-06-04 18:42:29');
INSERT INTO `oc_category` (`category_id`, `image`, `parent_id`, `top`, `column`, `sort_order`, `status`, `date_added`, `date_modified`) VALUES ('150', 'catalog/journal3/products/misc/adult-attractive-beautiful-206525.jpg', '60', '0', '1', '0', '1', '2014-04-10 18:35:48', '2018-06-04 18:39:44');
INSERT INTO `oc_category` (`category_id`, `image`, `parent_id`, `top`, `column`, `sort_order`, `status`, `date_added`, `date_modified`) VALUES ('151', 'catalog/journal3/products/misc/adult-arches-attractive-307790.jpg', '105', '0', '1', '0', '1', '2014-04-10 18:37:03', '2018-06-04 18:21:33');
INSERT INTO `oc_category` (`category_id`, `image`, `parent_id`, `top`, `column`, `sort_order`, `status`, `date_added`, `date_modified`) VALUES ('152', 'catalog/journal3/products/misc/belt-belt-buckle-denim-89783.jpg', '105', '0', '1', '0', '1', '2014-04-10 18:37:18', '2018-06-04 18:18:41');
INSERT INTO `oc_category` (`category_id`, `image`, `parent_id`, `top`, `column`, `sort_order`, `status`, `date_added`, `date_modified`) VALUES ('153', 'catalog/journal3/products/sunglasses/glasses2.jpg', '105', '0', '1', '0', '1', '2014-04-10 18:37:33', '2018-06-03 14:35:55');
INSERT INTO `oc_category` (`category_id`, `image`, `parent_id`, `top`, `column`, `sort_order`, `status`, `date_added`, `date_modified`) VALUES ('154', 'catalog/journal3/products/misc/adult-beautiful-beauty-1007019.jpg', '60', '0', '1', '0', '1', '2014-04-13 16:13:20', '2018-06-04 18:40:03');
INSERT INTO `oc_category` (`category_id`, `image`, `parent_id`, `top`, `column`, `sort_order`, `status`, `date_added`, `date_modified`) VALUES ('155', 'catalog/journal3/categories/f.jpg', '0', '1', '1', '0', '1', '2014-04-27 01:34:25', '2018-08-23 19:08:43');
INSERT INTO `oc_category` (`category_id`, `image`, `parent_id`, `top`, `column`, `sort_order`, `status`, `date_added`, `date_modified`) VALUES ('156', 'catalog/journal3/products/food/cakes.jpg', '155', '0', '1', '0', '1', '2014-04-27 01:35:15', '2018-06-05 12:46:11');
INSERT INTO `oc_category` (`category_id`, `image`, `parent_id`, `top`, `column`, `sort_order`, `status`, `date_added`, `date_modified`) VALUES ('157', 'catalog/journal3/products/food/sweets.jpg', '155', '0', '1', '0', '1', '2014-04-27 01:35:49', '2018-06-05 12:47:48');
INSERT INTO `oc_category` (`category_id`, `image`, `parent_id`, `top`, `column`, `sort_order`, `status`, `date_added`, `date_modified`) VALUES ('158', 'catalog/journal3/products/food/grill.jpg', '155', '0', '1', '0', '1', '2014-04-27 01:36:36', '2018-06-05 12:48:13');
INSERT INTO `oc_category` (`category_id`, `image`, `parent_id`, `top`, `column`, `sort_order`, `status`, `date_added`, `date_modified`) VALUES ('159', 'catalog/journal3/products/food/pasta.jpg', '155', '0', '1', '0', '1', '2014-04-27 01:37:03', '2018-06-05 12:48:42');
INSERT INTO `oc_category` (`category_id`, `image`, `parent_id`, `top`, `column`, `sort_order`, `status`, `date_added`, `date_modified`) VALUES ('160', 'catalog/journal3/products/food/pizza.jpg', '155', '0', '1', '0', '1', '2014-04-27 01:37:51', '2018-06-05 12:49:08');
INSERT INTO `oc_category` (`category_id`, `image`, `parent_id`, `top`, `column`, `sort_order`, `status`, `date_added`, `date_modified`) VALUES ('161', 'catalog/journal3/products/food/salad.jpeg', '155', '0', '1', '0', '1', '2014-04-27 01:38:17', '2018-06-05 12:50:54');
INSERT INTO `oc_category` (`category_id`, `image`, `parent_id`, `top`, `column`, `sort_order`, `status`, `date_added`, `date_modified`) VALUES ('163', 'catalog/journal3/products/food/sushi.jpeg', '155', '0', '1', '0', '1', '2014-04-27 01:39:12', '2018-06-05 12:51:14');
INSERT INTO `oc_category` (`category_id`, `image`, `parent_id`, `top`, `column`, `sort_order`, `status`, `date_added`, `date_modified`) VALUES ('164', 'catalog/journal3/products/beauty/14.jpg', '109', '0', '1', '0', '1', '2014-05-22 12:29:53', '2018-06-03 13:51:19');
INSERT INTO `oc_category` (`category_id`, `image`, `parent_id`, `top`, `column`, `sort_order`, `status`, `date_added`, `date_modified`) VALUES ('165', 'catalog/journal3/products/backpacks/3.jpg', '107', '0', '1', '0', '1', '2017-12-05 15:50:07', '2018-06-05 13:28:54');
INSERT INTO `oc_category` (`category_id`, `image`, `parent_id`, `top`, `column`, `sort_order`, `status`, `date_added`, `date_modified`) VALUES ('166', 'catalog/journal3/categories/baby.jpg', '0', '1', '1', '0', '1', '2018-05-08 17:24:24', '2018-08-23 19:04:41');
INSERT INTO `oc_category` (`category_id`, `image`, `parent_id`, `top`, `column`, `sort_order`, `status`, `date_added`, `date_modified`) VALUES ('167', 'catalog/journal3/products/baby/baby-boy-hat-covered-101537.jpeg', '166', '0', '1', '0', '1', '2018-05-08 17:28:09', '2018-06-05 13:21:09');
INSERT INTO `oc_category` (`category_id`, `image`, `parent_id`, `top`, `column`, `sort_order`, `status`, `date_added`, `date_modified`) VALUES ('168', '', '167', '0', '1', '0', '1', '2018-05-08 17:29:44', '2018-05-08 17:29:44');
INSERT INTO `oc_category` (`category_id`, `image`, `parent_id`, `top`, `column`, `sort_order`, `status`, `date_added`, `date_modified`) VALUES ('169', '', '167', '0', '1', '0', '1', '2018-05-08 17:30:52', '2018-05-08 17:30:52');
INSERT INTO `oc_category` (`category_id`, `image`, `parent_id`, `top`, `column`, `sort_order`, `status`, `date_added`, `date_modified`) VALUES ('170', 'catalog/journal3/products/baby/toys.jpeg', '166', '0', '1', '0', '1', '2018-05-08 17:31:46', '2018-06-05 13:21:33');
INSERT INTO `oc_category` (`category_id`, `image`, `parent_id`, `top`, `column`, `sort_order`, `status`, `date_added`, `date_modified`) VALUES ('171', 'catalog/journal3/products/baby/pexels-photo-266011.jpeg', '166', '0', '1', '0', '1', '2018-05-08 17:34:12', '2018-06-05 13:20:55');
INSERT INTO `oc_category` (`category_id`, `image`, `parent_id`, `top`, `column`, `sort_order`, `status`, `date_added`, `date_modified`) VALUES ('172', '', '171', '0', '1', '0', '1', '2018-05-08 17:35:14', '2018-05-08 17:35:14');
INSERT INTO `oc_category` (`category_id`, `image`, `parent_id`, `top`, `column`, `sort_order`, `status`, `date_added`, `date_modified`) VALUES ('173', '', '171', '0', '1', '0', '1', '2018-05-08 17:36:18', '2018-05-08 17:36:18');
INSERT INTO `oc_category` (`category_id`, `image`, `parent_id`, `top`, `column`, `sort_order`, `status`, `date_added`, `date_modified`) VALUES ('174', '', '171', '0', '1', '0', '1', '2018-05-08 17:37:05', '2018-05-08 17:37:05');
INSERT INTO `oc_category` (`category_id`, `image`, `parent_id`, `top`, `column`, `sort_order`, `status`, `date_added`, `date_modified`) VALUES ('175', 'catalog/journal3/categories/acceso.jpg', '0', '1', '1', '-4', '1', '2018-05-08 17:38:32', '2018-08-23 19:12:01');
INSERT INTO `oc_category` (`category_id`, `image`, `parent_id`, `top`, `column`, `sort_order`, `status`, `date_added`, `date_modified`) VALUES ('176', 'catalog/journal3/products/home/living.jpeg', '175', '0', '1', '0', '1', '2018-05-08 17:39:46', '2018-06-05 12:54:15');
INSERT INTO `oc_category` (`category_id`, `image`, `parent_id`, `top`, `column`, `sort_order`, `status`, `date_added`, `date_modified`) VALUES ('177', '', '176', '0', '1', '0', '1', '2018-05-08 17:41:06', '2018-05-08 17:41:06');
INSERT INTO `oc_category` (`category_id`, `image`, `parent_id`, `top`, `column`, `sort_order`, `status`, `date_added`, `date_modified`) VALUES ('178', '', '176', '0', '1', '0', '1', '2018-05-08 17:42:54', '2018-05-08 17:42:54');
INSERT INTO `oc_category` (`category_id`, `image`, `parent_id`, `top`, `column`, `sort_order`, `status`, `date_added`, `date_modified`) VALUES ('179', '', '176', '0', '1', '0', '1', '2018-05-08 17:43:35', '2018-05-08 17:43:35');
INSERT INTO `oc_category` (`category_id`, `image`, `parent_id`, `top`, `column`, `sort_order`, `status`, `date_added`, `date_modified`) VALUES ('180', 'catalog/journal3/products/home/kitchen.jpeg', '175', '0', '1', '0', '1', '2018-05-08 17:46:11', '2018-06-05 12:53:08');
INSERT INTO `oc_category` (`category_id`, `image`, `parent_id`, `top`, `column`, `sort_order`, `status`, `date_added`, `date_modified`) VALUES ('181', '', '180', '0', '1', '0', '1', '2018-05-08 17:50:08', '2018-05-08 17:50:08');
INSERT INTO `oc_category` (`category_id`, `image`, `parent_id`, `top`, `column`, `sort_order`, `status`, `date_added`, `date_modified`) VALUES ('182', '', '180', '0', '1', '0', '1', '2018-05-08 17:50:54', '2018-05-08 17:50:54');
INSERT INTO `oc_category` (`category_id`, `image`, `parent_id`, `top`, `column`, `sort_order`, `status`, `date_added`, `date_modified`) VALUES ('183', '', '180', '0', '1', '0', '1', '2018-05-08 17:53:55', '2018-05-08 17:53:55');
INSERT INTO `oc_category` (`category_id`, `image`, `parent_id`, `top`, `column`, `sort_order`, `status`, `date_added`, `date_modified`) VALUES ('184', 'catalog/journal3/products/home/bed.jpeg', '175', '0', '1', '0', '1', '2018-05-08 19:11:58', '2018-06-05 12:52:36');
INSERT INTO `oc_category` (`category_id`, `image`, `parent_id`, `top`, `column`, `sort_order`, `status`, `date_added`, `date_modified`) VALUES ('185', '', '184', '0', '1', '0', '1', '2018-05-08 19:14:03', '2018-05-08 19:14:03');
INSERT INTO `oc_category` (`category_id`, `image`, `parent_id`, `top`, `column`, `sort_order`, `status`, `date_added`, `date_modified`) VALUES ('186', '', '184', '0', '1', '0', '1', '2018-05-08 19:15:09', '2018-05-08 19:15:09');
INSERT INTO `oc_category` (`category_id`, `image`, `parent_id`, `top`, `column`, `sort_order`, `status`, `date_added`, `date_modified`) VALUES ('187', 'catalog/journal3/products/home/matt.jpeg', '175', '0', '1', '0', '1', '2018-05-08 19:17:22', '2018-06-05 13:01:18');
INSERT INTO `oc_category` (`category_id`, `image`, `parent_id`, `top`, `column`, `sort_order`, `status`, `date_added`, `date_modified`) VALUES ('188', 'catalog/journal3/products/home/patio.jpeg', '175', '0', '1', '0', '1', '2018-05-08 19:18:12', '2018-06-05 12:43:27');
INSERT INTO `oc_category` (`category_id`, `image`, `parent_id`, `top`, `column`, `sort_order`, `status`, `date_added`, `date_modified`) VALUES ('189', 'catalog/journal3/products/home/bath.jpeg', '175', '0', '1', '0', '1', '2018-05-08 19:19:12', '2018-06-05 12:52:19');
INSERT INTO `oc_category` (`category_id`, `image`, `parent_id`, `top`, `column`, `sort_order`, `status`, `date_added`, `date_modified`) VALUES ('190', 'catalog/journal3/products/home/outdoor.jpeg', '175', '0', '1', '0', '1', '2018-05-08 19:20:10', '2018-06-05 13:01:31');
INSERT INTO `oc_category` (`category_id`, `image`, `parent_id`, `top`, `column`, `sort_order`, `status`, `date_added`, `date_modified`) VALUES ('191', 'catalog/journal3/products/home/garden.jpeg', '175', '1', '1', '0', '1', '2018-05-08 19:21:18', '2018-06-05 12:52:53');
INSERT INTO `oc_category` (`category_id`, `image`, `parent_id`, `top`, `column`, `sort_order`, `status`, `date_added`, `date_modified`) VALUES ('192', '', '191', '0', '1', '0', '1', '2018-05-08 19:22:16', '2018-05-08 19:22:16');
INSERT INTO `oc_category` (`category_id`, `image`, `parent_id`, `top`, `column`, `sort_order`, `status`, `date_added`, `date_modified`) VALUES ('193', '', '191', '0', '1', '0', '1', '2018-05-08 19:23:13', '2018-05-08 19:23:13');
INSERT INTO `oc_category` (`category_id`, `image`, `parent_id`, `top`, `column`, `sort_order`, `status`, `date_added`, `date_modified`) VALUES ('194', '', '191', '0', '1', '0', '1', '2018-05-08 19:23:48', '2018-05-08 19:23:48');
INSERT INTO `oc_category` (`category_id`, `image`, `parent_id`, `top`, `column`, `sort_order`, `status`, `date_added`, `date_modified`) VALUES ('195', '', '191', '0', '1', '0', '1', '2018-05-08 19:24:13', '2018-05-08 19:24:13');
INSERT INTO `oc_category` (`category_id`, `image`, `parent_id`, `top`, `column`, `sort_order`, `status`, `date_added`, `date_modified`) VALUES ('196', 'catalog/journal3/categories/rose.jpg', '0', '1', '1', '0', '1', '2018-05-08 19:26:04', '2018-08-23 19:08:09');
INSERT INTO `oc_category` (`category_id`, `image`, `parent_id`, `top`, `column`, `sort_order`, `status`, `date_added`, `date_modified`) VALUES ('197', '', '196', '0', '1', '0', '1', '2018-05-08 19:26:33', '2018-06-05 12:52:08');
INSERT INTO `oc_category` (`category_id`, `image`, `parent_id`, `top`, `column`, `sort_order`, `status`, `date_added`, `date_modified`) VALUES ('198', '', '196', '0', '1', '0', '1', '2018-05-08 19:28:01', '2018-06-05 12:51:22');
INSERT INTO `oc_category` (`category_id`, `image`, `parent_id`, `top`, `column`, `sort_order`, `status`, `date_added`, `date_modified`) VALUES ('199', 'catalog/journal3/products/misc/aradhika-sharma-206334-unsplash.jpg', '196', '0', '1', '0', '1', '2018-05-08 19:29:24', '2018-06-05 13:00:19');
INSERT INTO `oc_category` (`category_id`, `image`, `parent_id`, `top`, `column`, `sort_order`, `status`, `date_added`, `date_modified`) VALUES ('200', '', '196', '0', '1', '0', '1', '2018-05-08 19:30:11', '2018-06-05 12:51:37');
INSERT INTO `oc_category` (`category_id`, `image`, `parent_id`, `top`, `column`, `sort_order`, `status`, `date_added`, `date_modified`) VALUES ('216', 'catalog/journal3/products/beauty/additional/brush-case.jpg', '109', '0', '1', '0', '1', '2018-06-05 12:42:57', '2018-06-05 13:20:11');
INSERT INTO `oc_category` (`category_id`, `image`, `parent_id`, `top`, `column`, `sort_order`, `status`, `date_added`, `date_modified`) VALUES ('203', '', '196', '0', '1', '0', '1', '2018-05-08 19:32:51', '2018-06-05 12:52:22');
INSERT INTO `oc_category` (`category_id`, `image`, `parent_id`, `top`, `column`, `sort_order`, `status`, `date_added`, `date_modified`) VALUES ('204', '', '196', '0', '1', '0', '1', '2018-05-08 19:33:54', '2018-06-05 12:51:53');
INSERT INTO `oc_category` (`category_id`, `image`, `parent_id`, `top`, `column`, `sort_order`, `status`, `date_added`, `date_modified`) VALUES ('205', 'catalog/journal3/categories/app.jpg', '0', '1', '1', '0', '1', '2018-05-08 19:35:06', '2018-08-30 11:49:17');
INSERT INTO `oc_category` (`category_id`, `image`, `parent_id`, `top`, `column`, `sort_order`, `status`, `date_added`, `date_modified`) VALUES ('206', 'catalog/journal3/products/appliances/fridge.jpg', '205', '0', '1', '0', '1', '2018-05-08 19:37:02', '2018-06-05 11:59:47');
INSERT INTO `oc_category` (`category_id`, `image`, `parent_id`, `top`, `column`, `sort_order`, `status`, `date_added`, `date_modified`) VALUES ('207', 'catalog/journal3/products/appliances/micro.png', '205', '0', '1', '0', '1', '2018-05-08 19:39:45', '2018-06-05 11:58:27');
INSERT INTO `oc_category` (`category_id`, `image`, `parent_id`, `top`, `column`, `sort_order`, `status`, `date_added`, `date_modified`) VALUES ('208', 'catalog/journal3/products/appliances/iron.jpg', '205', '0', '1', '0', '1', '2018-05-08 19:42:54', '2018-06-05 11:57:19');
INSERT INTO `oc_category` (`category_id`, `image`, `parent_id`, `top`, `column`, `sort_order`, `status`, `date_added`, `date_modified`) VALUES ('214', 'catalog/journal3/products/footwear/shoes2.jpg', '111', '0', '1', '0', '1', '2018-06-05 12:18:25', '2018-06-05 12:18:25');
INSERT INTO `oc_category` (`category_id`, `image`, `parent_id`, `top`, `column`, `sort_order`, `status`, `date_added`, `date_modified`) VALUES ('210', 'catalog/journal3/products/appliances/kettle.jpg', '205', '0', '1', '0', '1', '2018-05-08 19:46:18', '2018-06-05 11:58:02');
INSERT INTO `oc_category` (`category_id`, `image`, `parent_id`, `top`, `column`, `sort_order`, `status`, `date_added`, `date_modified`) VALUES ('211', 'catalog/journal3/products/appliances/toaster.jpg', '205', '0', '1', '0', '1', '2018-05-08 19:46:46', '2018-06-05 11:59:30');
INSERT INTO `oc_category` (`category_id`, `image`, `parent_id`, `top`, `column`, `sort_order`, `status`, `date_added`, `date_modified`) VALUES ('213', 'catalog/journal3/products/home/545048.jpeg', '175', '0', '1', '0', '1', '2018-05-12 11:26:37', '2018-06-05 12:51:54');
INSERT INTO `oc_category` (`category_id`, `image`, `parent_id`, `top`, `column`, `sort_order`, `status`, `date_added`, `date_modified`) VALUES ('215', 'catalog/journal3/products/footwear/flip-flops.jpg', '111', '0', '1', '0', '1', '2018-06-05 12:19:05', '2018-06-05 12:19:05');
INSERT INTO `oc_category` (`category_id`, `image`, `parent_id`, `top`, `column`, `sort_order`, `status`, `date_added`, `date_modified`) VALUES ('217', 'catalog/journal3/products/baby/baby-cloth-clothing-color-41165.jpeg', '166', '0', '1', '0', '1', '2018-06-05 13:22:15', '2018-06-05 13:22:26');
INSERT INTO `oc_category` (`category_id`, `image`, `parent_id`, `top`, `column`, `sort_order`, `status`, `date_added`, `date_modified`) VALUES ('218', 'catalog/journal3/products/baby/pexels-photo-914253.jpeg', '166', '0', '1', '0', '1', '2018-06-05 13:23:02', '2018-06-05 13:23:02');
INSERT INTO `oc_category` (`category_id`, `image`, `parent_id`, `top`, `column`, `sort_order`, `status`, `date_added`, `date_modified`) VALUES ('219', 'catalog/demo/apple_cinema_30.jpg', '28', '0', '1', '0', '1', '2018-07-08 13:45:10', '2018-07-08 13:47:31');
INSERT INTO `oc_category` (`category_id`, `image`, `parent_id`, `top`, `column`, `sort_order`, `status`, `date_added`, `date_modified`) VALUES ('220', 'catalog/demo/apple_cinema_30.jpg', '219', '0', '1', '0', '1', '2018-07-08 13:48:31', '2018-07-08 13:48:31');


TRUNCATE TABLE `oc_category_description`;

INSERT INTO `oc_category_description` (`category_id`, `language_id`, `name`, `description`, `meta_title`, `meta_description`, `meta_keyword`) VALUES ('28', '1', 'Monitors', '&lt;p&gt;The category description can be positioned here at the &lt;b&gt;top of the page&lt;/b&gt; or at the&lt;b&gt; bottom&lt;/b&gt; below the products, or it can be disabled entirely, including the category image on the left which comes with custom image dimensions, including fit or fill (crop) options for system images such as products, categories, banners, sliders, etc.&amp;nbsp;&lt;/p&gt;\r\n', 'Monitors', '', '');
INSERT INTO `oc_category_description` (`category_id`, `language_id`, `name`, `description`, `meta_title`, `meta_description`, `meta_keyword`) VALUES ('32', '1', 'Web Cameras', '&lt;p&gt;The category description can be positioned here at the &lt;b&gt;top of the page&lt;/b&gt; or at the&lt;b&gt; bottom&lt;/b&gt; below the products, or it can be disabled entirely, including the category image on the left which comes with custom image dimensions, including fit or fill (crop) options for system images such as products, categories, banners, sliders, etc.&amp;nbsp;&lt;/p&gt;\r\n', 'Web Cameras', '', '');
INSERT INTO `oc_category_description` (`category_id`, `language_id`, `name`, `description`, `meta_title`, `meta_description`, `meta_keyword`) VALUES ('31', '1', 'Scanners', '&lt;p&gt;The category description can be positioned here at the &lt;b&gt;top of the page&lt;/b&gt; or at the&lt;b&gt; bottom&lt;/b&gt; below the products, or it can be disabled entirely, including the category image on the left which comes with custom image dimensions, including fit or fill (crop) options for system images such as products, categories, banners, sliders, etc.&amp;nbsp;&lt;/p&gt;\r\n', 'Scanners', '', '');
INSERT INTO `oc_category_description` (`category_id`, `language_id`, `name`, `description`, `meta_title`, `meta_description`, `meta_keyword`) VALUES ('30', '1', 'Printers', '&lt;p&gt;The category description can be positioned here at the &lt;b&gt;top of the page&lt;/b&gt; or at the&lt;b&gt; bottom&lt;/b&gt; below the products, or it can be disabled entirely, including the category image on the left which comes with custom image dimensions, including fit or fill (crop) options for system images such as products, categories, banners, sliders, etc.&amp;nbsp;&lt;/p&gt;\r\n', 'Printers', '', '');
INSERT INTO `oc_category_description` (`category_id`, `language_id`, `name`, `description`, `meta_title`, `meta_description`, `meta_keyword`) VALUES ('26', '1', 'PC', '&lt;p&gt;The category description can be positioned here at the &lt;b&gt;top of the page&lt;/b&gt; or at the&lt;b&gt; bottom&lt;/b&gt; below the products, or it can be disabled entirely, including the category image on the left which comes with custom image dimensions, including fit or fill (crop) options for system images such as products, categories, banners, sliders, etc.&amp;nbsp;&lt;/p&gt;\r\n', 'PC', '', '');
INSERT INTO `oc_category_description` (`category_id`, `language_id`, `name`, `description`, `meta_title`, `meta_description`, `meta_keyword`) VALUES ('20', '1', 'Desktops', '&lt;p&gt;The category description can be positioned here at the &lt;b&gt;top of the page&lt;/b&gt; or at the&lt;b&gt; bottom&lt;/b&gt; below the products, or it can be disabled entirely, including the category image on the left which comes with custom image dimensions, including fit or fill (crop) options for system images such as products, categories, banners, sliders, etc.&amp;nbsp;&lt;/p&gt;\r\n', 'Desktops', 'Example of category description', '');
INSERT INTO `oc_category_description` (`category_id`, `language_id`, `name`, `description`, `meta_title`, `meta_description`, `meta_keyword`) VALUES ('34', '1', 'MP3 Players', '&lt;p&gt;The category description can be positioned here at the &lt;b&gt;top of the page&lt;/b&gt; or at the&lt;b&gt; bottom&lt;/b&gt; below the products, or it can be disabled entirely, including the category image on the left which comes with custom image dimensions, including fit or fill (crop) options for system images such as products, categories, banners, sliders, etc.&amp;nbsp;&lt;/p&gt;\r\n', 'MP3 Players', '', '');
INSERT INTO `oc_category_description` (`category_id`, `language_id`, `name`, `description`, `meta_title`, `meta_description`, `meta_keyword`) VALUES ('18', '1', 'Laptops &amp; Notebooks', '&lt;p&gt;The category description can be positioned here at the &lt;b&gt;top of the page&lt;/b&gt; or at the&lt;b&gt; bottom&lt;/b&gt; below the products, or it can be disabled entirely, including the category image on the left which comes with custom image dimensions, including fit or fill (crop) options for system images such as products, categories, banners, sliders, etc.&amp;nbsp;&lt;/p&gt;\r\n', 'Laptops &amp; Notebooks', '', '');
INSERT INTO `oc_category_description` (`category_id`, `language_id`, `name`, `description`, `meta_title`, `meta_description`, `meta_keyword`) VALUES ('45', '1', 'Windows', '&lt;p&gt;The category description can be positioned here at the &lt;b&gt;top of the page&lt;/b&gt; or at the&lt;b&gt; bottom&lt;/b&gt; below the products, or it can be disabled entirely, including the category image on the left which comes with custom image dimensions, including fit or fill (crop) options for system images such as products, categories, banners, sliders, etc.&amp;nbsp;&lt;/p&gt;\r\n', 'Windows', '', '');
INSERT INTO `oc_category_description` (`category_id`, `language_id`, `name`, `description`, `meta_title`, `meta_description`, `meta_keyword`) VALUES ('46', '1', 'Macs', '&lt;p&gt;The category description can be positioned here at the &lt;b&gt;top of the page&lt;/b&gt; or at the&lt;b&gt; bottom&lt;/b&gt; below the products, or it can be disabled entirely, including the category image on the left which comes with custom image dimensions, including fit or fill (crop) options for system images such as products, categories, banners, sliders, etc.&amp;nbsp;&lt;/p&gt;\r\n', 'Macs', '', '');
INSERT INTO `oc_category_description` (`category_id`, `language_id`, `name`, `description`, `meta_title`, `meta_description`, `meta_keyword`) VALUES ('147', '1', 'Casual', '&lt;p&gt;The category description can be positioned here at the &lt;b&gt;top of the page&lt;/b&gt; or at the&lt;b&gt; bottom&lt;/b&gt; below the products, or it can be disabled entirely, including the category image on the left which comes with custom image dimensions, including fit or fill (crop) options for system images such as products, categories, banners, sliders, etc.&amp;nbsp;&lt;/p&gt;\r\n', 'Casual', '', '');
INSERT INTO `oc_category_description` (`category_id`, `language_id`, `name`, `description`, `meta_title`, `meta_description`, `meta_keyword`) VALUES ('35', '1', 'Subcategory', '&lt;p&gt;The category description can be positioned here at the &lt;b&gt;top of the page&lt;/b&gt; or at the&lt;b&gt; bottom&lt;/b&gt; below the products, or it can be disabled entirely, including the category image on the left which comes with custom image dimensions, including fit or fill (crop) options for system images such as products, categories, banners, sliders, etc.&amp;nbsp;&lt;/p&gt;\r\n', 'Subcategory', '', '');
INSERT INTO `oc_category_description` (`category_id`, `language_id`, `name`, `description`, `meta_title`, `meta_description`, `meta_keyword`) VALUES ('111', '1', 'Footwear', '&lt;p&gt;The category description can be positioned here at the &lt;b&gt;top of the page&lt;/b&gt; or at the&lt;b&gt; bottom&lt;/b&gt; below the products, or it can be disabled entirely, including the category image on the left which comes with custom image dimensions, including fit or fill (crop) options for system images such as products, categories, banners, sliders, etc.&amp;nbsp;&lt;/p&gt;\r\n', 'Shoes', '', '');
INSERT INTO `oc_category_description` (`category_id`, `language_id`, `name`, `description`, `meta_title`, `meta_description`, `meta_keyword`) VALUES ('45', '3', 'Windows', '&lt;p&gt;The category description can be positioned here at the &lt;b&gt;top of the page&lt;/b&gt; or at the&lt;b&gt; bottom&lt;/b&gt; below the products, or it can be disabled entirely, including the category image on the left which comes with custom image dimensions, including fit or fill (crop) options for system images such as products, categories, banners, sliders, etc.&amp;nbsp;&lt;/p&gt;\r\n', 'Windows', '', '');
INSERT INTO `oc_category_description` (`category_id`, `language_id`, `name`, `description`, `meta_title`, `meta_description`, `meta_keyword`) VALUES ('46', '3', 'Macs', '&lt;p&gt;The category description can be positioned here at the &lt;b&gt;top of the page&lt;/b&gt; or at the&lt;b&gt; bottom&lt;/b&gt; below the products, or it can be disabled entirely, including the category image on the left which comes with custom image dimensions, including fit or fill (crop) options for system images such as products, categories, banners, sliders, etc.&amp;nbsp;&lt;/p&gt;\r\n', 'Macs', '', '');
INSERT INTO `oc_category_description` (`category_id`, `language_id`, `name`, `description`, `meta_title`, `meta_description`, `meta_keyword`) VALUES ('18', '3', 'Laptops &amp; Notebooks', '&lt;p&gt;The category description can be positioned here at the &lt;b&gt;top of the page&lt;/b&gt; or at the&lt;b&gt; bottom&lt;/b&gt; below the products, or it can be disabled entirely, including the category image on the left which comes with custom image dimensions, including fit or fill (crop) options for system images such as products, categories, banners, sliders, etc.&amp;nbsp;&lt;/p&gt;\r\n', 'Laptops &amp; Notebooks', '', '');
INSERT INTO `oc_category_description` (`category_id`, `language_id`, `name`, `description`, `meta_title`, `meta_description`, `meta_keyword`) VALUES ('34', '3', 'MP3 Players', '&lt;p&gt;The category description can be positioned here at the &lt;b&gt;top of the page&lt;/b&gt; or at the&lt;b&gt; bottom&lt;/b&gt; below the products, or it can be disabled entirely, including the category image on the left which comes with custom image dimensions, including fit or fill (crop) options for system images such as products, categories, banners, sliders, etc.&amp;nbsp;&lt;/p&gt;\r\n', 'MP3 Players', '', '');
INSERT INTO `oc_category_description` (`category_id`, `language_id`, `name`, `description`, `meta_title`, `meta_description`, `meta_keyword`) VALUES ('20', '3', 'Desktops', '&lt;p&gt;The category description can be positioned here at the &lt;b&gt;top of the page&lt;/b&gt; or at the&lt;b&gt; bottom&lt;/b&gt; below the products, or it can be disabled entirely, including the category image on the left which comes with custom image dimensions, including fit or fill (crop) options for system images such as products, categories, banners, sliders, etc.&amp;nbsp;&lt;/p&gt;\r\n', 'Desktops', 'Example of category description', '');
INSERT INTO `oc_category_description` (`category_id`, `language_id`, `name`, `description`, `meta_title`, `meta_description`, `meta_keyword`) VALUES ('28', '3', 'Monitors', '&lt;p&gt;The category description can be positioned here at the &lt;b&gt;top of the page&lt;/b&gt; or at the&lt;b&gt; bottom&lt;/b&gt; below the products, or it can be disabled entirely, including the category image on the left which comes with custom image dimensions, including fit or fill (crop) options for system images such as products, categories, banners, sliders, etc.&amp;nbsp;&lt;/p&gt;\r\n', 'Monitors', '', '');
INSERT INTO `oc_category_description` (`category_id`, `language_id`, `name`, `description`, `meta_title`, `meta_description`, `meta_keyword`) VALUES ('32', '3', 'Web Cameras', '&lt;p&gt;The category description can be positioned here at the &lt;b&gt;top of the page&lt;/b&gt; or at the&lt;b&gt; bottom&lt;/b&gt; below the products, or it can be disabled entirely, including the category image on the left which comes with custom image dimensions, including fit or fill (crop) options for system images such as products, categories, banners, sliders, etc.&amp;nbsp;&lt;/p&gt;\r\n', 'Web Cameras', '', '');
INSERT INTO `oc_category_description` (`category_id`, `language_id`, `name`, `description`, `meta_title`, `meta_description`, `meta_keyword`) VALUES ('31', '3', 'Scanners', '&lt;p&gt;The category description can be positioned here at the &lt;b&gt;top of the page&lt;/b&gt; or at the&lt;b&gt; bottom&lt;/b&gt; below the products, or it can be disabled entirely, including the category image on the left which comes with custom image dimensions, including fit or fill (crop) options for system images such as products, categories, banners, sliders, etc.&amp;nbsp;&lt;/p&gt;\r\n', 'Scanners', '', '');
INSERT INTO `oc_category_description` (`category_id`, `language_id`, `name`, `description`, `meta_title`, `meta_description`, `meta_keyword`) VALUES ('30', '3', 'Printers', '&lt;p&gt;The category description can be positioned here at the &lt;b&gt;top of the page&lt;/b&gt; or at the&lt;b&gt; bottom&lt;/b&gt; below the products, or it can be disabled entirely, including the category image on the left which comes with custom image dimensions, including fit or fill (crop) options for system images such as products, categories, banners, sliders, etc.&amp;nbsp;&lt;/p&gt;\r\n', 'Printers', '', '');
INSERT INTO `oc_category_description` (`category_id`, `language_id`, `name`, `description`, `meta_title`, `meta_description`, `meta_keyword`) VALUES ('27', '1', 'Mac', '&lt;p&gt;The category description can be positioned here at the &lt;b&gt;top of the page&lt;/b&gt; or at the&lt;b&gt; bottom&lt;/b&gt; below the products, or it can be disabled entirely, including the category image on the left which comes with custom image dimensions, including fit or fill (crop) options for system images such as products, categories, banners, sliders, etc.&amp;nbsp;&lt;/p&gt;\r\n', 'Mac', '', '');
INSERT INTO `oc_category_description` (`category_id`, `language_id`, `name`, `description`, `meta_title`, `meta_description`, `meta_keyword`) VALUES ('26', '3', 'PC', '&lt;p&gt;The category description can be positioned here at the &lt;b&gt;top of the page&lt;/b&gt; or at the&lt;b&gt; bottom&lt;/b&gt; below the products, or it can be disabled entirely, including the category image on the left which comes with custom image dimensions, including fit or fill (crop) options for system images such as products, categories, banners, sliders, etc.&amp;nbsp;&lt;/p&gt;\r\n', 'PC', '', '');
INSERT INTO `oc_category_description` (`category_id`, `language_id`, `name`, `description`, `meta_title`, `meta_description`, `meta_keyword`) VALUES ('35', '3', 'Subcategory', '&lt;p&gt;The category description can be positioned here at the &lt;b&gt;top of the page&lt;/b&gt; or at the&lt;b&gt; bottom&lt;/b&gt; below the products, or it can be disabled entirely, including the category image on the left which comes with custom image dimensions, including fit or fill (crop) options for system images such as products, categories, banners, sliders, etc.&amp;nbsp;&lt;/p&gt;\r\n', 'Subcategory', '', '');
INSERT INTO `oc_category_description` (`category_id`, `language_id`, `name`, `description`, `meta_title`, `meta_description`, `meta_keyword`) VALUES ('110', '1', 'Jewelry', '&lt;p&gt;The category description can be positioned here at the &lt;b&gt;top of the page&lt;/b&gt; or at the&lt;b&gt; bottom&lt;/b&gt; below the products, or it can be disabled entirely, including the category image on the left which comes with custom image dimensions, including fit or fill (crop) options for system images such as products, categories, banners, sliders, etc.&amp;nbsp;&lt;/p&gt;\r\n', 'Jewelry', '', '');
INSERT INTO `oc_category_description` (`category_id`, `language_id`, `name`, `description`, `meta_title`, `meta_description`, `meta_keyword`) VALUES ('130', '1', 'Shirts', '&lt;p&gt;The category description can be positioned here at the &lt;b&gt;top of the page&lt;/b&gt; or at the&lt;b&gt; bottom&lt;/b&gt; below the products, or it can be disabled entirely, including the category image on the left which comes with custom image dimensions, including fit or fill (crop) options for system images such as products, categories, banners, sliders, etc.&amp;nbsp;&lt;/p&gt;\r\n', 'Shirts', '', '');
INSERT INTO `oc_category_description` (`category_id`, `language_id`, `name`, `description`, `meta_title`, `meta_description`, `meta_keyword`) VALUES ('129', '1', 'Sleeveless', '&lt;p&gt;The category description can be positioned here at the &lt;b&gt;top of the page&lt;/b&gt; or at the&lt;b&gt; bottom&lt;/b&gt; below the products, or it can be disabled entirely, including the category image on the left which comes with custom image dimensions, including fit or fill (crop) options for system images such as products, categories, banners, sliders, etc.&amp;nbsp;&lt;/p&gt;\r\n', 'Sleeveless', '', '');
INSERT INTO `oc_category_description` (`category_id`, `language_id`, `name`, `description`, `meta_title`, `meta_description`, `meta_keyword`) VALUES ('127', '1', 'Summer', '&lt;p&gt;The category description can be positioned here at the &lt;b&gt;top of the page&lt;/b&gt; or at the&lt;b&gt; bottom&lt;/b&gt; below the products, or it can be disabled entirely, including the category image on the left which comes with custom image dimensions, including fit or fill (crop) options for system images such as products, categories, banners, sliders, etc.&amp;nbsp;&lt;/p&gt;\r\n', 'Summer', '', '');
INSERT INTO `oc_category_description` (`category_id`, `language_id`, `name`, `description`, `meta_title`, `meta_description`, `meta_keyword`) VALUES ('125', '1', 'Accessories', '&lt;p&gt;The category description can be positioned here at the &lt;b&gt;top of the page&lt;/b&gt; or at the&lt;b&gt; bottom&lt;/b&gt; below the products, or it can be disabled entirely, including the category image on the left which comes with custom image dimensions, including fit or fill (crop) options for system images such as products, categories, banners, sliders, etc.&amp;nbsp;&lt;/p&gt;\r\n', 'Accessories', '', '');
INSERT INTO `oc_category_description` (`category_id`, `language_id`, `name`, `description`, `meta_title`, `meta_description`, `meta_keyword`) VALUES ('124', '1', 'Mascara', '&lt;p&gt;The category description can be positioned here at the &lt;b&gt;top of the page&lt;/b&gt; or at the&lt;b&gt; bottom&lt;/b&gt; below the products, or it can be disabled entirely, including the category image on the left which comes with custom image dimensions, including fit or fill (crop) options for system images such as products, categories, banners, sliders, etc.&amp;nbsp;&lt;/p&gt;\r\n', 'Mascara', '', '');
INSERT INTO `oc_category_description` (`category_id`, `language_id`, `name`, `description`, `meta_title`, `meta_description`, `meta_keyword`) VALUES ('123', '1', 'Lipstick', '&lt;p&gt;The category description can be positioned here at the &lt;b&gt;top of the page&lt;/b&gt; or at the&lt;b&gt; bottom&lt;/b&gt; below the products, or it can be disabled entirely, including the category image on the left which comes with custom image dimensions, including fit or fill (crop) options for system images such as products, categories, banners, sliders, etc.&amp;nbsp;&lt;/p&gt;\r\n', 'Lipstick', '', '');
INSERT INTO `oc_category_description` (`category_id`, `language_id`, `name`, `description`, `meta_title`, `meta_description`, `meta_keyword`) VALUES ('122', '1', 'Spa', '&lt;p&gt;The category description can be positioned here at the &lt;b&gt;top of the page&lt;/b&gt; or at the&lt;b&gt; bottom&lt;/b&gt; below the products, or it can be disabled entirely, including the category image on the left which comes with custom image dimensions, including fit or fill (crop) options for system images such as products, categories, banners, sliders, etc.&amp;nbsp;&lt;/p&gt;\r\n', 'Spa', '', '');
INSERT INTO `oc_category_description` (`category_id`, `language_id`, `name`, `description`, `meta_title`, `meta_description`, `meta_keyword`) VALUES ('119', '1', 'Shoulder', '&lt;p&gt;The category description can be positioned here at the &lt;b&gt;top of the page&lt;/b&gt; or at the&lt;b&gt; bottom&lt;/b&gt; below the products, or it can be disabled entirely, including the category image on the left which comes with custom image dimensions, including fit or fill (crop) options for system images such as products, categories, banners, sliders, etc.&amp;nbsp;&lt;/p&gt;\r\n', 'Shoulder', '', '');
INSERT INTO `oc_category_description` (`category_id`, `language_id`, `name`, `description`, `meta_title`, `meta_description`, `meta_keyword`) VALUES ('118', '1', 'Formal', '&lt;p&gt;The category description can be positioned here at the &lt;b&gt;top of the page&lt;/b&gt; or at the&lt;b&gt; bottom&lt;/b&gt; below the products, or it can be disabled entirely, including the category image on the left which comes with custom image dimensions, including fit or fill (crop) options for system images such as products, categories, banners, sliders, etc.&amp;nbsp;&lt;/p&gt;\r\n', 'Formal', '', '');
INSERT INTO `oc_category_description` (`category_id`, `language_id`, `name`, `description`, `meta_title`, `meta_description`, `meta_keyword`) VALUES ('120', '1', 'Clutches', '&lt;p&gt;The category description can be positioned here at the &lt;b&gt;top of the page&lt;/b&gt; or at the&lt;b&gt; bottom&lt;/b&gt; below the products, or it can be disabled entirely, including the category image on the left which comes with custom image dimensions, including fit or fill (crop) options for system images such as products, categories, banners, sliders, etc.&amp;nbsp;&lt;/p&gt;\r\n', 'Clutches', '', '');
INSERT INTO `oc_category_description` (`category_id`, `language_id`, `name`, `description`, `meta_title`, `meta_description`, `meta_keyword`) VALUES ('121', '1', 'Purses', '&lt;p&gt;The category description can be positioned here at the &lt;b&gt;top of the page&lt;/b&gt; or at the&lt;b&gt; bottom&lt;/b&gt; below the products, or it can be disabled entirely, including the category image on the left which comes with custom image dimensions, including fit or fill (crop) options for system images such as products, categories, banners, sliders, etc.&amp;nbsp;&lt;/p&gt;\r\n', 'Purses', '', '');
INSERT INTO `oc_category_description` (`category_id`, `language_id`, `name`, `description`, `meta_title`, `meta_description`, `meta_keyword`) VALUES ('117', '1', 'Bracelets', '&lt;p&gt;The category description can be positioned here at the &lt;b&gt;top of the page&lt;/b&gt; or at the&lt;b&gt; bottom&lt;/b&gt; below the products, or it can be disabled entirely, including the category image on the left which comes with custom image dimensions, including fit or fill (crop) options for system images such as products, categories, banners, sliders, etc.&amp;nbsp;&lt;/p&gt;\r\n', 'Bracelets', '', '');
INSERT INTO `oc_category_description` (`category_id`, `language_id`, `name`, `description`, `meta_title`, `meta_description`, `meta_keyword`) VALUES ('106', '1', 'Jackets', '&lt;p&gt;The category description can be positioned here at the &lt;b&gt;top of the page&lt;/b&gt; or at the&lt;b&gt; bottom&lt;/b&gt; below the products, or it can be disabled entirely, including the category image on the left which comes with custom image dimensions, including fit or fill (crop) options for system images such as products, categories, banners, sliders, etc.&amp;nbsp;&lt;/p&gt;\r\n', 'Jackets', '', '');
INSERT INTO `oc_category_description` (`category_id`, `language_id`, `name`, `description`, `meta_title`, `meta_description`, `meta_keyword`) VALUES ('107', '1', 'Bags', '&lt;p&gt;The category description can be positioned here at the &lt;b&gt;top of the page&lt;/b&gt; or at the&lt;b&gt; bottom&lt;/b&gt; below the products, or it can be disabled entirely, including the category image on the left which comes with custom image dimensions, including fit or fill (crop) options for system images such as products, categories, banners, sliders, etc.&amp;nbsp;&lt;/p&gt;\r\n', 'Bags', '', '');
INSERT INTO `oc_category_description` (`category_id`, `language_id`, `name`, `description`, `meta_title`, `meta_description`, `meta_keyword`) VALUES ('108', '1', 'Tops', '&lt;p&gt;The category description can be positioned here at the &lt;b&gt;top of the page&lt;/b&gt; or at the&lt;b&gt; bottom&lt;/b&gt; below the products, or it can be disabled entirely, including the category image on the left which comes with custom image dimensions, including fit or fill (crop) options for system images such as products, categories, banners, sliders, etc.&amp;nbsp;&lt;/p&gt;\r\n', 'Tops', '', '');
INSERT INTO `oc_category_description` (`category_id`, `language_id`, `name`, `description`, `meta_title`, `meta_description`, `meta_keyword`) VALUES ('114', '1', 'Necklaces', '&lt;p&gt;The category description can be positioned here at the &lt;b&gt;top of the page&lt;/b&gt; or at the&lt;b&gt; bottom&lt;/b&gt; below the products, or it can be disabled entirely, including the category image on the left which comes with custom image dimensions, including fit or fill (crop) options for system images such as products, categories, banners, sliders, etc.&amp;nbsp;&lt;/p&gt;\r\n', 'Necklaces', '', '');
INSERT INTO `oc_category_description` (`category_id`, `language_id`, `name`, `description`, `meta_title`, `meta_description`, `meta_keyword`) VALUES ('115', '1', 'Rings', '&lt;p&gt;The category description can be positioned here at the &lt;b&gt;top of the page&lt;/b&gt; or at the&lt;b&gt; bottom&lt;/b&gt; below the products, or it can be disabled entirely, including the category image on the left which comes with custom image dimensions, including fit or fill (crop) options for system images such as products, categories, banners, sliders, etc.&amp;nbsp;&lt;/p&gt;\r\n', 'Rings', '', '');
INSERT INTO `oc_category_description` (`category_id`, `language_id`, `name`, `description`, `meta_title`, `meta_description`, `meta_keyword`) VALUES ('116', '1', 'Hats', '&lt;p&gt;The category description can be positioned here at the &lt;b&gt;top of the page&lt;/b&gt; or at the&lt;b&gt; bottom&lt;/b&gt; below the products, or it can be disabled entirely, including the category image on the left which comes with custom image dimensions, including fit or fill (crop) options for system images such as products, categories, banners, sliders, etc.&amp;nbsp;&lt;/p&gt;\r\n', 'Hats', '', '');
INSERT INTO `oc_category_description` (`category_id`, `language_id`, `name`, `description`, `meta_title`, `meta_description`, `meta_keyword`) VALUES ('69', '1', 'Electronics', '&lt;p&gt;The category description can be positioned here at the &lt;b&gt;top of the page&lt;/b&gt; or at the&lt;b&gt; bottom&lt;/b&gt; below the products, or it can be disabled entirely, including the category image on the left which comes with custom image dimensions, including fit or fill (crop) options for system images such as products, categories, banners, sliders, etc.&amp;nbsp;&lt;/p&gt;\r\n', 'Electronics', '', '');
INSERT INTO `oc_category_description` (`category_id`, `language_id`, `name`, `description`, `meta_title`, `meta_description`, `meta_keyword`) VALUES ('205', '1', 'Appliances', '&lt;p&gt;The category description can be positioned here at the &lt;b&gt;top of the page&lt;/b&gt; or at the&lt;b&gt; bottom&lt;/b&gt; below the products, or it can be disabled entirely, including the category image on the left which comes with custom image dimensions, including fit or fill (crop) options for system images such as products, categories, banners, sliders, etc.&amp;nbsp;&lt;/p&gt;\r\n', 'Appliances', '', '');
INSERT INTO `oc_category_description` (`category_id`, `language_id`, `name`, `description`, `meta_title`, `meta_description`, `meta_keyword`) VALUES ('219', '1', 'Large Screens', '&lt;p&gt;The category description can be positioned here at the &lt;b&gt;top of the page&lt;/b&gt; or at the&lt;b&gt; bottom&lt;/b&gt; below the products, or it can be disabled entirely, including the category image on the left which comes with custom image dimensions, including fit or fill (crop) options for system images such as products, categories, banners, sliders, etc.&amp;nbsp;&lt;/p&gt;\r\n', 'largescreens', '', '');
INSERT INTO `oc_category_description` (`category_id`, `language_id`, `name`, `description`, `meta_title`, `meta_description`, `meta_keyword`) VALUES ('60', '1', 'Dresses', '&lt;p&gt;The category description can be positioned here at the &lt;b&gt;top of the page&lt;/b&gt; or at the&lt;b&gt; bottom&lt;/b&gt; below the products, or it can be disabled entirely, including the category image on the left which comes with custom image dimensions, including fit or fill (crop) options for system images such as products, categories, banners, sliders, etc.&amp;nbsp;&lt;/p&gt;\r\n', 'Dresses', '', '');
INSERT INTO `oc_category_description` (`category_id`, `language_id`, `name`, `description`, `meta_title`, `meta_description`, `meta_keyword`) VALUES ('132', '1', 'Heels', '&lt;p&gt;The category description can be positioned here at the &lt;b&gt;top of the page&lt;/b&gt; or at the&lt;b&gt; bottom&lt;/b&gt; below the products, or it can be disabled entirely, including the category image on the left which comes with custom image dimensions, including fit or fill (crop) options for system images such as products, categories, banners, sliders, etc.&amp;nbsp;&lt;/p&gt;\r\n', 'Heels', '', '');
INSERT INTO `oc_category_description` (`category_id`, `language_id`, `name`, `description`, `meta_title`, `meta_description`, `meta_keyword`) VALUES ('133', '1', 'Flats', '&lt;p&gt;The category description can be positioned here at the &lt;b&gt;top of the page&lt;/b&gt; or at the&lt;b&gt; bottom&lt;/b&gt; below the products, or it can be disabled entirely, including the category image on the left which comes with custom image dimensions, including fit or fill (crop) options for system images such as products, categories, banners, sliders, etc.&amp;nbsp;&lt;/p&gt;\r\n', 'Flats', '', '');
INSERT INTO `oc_category_description` (`category_id`, `language_id`, `name`, `description`, `meta_title`, `meta_description`, `meta_keyword`) VALUES ('135', '1', 'Jeans', '&lt;p&gt;The category description can be positioned here at the &lt;b&gt;top of the page&lt;/b&gt; or at the&lt;b&gt; bottom&lt;/b&gt; below the products, or it can be disabled entirely, including the category image on the left which comes with custom image dimensions, including fit or fill (crop) options for system images such as products, categories, banners, sliders, etc.&amp;nbsp;&lt;/p&gt;\r\n', 'Jeans', '', '');
INSERT INTO `oc_category_description` (`category_id`, `language_id`, `name`, `description`, `meta_title`, `meta_description`, `meta_keyword`) VALUES ('136', '1', 'Leggings', '&lt;p&gt;The category description can be positioned here at the &lt;b&gt;top of the page&lt;/b&gt; or at the&lt;b&gt; bottom&lt;/b&gt; below the products, or it can be disabled entirely, including the category image on the left which comes with custom image dimensions, including fit or fill (crop) options for system images such as products, categories, banners, sliders, etc.&amp;nbsp;&lt;/p&gt;\r\n', 'Leggings', '', '');
INSERT INTO `oc_category_description` (`category_id`, `language_id`, `name`, `description`, `meta_title`, `meta_description`, `meta_keyword`) VALUES ('126', '1', 'Training', '&lt;p&gt;The category description can be positioned here at the &lt;b&gt;top of the page&lt;/b&gt; or at the&lt;b&gt; bottom&lt;/b&gt; below the products, or it can be disabled entirely, including the category image on the left which comes with custom image dimensions, including fit or fill (crop) options for system images such as products, categories, banners, sliders, etc.&amp;nbsp;&lt;/p&gt;\r\n', 'Training', '', '');
INSERT INTO `oc_category_description` (`category_id`, `language_id`, `name`, `description`, `meta_title`, `meta_description`, `meta_keyword`) VALUES ('137', '1', 'Formal', '&lt;p&gt;The category description can be positioned here at the &lt;b&gt;top of the page&lt;/b&gt; or at the&lt;b&gt; bottom&lt;/b&gt; below the products, or it can be disabled entirely, including the category image on the left which comes with custom image dimensions, including fit or fill (crop) options for system images such as products, categories, banners, sliders, etc.&amp;nbsp;&lt;/p&gt;\r\n', 'Formal', '', '');
INSERT INTO `oc_category_description` (`category_id`, `language_id`, `name`, `description`, `meta_title`, `meta_description`, `meta_keyword`) VALUES ('142', '1', 'Suit', '&lt;p&gt;The category description can be positioned here at the &lt;b&gt;top of the page&lt;/b&gt; or at the&lt;b&gt; bottom&lt;/b&gt; below the products, or it can be disabled entirely, including the category image on the left which comes with custom image dimensions, including fit or fill (crop) options for system images such as products, categories, banners, sliders, etc.&amp;nbsp;&lt;/p&gt;\r\n', 'Suit', '', '');
INSERT INTO `oc_category_description` (`category_id`, `language_id`, `name`, `description`, `meta_title`, `meta_description`, `meta_keyword`) VALUES ('143', '1', 'Leather', '&lt;p&gt;The category description can be positioned here at the &lt;b&gt;top of the page&lt;/b&gt; or at the&lt;b&gt; bottom&lt;/b&gt; below the products, or it can be disabled entirely, including the category image on the left which comes with custom image dimensions, including fit or fill (crop) options for system images such as products, categories, banners, sliders, etc.&amp;nbsp;&lt;/p&gt;\r\n', 'Leather', '', '');
INSERT INTO `oc_category_description` (`category_id`, `language_id`, `name`, `description`, `meta_title`, `meta_description`, `meta_keyword`) VALUES ('144', '1', 'Blazers', '&lt;p&gt;The category description can be positioned here at the &lt;b&gt;top of the page&lt;/b&gt; or at the&lt;b&gt; bottom&lt;/b&gt; below the products, or it can be disabled entirely, including the category image on the left which comes with custom image dimensions, including fit or fill (crop) options for system images such as products, categories, banners, sliders, etc.&amp;nbsp;&lt;/p&gt;\r\n', 'Blazers', '', '');
INSERT INTO `oc_category_description` (`category_id`, `language_id`, `name`, `description`, `meta_title`, `meta_description`, `meta_keyword`) VALUES ('145', '1', 'Coats', '&lt;p&gt;The category description can be positioned here at the &lt;b&gt;top of the page&lt;/b&gt; or at the&lt;b&gt; bottom&lt;/b&gt; below the products, or it can be disabled entirely, including the category image on the left which comes with custom image dimensions, including fit or fill (crop) options for system images such as products, categories, banners, sliders, etc.&amp;nbsp;&lt;/p&gt;\r\n', 'Coats', '', '');
INSERT INTO `oc_category_description` (`category_id`, `language_id`, `name`, `description`, `meta_title`, `meta_description`, `meta_keyword`) VALUES ('146', '1', 'Earrings', '&lt;p&gt;The category description can be positioned here at the &lt;b&gt;top of the page&lt;/b&gt; or at the&lt;b&gt; bottom&lt;/b&gt; below the products, or it can be disabled entirely, including the category image on the left which comes with custom image dimensions, including fit or fill (crop) options for system images such as products, categories, banners, sliders, etc.&amp;nbsp;&lt;/p&gt;\r\n', 'Earrings', '', '');
INSERT INTO `oc_category_description` (`category_id`, `language_id`, `name`, `description`, `meta_title`, `meta_description`, `meta_keyword`) VALUES ('148', '1', 'Occasion', '&lt;p&gt;The category description can be positioned here at the &lt;b&gt;top of the page&lt;/b&gt; or at the&lt;b&gt; bottom&lt;/b&gt; below the products, or it can be disabled entirely, including the category image on the left which comes with custom image dimensions, including fit or fill (crop) options for system images such as products, categories, banners, sliders, etc.&amp;nbsp;&lt;/p&gt;\r\n', 'Occasion', '', '');
INSERT INTO `oc_category_description` (`category_id`, `language_id`, `name`, `description`, `meta_title`, `meta_description`, `meta_keyword`) VALUES ('149', '1', 'Evening', '&lt;p&gt;The category description can be positioned here at the &lt;b&gt;top of the page&lt;/b&gt; or at the&lt;b&gt; bottom&lt;/b&gt; below the products, or it can be disabled entirely, including the category image on the left which comes with custom image dimensions, including fit or fill (crop) options for system images such as products, categories, banners, sliders, etc.&amp;nbsp;&lt;/p&gt;\r\n', 'Evening', '', '');
INSERT INTO `oc_category_description` (`category_id`, `language_id`, `name`, `description`, `meta_title`, `meta_description`, `meta_keyword`) VALUES ('150', '1', 'Summer', '&lt;p&gt;The category description can be positioned here at the &lt;b&gt;top of the page&lt;/b&gt; or at the&lt;b&gt; bottom&lt;/b&gt; below the products, or it can be disabled entirely, including the category image on the left which comes with custom image dimensions, including fit or fill (crop) options for system images such as products, categories, banners, sliders, etc.&amp;nbsp;&lt;/p&gt;\r\n', 'Summer', '', '');
INSERT INTO `oc_category_description` (`category_id`, `language_id`, `name`, `description`, `meta_title`, `meta_description`, `meta_keyword`) VALUES ('154', '1', 'Skirt', '&lt;p&gt;The category description can be positioned here at the &lt;b&gt;top of the page&lt;/b&gt; or at the&lt;b&gt; bottom&lt;/b&gt; below the products, or it can be disabled entirely, including the category image on the left which comes with custom image dimensions, including fit or fill (crop) options for system images such as products, categories, banners, sliders, etc.&amp;nbsp;&lt;/p&gt;\r\n', 'Skirt', '', '');
INSERT INTO `oc_category_description` (`category_id`, `language_id`, `name`, `description`, `meta_title`, `meta_description`, `meta_keyword`) VALUES ('155', '1', 'Food', '&lt;p&gt;The category description can be positioned here at the &lt;b&gt;top of the page&lt;/b&gt; or at the&lt;b&gt; bottom&lt;/b&gt; below the products, or it can be disabled entirely, including the category image on the left which comes with custom image dimensions, including fit or fill (crop) options for system images such as products, categories, banners, sliders, etc.&amp;nbsp;&lt;/p&gt;\r\n', 'Food', '', '');
INSERT INTO `oc_category_description` (`category_id`, `language_id`, `name`, `description`, `meta_title`, `meta_description`, `meta_keyword`) VALUES ('164', '1', 'Body', '&lt;p&gt;The category description can be positioned here at the &lt;b&gt;top of the page&lt;/b&gt; or at the&lt;b&gt; bottom&lt;/b&gt; below the products, or it can be disabled entirely, including the category image on the left which comes with custom image dimensions, including fit or fill (crop) options for system images such as products, categories, banners, sliders, etc.&amp;nbsp;&lt;/p&gt;\r\n', 'Body', '', '');
INSERT INTO `oc_category_description` (`category_id`, `language_id`, `name`, `description`, `meta_title`, `meta_description`, `meta_keyword`) VALUES ('28', '4', 'Monitors', '&lt;p&gt;The category description can be positioned here at the &lt;b&gt;top of the page&lt;/b&gt; or at the&lt;b&gt; bottom&lt;/b&gt; below the products, or it can be disabled entirely, including the category image on the left which comes with custom image dimensions, including fit or fill (crop) options for system images such as products, categories, banners, sliders, etc.&amp;nbsp;&lt;/p&gt;\r\n', 'Monitors', '', '');
INSERT INTO `oc_category_description` (`category_id`, `language_id`, `name`, `description`, `meta_title`, `meta_description`, `meta_keyword`) VALUES ('33', '1', 'Cameras', '&lt;p&gt;The category description can be positioned here at the &lt;b&gt;top of the page&lt;/b&gt; or at the&lt;b&gt; bottom&lt;/b&gt; below the products, or it can be disabled entirely, including the category image on the left which comes with custom image dimensions, including fit or fill (crop) options for system images such as products, categories, banners, sliders, etc.&amp;nbsp;&lt;/p&gt;\r\n', 'Cameras', '', '');
INSERT INTO `oc_category_description` (`category_id`, `language_id`, `name`, `description`, `meta_title`, `meta_description`, `meta_keyword`) VALUES ('32', '4', 'Web Cameras', '&lt;p&gt;The category description can be positioned here at the &lt;b&gt;top of the page&lt;/b&gt; or at the&lt;b&gt; bottom&lt;/b&gt; below the products, or it can be disabled entirely, including the category image on the left which comes with custom image dimensions, including fit or fill (crop) options for system images such as products, categories, banners, sliders, etc.&amp;nbsp;&lt;/p&gt;\r\n', 'Web Cameras', '', '');
INSERT INTO `oc_category_description` (`category_id`, `language_id`, `name`, `description`, `meta_title`, `meta_description`, `meta_keyword`) VALUES ('31', '4', 'Scanners', '&lt;p&gt;The category description can be positioned here at the &lt;b&gt;top of the page&lt;/b&gt; or at the&lt;b&gt; bottom&lt;/b&gt; below the products, or it can be disabled entirely, including the category image on the left which comes with custom image dimensions, including fit or fill (crop) options for system images such as products, categories, banners, sliders, etc.&amp;nbsp;&lt;/p&gt;\r\n', 'Scanners', '', '');
INSERT INTO `oc_category_description` (`category_id`, `language_id`, `name`, `description`, `meta_title`, `meta_description`, `meta_keyword`) VALUES ('30', '4', 'Printers', '&lt;p&gt;The category description can be positioned here at the &lt;b&gt;top of the page&lt;/b&gt; or at the&lt;b&gt; bottom&lt;/b&gt; below the products, or it can be disabled entirely, including the category image on the left which comes with custom image dimensions, including fit or fill (crop) options for system images such as products, categories, banners, sliders, etc.&amp;nbsp;&lt;/p&gt;\r\n', 'Printers', '', '');
INSERT INTO `oc_category_description` (`category_id`, `language_id`, `name`, `description`, `meta_title`, `meta_description`, `meta_keyword`) VALUES ('220', '1', 'Macintosh', '&lt;p&gt;The category description can be positioned here at the &lt;b&gt;top of the page&lt;/b&gt; or at the&lt;b&gt; bottom&lt;/b&gt; below the products, or it can be disabled entirely, including the category image on the left which comes with custom image dimensions, including fit or fill (crop) options for system images such as products, categories, banners, sliders, etc.&amp;nbsp;&lt;/p&gt;\r\n', 'mac', '', '');
INSERT INTO `oc_category_description` (`category_id`, `language_id`, `name`, `description`, `meta_title`, `meta_description`, `meta_keyword`) VALUES ('26', '4', 'PC', '&lt;p&gt;The category description can be positioned here at the &lt;b&gt;top of the page&lt;/b&gt; or at the&lt;b&gt; bottom&lt;/b&gt; below the products, or it can be disabled entirely, including the category image on the left which comes with custom image dimensions, including fit or fill (crop) options for system images such as products, categories, banners, sliders, etc.&amp;nbsp;&lt;/p&gt;\r\n', 'PC', '', '');
INSERT INTO `oc_category_description` (`category_id`, `language_id`, `name`, `description`, `meta_title`, `meta_description`, `meta_keyword`) VALUES ('25', '1', 'Components', '&lt;p&gt;The category description can be positioned here at the &lt;b&gt;top of the page&lt;/b&gt; or at the&lt;b&gt; bottom&lt;/b&gt; below the products, or it can be disabled entirely, including the category image on the left which comes with custom image dimensions, including fit or fill (crop) options for system images such as products, categories, banners, sliders, etc.&amp;nbsp;&lt;/p&gt;\r\n', 'Components', '', '');
INSERT INTO `oc_category_description` (`category_id`, `language_id`, `name`, `description`, `meta_title`, `meta_description`, `meta_keyword`) VALUES ('24', '1', 'Phones &amp; PDAs', '&lt;p&gt;The category description can be positioned here at the &lt;b&gt;top of the page&lt;/b&gt; or at the&lt;b&gt; bottom&lt;/b&gt; below the products, or it can be disabled entirely, including the category image on the left which comes with custom image dimensions, including fit or fill (crop) options for system images such as products, categories, banners, sliders, etc.&amp;nbsp;&lt;/p&gt;\r\n', 'Phones &amp; PDAs', '', '');
INSERT INTO `oc_category_description` (`category_id`, `language_id`, `name`, `description`, `meta_title`, `meta_description`, `meta_keyword`) VALUES ('20', '4', 'Desktops', '&lt;p&gt;The category description can be positioned here at the &lt;b&gt;top of the page&lt;/b&gt; or at the&lt;b&gt; bottom&lt;/b&gt; below the products, or it can be disabled entirely, including the category image on the left which comes with custom image dimensions, including fit or fill (crop) options for system images such as products, categories, banners, sliders, etc.&amp;nbsp;&lt;/p&gt;\r\n', 'Desktops', 'Example of category description', '');
INSERT INTO `oc_category_description` (`category_id`, `language_id`, `name`, `description`, `meta_title`, `meta_description`, `meta_keyword`) VALUES ('34', '4', 'MP3 Players', '&lt;p&gt;The category description can be positioned here at the &lt;b&gt;top of the page&lt;/b&gt; or at the&lt;b&gt; bottom&lt;/b&gt; below the products, or it can be disabled entirely, including the category image on the left which comes with custom image dimensions, including fit or fill (crop) options for system images such as products, categories, banners, sliders, etc.&amp;nbsp;&lt;/p&gt;\r\n', 'MP3 Players', '', '');
INSERT INTO `oc_category_description` (`category_id`, `language_id`, `name`, `description`, `meta_title`, `meta_description`, `meta_keyword`) VALUES ('18', '4', 'Laptops &amp; Notebooks', '&lt;p&gt;The category description can be positioned here at the &lt;b&gt;top of the page&lt;/b&gt; or at the&lt;b&gt; bottom&lt;/b&gt; below the products, or it can be disabled entirely, including the category image on the left which comes with custom image dimensions, including fit or fill (crop) options for system images such as products, categories, banners, sliders, etc.&amp;nbsp;&lt;/p&gt;\r\n', 'Laptops &amp; Notebooks', '', '');
INSERT INTO `oc_category_description` (`category_id`, `language_id`, `name`, `description`, `meta_title`, `meta_description`, `meta_keyword`) VALUES ('45', '4', 'Windows', '&lt;p&gt;The category description can be positioned here at the &lt;b&gt;top of the page&lt;/b&gt; or at the&lt;b&gt; bottom&lt;/b&gt; below the products, or it can be disabled entirely, including the category image on the left which comes with custom image dimensions, including fit or fill (crop) options for system images such as products, categories, banners, sliders, etc.&amp;nbsp;&lt;/p&gt;\r\n', 'Windows', '', '');
INSERT INTO `oc_category_description` (`category_id`, `language_id`, `name`, `description`, `meta_title`, `meta_description`, `meta_keyword`) VALUES ('46', '4', 'Macs', '&lt;p&gt;The category description can be positioned here at the &lt;b&gt;top of the page&lt;/b&gt; or at the&lt;b&gt; bottom&lt;/b&gt; below the products, or it can be disabled entirely, including the category image on the left which comes with custom image dimensions, including fit or fill (crop) options for system images such as products, categories, banners, sliders, etc.&amp;nbsp;&lt;/p&gt;\r\n', 'Macs', '', '');
INSERT INTO `oc_category_description` (`category_id`, `language_id`, `name`, `description`, `meta_title`, `meta_description`, `meta_keyword`) VALUES ('113', '1', 'Pants', '&lt;p&gt;The category description can be positioned here at the &lt;b&gt;top of the page&lt;/b&gt; or at the&lt;b&gt; bottom&lt;/b&gt; below the products, or it can be disabled entirely, including the category image on the left which comes with custom image dimensions, including fit or fill (crop) options for system images such as products, categories, banners, sliders, etc.&amp;nbsp;&lt;/p&gt;\r\n', 'Pants', '', '');
INSERT INTO `oc_category_description` (`category_id`, `language_id`, `name`, `description`, `meta_title`, `meta_description`, `meta_keyword`) VALUES ('151', '1', 'Scarves', '&lt;p&gt;The category description can be positioned here at the &lt;b&gt;top of the page&lt;/b&gt; or at the&lt;b&gt; bottom&lt;/b&gt; below the products, or it can be disabled entirely, including the category image on the left which comes with custom image dimensions, including fit or fill (crop) options for system images such as products, categories, banners, sliders, etc.&amp;nbsp;&lt;/p&gt;\r\n', 'Scarves', '', '');
INSERT INTO `oc_category_description` (`category_id`, `language_id`, `name`, `description`, `meta_title`, `meta_description`, `meta_keyword`) VALUES ('153', '1', 'Sunglasses', '&lt;p&gt;The category description can be positioned here at the &lt;b&gt;top of the page&lt;/b&gt; or at the&lt;b&gt; bottom&lt;/b&gt; below the products, or it can be disabled entirely, including the category image on the left which comes with custom image dimensions, including fit or fill (crop) options for system images such as products, categories, banners, sliders, etc.&amp;nbsp;&lt;/p&gt;\r\n', 'Sunglasses', '', '');
INSERT INTO `oc_category_description` (`category_id`, `language_id`, `name`, `description`, `meta_title`, `meta_description`, `meta_keyword`) VALUES ('156', '1', 'Breakfast', '&lt;p&gt;The category description can be positioned here at the &lt;b&gt;top of the page&lt;/b&gt; or at the&lt;b&gt; bottom&lt;/b&gt; below the products, or it can be disabled entirely, including the category image on the left which comes with custom image dimensions, including fit or fill (crop) options for system images such as products, categories, banners, sliders, etc.&amp;nbsp;&lt;/p&gt;\r\n', 'Breakfast', '', '');
INSERT INTO `oc_category_description` (`category_id`, `language_id`, `name`, `description`, `meta_title`, `meta_description`, `meta_keyword`) VALUES ('157', '1', 'Dessert', '&lt;p&gt;The category description can be positioned here at the &lt;b&gt;top of the page&lt;/b&gt; or at the&lt;b&gt; bottom&lt;/b&gt; below the products, or it can be disabled entirely, including the category image on the left which comes with custom image dimensions, including fit or fill (crop) options for system images such as products, categories, banners, sliders, etc.&amp;nbsp;&lt;/p&gt;\r\n', 'Dessert', '', '');
INSERT INTO `oc_category_description` (`category_id`, `language_id`, `name`, `description`, `meta_title`, `meta_description`, `meta_keyword`) VALUES ('158', '1', 'Grill', '&lt;p&gt;The category description can be positioned here at the &lt;b&gt;top of the page&lt;/b&gt; or at the&lt;b&gt; bottom&lt;/b&gt; below the products, or it can be disabled entirely, including the category image on the left which comes with custom image dimensions, including fit or fill (crop) options for system images such as products, categories, banners, sliders, etc.&amp;nbsp;&lt;/p&gt;\r\n', 'Grill', '', '');
INSERT INTO `oc_category_description` (`category_id`, `language_id`, `name`, `description`, `meta_title`, `meta_description`, `meta_keyword`) VALUES ('159', '1', 'Pasta', '&lt;p&gt;The category description can be positioned here at the &lt;b&gt;top of the page&lt;/b&gt; or at the&lt;b&gt; bottom&lt;/b&gt; below the products, or it can be disabled entirely, including the category image on the left which comes with custom image dimensions, including fit or fill (crop) options for system images such as products, categories, banners, sliders, etc.&amp;nbsp;&lt;/p&gt;\r\n', 'Pasta', '', '');
INSERT INTO `oc_category_description` (`category_id`, `language_id`, `name`, `description`, `meta_title`, `meta_description`, `meta_keyword`) VALUES ('160', '1', 'Pizza', '&lt;p&gt;The category description can be positioned here at the &lt;b&gt;top of the page&lt;/b&gt; or at the&lt;b&gt; bottom&lt;/b&gt; below the products, or it can be disabled entirely, including the category image on the left which comes with custom image dimensions, including fit or fill (crop) options for system images such as products, categories, banners, sliders, etc.&amp;nbsp;&lt;/p&gt;\r\n', 'Pizza', '', '');
INSERT INTO `oc_category_description` (`category_id`, `language_id`, `name`, `description`, `meta_title`, `meta_description`, `meta_keyword`) VALUES ('161', '1', 'Salads', '&lt;p&gt;The category description can be positioned here at the &lt;b&gt;top of the page&lt;/b&gt; or at the&lt;b&gt; bottom&lt;/b&gt; below the products, or it can be disabled entirely, including the category image on the left which comes with custom image dimensions, including fit or fill (crop) options for system images such as products, categories, banners, sliders, etc.&amp;nbsp;&lt;/p&gt;\r\n', 'Salads', '', '');
INSERT INTO `oc_category_description` (`category_id`, `language_id`, `name`, `description`, `meta_title`, `meta_description`, `meta_keyword`) VALUES ('163', '1', 'Sushi', '&lt;p&gt;The category description can be positioned here at the &lt;b&gt;top of the page&lt;/b&gt; or at the&lt;b&gt; bottom&lt;/b&gt; below the products, or it can be disabled entirely, including the category image on the left which comes with custom image dimensions, including fit or fill (crop) options for system images such as products, categories, banners, sliders, etc.&amp;nbsp;&lt;/p&gt;\r\n', 'Sushi', '', '');
INSERT INTO `oc_category_description` (`category_id`, `language_id`, `name`, `description`, `meta_title`, `meta_description`, `meta_keyword`) VALUES ('35', '4', 'Subcategory', '&lt;p&gt;The category description can be positioned here at the &lt;b&gt;top of the page&lt;/b&gt; or at the&lt;b&gt; bottom&lt;/b&gt; below the products, or it can be disabled entirely, including the category image on the left which comes with custom image dimensions, including fit or fill (crop) options for system images such as products, categories, banners, sliders, etc.&amp;nbsp;&lt;/p&gt;\r\n', 'Subcategory', '', '');
INSERT INTO `oc_category_description` (`category_id`, `language_id`, `name`, `description`, `meta_title`, `meta_description`, `meta_keyword`) VALUES ('152', '1', 'Belts', '&lt;p&gt;The category description can be positioned here at the &lt;b&gt;top of the page&lt;/b&gt; or at the&lt;b&gt; bottom&lt;/b&gt; below the products, or it can be disabled entirely, including the category image on the left which comes with custom image dimensions, including fit or fill (crop) options for system images such as products, categories, banners, sliders, etc.&amp;nbsp;&lt;/p&gt;\r\n', 'Belts', '', '');
INSERT INTO `oc_category_description` (`category_id`, `language_id`, `name`, `description`, `meta_title`, `meta_description`, `meta_keyword`) VALUES ('166', '1', 'Baby &amp; Kids', '&lt;p&gt;The category description can be positioned here at the &lt;b&gt;top of the page&lt;/b&gt; or at the&lt;b&gt; bottom&lt;/b&gt; below the products, or it can be disabled entirely, including the category image on the left which comes with custom image dimensions, including fit or fill (crop) options for system images such as products, categories, banners, sliders, etc.&amp;nbsp;&lt;/p&gt;\r\n', 'Baby &amp; Kids', '', '');
INSERT INTO `oc_category_description` (`category_id`, `language_id`, `name`, `description`, `meta_title`, `meta_description`, `meta_keyword`) VALUES ('167', '1', 'Fashion', '&lt;p&gt;The category description can be positioned here at the &lt;b&gt;top of the page&lt;/b&gt; or at the&lt;b&gt; bottom&lt;/b&gt; below the products, or it can be disabled entirely, including the category image on the left which comes with custom image dimensions, including fit or fill (crop) options for system images such as products, categories, banners, sliders, etc.&amp;nbsp;&lt;/p&gt;\r\n', 'Fashion', '', '');
INSERT INTO `oc_category_description` (`category_id`, `language_id`, `name`, `description`, `meta_title`, `meta_description`, `meta_keyword`) VALUES ('168', '1', 'Boys', '&lt;p&gt;The category description can be positioned here at the &lt;b&gt;top of the page&lt;/b&gt; or at the&lt;b&gt; bottom&lt;/b&gt; below the products, or it can be disabled entirely, including the category image on the left which comes with custom image dimensions, including fit or fill (crop) options for system images such as products, categories, banners, sliders, etc.&amp;nbsp;&lt;/p&gt;\r\n', 'Boys', '', '');
INSERT INTO `oc_category_description` (`category_id`, `language_id`, `name`, `description`, `meta_title`, `meta_description`, `meta_keyword`) VALUES ('169', '1', 'Girls', '&lt;p&gt;The category description can be positioned here at the &lt;b&gt;top of the page&lt;/b&gt; or at the&lt;b&gt; bottom&lt;/b&gt; below the products, or it can be disabled entirely, including the category image on the left which comes with custom image dimensions, including fit or fill (crop) options for system images such as products, categories, banners, sliders, etc.&amp;nbsp;&lt;/p&gt;\r\n', 'Girls', '', '');
INSERT INTO `oc_category_description` (`category_id`, `language_id`, `name`, `description`, `meta_title`, `meta_description`, `meta_keyword`) VALUES ('170', '1', 'Toys', '&lt;p&gt;The category description can be positioned here at the &lt;b&gt;top of the page&lt;/b&gt; or at the&lt;b&gt; bottom&lt;/b&gt; below the products, or it can be disabled entirely, including the category image on the left which comes with custom image dimensions, including fit or fill (crop) options for system images such as products, categories, banners, sliders, etc.&amp;nbsp;&lt;/p&gt;\r\n', 'Toys', '', '');
INSERT INTO `oc_category_description` (`category_id`, `language_id`, `name`, `description`, `meta_title`, `meta_description`, `meta_keyword`) VALUES ('171', '1', 'Baby Care', '&lt;p&gt;The category description can be positioned here at the &lt;b&gt;top of the page&lt;/b&gt; or at the&lt;b&gt; bottom&lt;/b&gt; below the products, or it can be disabled entirely, including the category image on the left which comes with custom image dimensions, including fit or fill (crop) options for system images such as products, categories, banners, sliders, etc.&amp;nbsp;&lt;/p&gt;\r\n', 'Baby Care', '', '');
INSERT INTO `oc_category_description` (`category_id`, `language_id`, `name`, `description`, `meta_title`, `meta_description`, `meta_keyword`) VALUES ('172', '1', 'Diapers', '&lt;p&gt;The category description can be positioned here at the &lt;b&gt;top of the page&lt;/b&gt; or at the&lt;b&gt; bottom&lt;/b&gt; below the products, or it can be disabled entirely, including the category image on the left which comes with custom image dimensions, including fit or fill (crop) options for system images such as products, categories, banners, sliders, etc.&amp;nbsp;&lt;/p&gt;\r\n', 'Diapers', '', '');
INSERT INTO `oc_category_description` (`category_id`, `language_id`, `name`, `description`, `meta_title`, `meta_description`, `meta_keyword`) VALUES ('173', '1', 'Wipes', '&lt;p&gt;The category description can be positioned here at the &lt;b&gt;top of the page&lt;/b&gt; or at the&lt;b&gt; bottom&lt;/b&gt; below the products, or it can be disabled entirely, including the category image on the left which comes with custom image dimensions, including fit or fill (crop) options for system images such as products, categories, banners, sliders, etc.&amp;nbsp;&lt;/p&gt;\r\n', 'Wipes', '', '');
INSERT INTO `oc_category_description` (`category_id`, `language_id`, `name`, `description`, `meta_title`, `meta_description`, `meta_keyword`) VALUES ('174', '1', 'Bedding', '&lt;p&gt;The category description can be positioned here at the &lt;b&gt;top of the page&lt;/b&gt; or at the&lt;b&gt; bottom&lt;/b&gt; below the products, or it can be disabled entirely, including the category image on the left which comes with custom image dimensions, including fit or fill (crop) options for system images such as products, categories, banners, sliders, etc.&amp;nbsp;&lt;/p&gt;\r\n', 'Bedding', '', '');
INSERT INTO `oc_category_description` (`category_id`, `language_id`, `name`, `description`, `meta_title`, `meta_description`, `meta_keyword`) VALUES ('176', '1', 'Living', '&lt;p&gt;The category description can be positioned here at the &lt;b&gt;top of the page&lt;/b&gt; or at the&lt;b&gt; bottom&lt;/b&gt; below the products, or it can be disabled entirely, including the category image on the left which comes with custom image dimensions, including fit or fill (crop) options for system images such as products, categories, banners, sliders, etc.&amp;nbsp;&lt;/p&gt;\r\n', 'Living', '', '');
INSERT INTO `oc_category_description` (`category_id`, `language_id`, `name`, `description`, `meta_title`, `meta_description`, `meta_keyword`) VALUES ('177', '1', 'Sofas', '&lt;p&gt;The category description can be positioned here at the &lt;b&gt;top of the page&lt;/b&gt; or at the&lt;b&gt; bottom&lt;/b&gt; below the products, or it can be disabled entirely, including the category image on the left which comes with custom image dimensions, including fit or fill (crop) options for system images such as products, categories, banners, sliders, etc.&amp;nbsp;&lt;/p&gt;\r\n', 'Sofas', '', '');
INSERT INTO `oc_category_description` (`category_id`, `language_id`, `name`, `description`, `meta_title`, `meta_description`, `meta_keyword`) VALUES ('178', '1', 'Tables', '&lt;p&gt;The category description can be positioned here at the &lt;b&gt;top of the page&lt;/b&gt; or at the&lt;b&gt; bottom&lt;/b&gt; below the products, or it can be disabled entirely, including the category image on the left which comes with custom image dimensions, including fit or fill (crop) options for system images such as products, categories, banners, sliders, etc.&amp;nbsp;&lt;/p&gt;\r\n', 'Tables', '', '');
INSERT INTO `oc_category_description` (`category_id`, `language_id`, `name`, `description`, `meta_title`, `meta_description`, `meta_keyword`) VALUES ('179', '1', 'Accesories', '&lt;p&gt;The category description can be positioned here at the &lt;b&gt;top of the page&lt;/b&gt; or at the&lt;b&gt; bottom&lt;/b&gt; below the products, or it can be disabled entirely, including the category image on the left which comes with custom image dimensions, including fit or fill (crop) options for system images such as products, categories, banners, sliders, etc.&amp;nbsp;&lt;/p&gt;\r\n', 'Accesories', '', '');
INSERT INTO `oc_category_description` (`category_id`, `language_id`, `name`, `description`, `meta_title`, `meta_description`, `meta_keyword`) VALUES ('180', '1', 'Kitchen', '&lt;p&gt;The category description can be positioned here at the &lt;b&gt;top of the page&lt;/b&gt; or at the&lt;b&gt; bottom&lt;/b&gt; below the products, or it can be disabled entirely, including the category image on the left which comes with custom image dimensions, including fit or fill (crop) options for system images such as products, categories, banners, sliders, etc.&amp;nbsp;&lt;/p&gt;\r\n', 'Kitchen', '', '');
INSERT INTO `oc_category_description` (`category_id`, `language_id`, `name`, `description`, `meta_title`, `meta_description`, `meta_keyword`) VALUES ('181', '1', 'Tables', '&lt;p&gt;The category description can be positioned here at the &lt;b&gt;top of the page&lt;/b&gt; or at the&lt;b&gt; bottom&lt;/b&gt; below the products, or it can be disabled entirely, including the category image on the left which comes with custom image dimensions, including fit or fill (crop) options for system images such as products, categories, banners, sliders, etc.&amp;nbsp;&lt;/p&gt;\r\n', 'Tables', '', '');
INSERT INTO `oc_category_description` (`category_id`, `language_id`, `name`, `description`, `meta_title`, `meta_description`, `meta_keyword`) VALUES ('182', '1', 'Chairs', '&lt;p&gt;The category description can be positioned here at the &lt;b&gt;top of the page&lt;/b&gt; or at the&lt;b&gt; bottom&lt;/b&gt; below the products, or it can be disabled entirely, including the category image on the left which comes with custom image dimensions, including fit or fill (crop) options for system images such as products, categories, banners, sliders, etc.&amp;nbsp;&lt;/p&gt;\r\n', 'Chairs', '', '');
INSERT INTO `oc_category_description` (`category_id`, `language_id`, `name`, `description`, `meta_title`, `meta_description`, `meta_keyword`) VALUES ('183', '1', 'Bar Stools', '&lt;p&gt;The category description can be positioned here at the &lt;b&gt;top of the page&lt;/b&gt; or at the&lt;b&gt; bottom&lt;/b&gt; below the products, or it can be disabled entirely, including the category image on the left which comes with custom image dimensions, including fit or fill (crop) options for system images such as products, categories, banners, sliders, etc.&amp;nbsp;&lt;/p&gt;\r\n', 'Bar Stools', '', '');
INSERT INTO `oc_category_description` (`category_id`, `language_id`, `name`, `description`, `meta_title`, `meta_description`, `meta_keyword`) VALUES ('184', '1', 'Bedroom', '&lt;p&gt;The category description can be positioned here at the &lt;b&gt;top of the page&lt;/b&gt; or at the&lt;b&gt; bottom&lt;/b&gt; below the products, or it can be disabled entirely, including the category image on the left which comes with custom image dimensions, including fit or fill (crop) options for system images such as products, categories, banners, sliders, etc.&amp;nbsp;&lt;/p&gt;\r\n', 'Bedroom', '', '');
INSERT INTO `oc_category_description` (`category_id`, `language_id`, `name`, `description`, `meta_title`, `meta_description`, `meta_keyword`) VALUES ('185', '1', 'Beds', '&lt;p&gt;The category description can be positioned here at the &lt;b&gt;top of the page&lt;/b&gt; or at the&lt;b&gt; bottom&lt;/b&gt; below the products, or it can be disabled entirely, including the category image on the left which comes with custom image dimensions, including fit or fill (crop) options for system images such as products, categories, banners, sliders, etc.&amp;nbsp;&lt;/p&gt;\r\n', 'Beds', '', '');
INSERT INTO `oc_category_description` (`category_id`, `language_id`, `name`, `description`, `meta_title`, `meta_description`, `meta_keyword`) VALUES ('186', '1', 'Dressers', '&lt;p&gt;The category description can be positioned here at the &lt;b&gt;top of the page&lt;/b&gt; or at the&lt;b&gt; bottom&lt;/b&gt; below the products, or it can be disabled entirely, including the category image on the left which comes with custom image dimensions, including fit or fill (crop) options for system images such as products, categories, banners, sliders, etc.&amp;nbsp;&lt;/p&gt;\r\n', 'Dressers', '', '');
INSERT INTO `oc_category_description` (`category_id`, `language_id`, `name`, `description`, `meta_title`, `meta_description`, `meta_keyword`) VALUES ('187', '1', 'Mattresses', '&lt;p&gt;The category description can be positioned here at the &lt;b&gt;top of the page&lt;/b&gt; or at the&lt;b&gt; bottom&lt;/b&gt; below the products, or it can be disabled entirely, including the category image on the left which comes with custom image dimensions, including fit or fill (crop) options for system images such as products, categories, banners, sliders, etc.&amp;nbsp;&lt;/p&gt;\r\n', 'Mattresses', '', '');
INSERT INTO `oc_category_description` (`category_id`, `language_id`, `name`, `description`, `meta_title`, `meta_description`, `meta_keyword`) VALUES ('188', '1', 'Patio', '&lt;p&gt;The category description can be positioned here at the &lt;b&gt;top of the page&lt;/b&gt; or at the&lt;b&gt; bottom&lt;/b&gt; below the products, or it can be disabled entirely, including the category image on the left which comes with custom image dimensions, including fit or fill (crop) options for system images such as products, categories, banners, sliders, etc.&amp;nbsp;&lt;/p&gt;\r\n', 'patio', '', '');
INSERT INTO `oc_category_description` (`category_id`, `language_id`, `name`, `description`, `meta_title`, `meta_description`, `meta_keyword`) VALUES ('189', '1', 'Bathroom', '&lt;p&gt;The category description can be positioned here at the &lt;b&gt;top of the page&lt;/b&gt; or at the&lt;b&gt; bottom&lt;/b&gt; below the products, or it can be disabled entirely, including the category image on the left which comes with custom image dimensions, including fit or fill (crop) options for system images such as products, categories, banners, sliders, etc.&amp;nbsp;&lt;/p&gt;\r\n', 'Bathroom', '', '');
INSERT INTO `oc_category_description` (`category_id`, `language_id`, `name`, `description`, `meta_title`, `meta_description`, `meta_keyword`) VALUES ('190', '1', 'Outdoor', '&lt;p&gt;The category description can be positioned here at the &lt;b&gt;top of the page&lt;/b&gt; or at the&lt;b&gt; bottom&lt;/b&gt; below the products, or it can be disabled entirely, including the category image on the left which comes with custom image dimensions, including fit or fill (crop) options for system images such as products, categories, banners, sliders, etc.&amp;nbsp;&lt;/p&gt;\r\n', 'Outdoor', '', '');
INSERT INTO `oc_category_description` (`category_id`, `language_id`, `name`, `description`, `meta_title`, `meta_description`, `meta_keyword`) VALUES ('191', '1', 'Garden', '&lt;p&gt;The category description can be positioned here at the &lt;b&gt;top of the page&lt;/b&gt; or at the&lt;b&gt; bottom&lt;/b&gt; below the products, or it can be disabled entirely, including the category image on the left which comes with custom image dimensions, including fit or fill (crop) options for system images such as products, categories, banners, sliders, etc.&amp;nbsp;&lt;/p&gt;\r\n', 'Garden', '', '');
INSERT INTO `oc_category_description` (`category_id`, `language_id`, `name`, `description`, `meta_title`, `meta_description`, `meta_keyword`) VALUES ('192', '1', 'Flowers', '&lt;p&gt;The category description can be positioned here at the &lt;b&gt;top of the page&lt;/b&gt; or at the&lt;b&gt; bottom&lt;/b&gt; below the products, or it can be disabled entirely, including the category image on the left which comes with custom image dimensions, including fit or fill (crop) options for system images such as products, categories, banners, sliders, etc.&amp;nbsp;&lt;/p&gt;\r\n', 'Flowers', '', '');
INSERT INTO `oc_category_description` (`category_id`, `language_id`, `name`, `description`, `meta_title`, `meta_description`, `meta_keyword`) VALUES ('193', '1', 'Plants', '&lt;p&gt;The category description can be positioned here at the &lt;b&gt;top of the page&lt;/b&gt; or at the&lt;b&gt; bottom&lt;/b&gt; below the products, or it can be disabled entirely, including the category image on the left which comes with custom image dimensions, including fit or fill (crop) options for system images such as products, categories, banners, sliders, etc.&amp;nbsp;&lt;/p&gt;\r\n', 'Plants', '', '');
INSERT INTO `oc_category_description` (`category_id`, `language_id`, `name`, `description`, `meta_title`, `meta_description`, `meta_keyword`) VALUES ('194', '1', 'Seeds', '&lt;p&gt;The category description can be positioned here at the &lt;b&gt;top of the page&lt;/b&gt; or at the&lt;b&gt; bottom&lt;/b&gt; below the products, or it can be disabled entirely, including the category image on the left which comes with custom image dimensions, including fit or fill (crop) options for system images such as products, categories, banners, sliders, etc.&amp;nbsp;&lt;/p&gt;\r\n', 'Seeds', '', '');
INSERT INTO `oc_category_description` (`category_id`, `language_id`, `name`, `description`, `meta_title`, `meta_description`, `meta_keyword`) VALUES ('195', '1', 'Tools', '&lt;p&gt;The category description can be positioned here at the &lt;b&gt;top of the page&lt;/b&gt; or at the&lt;b&gt; bottom&lt;/b&gt; below the products, or it can be disabled entirely, including the category image on the left which comes with custom image dimensions, including fit or fill (crop) options for system images such as products, categories, banners, sliders, etc.&amp;nbsp;&lt;/p&gt;\r\n', 'Tools', '', '');
INSERT INTO `oc_category_description` (`category_id`, `language_id`, `name`, `description`, `meta_title`, `meta_description`, `meta_keyword`) VALUES ('200', '1', 'Orchids', '&lt;p&gt;The category description can be positioned here at the &lt;b&gt;top of the page&lt;/b&gt; or at the&lt;b&gt; bottom&lt;/b&gt; below the products, or it can be disabled entirely, including the category image on the left which comes with custom image dimensions, including fit or fill (crop) options for system images such as products, categories, banners, sliders, etc.&amp;nbsp;&lt;/p&gt;\r\n', 'Orchids', '', '');
INSERT INTO `oc_category_description` (`category_id`, `language_id`, `name`, `description`, `meta_title`, `meta_description`, `meta_keyword`) VALUES ('216', '1', 'Makeup', '&lt;p&gt;The category description can be positioned here at the &lt;b&gt;top of the page&lt;/b&gt; or at the&lt;b&gt; bottom&lt;/b&gt; below the products, or it can be disabled entirely, including the category image on the left which comes with custom image dimensions, including fit or fill (crop) options for system images such as products, categories, banners, sliders, etc.&amp;nbsp;&lt;/p&gt;\r\n', 'makeup', '', '');
INSERT INTO `oc_category_description` (`category_id`, `language_id`, `name`, `description`, `meta_title`, `meta_description`, `meta_keyword`) VALUES ('203', '1', 'Tulips', '&lt;p&gt;The category description can be positioned here at the &lt;b&gt;top of the page&lt;/b&gt; or at the&lt;b&gt; bottom&lt;/b&gt; below the products, or it can be disabled entirely, including the category image on the left which comes with custom image dimensions, including fit or fill (crop) options for system images such as products, categories, banners, sliders, etc.&amp;nbsp;&lt;/p&gt;\r\n', 'Tulips', '', '');
INSERT INTO `oc_category_description` (`category_id`, `language_id`, `name`, `description`, `meta_title`, `meta_description`, `meta_keyword`) VALUES ('204', '1', 'Roses', '&lt;p&gt;The category description can be positioned here at the &lt;b&gt;top of the page&lt;/b&gt; or at the&lt;b&gt; bottom&lt;/b&gt; below the products, or it can be disabled entirely, including the category image on the left which comes with custom image dimensions, including fit or fill (crop) options for system images such as products, categories, banners, sliders, etc.&amp;nbsp;&lt;/p&gt;\r\n', 'Roses', '', '');
INSERT INTO `oc_category_description` (`category_id`, `language_id`, `name`, `description`, `meta_title`, `meta_description`, `meta_keyword`) VALUES ('206', '1', 'Refrigerators', '&lt;p&gt;The category description can be positioned here at the &lt;b&gt;top of the page&lt;/b&gt; or at the&lt;b&gt; bottom&lt;/b&gt; below the products, or it can be disabled entirely, including the category image on the left which comes with custom image dimensions, including fit or fill (crop) options for system images such as products, categories, banners, sliders, etc.&amp;nbsp;&lt;/p&gt;\r\n', 'Refrigerators', '', '');
INSERT INTO `oc_category_description` (`category_id`, `language_id`, `name`, `description`, `meta_title`, `meta_description`, `meta_keyword`) VALUES ('207', '1', 'Microwaves', '&lt;p&gt;The category description can be positioned here at the &lt;b&gt;top of the page&lt;/b&gt; or at the&lt;b&gt; bottom&lt;/b&gt; below the products, or it can be disabled entirely, including the category image on the left which comes with custom image dimensions, including fit or fill (crop) options for system images such as products, categories, banners, sliders, etc.&amp;nbsp;&lt;/p&gt;\r\n', 'Microwaves', '', '');
INSERT INTO `oc_category_description` (`category_id`, `language_id`, `name`, `description`, `meta_title`, `meta_description`, `meta_keyword`) VALUES ('208', '1', 'Irons', '&lt;p&gt;The category description can be positioned here at the &lt;b&gt;top of the page&lt;/b&gt; or at the&lt;b&gt; bottom&lt;/b&gt; below the products, or it can be disabled entirely, including the category image on the left which comes with custom image dimensions, including fit or fill (crop) options for system images such as products, categories, banners, sliders, etc.&amp;nbsp;&lt;/p&gt;\r\n', 'Dishwashers', '', '');
INSERT INTO `oc_category_description` (`category_id`, `language_id`, `name`, `description`, `meta_title`, `meta_description`, `meta_keyword`) VALUES ('214', '1', 'Shoes', '&lt;p&gt;The category description can be positioned here at the &lt;b&gt;top of the page&lt;/b&gt; or at the&lt;b&gt; bottom&lt;/b&gt; below the products, or it can be disabled entirely, including the category image on the left which comes with custom image dimensions, including fit or fill (crop) options for system images such as products, categories, banners, sliders, etc.&amp;nbsp;&lt;/p&gt;\r\n', 'shoes', '', '');
INSERT INTO `oc_category_description` (`category_id`, `language_id`, `name`, `description`, `meta_title`, `meta_description`, `meta_keyword`) VALUES ('210', '1', 'Kettles', '&lt;p&gt;The category description can be positioned here at the &lt;b&gt;top of the page&lt;/b&gt; or at the&lt;b&gt; bottom&lt;/b&gt; below the products, or it can be disabled entirely, including the category image on the left which comes with custom image dimensions, including fit or fill (crop) options for system images such as products, categories, banners, sliders, etc.&amp;nbsp;&lt;/p&gt;\r\n', 'Washers', '', '');
INSERT INTO `oc_category_description` (`category_id`, `language_id`, `name`, `description`, `meta_title`, `meta_description`, `meta_keyword`) VALUES ('211', '1', 'Toasters', '&lt;p&gt;The category description can be positioned here at the &lt;b&gt;top of the page&lt;/b&gt; or at the&lt;b&gt; bottom&lt;/b&gt; below the products, or it can be disabled entirely, including the category image on the left which comes with custom image dimensions, including fit or fill (crop) options for system images such as products, categories, banners, sliders, etc.&amp;nbsp;&lt;/p&gt;\r\n', 'Toasters', '', '');
INSERT INTO `oc_category_description` (`category_id`, `language_id`, `name`, `description`, `meta_title`, `meta_description`, `meta_keyword`) VALUES ('213', '1', 'Accessories', '&lt;p&gt;The category description can be positioned here at the &lt;b&gt;top of the page&lt;/b&gt; or at the&lt;b&gt; bottom&lt;/b&gt; below the products, or it can be disabled entirely, including the category image on the left which comes with custom image dimensions, including fit or fill (crop) options for system images such as products, categories, banners, sliders, etc.&amp;nbsp;&lt;/p&gt;\r\n', 'Accessories', '', '');
INSERT INTO `oc_category_description` (`category_id`, `language_id`, `name`, `description`, `meta_title`, `meta_description`, `meta_keyword`) VALUES ('112', '1', 'T-Shirts', '&lt;p&gt;The category description can be positioned here at the &lt;b&gt;top of the page&lt;/b&gt; or at the&lt;b&gt; bottom&lt;/b&gt; below the products, or it can be disabled entirely, including the category image on the left which comes with custom image dimensions, including fit or fill (crop) options for system images such as products, categories, banners, sliders, etc.&amp;nbsp;&lt;/p&gt;\r\n', 'TShirts', '', '');
INSERT INTO `oc_category_description` (`category_id`, `language_id`, `name`, `description`, `meta_title`, `meta_description`, `meta_keyword`) VALUES ('59', '1', 'Fashion', '&lt;p&gt;The category description can be positioned here at the &lt;b&gt;top of the page&lt;/b&gt; or at the&lt;b&gt; bottom&lt;/b&gt; below the products, or it can be disabled entirely, including the category image on the left which comes with custom image dimensions, including fit or fill (crop) options for system images such as products, categories, banners, sliders, etc.&amp;nbsp;&lt;/p&gt;\r\n', 'Fashion', '', '');
INSERT INTO `oc_category_description` (`category_id`, `language_id`, `name`, `description`, `meta_title`, `meta_description`, `meta_keyword`) VALUES ('131', '1', 'Trainers', '&lt;p&gt;The category description can be positioned here at the &lt;b&gt;top of the page&lt;/b&gt; or at the&lt;b&gt; bottom&lt;/b&gt; below the products, or it can be disabled entirely, including the category image on the left which comes with custom image dimensions, including fit or fill (crop) options for system images such as products, categories, banners, sliders, etc.&amp;nbsp;&lt;/p&gt;\r\n', 'Trainers', '', '');
INSERT INTO `oc_category_description` (`category_id`, `language_id`, `name`, `description`, `meta_title`, `meta_description`, `meta_keyword`) VALUES ('134', '1', 'Running', '&lt;p&gt;The category description can be positioned here at the &lt;b&gt;top of the page&lt;/b&gt; or at the&lt;b&gt; bottom&lt;/b&gt; below the products, or it can be disabled entirely, including the category image on the left which comes with custom image dimensions, including fit or fill (crop) options for system images such as products, categories, banners, sliders, etc.&amp;nbsp;&lt;/p&gt;\r\n', 'Running', '', '');
INSERT INTO `oc_category_description` (`category_id`, `language_id`, `name`, `description`, `meta_title`, `meta_description`, `meta_keyword`) VALUES ('105', '1', 'Accesories', '&lt;p&gt;The category description can be positioned here at the &lt;b&gt;top of the page&lt;/b&gt; or at the&lt;b&gt; bottom&lt;/b&gt; below the products, or it can be disabled entirely, including the category image on the left which comes with custom image dimensions, including fit or fill (crop) options for system images such as products, categories, banners, sliders, etc.&amp;nbsp;&lt;/p&gt;\r\n', 'Accesories', '', '');
INSERT INTO `oc_category_description` (`category_id`, `language_id`, `name`, `description`, `meta_title`, `meta_description`, `meta_keyword`) VALUES ('165', '1', 'Backpacks', '&lt;p&gt;The category description can be positioned here at the &lt;b&gt;top of the page&lt;/b&gt; or at the&lt;b&gt; bottom&lt;/b&gt; below the products, or it can be disabled entirely, including the category image on the left which comes with custom image dimensions, including fit or fill (crop) options for system images such as products, categories, banners, sliders, etc.&amp;nbsp;&lt;/p&gt;\r\n', 'Backpacks', '', '');
INSERT INTO `oc_category_description` (`category_id`, `language_id`, `name`, `description`, `meta_title`, `meta_description`, `meta_keyword`) VALUES ('215', '1', 'Flip Flops', '&lt;p&gt;The category description can be positioned here at the &lt;b&gt;top of the page&lt;/b&gt; or at the&lt;b&gt; bottom&lt;/b&gt; below the products, or it can be disabled entirely, including the category image on the left which comes with custom image dimensions, including fit or fill (crop) options for system images such as products, categories, banners, sliders, etc.&amp;nbsp;&lt;/p&gt;\r\n', 'flips', '', '');
INSERT INTO `oc_category_description` (`category_id`, `language_id`, `name`, `description`, `meta_title`, `meta_description`, `meta_keyword`) VALUES ('196', '1', 'Flowers', '&lt;p&gt;The category description can be positioned here at the &lt;b&gt;top of the page&lt;/b&gt; or at the&lt;b&gt; bottom&lt;/b&gt; below the products, or it can be disabled entirely, including the category image on the left which comes with custom image dimensions, including fit or fill (crop) options for system images such as products, categories, banners, sliders, etc.&amp;nbsp;&lt;/p&gt;\r\n', 'Flowers', '', '');
INSERT INTO `oc_category_description` (`category_id`, `language_id`, `name`, `description`, `meta_title`, `meta_description`, `meta_keyword`) VALUES ('198', '1', 'Mixed Bouquets', '&lt;p&gt;The category description can be positioned here at the &lt;b&gt;top of the page&lt;/b&gt; or at the&lt;b&gt; bottom&lt;/b&gt; below the products, or it can be disabled entirely, including the category image on the left which comes with custom image dimensions, including fit or fill (crop) options for system images such as products, categories, banners, sliders, etc.&amp;nbsp;&lt;/p&gt;\r\n', 'Mixed Bouquets', '', '');
INSERT INTO `oc_category_description` (`category_id`, `language_id`, `name`, `description`, `meta_title`, `meta_description`, `meta_keyword`) VALUES ('197', '1', 'Sunflowers', '&lt;p&gt;The category description can be positioned here at the &lt;b&gt;top of the page&lt;/b&gt; or at the&lt;b&gt; bottom&lt;/b&gt; below the products, or it can be disabled entirely, including the category image on the left which comes with custom image dimensions, including fit or fill (crop) options for system images such as products, categories, banners, sliders, etc.&amp;nbsp;&lt;/p&gt;\r\n', 'Sunflowers', '', '');
INSERT INTO `oc_category_description` (`category_id`, `language_id`, `name`, `description`, `meta_title`, `meta_description`, `meta_keyword`) VALUES ('199', '1', 'Lotus', '&lt;p&gt;The category description can be positioned here at the &lt;b&gt;top of the page&lt;/b&gt; or at the&lt;b&gt; bottom&lt;/b&gt; below the products, or it can be disabled entirely, including the category image on the left which comes with custom image dimensions, including fit or fill (crop) options for system images such as products, categories, banners, sliders, etc.&amp;nbsp;&lt;/p&gt;\r\n', 'Lotus', '', '');
INSERT INTO `oc_category_description` (`category_id`, `language_id`, `name`, `description`, `meta_title`, `meta_description`, `meta_keyword`) VALUES ('217', '1', 'Diepers', '&lt;p&gt;The category description can be positioned here at the &lt;b&gt;top of the page&lt;/b&gt; or at the&lt;b&gt; bottom&lt;/b&gt; below the products, or it can be disabled entirely, including the category image on the left which comes with custom image dimensions, including fit or fill (crop) options for system images such as products, categories, banners, sliders, etc.&amp;nbsp;&lt;/p&gt;\r\n', 'diapers', '', '');
INSERT INTO `oc_category_description` (`category_id`, `language_id`, `name`, `description`, `meta_title`, `meta_description`, `meta_keyword`) VALUES ('218', '1', 'Bath', '&lt;p&gt;The category description can be positioned here at the &lt;b&gt;top of the page&lt;/b&gt; or at the&lt;b&gt; bottom&lt;/b&gt; below the products, or it can be disabled entirely, including the category image on the left which comes with custom image dimensions, including fit or fill (crop) options for system images such as products, categories, banners, sliders, etc.&amp;nbsp;&lt;/p&gt;\r\n', 'bath', '', '');
INSERT INTO `oc_category_description` (`category_id`, `language_id`, `name`, `description`, `meta_title`, `meta_description`, `meta_keyword`) VALUES ('175', '1', 'Home', '&lt;p&gt;The category description can be positioned here at the &lt;b&gt;top of the page&lt;/b&gt; or at the&lt;b&gt; bottom&lt;/b&gt; below the products, or it can be disabled entirely, including the category image on the left which comes with custom image dimensions, including fit or fill (crop) options for system images such as products, categories, banners, sliders, etc.&amp;nbsp;&lt;/p&gt;\r\n', 'Furniture', '', '');
INSERT INTO `oc_category_description` (`category_id`, `language_id`, `name`, `description`, `meta_title`, `meta_description`, `meta_keyword`) VALUES ('109', '1', 'Health &amp; Beauty', '&lt;p&gt;The category description can be positioned here at the &lt;b&gt;top of the page&lt;/b&gt; or at the&lt;b&gt; bottom&lt;/b&gt; below the products, or it can be disabled entirely, including the category image on the left which comes with custom image dimensions, including fit or fill (crop) options for system images such as products, categories, banners, sliders, etc.&amp;nbsp;&lt;/p&gt;\r\n', 'Beauty', '', '');


TRUNCATE TABLE `oc_category_filter`;



TRUNCATE TABLE `oc_category_path`;

INSERT INTO `oc_category_path` (`category_id`, `path_id`, `level`) VALUES ('25', '25', '1');
INSERT INTO `oc_category_path` (`category_id`, `path_id`, `level`) VALUES ('28', '25', '1');
INSERT INTO `oc_category_path` (`category_id`, `path_id`, `level`) VALUES ('28', '28', '2');
INSERT INTO `oc_category_path` (`category_id`, `path_id`, `level`) VALUES ('35', '20', '1');
INSERT INTO `oc_category_path` (`category_id`, `path_id`, `level`) VALUES ('35', '35', '2');
INSERT INTO `oc_category_path` (`category_id`, `path_id`, `level`) VALUES ('33', '69', '0');
INSERT INTO `oc_category_path` (`category_id`, `path_id`, `level`) VALUES ('60', '60', '1');
INSERT INTO `oc_category_path` (`category_id`, `path_id`, `level`) VALUES ('60', '59', '0');
INSERT INTO `oc_category_path` (`category_id`, `path_id`, `level`) VALUES ('59', '59', '0');
INSERT INTO `oc_category_path` (`category_id`, `path_id`, `level`) VALUES ('30', '25', '1');
INSERT INTO `oc_category_path` (`category_id`, `path_id`, `level`) VALUES ('30', '30', '2');
INSERT INTO `oc_category_path` (`category_id`, `path_id`, `level`) VALUES ('31', '25', '1');
INSERT INTO `oc_category_path` (`category_id`, `path_id`, `level`) VALUES ('31', '31', '2');
INSERT INTO `oc_category_path` (`category_id`, `path_id`, `level`) VALUES ('32', '25', '1');
INSERT INTO `oc_category_path` (`category_id`, `path_id`, `level`) VALUES ('32', '32', '2');
INSERT INTO `oc_category_path` (`category_id`, `path_id`, `level`) VALUES ('20', '20', '1');
INSERT INTO `oc_category_path` (`category_id`, `path_id`, `level`) VALUES ('27', '20', '1');
INSERT INTO `oc_category_path` (`category_id`, `path_id`, `level`) VALUES ('27', '27', '2');
INSERT INTO `oc_category_path` (`category_id`, `path_id`, `level`) VALUES ('26', '20', '1');
INSERT INTO `oc_category_path` (`category_id`, `path_id`, `level`) VALUES ('26', '26', '2');
INSERT INTO `oc_category_path` (`category_id`, `path_id`, `level`) VALUES ('24', '24', '1');
INSERT INTO `oc_category_path` (`category_id`, `path_id`, `level`) VALUES ('18', '18', '1');
INSERT INTO `oc_category_path` (`category_id`, `path_id`, `level`) VALUES ('45', '18', '1');
INSERT INTO `oc_category_path` (`category_id`, `path_id`, `level`) VALUES ('45', '45', '2');
INSERT INTO `oc_category_path` (`category_id`, `path_id`, `level`) VALUES ('46', '18', '1');
INSERT INTO `oc_category_path` (`category_id`, `path_id`, `level`) VALUES ('46', '46', '2');
INSERT INTO `oc_category_path` (`category_id`, `path_id`, `level`) VALUES ('33', '33', '1');
INSERT INTO `oc_category_path` (`category_id`, `path_id`, `level`) VALUES ('34', '34', '1');
INSERT INTO `oc_category_path` (`category_id`, `path_id`, `level`) VALUES ('24', '69', '0');
INSERT INTO `oc_category_path` (`category_id`, `path_id`, `level`) VALUES ('34', '69', '0');
INSERT INTO `oc_category_path` (`category_id`, `path_id`, `level`) VALUES ('46', '69', '0');
INSERT INTO `oc_category_path` (`category_id`, `path_id`, `level`) VALUES ('45', '69', '0');
INSERT INTO `oc_category_path` (`category_id`, `path_id`, `level`) VALUES ('18', '69', '0');
INSERT INTO `oc_category_path` (`category_id`, `path_id`, `level`) VALUES ('26', '69', '0');
INSERT INTO `oc_category_path` (`category_id`, `path_id`, `level`) VALUES ('27', '69', '0');
INSERT INTO `oc_category_path` (`category_id`, `path_id`, `level`) VALUES ('20', '69', '0');
INSERT INTO `oc_category_path` (`category_id`, `path_id`, `level`) VALUES ('32', '69', '0');
INSERT INTO `oc_category_path` (`category_id`, `path_id`, `level`) VALUES ('31', '69', '0');
INSERT INTO `oc_category_path` (`category_id`, `path_id`, `level`) VALUES ('30', '69', '0');
INSERT INTO `oc_category_path` (`category_id`, `path_id`, `level`) VALUES ('35', '69', '0');
INSERT INTO `oc_category_path` (`category_id`, `path_id`, `level`) VALUES ('28', '69', '0');
INSERT INTO `oc_category_path` (`category_id`, `path_id`, `level`) VALUES ('25', '69', '0');
INSERT INTO `oc_category_path` (`category_id`, `path_id`, `level`) VALUES ('69', '69', '0');
INSERT INTO `oc_category_path` (`category_id`, `path_id`, `level`) VALUES ('174', '171', '1');
INSERT INTO `oc_category_path` (`category_id`, `path_id`, `level`) VALUES ('105', '105', '1');
INSERT INTO `oc_category_path` (`category_id`, `path_id`, `level`) VALUES ('106', '108', '1');
INSERT INTO `oc_category_path` (`category_id`, `path_id`, `level`) VALUES ('106', '59', '0');
INSERT INTO `oc_category_path` (`category_id`, `path_id`, `level`) VALUES ('219', '25', '1');
INSERT INTO `oc_category_path` (`category_id`, `path_id`, `level`) VALUES ('107', '107', '0');
INSERT INTO `oc_category_path` (`category_id`, `path_id`, `level`) VALUES ('108', '59', '0');
INSERT INTO `oc_category_path` (`category_id`, `path_id`, `level`) VALUES ('108', '108', '1');
INSERT INTO `oc_category_path` (`category_id`, `path_id`, `level`) VALUES ('170', '170', '1');
INSERT INTO `oc_category_path` (`category_id`, `path_id`, `level`) VALUES ('109', '109', '0');
INSERT INTO `oc_category_path` (`category_id`, `path_id`, `level`) VALUES ('171', '166', '0');
INSERT INTO `oc_category_path` (`category_id`, `path_id`, `level`) VALUES ('110', '110', '2');
INSERT INTO `oc_category_path` (`category_id`, `path_id`, `level`) VALUES ('168', '167', '1');
INSERT INTO `oc_category_path` (`category_id`, `path_id`, `level`) VALUES ('111', '111', '0');
INSERT INTO `oc_category_path` (`category_id`, `path_id`, `level`) VALUES ('112', '59', '0');
INSERT INTO `oc_category_path` (`category_id`, `path_id`, `level`) VALUES ('112', '112', '1');
INSERT INTO `oc_category_path` (`category_id`, `path_id`, `level`) VALUES ('113', '59', '0');
INSERT INTO `oc_category_path` (`category_id`, `path_id`, `level`) VALUES ('113', '113', '1');
INSERT INTO `oc_category_path` (`category_id`, `path_id`, `level`) VALUES ('171', '171', '1');
INSERT INTO `oc_category_path` (`category_id`, `path_id`, `level`) VALUES ('114', '59', '0');
INSERT INTO `oc_category_path` (`category_id`, `path_id`, `level`) VALUES ('114', '110', '2');
INSERT INTO `oc_category_path` (`category_id`, `path_id`, `level`) VALUES ('172', '166', '0');
INSERT INTO `oc_category_path` (`category_id`, `path_id`, `level`) VALUES ('115', '59', '0');
INSERT INTO `oc_category_path` (`category_id`, `path_id`, `level`) VALUES ('115', '110', '2');
INSERT INTO `oc_category_path` (`category_id`, `path_id`, `level`) VALUES ('116', '105', '1');
INSERT INTO `oc_category_path` (`category_id`, `path_id`, `level`) VALUES ('172', '171', '1');
INSERT INTO `oc_category_path` (`category_id`, `path_id`, `level`) VALUES ('116', '116', '2');
INSERT INTO `oc_category_path` (`category_id`, `path_id`, `level`) VALUES ('117', '59', '0');
INSERT INTO `oc_category_path` (`category_id`, `path_id`, `level`) VALUES ('172', '172', '2');
INSERT INTO `oc_category_path` (`category_id`, `path_id`, `level`) VALUES ('117', '110', '2');
INSERT INTO `oc_category_path` (`category_id`, `path_id`, `level`) VALUES ('118', '118', '1');
INSERT INTO `oc_category_path` (`category_id`, `path_id`, `level`) VALUES ('118', '107', '0');
INSERT INTO `oc_category_path` (`category_id`, `path_id`, `level`) VALUES ('219', '28', '2');
INSERT INTO `oc_category_path` (`category_id`, `path_id`, `level`) VALUES ('119', '107', '0');
INSERT INTO `oc_category_path` (`category_id`, `path_id`, `level`) VALUES ('119', '119', '1');
INSERT INTO `oc_category_path` (`category_id`, `path_id`, `level`) VALUES ('219', '69', '0');
INSERT INTO `oc_category_path` (`category_id`, `path_id`, `level`) VALUES ('120', '107', '0');
INSERT INTO `oc_category_path` (`category_id`, `path_id`, `level`) VALUES ('120', '120', '1');
INSERT INTO `oc_category_path` (`category_id`, `path_id`, `level`) VALUES ('219', '219', '3');
INSERT INTO `oc_category_path` (`category_id`, `path_id`, `level`) VALUES ('121', '121', '1');
INSERT INTO `oc_category_path` (`category_id`, `path_id`, `level`) VALUES ('121', '107', '0');
INSERT INTO `oc_category_path` (`category_id`, `path_id`, `level`) VALUES ('165', '107', '0');
INSERT INTO `oc_category_path` (`category_id`, `path_id`, `level`) VALUES ('122', '122', '1');
INSERT INTO `oc_category_path` (`category_id`, `path_id`, `level`) VALUES ('170', '166', '0');
INSERT INTO `oc_category_path` (`category_id`, `path_id`, `level`) VALUES ('122', '109', '0');
INSERT INTO `oc_category_path` (`category_id`, `path_id`, `level`) VALUES ('123', '123', '1');
INSERT INTO `oc_category_path` (`category_id`, `path_id`, `level`) VALUES ('169', '169', '2');
INSERT INTO `oc_category_path` (`category_id`, `path_id`, `level`) VALUES ('123', '109', '0');
INSERT INTO `oc_category_path` (`category_id`, `path_id`, `level`) VALUES ('124', '124', '1');
INSERT INTO `oc_category_path` (`category_id`, `path_id`, `level`) VALUES ('169', '167', '1');
INSERT INTO `oc_category_path` (`category_id`, `path_id`, `level`) VALUES ('124', '109', '0');
INSERT INTO `oc_category_path` (`category_id`, `path_id`, `level`) VALUES ('169', '166', '0');
INSERT INTO `oc_category_path` (`category_id`, `path_id`, `level`) VALUES ('125', '125', '1');
INSERT INTO `oc_category_path` (`category_id`, `path_id`, `level`) VALUES ('125', '109', '0');
INSERT INTO `oc_category_path` (`category_id`, `path_id`, `level`) VALUES ('126', '113', '1');
INSERT INTO `oc_category_path` (`category_id`, `path_id`, `level`) VALUES ('126', '126', '2');
INSERT INTO `oc_category_path` (`category_id`, `path_id`, `level`) VALUES ('126', '59', '0');
INSERT INTO `oc_category_path` (`category_id`, `path_id`, `level`) VALUES ('127', '127', '2');
INSERT INTO `oc_category_path` (`category_id`, `path_id`, `level`) VALUES ('127', '108', '1');
INSERT INTO `oc_category_path` (`category_id`, `path_id`, `level`) VALUES ('127', '59', '0');
INSERT INTO `oc_category_path` (`category_id`, `path_id`, `level`) VALUES ('215', '111', '0');
INSERT INTO `oc_category_path` (`category_id`, `path_id`, `level`) VALUES ('220', '219', '3');
INSERT INTO `oc_category_path` (`category_id`, `path_id`, `level`) VALUES ('215', '215', '1');
INSERT INTO `oc_category_path` (`category_id`, `path_id`, `level`) VALUES ('129', '59', '0');
INSERT INTO `oc_category_path` (`category_id`, `path_id`, `level`) VALUES ('130', '130', '2');
INSERT INTO `oc_category_path` (`category_id`, `path_id`, `level`) VALUES ('130', '59', '0');
INSERT INTO `oc_category_path` (`category_id`, `path_id`, `level`) VALUES ('130', '108', '1');
INSERT INTO `oc_category_path` (`category_id`, `path_id`, `level`) VALUES ('131', '111', '0');
INSERT INTO `oc_category_path` (`category_id`, `path_id`, `level`) VALUES ('168', '166', '0');
INSERT INTO `oc_category_path` (`category_id`, `path_id`, `level`) VALUES ('131', '131', '1');
INSERT INTO `oc_category_path` (`category_id`, `path_id`, `level`) VALUES ('132', '132', '1');
INSERT INTO `oc_category_path` (`category_id`, `path_id`, `level`) VALUES ('167', '167', '1');
INSERT INTO `oc_category_path` (`category_id`, `path_id`, `level`) VALUES ('132', '111', '0');
INSERT INTO `oc_category_path` (`category_id`, `path_id`, `level`) VALUES ('133', '133', '1');
INSERT INTO `oc_category_path` (`category_id`, `path_id`, `level`) VALUES ('167', '166', '0');
INSERT INTO `oc_category_path` (`category_id`, `path_id`, `level`) VALUES ('133', '111', '0');
INSERT INTO `oc_category_path` (`category_id`, `path_id`, `level`) VALUES ('134', '134', '1');
INSERT INTO `oc_category_path` (`category_id`, `path_id`, `level`) VALUES ('166', '166', '0');
INSERT INTO `oc_category_path` (`category_id`, `path_id`, `level`) VALUES ('134', '111', '0');
INSERT INTO `oc_category_path` (`category_id`, `path_id`, `level`) VALUES ('135', '135', '2');
INSERT INTO `oc_category_path` (`category_id`, `path_id`, `level`) VALUES ('135', '59', '0');
INSERT INTO `oc_category_path` (`category_id`, `path_id`, `level`) VALUES ('135', '113', '1');
INSERT INTO `oc_category_path` (`category_id`, `path_id`, `level`) VALUES ('136', '136', '2');
INSERT INTO `oc_category_path` (`category_id`, `path_id`, `level`) VALUES ('136', '113', '1');
INSERT INTO `oc_category_path` (`category_id`, `path_id`, `level`) VALUES ('136', '59', '0');
INSERT INTO `oc_category_path` (`category_id`, `path_id`, `level`) VALUES ('129', '129', '2');
INSERT INTO `oc_category_path` (`category_id`, `path_id`, `level`) VALUES ('129', '108', '1');
INSERT INTO `oc_category_path` (`category_id`, `path_id`, `level`) VALUES ('137', '137', '2');
INSERT INTO `oc_category_path` (`category_id`, `path_id`, `level`) VALUES ('137', '59', '0');
INSERT INTO `oc_category_path` (`category_id`, `path_id`, `level`) VALUES ('137', '113', '1');
INSERT INTO `oc_category_path` (`category_id`, `path_id`, `level`) VALUES ('220', '69', '0');
INSERT INTO `oc_category_path` (`category_id`, `path_id`, `level`) VALUES ('220', '220', '4');
INSERT INTO `oc_category_path` (`category_id`, `path_id`, `level`) VALUES ('220', '25', '1');
INSERT INTO `oc_category_path` (`category_id`, `path_id`, `level`) VALUES ('220', '28', '2');
INSERT INTO `oc_category_path` (`category_id`, `path_id`, `level`) VALUES ('142', '106', '2');
INSERT INTO `oc_category_path` (`category_id`, `path_id`, `level`) VALUES ('142', '59', '0');
INSERT INTO `oc_category_path` (`category_id`, `path_id`, `level`) VALUES ('142', '142', '3');
INSERT INTO `oc_category_path` (`category_id`, `path_id`, `level`) VALUES ('143', '106', '2');
INSERT INTO `oc_category_path` (`category_id`, `path_id`, `level`) VALUES ('143', '59', '0');
INSERT INTO `oc_category_path` (`category_id`, `path_id`, `level`) VALUES ('143', '143', '3');
INSERT INTO `oc_category_path` (`category_id`, `path_id`, `level`) VALUES ('144', '106', '2');
INSERT INTO `oc_category_path` (`category_id`, `path_id`, `level`) VALUES ('144', '59', '0');
INSERT INTO `oc_category_path` (`category_id`, `path_id`, `level`) VALUES ('144', '144', '3');
INSERT INTO `oc_category_path` (`category_id`, `path_id`, `level`) VALUES ('145', '106', '2');
INSERT INTO `oc_category_path` (`category_id`, `path_id`, `level`) VALUES ('145', '59', '0');
INSERT INTO `oc_category_path` (`category_id`, `path_id`, `level`) VALUES ('145', '145', '3');
INSERT INTO `oc_category_path` (`category_id`, `path_id`, `level`) VALUES ('146', '110', '2');
INSERT INTO `oc_category_path` (`category_id`, `path_id`, `level`) VALUES ('146', '59', '0');
INSERT INTO `oc_category_path` (`category_id`, `path_id`, `level`) VALUES ('173', '166', '0');
INSERT INTO `oc_category_path` (`category_id`, `path_id`, `level`) VALUES ('147', '60', '1');
INSERT INTO `oc_category_path` (`category_id`, `path_id`, `level`) VALUES ('147', '59', '0');
INSERT INTO `oc_category_path` (`category_id`, `path_id`, `level`) VALUES ('147', '147', '2');
INSERT INTO `oc_category_path` (`category_id`, `path_id`, `level`) VALUES ('148', '148', '2');
INSERT INTO `oc_category_path` (`category_id`, `path_id`, `level`) VALUES ('148', '59', '0');
INSERT INTO `oc_category_path` (`category_id`, `path_id`, `level`) VALUES ('148', '60', '1');
INSERT INTO `oc_category_path` (`category_id`, `path_id`, `level`) VALUES ('149', '149', '2');
INSERT INTO `oc_category_path` (`category_id`, `path_id`, `level`) VALUES ('149', '59', '0');
INSERT INTO `oc_category_path` (`category_id`, `path_id`, `level`) VALUES ('149', '60', '1');
INSERT INTO `oc_category_path` (`category_id`, `path_id`, `level`) VALUES ('150', '150', '2');
INSERT INTO `oc_category_path` (`category_id`, `path_id`, `level`) VALUES ('150', '59', '0');
INSERT INTO `oc_category_path` (`category_id`, `path_id`, `level`) VALUES ('150', '60', '1');
INSERT INTO `oc_category_path` (`category_id`, `path_id`, `level`) VALUES ('151', '151', '2');
INSERT INTO `oc_category_path` (`category_id`, `path_id`, `level`) VALUES ('173', '171', '1');
INSERT INTO `oc_category_path` (`category_id`, `path_id`, `level`) VALUES ('151', '105', '1');
INSERT INTO `oc_category_path` (`category_id`, `path_id`, `level`) VALUES ('152', '105', '1');
INSERT INTO `oc_category_path` (`category_id`, `path_id`, `level`) VALUES ('173', '173', '2');
INSERT INTO `oc_category_path` (`category_id`, `path_id`, `level`) VALUES ('152', '152', '2');
INSERT INTO `oc_category_path` (`category_id`, `path_id`, `level`) VALUES ('174', '166', '0');
INSERT INTO `oc_category_path` (`category_id`, `path_id`, `level`) VALUES ('153', '153', '2');
INSERT INTO `oc_category_path` (`category_id`, `path_id`, `level`) VALUES ('153', '59', '0');
INSERT INTO `oc_category_path` (`category_id`, `path_id`, `level`) VALUES ('154', '59', '0');
INSERT INTO `oc_category_path` (`category_id`, `path_id`, `level`) VALUES ('154', '154', '2');
INSERT INTO `oc_category_path` (`category_id`, `path_id`, `level`) VALUES ('154', '60', '1');
INSERT INTO `oc_category_path` (`category_id`, `path_id`, `level`) VALUES ('155', '155', '0');
INSERT INTO `oc_category_path` (`category_id`, `path_id`, `level`) VALUES ('156', '155', '0');
INSERT INTO `oc_category_path` (`category_id`, `path_id`, `level`) VALUES ('156', '156', '1');
INSERT INTO `oc_category_path` (`category_id`, `path_id`, `level`) VALUES ('157', '155', '0');
INSERT INTO `oc_category_path` (`category_id`, `path_id`, `level`) VALUES ('157', '157', '1');
INSERT INTO `oc_category_path` (`category_id`, `path_id`, `level`) VALUES ('158', '155', '0');
INSERT INTO `oc_category_path` (`category_id`, `path_id`, `level`) VALUES ('158', '158', '1');
INSERT INTO `oc_category_path` (`category_id`, `path_id`, `level`) VALUES ('159', '155', '0');
INSERT INTO `oc_category_path` (`category_id`, `path_id`, `level`) VALUES ('159', '159', '1');
INSERT INTO `oc_category_path` (`category_id`, `path_id`, `level`) VALUES ('160', '155', '0');
INSERT INTO `oc_category_path` (`category_id`, `path_id`, `level`) VALUES ('160', '160', '1');
INSERT INTO `oc_category_path` (`category_id`, `path_id`, `level`) VALUES ('161', '155', '0');
INSERT INTO `oc_category_path` (`category_id`, `path_id`, `level`) VALUES ('161', '161', '1');
INSERT INTO `oc_category_path` (`category_id`, `path_id`, `level`) VALUES ('217', '217', '1');
INSERT INTO `oc_category_path` (`category_id`, `path_id`, `level`) VALUES ('216', '109', '0');
INSERT INTO `oc_category_path` (`category_id`, `path_id`, `level`) VALUES ('163', '155', '0');
INSERT INTO `oc_category_path` (`category_id`, `path_id`, `level`) VALUES ('163', '163', '1');
INSERT INTO `oc_category_path` (`category_id`, `path_id`, `level`) VALUES ('106', '106', '2');
INSERT INTO `oc_category_path` (`category_id`, `path_id`, `level`) VALUES ('142', '108', '1');
INSERT INTO `oc_category_path` (`category_id`, `path_id`, `level`) VALUES ('143', '108', '1');
INSERT INTO `oc_category_path` (`category_id`, `path_id`, `level`) VALUES ('144', '108', '1');
INSERT INTO `oc_category_path` (`category_id`, `path_id`, `level`) VALUES ('145', '108', '1');
INSERT INTO `oc_category_path` (`category_id`, `path_id`, `level`) VALUES ('110', '59', '0');
INSERT INTO `oc_category_path` (`category_id`, `path_id`, `level`) VALUES ('114', '114', '3');
INSERT INTO `oc_category_path` (`category_id`, `path_id`, `level`) VALUES ('115', '115', '3');
INSERT INTO `oc_category_path` (`category_id`, `path_id`, `level`) VALUES ('117', '117', '3');
INSERT INTO `oc_category_path` (`category_id`, `path_id`, `level`) VALUES ('146', '146', '3');
INSERT INTO `oc_category_path` (`category_id`, `path_id`, `level`) VALUES ('168', '168', '2');
INSERT INTO `oc_category_path` (`category_id`, `path_id`, `level`) VALUES ('164', '164', '1');
INSERT INTO `oc_category_path` (`category_id`, `path_id`, `level`) VALUES ('164', '109', '0');
INSERT INTO `oc_category_path` (`category_id`, `path_id`, `level`) VALUES ('165', '165', '1');
INSERT INTO `oc_category_path` (`category_id`, `path_id`, `level`) VALUES ('174', '174', '2');
INSERT INTO `oc_category_path` (`category_id`, `path_id`, `level`) VALUES ('175', '175', '0');
INSERT INTO `oc_category_path` (`category_id`, `path_id`, `level`) VALUES ('176', '175', '0');
INSERT INTO `oc_category_path` (`category_id`, `path_id`, `level`) VALUES ('176', '176', '1');
INSERT INTO `oc_category_path` (`category_id`, `path_id`, `level`) VALUES ('177', '175', '0');
INSERT INTO `oc_category_path` (`category_id`, `path_id`, `level`) VALUES ('177', '176', '1');
INSERT INTO `oc_category_path` (`category_id`, `path_id`, `level`) VALUES ('177', '177', '2');
INSERT INTO `oc_category_path` (`category_id`, `path_id`, `level`) VALUES ('178', '175', '0');
INSERT INTO `oc_category_path` (`category_id`, `path_id`, `level`) VALUES ('178', '176', '1');
INSERT INTO `oc_category_path` (`category_id`, `path_id`, `level`) VALUES ('178', '178', '2');
INSERT INTO `oc_category_path` (`category_id`, `path_id`, `level`) VALUES ('179', '175', '0');
INSERT INTO `oc_category_path` (`category_id`, `path_id`, `level`) VALUES ('179', '176', '1');
INSERT INTO `oc_category_path` (`category_id`, `path_id`, `level`) VALUES ('179', '179', '2');
INSERT INTO `oc_category_path` (`category_id`, `path_id`, `level`) VALUES ('180', '175', '0');
INSERT INTO `oc_category_path` (`category_id`, `path_id`, `level`) VALUES ('180', '180', '1');
INSERT INTO `oc_category_path` (`category_id`, `path_id`, `level`) VALUES ('181', '175', '0');
INSERT INTO `oc_category_path` (`category_id`, `path_id`, `level`) VALUES ('181', '180', '1');
INSERT INTO `oc_category_path` (`category_id`, `path_id`, `level`) VALUES ('181', '181', '2');
INSERT INTO `oc_category_path` (`category_id`, `path_id`, `level`) VALUES ('182', '175', '0');
INSERT INTO `oc_category_path` (`category_id`, `path_id`, `level`) VALUES ('182', '180', '1');
INSERT INTO `oc_category_path` (`category_id`, `path_id`, `level`) VALUES ('182', '182', '2');
INSERT INTO `oc_category_path` (`category_id`, `path_id`, `level`) VALUES ('183', '175', '0');
INSERT INTO `oc_category_path` (`category_id`, `path_id`, `level`) VALUES ('183', '180', '1');
INSERT INTO `oc_category_path` (`category_id`, `path_id`, `level`) VALUES ('183', '183', '2');
INSERT INTO `oc_category_path` (`category_id`, `path_id`, `level`) VALUES ('184', '184', '1');
INSERT INTO `oc_category_path` (`category_id`, `path_id`, `level`) VALUES ('185', '184', '1');
INSERT INTO `oc_category_path` (`category_id`, `path_id`, `level`) VALUES ('185', '185', '2');
INSERT INTO `oc_category_path` (`category_id`, `path_id`, `level`) VALUES ('186', '184', '1');
INSERT INTO `oc_category_path` (`category_id`, `path_id`, `level`) VALUES ('186', '186', '2');
INSERT INTO `oc_category_path` (`category_id`, `path_id`, `level`) VALUES ('184', '175', '0');
INSERT INTO `oc_category_path` (`category_id`, `path_id`, `level`) VALUES ('185', '175', '0');
INSERT INTO `oc_category_path` (`category_id`, `path_id`, `level`) VALUES ('186', '175', '0');
INSERT INTO `oc_category_path` (`category_id`, `path_id`, `level`) VALUES ('187', '175', '0');
INSERT INTO `oc_category_path` (`category_id`, `path_id`, `level`) VALUES ('187', '187', '1');
INSERT INTO `oc_category_path` (`category_id`, `path_id`, `level`) VALUES ('188', '175', '0');
INSERT INTO `oc_category_path` (`category_id`, `path_id`, `level`) VALUES ('188', '188', '1');
INSERT INTO `oc_category_path` (`category_id`, `path_id`, `level`) VALUES ('189', '175', '0');
INSERT INTO `oc_category_path` (`category_id`, `path_id`, `level`) VALUES ('189', '189', '1');
INSERT INTO `oc_category_path` (`category_id`, `path_id`, `level`) VALUES ('190', '175', '0');
INSERT INTO `oc_category_path` (`category_id`, `path_id`, `level`) VALUES ('190', '190', '1');
INSERT INTO `oc_category_path` (`category_id`, `path_id`, `level`) VALUES ('191', '191', '1');
INSERT INTO `oc_category_path` (`category_id`, `path_id`, `level`) VALUES ('192', '191', '1');
INSERT INTO `oc_category_path` (`category_id`, `path_id`, `level`) VALUES ('192', '192', '2');
INSERT INTO `oc_category_path` (`category_id`, `path_id`, `level`) VALUES ('193', '191', '1');
INSERT INTO `oc_category_path` (`category_id`, `path_id`, `level`) VALUES ('193', '193', '2');
INSERT INTO `oc_category_path` (`category_id`, `path_id`, `level`) VALUES ('194', '191', '1');
INSERT INTO `oc_category_path` (`category_id`, `path_id`, `level`) VALUES ('194', '194', '2');
INSERT INTO `oc_category_path` (`category_id`, `path_id`, `level`) VALUES ('195', '191', '1');
INSERT INTO `oc_category_path` (`category_id`, `path_id`, `level`) VALUES ('195', '195', '2');
INSERT INTO `oc_category_path` (`category_id`, `path_id`, `level`) VALUES ('196', '196', '0');
INSERT INTO `oc_category_path` (`category_id`, `path_id`, `level`) VALUES ('197', '196', '0');
INSERT INTO `oc_category_path` (`category_id`, `path_id`, `level`) VALUES ('197', '197', '1');
INSERT INTO `oc_category_path` (`category_id`, `path_id`, `level`) VALUES ('198', '196', '0');
INSERT INTO `oc_category_path` (`category_id`, `path_id`, `level`) VALUES ('198', '198', '1');
INSERT INTO `oc_category_path` (`category_id`, `path_id`, `level`) VALUES ('199', '196', '0');
INSERT INTO `oc_category_path` (`category_id`, `path_id`, `level`) VALUES ('199', '199', '1');
INSERT INTO `oc_category_path` (`category_id`, `path_id`, `level`) VALUES ('200', '196', '0');
INSERT INTO `oc_category_path` (`category_id`, `path_id`, `level`) VALUES ('200', '200', '1');
INSERT INTO `oc_category_path` (`category_id`, `path_id`, `level`) VALUES ('218', '166', '0');
INSERT INTO `oc_category_path` (`category_id`, `path_id`, `level`) VALUES ('217', '166', '0');
INSERT INTO `oc_category_path` (`category_id`, `path_id`, `level`) VALUES ('218', '218', '1');
INSERT INTO `oc_category_path` (`category_id`, `path_id`, `level`) VALUES ('216', '216', '1');
INSERT INTO `oc_category_path` (`category_id`, `path_id`, `level`) VALUES ('203', '196', '0');
INSERT INTO `oc_category_path` (`category_id`, `path_id`, `level`) VALUES ('203', '203', '1');
INSERT INTO `oc_category_path` (`category_id`, `path_id`, `level`) VALUES ('204', '196', '0');
INSERT INTO `oc_category_path` (`category_id`, `path_id`, `level`) VALUES ('204', '204', '1');
INSERT INTO `oc_category_path` (`category_id`, `path_id`, `level`) VALUES ('205', '205', '0');
INSERT INTO `oc_category_path` (`category_id`, `path_id`, `level`) VALUES ('206', '205', '0');
INSERT INTO `oc_category_path` (`category_id`, `path_id`, `level`) VALUES ('206', '206', '1');
INSERT INTO `oc_category_path` (`category_id`, `path_id`, `level`) VALUES ('207', '205', '0');
INSERT INTO `oc_category_path` (`category_id`, `path_id`, `level`) VALUES ('207', '207', '1');
INSERT INTO `oc_category_path` (`category_id`, `path_id`, `level`) VALUES ('208', '205', '0');
INSERT INTO `oc_category_path` (`category_id`, `path_id`, `level`) VALUES ('208', '208', '1');
INSERT INTO `oc_category_path` (`category_id`, `path_id`, `level`) VALUES ('214', '214', '1');
INSERT INTO `oc_category_path` (`category_id`, `path_id`, `level`) VALUES ('214', '111', '0');
INSERT INTO `oc_category_path` (`category_id`, `path_id`, `level`) VALUES ('210', '205', '0');
INSERT INTO `oc_category_path` (`category_id`, `path_id`, `level`) VALUES ('210', '210', '1');
INSERT INTO `oc_category_path` (`category_id`, `path_id`, `level`) VALUES ('211', '205', '0');
INSERT INTO `oc_category_path` (`category_id`, `path_id`, `level`) VALUES ('211', '211', '1');
INSERT INTO `oc_category_path` (`category_id`, `path_id`, `level`) VALUES ('191', '175', '0');
INSERT INTO `oc_category_path` (`category_id`, `path_id`, `level`) VALUES ('110', '105', '1');
INSERT INTO `oc_category_path` (`category_id`, `path_id`, `level`) VALUES ('114', '105', '1');
INSERT INTO `oc_category_path` (`category_id`, `path_id`, `level`) VALUES ('115', '105', '1');
INSERT INTO `oc_category_path` (`category_id`, `path_id`, `level`) VALUES ('116', '59', '0');
INSERT INTO `oc_category_path` (`category_id`, `path_id`, `level`) VALUES ('117', '105', '1');
INSERT INTO `oc_category_path` (`category_id`, `path_id`, `level`) VALUES ('146', '105', '1');
INSERT INTO `oc_category_path` (`category_id`, `path_id`, `level`) VALUES ('151', '59', '0');
INSERT INTO `oc_category_path` (`category_id`, `path_id`, `level`) VALUES ('152', '59', '0');
INSERT INTO `oc_category_path` (`category_id`, `path_id`, `level`) VALUES ('153', '105', '1');
INSERT INTO `oc_category_path` (`category_id`, `path_id`, `level`) VALUES ('105', '59', '0');
INSERT INTO `oc_category_path` (`category_id`, `path_id`, `level`) VALUES ('213', '213', '1');
INSERT INTO `oc_category_path` (`category_id`, `path_id`, `level`) VALUES ('213', '175', '0');
INSERT INTO `oc_category_path` (`category_id`, `path_id`, `level`) VALUES ('195', '175', '0');
INSERT INTO `oc_category_path` (`category_id`, `path_id`, `level`) VALUES ('194', '175', '0');
INSERT INTO `oc_category_path` (`category_id`, `path_id`, `level`) VALUES ('193', '175', '0');
INSERT INTO `oc_category_path` (`category_id`, `path_id`, `level`) VALUES ('192', '175', '0');


TRUNCATE TABLE `oc_category_to_layout`;

INSERT INTO `oc_category_to_layout` (`category_id`, `store_id`, `layout_id`) VALUES ('25', '0', '0');
INSERT INTO `oc_category_to_layout` (`category_id`, `store_id`, `layout_id`) VALUES ('69', '0', '0');
INSERT INTO `oc_category_to_layout` (`category_id`, `store_id`, `layout_id`) VALUES ('59', '0', '0');
INSERT INTO `oc_category_to_layout` (`category_id`, `store_id`, `layout_id`) VALUES ('156', '0', '0');
INSERT INTO `oc_category_to_layout` (`category_id`, `store_id`, `layout_id`) VALUES ('155', '0', '0');
INSERT INTO `oc_category_to_layout` (`category_id`, `store_id`, `layout_id`) VALUES ('168', '0', '0');
INSERT INTO `oc_category_to_layout` (`category_id`, `store_id`, `layout_id`) VALUES ('105', '0', '0');
INSERT INTO `oc_category_to_layout` (`category_id`, `store_id`, `layout_id`) VALUES ('107', '0', '0');
INSERT INTO `oc_category_to_layout` (`category_id`, `store_id`, `layout_id`) VALUES ('109', '0', '0');
INSERT INTO `oc_category_to_layout` (`category_id`, `store_id`, `layout_id`) VALUES ('167', '0', '0');
INSERT INTO `oc_category_to_layout` (`category_id`, `store_id`, `layout_id`) VALUES ('60', '0', '0');
INSERT INTO `oc_category_to_layout` (`category_id`, `store_id`, `layout_id`) VALUES ('112', '0', '0');
INSERT INTO `oc_category_to_layout` (`category_id`, `store_id`, `layout_id`) VALUES ('113', '0', '0');
INSERT INTO `oc_category_to_layout` (`category_id`, `store_id`, `layout_id`) VALUES ('111', '0', '0');
INSERT INTO `oc_category_to_layout` (`category_id`, `store_id`, `layout_id`) VALUES ('166', '0', '0');
INSERT INTO `oc_category_to_layout` (`category_id`, `store_id`, `layout_id`) VALUES ('27', '0', '0');
INSERT INTO `oc_category_to_layout` (`category_id`, `store_id`, `layout_id`) VALUES ('108', '0', '0');
INSERT INTO `oc_category_to_layout` (`category_id`, `store_id`, `layout_id`) VALUES ('147', '0', '0');
INSERT INTO `oc_category_to_layout` (`category_id`, `store_id`, `layout_id`) VALUES ('152', '0', '0');
INSERT INTO `oc_category_to_layout` (`category_id`, `store_id`, `layout_id`) VALUES ('116', '0', '0');
INSERT INTO `oc_category_to_layout` (`category_id`, `store_id`, `layout_id`) VALUES ('110', '0', '0');
INSERT INTO `oc_category_to_layout` (`category_id`, `store_id`, `layout_id`) VALUES ('151', '0', '0');
INSERT INTO `oc_category_to_layout` (`category_id`, `store_id`, `layout_id`) VALUES ('153', '0', '0');
INSERT INTO `oc_category_to_layout` (`category_id`, `store_id`, `layout_id`) VALUES ('117', '0', '0');
INSERT INTO `oc_category_to_layout` (`category_id`, `store_id`, `layout_id`) VALUES ('146', '0', '0');
INSERT INTO `oc_category_to_layout` (`category_id`, `store_id`, `layout_id`) VALUES ('114', '0', '0');
INSERT INTO `oc_category_to_layout` (`category_id`, `store_id`, `layout_id`) VALUES ('115', '0', '0');
INSERT INTO `oc_category_to_layout` (`category_id`, `store_id`, `layout_id`) VALUES ('120', '0', '0');
INSERT INTO `oc_category_to_layout` (`category_id`, `store_id`, `layout_id`) VALUES ('118', '0', '0');
INSERT INTO `oc_category_to_layout` (`category_id`, `store_id`, `layout_id`) VALUES ('121', '0', '0');
INSERT INTO `oc_category_to_layout` (`category_id`, `store_id`, `layout_id`) VALUES ('119', '0', '0');
INSERT INTO `oc_category_to_layout` (`category_id`, `store_id`, `layout_id`) VALUES ('125', '0', '0');
INSERT INTO `oc_category_to_layout` (`category_id`, `store_id`, `layout_id`) VALUES ('123', '0', '0');
INSERT INTO `oc_category_to_layout` (`category_id`, `store_id`, `layout_id`) VALUES ('122', '0', '0');
INSERT INTO `oc_category_to_layout` (`category_id`, `store_id`, `layout_id`) VALUES ('124', '0', '0');
INSERT INTO `oc_category_to_layout` (`category_id`, `store_id`, `layout_id`) VALUES ('164', '0', '0');
INSERT INTO `oc_category_to_layout` (`category_id`, `store_id`, `layout_id`) VALUES ('149', '0', '0');
INSERT INTO `oc_category_to_layout` (`category_id`, `store_id`, `layout_id`) VALUES ('148', '0', '0');
INSERT INTO `oc_category_to_layout` (`category_id`, `store_id`, `layout_id`) VALUES ('154', '0', '0');
INSERT INTO `oc_category_to_layout` (`category_id`, `store_id`, `layout_id`) VALUES ('150', '0', '0');
INSERT INTO `oc_category_to_layout` (`category_id`, `store_id`, `layout_id`) VALUES ('137', '0', '0');
INSERT INTO `oc_category_to_layout` (`category_id`, `store_id`, `layout_id`) VALUES ('135', '0', '0');
INSERT INTO `oc_category_to_layout` (`category_id`, `store_id`, `layout_id`) VALUES ('136', '0', '0');
INSERT INTO `oc_category_to_layout` (`category_id`, `store_id`, `layout_id`) VALUES ('220', '0', '0');
INSERT INTO `oc_category_to_layout` (`category_id`, `store_id`, `layout_id`) VALUES ('126', '0', '0');
INSERT INTO `oc_category_to_layout` (`category_id`, `store_id`, `layout_id`) VALUES ('131', '0', '0');
INSERT INTO `oc_category_to_layout` (`category_id`, `store_id`, `layout_id`) VALUES ('132', '0', '0');
INSERT INTO `oc_category_to_layout` (`category_id`, `store_id`, `layout_id`) VALUES ('134', '0', '0');
INSERT INTO `oc_category_to_layout` (`category_id`, `store_id`, `layout_id`) VALUES ('133', '0', '0');
INSERT INTO `oc_category_to_layout` (`category_id`, `store_id`, `layout_id`) VALUES ('219', '0', '0');
INSERT INTO `oc_category_to_layout` (`category_id`, `store_id`, `layout_id`) VALUES ('130', '0', '0');
INSERT INTO `oc_category_to_layout` (`category_id`, `store_id`, `layout_id`) VALUES ('24', '0', '0');
INSERT INTO `oc_category_to_layout` (`category_id`, `store_id`, `layout_id`) VALUES ('106', '0', '0');
INSERT INTO `oc_category_to_layout` (`category_id`, `store_id`, `layout_id`) VALUES ('160', '0', '0');
INSERT INTO `oc_category_to_layout` (`category_id`, `store_id`, `layout_id`) VALUES ('144', '0', '0');
INSERT INTO `oc_category_to_layout` (`category_id`, `store_id`, `layout_id`) VALUES ('159', '0', '0');
INSERT INTO `oc_category_to_layout` (`category_id`, `store_id`, `layout_id`) VALUES ('145', '0', '0');
INSERT INTO `oc_category_to_layout` (`category_id`, `store_id`, `layout_id`) VALUES ('158', '0', '0');
INSERT INTO `oc_category_to_layout` (`category_id`, `store_id`, `layout_id`) VALUES ('143', '0', '0');
INSERT INTO `oc_category_to_layout` (`category_id`, `store_id`, `layout_id`) VALUES ('33', '0', '0');
INSERT INTO `oc_category_to_layout` (`category_id`, `store_id`, `layout_id`) VALUES ('142', '0', '0');
INSERT INTO `oc_category_to_layout` (`category_id`, `store_id`, `layout_id`) VALUES ('218', '0', '0');
INSERT INTO `oc_category_to_layout` (`category_id`, `store_id`, `layout_id`) VALUES ('217', '0', '0');
INSERT INTO `oc_category_to_layout` (`category_id`, `store_id`, `layout_id`) VALUES ('163', '0', '0');
INSERT INTO `oc_category_to_layout` (`category_id`, `store_id`, `layout_id`) VALUES ('129', '0', '0');
INSERT INTO `oc_category_to_layout` (`category_id`, `store_id`, `layout_id`) VALUES ('161', '0', '0');
INSERT INTO `oc_category_to_layout` (`category_id`, `store_id`, `layout_id`) VALUES ('127', '0', '0');
INSERT INTO `oc_category_to_layout` (`category_id`, `store_id`, `layout_id`) VALUES ('215', '0', '0');
INSERT INTO `oc_category_to_layout` (`category_id`, `store_id`, `layout_id`) VALUES ('165', '0', '0');
INSERT INTO `oc_category_to_layout` (`category_id`, `store_id`, `layout_id`) VALUES ('169', '0', '0');
INSERT INTO `oc_category_to_layout` (`category_id`, `store_id`, `layout_id`) VALUES ('170', '0', '0');
INSERT INTO `oc_category_to_layout` (`category_id`, `store_id`, `layout_id`) VALUES ('171', '0', '0');
INSERT INTO `oc_category_to_layout` (`category_id`, `store_id`, `layout_id`) VALUES ('172', '0', '0');
INSERT INTO `oc_category_to_layout` (`category_id`, `store_id`, `layout_id`) VALUES ('173', '0', '0');
INSERT INTO `oc_category_to_layout` (`category_id`, `store_id`, `layout_id`) VALUES ('174', '0', '0');
INSERT INTO `oc_category_to_layout` (`category_id`, `store_id`, `layout_id`) VALUES ('175', '0', '0');
INSERT INTO `oc_category_to_layout` (`category_id`, `store_id`, `layout_id`) VALUES ('176', '0', '0');
INSERT INTO `oc_category_to_layout` (`category_id`, `store_id`, `layout_id`) VALUES ('177', '0', '0');
INSERT INTO `oc_category_to_layout` (`category_id`, `store_id`, `layout_id`) VALUES ('178', '0', '0');
INSERT INTO `oc_category_to_layout` (`category_id`, `store_id`, `layout_id`) VALUES ('179', '0', '0');
INSERT INTO `oc_category_to_layout` (`category_id`, `store_id`, `layout_id`) VALUES ('180', '0', '0');
INSERT INTO `oc_category_to_layout` (`category_id`, `store_id`, `layout_id`) VALUES ('181', '0', '0');
INSERT INTO `oc_category_to_layout` (`category_id`, `store_id`, `layout_id`) VALUES ('182', '0', '0');
INSERT INTO `oc_category_to_layout` (`category_id`, `store_id`, `layout_id`) VALUES ('183', '0', '0');
INSERT INTO `oc_category_to_layout` (`category_id`, `store_id`, `layout_id`) VALUES ('184', '0', '0');
INSERT INTO `oc_category_to_layout` (`category_id`, `store_id`, `layout_id`) VALUES ('185', '0', '0');
INSERT INTO `oc_category_to_layout` (`category_id`, `store_id`, `layout_id`) VALUES ('186', '0', '0');
INSERT INTO `oc_category_to_layout` (`category_id`, `store_id`, `layout_id`) VALUES ('187', '0', '0');
INSERT INTO `oc_category_to_layout` (`category_id`, `store_id`, `layout_id`) VALUES ('188', '0', '0');
INSERT INTO `oc_category_to_layout` (`category_id`, `store_id`, `layout_id`) VALUES ('189', '0', '0');
INSERT INTO `oc_category_to_layout` (`category_id`, `store_id`, `layout_id`) VALUES ('190', '0', '0');
INSERT INTO `oc_category_to_layout` (`category_id`, `store_id`, `layout_id`) VALUES ('191', '0', '0');
INSERT INTO `oc_category_to_layout` (`category_id`, `store_id`, `layout_id`) VALUES ('192', '0', '0');
INSERT INTO `oc_category_to_layout` (`category_id`, `store_id`, `layout_id`) VALUES ('193', '0', '0');
INSERT INTO `oc_category_to_layout` (`category_id`, `store_id`, `layout_id`) VALUES ('194', '0', '0');
INSERT INTO `oc_category_to_layout` (`category_id`, `store_id`, `layout_id`) VALUES ('195', '0', '0');
INSERT INTO `oc_category_to_layout` (`category_id`, `store_id`, `layout_id`) VALUES ('196', '0', '0');
INSERT INTO `oc_category_to_layout` (`category_id`, `store_id`, `layout_id`) VALUES ('197', '0', '0');
INSERT INTO `oc_category_to_layout` (`category_id`, `store_id`, `layout_id`) VALUES ('198', '0', '0');
INSERT INTO `oc_category_to_layout` (`category_id`, `store_id`, `layout_id`) VALUES ('199', '0', '0');
INSERT INTO `oc_category_to_layout` (`category_id`, `store_id`, `layout_id`) VALUES ('200', '0', '0');
INSERT INTO `oc_category_to_layout` (`category_id`, `store_id`, `layout_id`) VALUES ('157', '0', '0');
INSERT INTO `oc_category_to_layout` (`category_id`, `store_id`, `layout_id`) VALUES ('216', '0', '0');
INSERT INTO `oc_category_to_layout` (`category_id`, `store_id`, `layout_id`) VALUES ('203', '0', '0');
INSERT INTO `oc_category_to_layout` (`category_id`, `store_id`, `layout_id`) VALUES ('204', '0', '0');
INSERT INTO `oc_category_to_layout` (`category_id`, `store_id`, `layout_id`) VALUES ('205', '0', '0');
INSERT INTO `oc_category_to_layout` (`category_id`, `store_id`, `layout_id`) VALUES ('206', '0', '0');
INSERT INTO `oc_category_to_layout` (`category_id`, `store_id`, `layout_id`) VALUES ('207', '0', '0');
INSERT INTO `oc_category_to_layout` (`category_id`, `store_id`, `layout_id`) VALUES ('208', '0', '0');
INSERT INTO `oc_category_to_layout` (`category_id`, `store_id`, `layout_id`) VALUES ('214', '0', '0');
INSERT INTO `oc_category_to_layout` (`category_id`, `store_id`, `layout_id`) VALUES ('210', '0', '0');
INSERT INTO `oc_category_to_layout` (`category_id`, `store_id`, `layout_id`) VALUES ('211', '0', '0');
INSERT INTO `oc_category_to_layout` (`category_id`, `store_id`, `layout_id`) VALUES ('213', '0', '0');


TRUNCATE TABLE `oc_category_to_store`;

INSERT INTO `oc_category_to_store` (`category_id`, `store_id`) VALUES ('18', '0');
INSERT INTO `oc_category_to_store` (`category_id`, `store_id`) VALUES ('20', '0');
INSERT INTO `oc_category_to_store` (`category_id`, `store_id`) VALUES ('24', '0');
INSERT INTO `oc_category_to_store` (`category_id`, `store_id`) VALUES ('25', '0');
INSERT INTO `oc_category_to_store` (`category_id`, `store_id`) VALUES ('26', '0');
INSERT INTO `oc_category_to_store` (`category_id`, `store_id`) VALUES ('27', '0');
INSERT INTO `oc_category_to_store` (`category_id`, `store_id`) VALUES ('28', '0');
INSERT INTO `oc_category_to_store` (`category_id`, `store_id`) VALUES ('30', '0');
INSERT INTO `oc_category_to_store` (`category_id`, `store_id`) VALUES ('31', '0');
INSERT INTO `oc_category_to_store` (`category_id`, `store_id`) VALUES ('32', '0');
INSERT INTO `oc_category_to_store` (`category_id`, `store_id`) VALUES ('33', '0');
INSERT INTO `oc_category_to_store` (`category_id`, `store_id`) VALUES ('34', '0');
INSERT INTO `oc_category_to_store` (`category_id`, `store_id`) VALUES ('35', '0');
INSERT INTO `oc_category_to_store` (`category_id`, `store_id`) VALUES ('45', '0');
INSERT INTO `oc_category_to_store` (`category_id`, `store_id`) VALUES ('46', '0');
INSERT INTO `oc_category_to_store` (`category_id`, `store_id`) VALUES ('59', '0');
INSERT INTO `oc_category_to_store` (`category_id`, `store_id`) VALUES ('60', '0');
INSERT INTO `oc_category_to_store` (`category_id`, `store_id`) VALUES ('69', '0');
INSERT INTO `oc_category_to_store` (`category_id`, `store_id`) VALUES ('105', '0');
INSERT INTO `oc_category_to_store` (`category_id`, `store_id`) VALUES ('106', '0');
INSERT INTO `oc_category_to_store` (`category_id`, `store_id`) VALUES ('107', '0');
INSERT INTO `oc_category_to_store` (`category_id`, `store_id`) VALUES ('108', '0');
INSERT INTO `oc_category_to_store` (`category_id`, `store_id`) VALUES ('109', '0');
INSERT INTO `oc_category_to_store` (`category_id`, `store_id`) VALUES ('110', '0');
INSERT INTO `oc_category_to_store` (`category_id`, `store_id`) VALUES ('111', '0');
INSERT INTO `oc_category_to_store` (`category_id`, `store_id`) VALUES ('112', '0');
INSERT INTO `oc_category_to_store` (`category_id`, `store_id`) VALUES ('113', '0');
INSERT INTO `oc_category_to_store` (`category_id`, `store_id`) VALUES ('114', '0');
INSERT INTO `oc_category_to_store` (`category_id`, `store_id`) VALUES ('115', '0');
INSERT INTO `oc_category_to_store` (`category_id`, `store_id`) VALUES ('116', '0');
INSERT INTO `oc_category_to_store` (`category_id`, `store_id`) VALUES ('117', '0');
INSERT INTO `oc_category_to_store` (`category_id`, `store_id`) VALUES ('118', '0');
INSERT INTO `oc_category_to_store` (`category_id`, `store_id`) VALUES ('119', '0');
INSERT INTO `oc_category_to_store` (`category_id`, `store_id`) VALUES ('120', '0');
INSERT INTO `oc_category_to_store` (`category_id`, `store_id`) VALUES ('121', '0');
INSERT INTO `oc_category_to_store` (`category_id`, `store_id`) VALUES ('122', '0');
INSERT INTO `oc_category_to_store` (`category_id`, `store_id`) VALUES ('123', '0');
INSERT INTO `oc_category_to_store` (`category_id`, `store_id`) VALUES ('124', '0');
INSERT INTO `oc_category_to_store` (`category_id`, `store_id`) VALUES ('125', '0');
INSERT INTO `oc_category_to_store` (`category_id`, `store_id`) VALUES ('126', '0');
INSERT INTO `oc_category_to_store` (`category_id`, `store_id`) VALUES ('127', '0');
INSERT INTO `oc_category_to_store` (`category_id`, `store_id`) VALUES ('129', '0');
INSERT INTO `oc_category_to_store` (`category_id`, `store_id`) VALUES ('130', '0');
INSERT INTO `oc_category_to_store` (`category_id`, `store_id`) VALUES ('131', '0');
INSERT INTO `oc_category_to_store` (`category_id`, `store_id`) VALUES ('132', '0');
INSERT INTO `oc_category_to_store` (`category_id`, `store_id`) VALUES ('133', '0');
INSERT INTO `oc_category_to_store` (`category_id`, `store_id`) VALUES ('134', '0');
INSERT INTO `oc_category_to_store` (`category_id`, `store_id`) VALUES ('135', '0');
INSERT INTO `oc_category_to_store` (`category_id`, `store_id`) VALUES ('136', '0');
INSERT INTO `oc_category_to_store` (`category_id`, `store_id`) VALUES ('137', '0');
INSERT INTO `oc_category_to_store` (`category_id`, `store_id`) VALUES ('142', '0');
INSERT INTO `oc_category_to_store` (`category_id`, `store_id`) VALUES ('143', '0');
INSERT INTO `oc_category_to_store` (`category_id`, `store_id`) VALUES ('144', '0');
INSERT INTO `oc_category_to_store` (`category_id`, `store_id`) VALUES ('145', '0');
INSERT INTO `oc_category_to_store` (`category_id`, `store_id`) VALUES ('146', '0');
INSERT INTO `oc_category_to_store` (`category_id`, `store_id`) VALUES ('147', '0');
INSERT INTO `oc_category_to_store` (`category_id`, `store_id`) VALUES ('148', '0');
INSERT INTO `oc_category_to_store` (`category_id`, `store_id`) VALUES ('149', '0');
INSERT INTO `oc_category_to_store` (`category_id`, `store_id`) VALUES ('150', '0');
INSERT INTO `oc_category_to_store` (`category_id`, `store_id`) VALUES ('151', '0');
INSERT INTO `oc_category_to_store` (`category_id`, `store_id`) VALUES ('152', '0');
INSERT INTO `oc_category_to_store` (`category_id`, `store_id`) VALUES ('153', '0');
INSERT INTO `oc_category_to_store` (`category_id`, `store_id`) VALUES ('154', '0');
INSERT INTO `oc_category_to_store` (`category_id`, `store_id`) VALUES ('155', '0');
INSERT INTO `oc_category_to_store` (`category_id`, `store_id`) VALUES ('156', '0');
INSERT INTO `oc_category_to_store` (`category_id`, `store_id`) VALUES ('157', '0');
INSERT INTO `oc_category_to_store` (`category_id`, `store_id`) VALUES ('158', '0');
INSERT INTO `oc_category_to_store` (`category_id`, `store_id`) VALUES ('159', '0');
INSERT INTO `oc_category_to_store` (`category_id`, `store_id`) VALUES ('160', '0');
INSERT INTO `oc_category_to_store` (`category_id`, `store_id`) VALUES ('161', '0');
INSERT INTO `oc_category_to_store` (`category_id`, `store_id`) VALUES ('163', '0');
INSERT INTO `oc_category_to_store` (`category_id`, `store_id`) VALUES ('164', '0');
INSERT INTO `oc_category_to_store` (`category_id`, `store_id`) VALUES ('165', '0');
INSERT INTO `oc_category_to_store` (`category_id`, `store_id`) VALUES ('166', '0');
INSERT INTO `oc_category_to_store` (`category_id`, `store_id`) VALUES ('167', '0');
INSERT INTO `oc_category_to_store` (`category_id`, `store_id`) VALUES ('168', '0');
INSERT INTO `oc_category_to_store` (`category_id`, `store_id`) VALUES ('169', '0');
INSERT INTO `oc_category_to_store` (`category_id`, `store_id`) VALUES ('170', '0');
INSERT INTO `oc_category_to_store` (`category_id`, `store_id`) VALUES ('171', '0');
INSERT INTO `oc_category_to_store` (`category_id`, `store_id`) VALUES ('172', '0');
INSERT INTO `oc_category_to_store` (`category_id`, `store_id`) VALUES ('173', '0');
INSERT INTO `oc_category_to_store` (`category_id`, `store_id`) VALUES ('174', '0');
INSERT INTO `oc_category_to_store` (`category_id`, `store_id`) VALUES ('175', '0');
INSERT INTO `oc_category_to_store` (`category_id`, `store_id`) VALUES ('176', '0');
INSERT INTO `oc_category_to_store` (`category_id`, `store_id`) VALUES ('177', '0');
INSERT INTO `oc_category_to_store` (`category_id`, `store_id`) VALUES ('178', '0');
INSERT INTO `oc_category_to_store` (`category_id`, `store_id`) VALUES ('179', '0');
INSERT INTO `oc_category_to_store` (`category_id`, `store_id`) VALUES ('180', '0');
INSERT INTO `oc_category_to_store` (`category_id`, `store_id`) VALUES ('181', '0');
INSERT INTO `oc_category_to_store` (`category_id`, `store_id`) VALUES ('182', '0');
INSERT INTO `oc_category_to_store` (`category_id`, `store_id`) VALUES ('183', '0');
INSERT INTO `oc_category_to_store` (`category_id`, `store_id`) VALUES ('184', '0');
INSERT INTO `oc_category_to_store` (`category_id`, `store_id`) VALUES ('185', '0');
INSERT INTO `oc_category_to_store` (`category_id`, `store_id`) VALUES ('186', '0');
INSERT INTO `oc_category_to_store` (`category_id`, `store_id`) VALUES ('187', '0');
INSERT INTO `oc_category_to_store` (`category_id`, `store_id`) VALUES ('188', '0');
INSERT INTO `oc_category_to_store` (`category_id`, `store_id`) VALUES ('189', '0');
INSERT INTO `oc_category_to_store` (`category_id`, `store_id`) VALUES ('190', '0');
INSERT INTO `oc_category_to_store` (`category_id`, `store_id`) VALUES ('191', '0');
INSERT INTO `oc_category_to_store` (`category_id`, `store_id`) VALUES ('192', '0');
INSERT INTO `oc_category_to_store` (`category_id`, `store_id`) VALUES ('193', '0');
INSERT INTO `oc_category_to_store` (`category_id`, `store_id`) VALUES ('194', '0');
INSERT INTO `oc_category_to_store` (`category_id`, `store_id`) VALUES ('195', '0');
INSERT INTO `oc_category_to_store` (`category_id`, `store_id`) VALUES ('196', '0');
INSERT INTO `oc_category_to_store` (`category_id`, `store_id`) VALUES ('197', '0');
INSERT INTO `oc_category_to_store` (`category_id`, `store_id`) VALUES ('198', '0');
INSERT INTO `oc_category_to_store` (`category_id`, `store_id`) VALUES ('199', '0');
INSERT INTO `oc_category_to_store` (`category_id`, `store_id`) VALUES ('200', '0');
INSERT INTO `oc_category_to_store` (`category_id`, `store_id`) VALUES ('203', '0');
INSERT INTO `oc_category_to_store` (`category_id`, `store_id`) VALUES ('204', '0');
INSERT INTO `oc_category_to_store` (`category_id`, `store_id`) VALUES ('205', '0');
INSERT INTO `oc_category_to_store` (`category_id`, `store_id`) VALUES ('206', '0');
INSERT INTO `oc_category_to_store` (`category_id`, `store_id`) VALUES ('207', '0');
INSERT INTO `oc_category_to_store` (`category_id`, `store_id`) VALUES ('208', '0');
INSERT INTO `oc_category_to_store` (`category_id`, `store_id`) VALUES ('210', '0');
INSERT INTO `oc_category_to_store` (`category_id`, `store_id`) VALUES ('211', '0');
INSERT INTO `oc_category_to_store` (`category_id`, `store_id`) VALUES ('213', '0');
INSERT INTO `oc_category_to_store` (`category_id`, `store_id`) VALUES ('214', '0');
INSERT INTO `oc_category_to_store` (`category_id`, `store_id`) VALUES ('215', '0');
INSERT INTO `oc_category_to_store` (`category_id`, `store_id`) VALUES ('216', '0');
INSERT INTO `oc_category_to_store` (`category_id`, `store_id`) VALUES ('217', '0');
INSERT INTO `oc_category_to_store` (`category_id`, `store_id`) VALUES ('218', '0');
INSERT INTO `oc_category_to_store` (`category_id`, `store_id`) VALUES ('219', '0');
INSERT INTO `oc_category_to_store` (`category_id`, `store_id`) VALUES ('220', '0');


TRUNCATE TABLE `oc_filter`;



TRUNCATE TABLE `oc_filter_description`;



TRUNCATE TABLE `oc_filter_group`;



TRUNCATE TABLE `oc_filter_group_description`;



TRUNCATE TABLE `oc_information`;

INSERT INTO `oc_information` (`information_id`, `bottom`, `sort_order`, `status`) VALUES ('3', '1', '3', '1');
INSERT INTO `oc_information` (`information_id`, `bottom`, `sort_order`, `status`) VALUES ('4', '1', '1', '1');
INSERT INTO `oc_information` (`information_id`, `bottom`, `sort_order`, `status`) VALUES ('5', '1', '4', '1');
INSERT INTO `oc_information` (`information_id`, `bottom`, `sort_order`, `status`) VALUES ('6', '1', '2', '1');
INSERT INTO `oc_information` (`information_id`, `bottom`, `sort_order`, `status`) VALUES ('7', '0', '0', '1');


TRUNCATE TABLE `oc_information_description`;

INSERT INTO `oc_information_description` (`information_id`, `language_id`, `title`, `description`, `meta_title`, `meta_description`, `meta_keyword`) VALUES ('5', '1', 'Terms &amp; Conditions', '&lt;p&gt;\r\n\tTerms &amp;amp; Conditions&lt;/p&gt;\r\n', 'Terms &amp; Conditions', '', '');
INSERT INTO `oc_information_description` (`information_id`, `language_id`, `title`, `description`, `meta_title`, `meta_description`, `meta_keyword`) VALUES ('3', '1', 'Privacy Policy', '&lt;p&gt;\r\n\tPrivacy Policy&lt;/p&gt;\r\n', 'Privacy Policy', '', '');
INSERT INTO `oc_information_description` (`information_id`, `language_id`, `title`, `description`, `meta_title`, `meta_description`, `meta_keyword`) VALUES ('6', '1', 'Delivery Information', '&lt;p&gt;\r\n\tDelivery Information&lt;/p&gt;\r\n', 'Delivery Information', '', '');
INSERT INTO `oc_information_description` (`information_id`, `language_id`, `title`, `description`, `meta_title`, `meta_description`, `meta_keyword`) VALUES ('4', '1', 'About Us', '&lt;p&gt;&lt;span class=&quot;drop-cap&quot;&gt;S&lt;/span&gt;ince 2013, Journal has been the best selling and most loved OpenCart theme on the market. Now at version 3, it brings many new and revolutionary features such as an advanced page builder with 30+ multi-purpose modules that can be added on any page in any grid layout configuration, as well as the best possible customizable options for any area of your store.&lt;/p&gt;&lt;blockquote&gt;Journal has the impressive rating of 4.9 from more than 2000 ratings.&lt;/blockquote&gt;&lt;p&gt;Journal 3 also comes with fully customizable CSS options with the added possibility of setting each option differently on any breakpoint. This breakthrough feature will greatly enhance your design skills and allow you to create pixel perfect layouts at any screen width.&lt;/p&gt;&lt;p&gt;The new advanced Status mechanism allow you to set up modules and menus based on device, customer login status or customer groups.&lt;br&gt;&lt;/p&gt;&lt;blockquote&gt;98% satisfaction rate within our more than 19,000 customers.&lt;/blockquote&gt;&lt;p&gt;The new Schedule feature&amp;nbsp;allows you to display any module at specific dates in the future, or to disable any module automatically at a certain time and date. Imagine the possibilities and peace of mind...designing your promotional banners or sliders, or entire product modules that only show up on specific dates and are disabled automatically whenever you don\'t need them anymore.&amp;nbsp;&lt;/p&gt;&lt;p&gt;These are just a few of the outstanding features available in the new Journal 3 framework, there are so many new options and possibilities that it will takes us a very long time to list them all.&lt;/p&gt;&lt;p&gt;&lt;/p&gt;&lt;p&gt;&lt;a class=&quot;btn&quot; href=&quot;https://themeforest.net/item/journal-advanced-opencart-theme/4260361&quot; target=&quot;_blank&quot;&gt;Buy Journal&lt;/a&gt;&lt;/p&gt;', 'About Us', '', '');
INSERT INTO `oc_information_description` (`information_id`, `language_id`, `title`, `description`, `meta_title`, `meta_description`, `meta_keyword`) VALUES ('4', '2', 'About Us', '&lt;h6&gt;About Us&lt;/h6&gt;\r\n&lt;h4&gt;The Ultimate Opencart Theme&lt;/h4&gt;\r\n&lt;h5&gt;The best Opencart theme just got better, a lot better.&lt;/h5&gt;\r\n\r\n&lt;p&gt;&lt;span class=&quot;drop-cap&quot;&gt;S&lt;/span&gt;ince 2013, Journal has been the best selling and most loved OpenCart theme on the market. Now at version 3, it brings many new and revolutionary features such as an advanced page builder with 30+ multi-purpose modules that can be added on any page in any grid layout configuration, as well as the best possible customizable options for any area of your store.&lt;/p&gt;&lt;blockquote&gt;Journal has the impressive rating of 4.9 from more than 2000 ratings.&lt;/blockquote&gt;&lt;p&gt;Journal 3 also comes with fully customizable CSS options with the added possibility of setting each option differently on any breakpoint. This breakthrough feature will greatly enhance your design skills and allow you to create pixel perfect layouts at any screen width.&lt;/p&gt;&lt;p&gt;The new advanced Status mechanism allow you to set up modules and menus based on device, customer login status or customer groups.&lt;br&gt;&lt;/p&gt;&lt;blockquote&gt;98% satisfaction rate within our more than 19,000 customers.&lt;/blockquote&gt;&lt;p&gt;The new Schedule feature&amp;nbsp;allows you to display any module at specific dates in the future, or to disable any module automatically at a certain time and date. Imagine the possibilities and peace of mind...designing your promotional banners or sliders, or entire product modules that only show up on specific dates and are disabled automatically whenever you don\'t need them anymore.&amp;nbsp;&lt;/p&gt;&lt;p&gt;These are just a few of the outstanding features available in the new Journal 3 framework, there are so many new options and possibilities that it will takes us a very long time to list them all.&lt;/p&gt;&lt;p&gt;&lt;/p&gt;&lt;p&gt;&lt;a class=&quot;btn&quot; href=&quot;https://themeforest.net/item/journal-advanced-opencart-theme/4260361&quot; target=&quot;_blank&quot;&gt;Buy Journal&lt;/a&gt;&lt;/p&gt;', 'About', '', '');
INSERT INTO `oc_information_description` (`information_id`, `language_id`, `title`, `description`, `meta_title`, `meta_description`, `meta_keyword`) VALUES ('7', '2', 'Frequently Asked Questions', '&lt;p&gt;Easily set up custom pages with any HTML content or custom modules on them.&lt;/p&gt;&lt;p&gt;Every single page can be decorated with different modules or have custom page styles separate from other pages. Each layout can have a separate Page Layout style such as different body or content backgrounds, different site width, etc.&lt;/p&gt;', 'Frequently Asked Questions', '', '');
INSERT INTO `oc_information_description` (`information_id`, `language_id`, `title`, `description`, `meta_title`, `meta_description`, `meta_keyword`) VALUES ('7', '1', 'Frequently Asked Questions', '&lt;p&gt;&lt;br&gt;&lt;/p&gt;&lt;p&gt;&lt;br&gt;&lt;/p&gt;', 'Frequently Asked Questions', '', '');


TRUNCATE TABLE `oc_information_to_layout`;

INSERT INTO `oc_information_to_layout` (`information_id`, `store_id`, `layout_id`) VALUES ('4', '0', '0');
INSERT INTO `oc_information_to_layout` (`information_id`, `store_id`, `layout_id`) VALUES ('7', '0', '21');


TRUNCATE TABLE `oc_information_to_store`;

INSERT INTO `oc_information_to_store` (`information_id`, `store_id`) VALUES ('3', '0');
INSERT INTO `oc_information_to_store` (`information_id`, `store_id`) VALUES ('4', '0');
INSERT INTO `oc_information_to_store` (`information_id`, `store_id`) VALUES ('5', '0');
INSERT INTO `oc_information_to_store` (`information_id`, `store_id`) VALUES ('6', '0');
INSERT INTO `oc_information_to_store` (`information_id`, `store_id`) VALUES ('7', '0');


TRUNCATE TABLE `oc_layout`;

INSERT INTO `oc_layout` (`layout_id`, `name`) VALUES ('1', 'Home');
INSERT INTO `oc_layout` (`layout_id`, `name`) VALUES ('2', 'Product');
INSERT INTO `oc_layout` (`layout_id`, `name`) VALUES ('3', 'Category');
INSERT INTO `oc_layout` (`layout_id`, `name`) VALUES ('4', 'Default');
INSERT INTO `oc_layout` (`layout_id`, `name`) VALUES ('5', 'Manufacturer');
INSERT INTO `oc_layout` (`layout_id`, `name`) VALUES ('6', 'Account');
INSERT INTO `oc_layout` (`layout_id`, `name`) VALUES ('7', 'Checkout');
INSERT INTO `oc_layout` (`layout_id`, `name`) VALUES ('8', 'Contact');
INSERT INTO `oc_layout` (`layout_id`, `name`) VALUES ('9', 'Sitemap');
INSERT INTO `oc_layout` (`layout_id`, `name`) VALUES ('10', 'Affiliate');
INSERT INTO `oc_layout` (`layout_id`, `name`) VALUES ('11', 'Information');
INSERT INTO `oc_layout` (`layout_id`, `name`) VALUES ('12', 'Compare');
INSERT INTO `oc_layout` (`layout_id`, `name`) VALUES ('13', 'Search');
INSERT INTO `oc_layout` (`layout_id`, `name`) VALUES ('14', 'Wishlist');
INSERT INTO `oc_layout` (`layout_id`, `name`) VALUES ('15', 'Blog');
INSERT INTO `oc_layout` (`layout_id`, `name`) VALUES ('16', 'Blog Post');
INSERT INTO `oc_layout` (`layout_id`, `name`) VALUES ('17', 'Catalog');
INSERT INTO `oc_layout` (`layout_id`, `name`) VALUES ('18', 'Special');
INSERT INTO `oc_layout` (`layout_id`, `name`) VALUES ('19', 'Success');
INSERT INTO `oc_layout` (`layout_id`, `name`) VALUES ('21', 'FAQ');


TRUNCATE TABLE `oc_layout_route`;

INSERT INTO `oc_layout_route` (`layout_route_id`, `layout_id`, `store_id`, `route`) VALUES ('38', '6', '0', 'account/%');
INSERT INTO `oc_layout_route` (`layout_route_id`, `layout_id`, `store_id`, `route`) VALUES ('17', '10', '0', 'affiliate/%');
INSERT INTO `oc_layout_route` (`layout_route_id`, `layout_id`, `store_id`, `route`) VALUES ('44', '3', '0', 'product/category');
INSERT INTO `oc_layout_route` (`layout_route_id`, `layout_id`, `store_id`, `route`) VALUES ('54', '1', '0', 'common/home');
INSERT INTO `oc_layout_route` (`layout_route_id`, `layout_id`, `store_id`, `route`) VALUES ('20', '2', '0', 'product/product');
INSERT INTO `oc_layout_route` (`layout_route_id`, `layout_id`, `store_id`, `route`) VALUES ('24', '11', '0', 'information/information');
INSERT INTO `oc_layout_route` (`layout_route_id`, `layout_id`, `store_id`, `route`) VALUES ('23', '7', '0', 'checkout/%');
INSERT INTO `oc_layout_route` (`layout_route_id`, `layout_id`, `store_id`, `route`) VALUES ('31', '8', '0', 'information/contact');
INSERT INTO `oc_layout_route` (`layout_route_id`, `layout_id`, `store_id`, `route`) VALUES ('32', '9', '0', 'information/sitemap');
INSERT INTO `oc_layout_route` (`layout_route_id`, `layout_id`, `store_id`, `route`) VALUES ('34', '4', '0', '');
INSERT INTO `oc_layout_route` (`layout_route_id`, `layout_id`, `store_id`, `route`) VALUES ('58', '5', '0', 'product/manufacturer%');
INSERT INTO `oc_layout_route` (`layout_route_id`, `layout_id`, `store_id`, `route`) VALUES ('52', '12', '0', 'product/compare');
INSERT INTO `oc_layout_route` (`layout_route_id`, `layout_id`, `store_id`, `route`) VALUES ('53', '13', '0', 'product/search');
INSERT INTO `oc_layout_route` (`layout_route_id`, `layout_id`, `store_id`, `route`) VALUES ('55', '14', '0', 'account/wishlist');
INSERT INTO `oc_layout_route` (`layout_route_id`, `layout_id`, `store_id`, `route`) VALUES ('56', '15', '0', 'journal3/blog');
INSERT INTO `oc_layout_route` (`layout_route_id`, `layout_id`, `store_id`, `route`) VALUES ('57', '16', '0', 'journal3/blog/post');
INSERT INTO `oc_layout_route` (`layout_route_id`, `layout_id`, `store_id`, `route`) VALUES ('59', '17', '0', 'product/catalog');
INSERT INTO `oc_layout_route` (`layout_route_id`, `layout_id`, `store_id`, `route`) VALUES ('60', '18', '0', 'product/special');
INSERT INTO `oc_layout_route` (`layout_route_id`, `layout_id`, `store_id`, `route`) VALUES ('61', '19', '0', 'checkout/success');


TRUNCATE TABLE `oc_manufacturer`;

INSERT INTO `oc_manufacturer` (`manufacturer_id`, `name`, `image`, `sort_order`) VALUES ('5', 'HTC', 'catalog/journal3/brands/htc_logo.jpg', '0');
INSERT INTO `oc_manufacturer` (`manufacturer_id`, `name`, `image`, `sort_order`) VALUES ('6', 'Palm', 'catalog/journal3/brands/palm_logo.jpg', '0');
INSERT INTO `oc_manufacturer` (`manufacturer_id`, `name`, `image`, `sort_order`) VALUES ('7', 'Hewlett-Packard', 'catalog/journal3/brands/hp_logo.jpg', '0');
INSERT INTO `oc_manufacturer` (`manufacturer_id`, `name`, `image`, `sort_order`) VALUES ('8', 'Apple', 'catalog/journal3/brands/apple_logo.jpg', '0');
INSERT INTO `oc_manufacturer` (`manufacturer_id`, `name`, `image`, `sort_order`) VALUES ('9', 'Canon', 'catalog/journal3/brands/canon_logo.jpg', '0');
INSERT INTO `oc_manufacturer` (`manufacturer_id`, `name`, `image`, `sort_order`) VALUES ('10', 'Sony', 'catalog/journal3/brands/sony_logo.jpg', '0');
INSERT INTO `oc_manufacturer` (`manufacturer_id`, `name`, `image`, `sort_order`) VALUES ('11', 'SuperBrand', 'catalog/journal3/brands/superbrand.jpg', '0');
INSERT INTO `oc_manufacturer` (`manufacturer_id`, `name`, `image`, `sort_order`) VALUES ('12', 'Awesome Brand', 'catalog/journal3/brands/awesome.jpg', '0');
INSERT INTO `oc_manufacturer` (`manufacturer_id`, `name`, `image`, `sort_order`) VALUES ('13', 'Chic D\'or', 'catalog/journal3/brands/chic.jpg', '0');
INSERT INTO `oc_manufacturer` (`manufacturer_id`, `name`, `image`, `sort_order`) VALUES ('14', 'Hipster', 'catalog/journal3/brands/hipster.jpg', '0');
INSERT INTO `oc_manufacturer` (`manufacturer_id`, `name`, `image`, `sort_order`) VALUES ('15', 'Ericksson', 'catalog/journal3/brands/erikson.jpg', '0');
INSERT INTO `oc_manufacturer` (`manufacturer_id`, `name`, `image`, `sort_order`) VALUES ('16', 'NY Fashion', 'catalog/journal3/brands/fashion.jpg', '0');
INSERT INTO `oc_manufacturer` (`manufacturer_id`, `name`, `image`, `sort_order`) VALUES ('17', 'Fort Cane', 'catalog/journal3/brands/FC-fashion.jpg', '0');
INSERT INTO `oc_manufacturer` (`manufacturer_id`, `name`, `image`, `sort_order`) VALUES ('18', 'Melissa Johnson', 'catalog/journal3/brands/mellisa.jpg', '0');
INSERT INTO `oc_manufacturer` (`manufacturer_id`, `name`, `image`, `sort_order`) VALUES ('19', 'Olivia Smith', 'catalog/journal3/brands/olivia-fashion.jpg', '0');
INSERT INTO `oc_manufacturer` (`manufacturer_id`, `name`, `image`, `sort_order`) VALUES ('20', 'Sarah Bell', 'catalog/journal3/brands/sarah-beauty.jpg', '0');
INSERT INTO `oc_manufacturer` (`manufacturer_id`, `name`, `image`, `sort_order`) VALUES ('21', 'Sarah Bloom', 'catalog/journal3/brands/sarah-cosmetics.jpg', '0');
INSERT INTO `oc_manufacturer` (`manufacturer_id`, `name`, `image`, `sort_order`) VALUES ('22', 'Scandinavian Sunglasses', 'catalog/journal3/brands/sunglasses.png', '0');


TRUNCATE TABLE `oc_manufacturer_to_store`;

INSERT INTO `oc_manufacturer_to_store` (`manufacturer_id`, `store_id`) VALUES ('5', '0');
INSERT INTO `oc_manufacturer_to_store` (`manufacturer_id`, `store_id`) VALUES ('6', '0');
INSERT INTO `oc_manufacturer_to_store` (`manufacturer_id`, `store_id`) VALUES ('7', '0');
INSERT INTO `oc_manufacturer_to_store` (`manufacturer_id`, `store_id`) VALUES ('8', '0');
INSERT INTO `oc_manufacturer_to_store` (`manufacturer_id`, `store_id`) VALUES ('9', '0');
INSERT INTO `oc_manufacturer_to_store` (`manufacturer_id`, `store_id`) VALUES ('10', '0');
INSERT INTO `oc_manufacturer_to_store` (`manufacturer_id`, `store_id`) VALUES ('11', '0');
INSERT INTO `oc_manufacturer_to_store` (`manufacturer_id`, `store_id`) VALUES ('12', '0');
INSERT INTO `oc_manufacturer_to_store` (`manufacturer_id`, `store_id`) VALUES ('13', '0');
INSERT INTO `oc_manufacturer_to_store` (`manufacturer_id`, `store_id`) VALUES ('14', '0');
INSERT INTO `oc_manufacturer_to_store` (`manufacturer_id`, `store_id`) VALUES ('15', '0');
INSERT INTO `oc_manufacturer_to_store` (`manufacturer_id`, `store_id`) VALUES ('16', '0');
INSERT INTO `oc_manufacturer_to_store` (`manufacturer_id`, `store_id`) VALUES ('17', '0');
INSERT INTO `oc_manufacturer_to_store` (`manufacturer_id`, `store_id`) VALUES ('18', '0');
INSERT INTO `oc_manufacturer_to_store` (`manufacturer_id`, `store_id`) VALUES ('19', '0');
INSERT INTO `oc_manufacturer_to_store` (`manufacturer_id`, `store_id`) VALUES ('20', '0');
INSERT INTO `oc_manufacturer_to_store` (`manufacturer_id`, `store_id`) VALUES ('21', '0');
INSERT INTO `oc_manufacturer_to_store` (`manufacturer_id`, `store_id`) VALUES ('22', '0');


TRUNCATE TABLE `oc_option`;

INSERT INTO `oc_option` (`option_id`, `type`, `sort_order`) VALUES ('1', 'radio', '2');
INSERT INTO `oc_option` (`option_id`, `type`, `sort_order`) VALUES ('2', 'radio', '3');
INSERT INTO `oc_option` (`option_id`, `type`, `sort_order`) VALUES ('4', 'text', '4');
INSERT INTO `oc_option` (`option_id`, `type`, `sort_order`) VALUES ('5', 'select', '1');
INSERT INTO `oc_option` (`option_id`, `type`, `sort_order`) VALUES ('6', 'textarea', '5');
INSERT INTO `oc_option` (`option_id`, `type`, `sort_order`) VALUES ('7', 'file', '6');
INSERT INTO `oc_option` (`option_id`, `type`, `sort_order`) VALUES ('8', 'date', '7');
INSERT INTO `oc_option` (`option_id`, `type`, `sort_order`) VALUES ('9', 'time', '8');
INSERT INTO `oc_option` (`option_id`, `type`, `sort_order`) VALUES ('10', 'datetime', '9');
INSERT INTO `oc_option` (`option_id`, `type`, `sort_order`) VALUES ('11', 'select', '1');
INSERT INTO `oc_option` (`option_id`, `type`, `sort_order`) VALUES ('12', 'date', '1');


TRUNCATE TABLE `oc_option_description`;

INSERT INTO `oc_option_description` (`option_id`, `language_id`, `name`) VALUES ('4', '1', 'Text');
INSERT INTO `oc_option_description` (`option_id`, `language_id`, `name`) VALUES ('6', '1', 'Textarea');
INSERT INTO `oc_option_description` (`option_id`, `language_id`, `name`) VALUES ('7', '1', 'File');
INSERT INTO `oc_option_description` (`option_id`, `language_id`, `name`) VALUES ('5', '1', 'Select');
INSERT INTO `oc_option_description` (`option_id`, `language_id`, `name`) VALUES ('9', '1', 'Time');
INSERT INTO `oc_option_description` (`option_id`, `language_id`, `name`) VALUES ('10', '1', 'Date &amp; Time');
INSERT INTO `oc_option_description` (`option_id`, `language_id`, `name`) VALUES ('12', '1', 'Delivery Date');
INSERT INTO `oc_option_description` (`option_id`, `language_id`, `name`) VALUES ('11', '3', 'Size');
INSERT INTO `oc_option_description` (`option_id`, `language_id`, `name`) VALUES ('10', '3', 'Date &amp; Time');
INSERT INTO `oc_option_description` (`option_id`, `language_id`, `name`) VALUES ('9', '3', 'Time');
INSERT INTO `oc_option_description` (`option_id`, `language_id`, `name`) VALUES ('5', '3', 'Select');
INSERT INTO `oc_option_description` (`option_id`, `language_id`, `name`) VALUES ('7', '3', 'File');
INSERT INTO `oc_option_description` (`option_id`, `language_id`, `name`) VALUES ('8', '4', 'تاريخ');
INSERT INTO `oc_option_description` (`option_id`, `language_id`, `name`) VALUES ('6', '3', 'Textarea');
INSERT INTO `oc_option_description` (`option_id`, `language_id`, `name`) VALUES ('4', '3', 'Text');
INSERT INTO `oc_option_description` (`option_id`, `language_id`, `name`) VALUES ('1', '2', 'Radio');
INSERT INTO `oc_option_description` (`option_id`, `language_id`, `name`) VALUES ('12', '3', 'Delivery Date');
INSERT INTO `oc_option_description` (`option_id`, `language_id`, `name`) VALUES ('11', '1', 'Size');
INSERT INTO `oc_option_description` (`option_id`, `language_id`, `name`) VALUES ('1', '1', 'Radio');
INSERT INTO `oc_option_description` (`option_id`, `language_id`, `name`) VALUES ('4', '4', 'Text');
INSERT INTO `oc_option_description` (`option_id`, `language_id`, `name`) VALUES ('6', '4', 'Textarea');
INSERT INTO `oc_option_description` (`option_id`, `language_id`, `name`) VALUES ('8', '3', 'Date');
INSERT INTO `oc_option_description` (`option_id`, `language_id`, `name`) VALUES ('7', '4', 'File');
INSERT INTO `oc_option_description` (`option_id`, `language_id`, `name`) VALUES ('5', '4', 'Select');
INSERT INTO `oc_option_description` (`option_id`, `language_id`, `name`) VALUES ('9', '4', 'Time');
INSERT INTO `oc_option_description` (`option_id`, `language_id`, `name`) VALUES ('10', '4', 'Date &amp; Time');
INSERT INTO `oc_option_description` (`option_id`, `language_id`, `name`) VALUES ('12', '4', 'Delivery Date');
INSERT INTO `oc_option_description` (`option_id`, `language_id`, `name`) VALUES ('11', '4', 'حجم');
INSERT INTO `oc_option_description` (`option_id`, `language_id`, `name`) VALUES ('8', '1', 'Date');
INSERT INTO `oc_option_description` (`option_id`, `language_id`, `name`) VALUES ('2', '1', 'Color');


TRUNCATE TABLE `oc_option_value`;

INSERT INTO `oc_option_value` (`option_value_id`, `option_id`, `image`, `sort_order`) VALUES ('43', '1', '', '3');
INSERT INTO `oc_option_value` (`option_value_id`, `option_id`, `image`, `sort_order`) VALUES ('42', '5', '', '4');
INSERT INTO `oc_option_value` (`option_value_id`, `option_id`, `image`, `sort_order`) VALUES ('41', '5', '', '3');
INSERT INTO `oc_option_value` (`option_value_id`, `option_id`, `image`, `sort_order`) VALUES ('39', '5', '', '1');
INSERT INTO `oc_option_value` (`option_value_id`, `option_id`, `image`, `sort_order`) VALUES ('40', '5', '', '2');
INSERT INTO `oc_option_value` (`option_value_id`, `option_id`, `image`, `sort_order`) VALUES ('24', '2', 'catalog/journal3/colors/10.png', '2');
INSERT INTO `oc_option_value` (`option_value_id`, `option_id`, `image`, `sort_order`) VALUES ('46', '11', 'no_image.jpg', '2');
INSERT INTO `oc_option_value` (`option_value_id`, `option_id`, `image`, `sort_order`) VALUES ('31', '1', '', '2');
INSERT INTO `oc_option_value` (`option_value_id`, `option_id`, `image`, `sort_order`) VALUES ('32', '1', '', '1');
INSERT INTO `oc_option_value` (`option_value_id`, `option_id`, `image`, `sort_order`) VALUES ('23', '2', 'catalog/journal3/colors/1.png', '1');
INSERT INTO `oc_option_value` (`option_value_id`, `option_id`, `image`, `sort_order`) VALUES ('54', '2', 'catalog/journal3/colors/12.png', '0');
INSERT INTO `oc_option_value` (`option_value_id`, `option_id`, `image`, `sort_order`) VALUES ('61', '11', 'no_image.jpg', '6');
INSERT INTO `oc_option_value` (`option_value_id`, `option_id`, `image`, `sort_order`) VALUES ('60', '11', 'no_image.jpg', '5');
INSERT INTO `oc_option_value` (`option_value_id`, `option_id`, `image`, `sort_order`) VALUES ('55', '2', 'catalog/journal3/colors/11.png', '0');
INSERT INTO `oc_option_value` (`option_value_id`, `option_id`, `image`, `sort_order`) VALUES ('56', '2', 'catalog/journal3/colors/3.png', '0');
INSERT INTO `oc_option_value` (`option_value_id`, `option_id`, `image`, `sort_order`) VALUES ('51', '2', 'catalog/journal3/colors/8.png', '0');
INSERT INTO `oc_option_value` (`option_value_id`, `option_id`, `image`, `sort_order`) VALUES ('52', '2', 'catalog/journal3/colors/5.png', '0');
INSERT INTO `oc_option_value` (`option_value_id`, `option_id`, `image`, `sort_order`) VALUES ('50', '2', 'catalog/journal3/colors/6.png', '0');
INSERT INTO `oc_option_value` (`option_value_id`, `option_id`, `image`, `sort_order`) VALUES ('59', '11', 'no_image.jpg', '1');
INSERT INTO `oc_option_value` (`option_value_id`, `option_id`, `image`, `sort_order`) VALUES ('53', '2', 'catalog/journal3/colors/9.png', '0');
INSERT INTO `oc_option_value` (`option_value_id`, `option_id`, `image`, `sort_order`) VALUES ('57', '2', 'catalog/journal3/colors/14.png', '0');
INSERT INTO `oc_option_value` (`option_value_id`, `option_id`, `image`, `sort_order`) VALUES ('58', '2', 'catalog/journal3/colors/13.png', '0');
INSERT INTO `oc_option_value` (`option_value_id`, `option_id`, `image`, `sort_order`) VALUES ('49', '2', 'catalog/journal3/colors/2.png', '0');
INSERT INTO `oc_option_value` (`option_value_id`, `option_id`, `image`, `sort_order`) VALUES ('47', '11', 'no_image.jpg', '3');
INSERT INTO `oc_option_value` (`option_value_id`, `option_id`, `image`, `sort_order`) VALUES ('48', '11', 'no_image.jpg', '4');
INSERT INTO `oc_option_value` (`option_value_id`, `option_id`, `image`, `sort_order`) VALUES ('44', '2', 'catalog/journal3/colors/4.png', '3');
INSERT INTO `oc_option_value` (`option_value_id`, `option_id`, `image`, `sort_order`) VALUES ('45', '2', 'catalog/journal3/colors/7.png', '4');


TRUNCATE TABLE `oc_option_value_description`;

INSERT INTO `oc_option_value_description` (`option_value_id`, `language_id`, `option_id`, `name`) VALUES ('40', '3', '5', 'Blue');
INSERT INTO `oc_option_value_description` (`option_value_id`, `language_id`, `option_id`, `name`) VALUES ('42', '1', '5', 'Yellow');
INSERT INTO `oc_option_value_description` (`option_value_id`, `language_id`, `option_id`, `name`) VALUES ('41', '1', '5', 'Green');
INSERT INTO `oc_option_value_description` (`option_value_id`, `language_id`, `option_id`, `name`) VALUES ('39', '1', '5', 'Red');
INSERT INTO `oc_option_value_description` (`option_value_id`, `language_id`, `option_id`, `name`) VALUES ('40', '1', '5', 'Blue');
INSERT INTO `oc_option_value_description` (`option_value_id`, `language_id`, `option_id`, `name`) VALUES ('48', '3', '11', 'L');
INSERT INTO `oc_option_value_description` (`option_value_id`, `language_id`, `option_id`, `name`) VALUES ('48', '4', '11', 'L');
INSERT INTO `oc_option_value_description` (`option_value_id`, `language_id`, `option_id`, `name`) VALUES ('48', '1', '11', 'L');
INSERT INTO `oc_option_value_description` (`option_value_id`, `language_id`, `option_id`, `name`) VALUES ('39', '3', '5', 'Red');
INSERT INTO `oc_option_value_description` (`option_value_id`, `language_id`, `option_id`, `name`) VALUES ('41', '3', '5', 'Green');
INSERT INTO `oc_option_value_description` (`option_value_id`, `language_id`, `option_id`, `name`) VALUES ('42', '3', '5', 'Yellow');
INSERT INTO `oc_option_value_description` (`option_value_id`, `language_id`, `option_id`, `name`) VALUES ('43', '2', '1', 'Large');
INSERT INTO `oc_option_value_description` (`option_value_id`, `language_id`, `option_id`, `name`) VALUES ('43', '1', '1', 'Large');
INSERT INTO `oc_option_value_description` (`option_value_id`, `language_id`, `option_id`, `name`) VALUES ('47', '3', '11', 'M');
INSERT INTO `oc_option_value_description` (`option_value_id`, `language_id`, `option_id`, `name`) VALUES ('47', '4', '11', 'M');
INSERT INTO `oc_option_value_description` (`option_value_id`, `language_id`, `option_id`, `name`) VALUES ('47', '1', '11', 'M');
INSERT INTO `oc_option_value_description` (`option_value_id`, `language_id`, `option_id`, `name`) VALUES ('46', '3', '11', 'S');
INSERT INTO `oc_option_value_description` (`option_value_id`, `language_id`, `option_id`, `name`) VALUES ('46', '4', '11', 'S');
INSERT INTO `oc_option_value_description` (`option_value_id`, `language_id`, `option_id`, `name`) VALUES ('46', '1', '11', 'S');
INSERT INTO `oc_option_value_description` (`option_value_id`, `language_id`, `option_id`, `name`) VALUES ('31', '2', '1', 'Medium');
INSERT INTO `oc_option_value_description` (`option_value_id`, `language_id`, `option_id`, `name`) VALUES ('61', '3', '11', 'XXL');
INSERT INTO `oc_option_value_description` (`option_value_id`, `language_id`, `option_id`, `name`) VALUES ('61', '4', '11', 'XXL');
INSERT INTO `oc_option_value_description` (`option_value_id`, `language_id`, `option_id`, `name`) VALUES ('61', '1', '11', 'XXL');
INSERT INTO `oc_option_value_description` (`option_value_id`, `language_id`, `option_id`, `name`) VALUES ('31', '1', '1', 'Medium');
INSERT INTO `oc_option_value_description` (`option_value_id`, `language_id`, `option_id`, `name`) VALUES ('32', '2', '1', 'Small');
INSERT INTO `oc_option_value_description` (`option_value_id`, `language_id`, `option_id`, `name`) VALUES ('42', '4', '5', 'Yellow');
INSERT INTO `oc_option_value_description` (`option_value_id`, `language_id`, `option_id`, `name`) VALUES ('41', '4', '5', 'Green');
INSERT INTO `oc_option_value_description` (`option_value_id`, `language_id`, `option_id`, `name`) VALUES ('39', '4', '5', 'Red');
INSERT INTO `oc_option_value_description` (`option_value_id`, `language_id`, `option_id`, `name`) VALUES ('40', '4', '5', 'Blue');
INSERT INTO `oc_option_value_description` (`option_value_id`, `language_id`, `option_id`, `name`) VALUES ('60', '3', '11', 'XL');
INSERT INTO `oc_option_value_description` (`option_value_id`, `language_id`, `option_id`, `name`) VALUES ('60', '4', '11', 'XL');
INSERT INTO `oc_option_value_description` (`option_value_id`, `language_id`, `option_id`, `name`) VALUES ('60', '1', '11', 'XL');
INSERT INTO `oc_option_value_description` (`option_value_id`, `language_id`, `option_id`, `name`) VALUES ('32', '1', '1', 'Small');
INSERT INTO `oc_option_value_description` (`option_value_id`, `language_id`, `option_id`, `name`) VALUES ('59', '3', '11', 'XS');
INSERT INTO `oc_option_value_description` (`option_value_id`, `language_id`, `option_id`, `name`) VALUES ('59', '4', '11', 'XS');
INSERT INTO `oc_option_value_description` (`option_value_id`, `language_id`, `option_id`, `name`) VALUES ('59', '1', '11', 'XS');
INSERT INTO `oc_option_value_description` (`option_value_id`, `language_id`, `option_id`, `name`) VALUES ('45', '1', '2', 'Red');
INSERT INTO `oc_option_value_description` (`option_value_id`, `language_id`, `option_id`, `name`) VALUES ('44', '1', '2', 'Steel');
INSERT INTO `oc_option_value_description` (`option_value_id`, `language_id`, `option_id`, `name`) VALUES ('24', '1', '2', 'Violet');
INSERT INTO `oc_option_value_description` (`option_value_id`, `language_id`, `option_id`, `name`) VALUES ('23', '1', '2', 'Turquoise');
INSERT INTO `oc_option_value_description` (`option_value_id`, `language_id`, `option_id`, `name`) VALUES ('54', '1', '2', 'Burgundy');
INSERT INTO `oc_option_value_description` (`option_value_id`, `language_id`, `option_id`, `name`) VALUES ('55', '1', '2', 'Light Green');
INSERT INTO `oc_option_value_description` (`option_value_id`, `language_id`, `option_id`, `name`) VALUES ('56', '1', '2', 'Orange');
INSERT INTO `oc_option_value_description` (`option_value_id`, `language_id`, `option_id`, `name`) VALUES ('51', '1', '2', 'Green');
INSERT INTO `oc_option_value_description` (`option_value_id`, `language_id`, `option_id`, `name`) VALUES ('52', '1', '2', 'Gold');
INSERT INTO `oc_option_value_description` (`option_value_id`, `language_id`, `option_id`, `name`) VALUES ('50', '1', '2', 'Light Blue');
INSERT INTO `oc_option_value_description` (`option_value_id`, `language_id`, `option_id`, `name`) VALUES ('53', '1', '2', 'Dark Blue');
INSERT INTO `oc_option_value_description` (`option_value_id`, `language_id`, `option_id`, `name`) VALUES ('57', '1', '2', 'Dark Gray');
INSERT INTO `oc_option_value_description` (`option_value_id`, `language_id`, `option_id`, `name`) VALUES ('58', '1', '2', 'Yellow');
INSERT INTO `oc_option_value_description` (`option_value_id`, `language_id`, `option_id`, `name`) VALUES ('49', '1', '2', 'Silver');


TRUNCATE TABLE `oc_product`;

INSERT INTO `oc_product` (`product_id`, `model`, `sku`, `upc`, `ean`, `jan`, `isbn`, `mpn`, `location`, `quantity`, `stock_status_id`, `image`, `manufacturer_id`, `shipping`, `price`, `points`, `tax_class_id`, `date_available`, `weight`, `weight_class_id`, `length`, `width`, `height`, `length_class_id`, `subtract`, `minimum`, `sort_order`, `status`, `viewed`, `date_added`, `date_modified`) VALUES ('28', 'Product 1', '', '', '', '', '', '', '', '939', '7', 'catalog/demo/htc_touch_hd_1.jpg', '5', '1', '100.0000', '200', '9', '2009-02-03', '146.40000000', '2', '0.00000000', '0.00000000', '0.00000000', '1', '1', '1', '0', '1', '11985', '2009-02-03 16:06:50', '2018-06-13 14:37:16');
INSERT INTO `oc_product` (`product_id`, `model`, `sku`, `upc`, `ean`, `jan`, `isbn`, `mpn`, `location`, `quantity`, `stock_status_id`, `image`, `manufacturer_id`, `shipping`, `price`, `points`, `tax_class_id`, `date_available`, `weight`, `weight_class_id`, `length`, `width`, `height`, `length_class_id`, `subtract`, `minimum`, `sort_order`, `status`, `viewed`, `date_added`, `date_modified`) VALUES ('30', 'Product 3', '', '', '', '', '', '', '', '7', '6', 'catalog/demo/canon_eos_5d_1.jpg', '9', '1', '100.0000', '0', '9', '2009-02-03', '0.00000000', '1', '0.00000000', '0.00000000', '0.00000000', '1', '1', '1', '0', '1', '12618', '2009-02-03 16:59:00', '2018-06-13 13:27:39');
INSERT INTO `oc_product` (`product_id`, `model`, `sku`, `upc`, `ean`, `jan`, `isbn`, `mpn`, `location`, `quantity`, `stock_status_id`, `image`, `manufacturer_id`, `shipping`, `price`, `points`, `tax_class_id`, `date_available`, `weight`, `weight_class_id`, `length`, `width`, `height`, `length_class_id`, `subtract`, `minimum`, `sort_order`, `status`, `viewed`, `date_added`, `date_modified`) VALUES ('31', 'Product 4', '', '', '', '', '', '', '', '1000', '6', 'catalog/demo/nikon_d300_1.jpg', '0', '1', '80.0000', '0', '9', '2009-02-03', '0.00000000', '1', '0.00000000', '0.00000000', '0.00000000', '3', '1', '1', '0', '1', '4611', '2009-02-03 17:00:10', '2018-06-13 15:17:08');
INSERT INTO `oc_product` (`product_id`, `model`, `sku`, `upc`, `ean`, `jan`, `isbn`, `mpn`, `location`, `quantity`, `stock_status_id`, `image`, `manufacturer_id`, `shipping`, `price`, `points`, `tax_class_id`, `date_available`, `weight`, `weight_class_id`, `length`, `width`, `height`, `length_class_id`, `subtract`, `minimum`, `sort_order`, `status`, `viewed`, `date_added`, `date_modified`) VALUES ('32', 'Product 5', '', '', '', '', '', '', '', '999', '6', 'catalog/demo/ipod_touch_1.jpg', '8', '1', '100.0000', '0', '9', '2009-02-03', '5.00000000', '1', '0.00000000', '0.00000000', '0.00000000', '1', '1', '1', '0', '1', '9088', '2009-02-03 17:07:26', '2018-06-13 14:50:53');
INSERT INTO `oc_product` (`product_id`, `model`, `sku`, `upc`, `ean`, `jan`, `isbn`, `mpn`, `location`, `quantity`, `stock_status_id`, `image`, `manufacturer_id`, `shipping`, `price`, `points`, `tax_class_id`, `date_available`, `weight`, `weight_class_id`, `length`, `width`, `height`, `length_class_id`, `subtract`, `minimum`, `sort_order`, `status`, `viewed`, `date_added`, `date_modified`) VALUES ('33', 'Product 6', '', '', '', '', '', '', '', '1000', '6', 'catalog/demo/samsung_syncmaster_941bw.jpg', '0', '1', '200.0000', '0', '9', '2009-02-03', '5.00000000', '1', '0.00000000', '0.00000000', '0.00000000', '2', '1', '1', '0', '1', '10066', '2009-02-03 17:08:31', '2018-07-26 17:39:17');
INSERT INTO `oc_product` (`product_id`, `model`, `sku`, `upc`, `ean`, `jan`, `isbn`, `mpn`, `location`, `quantity`, `stock_status_id`, `image`, `manufacturer_id`, `shipping`, `price`, `points`, `tax_class_id`, `date_available`, `weight`, `weight_class_id`, `length`, `width`, `height`, `length_class_id`, `subtract`, `minimum`, `sort_order`, `status`, `viewed`, `date_added`, `date_modified`) VALUES ('34', 'Product 7', '', '', '', '', '', '', '', '1000', '6', 'catalog/demo/ipod_shuffle_1.jpg', '8', '1', '100.0000', '0', '9', '2009-02-03', '5.00000000', '1', '0.00000000', '0.00000000', '0.00000000', '2', '1', '1', '0', '1', '9616', '2009-02-03 18:07:54', '2018-06-13 14:49:48');
INSERT INTO `oc_product` (`product_id`, `model`, `sku`, `upc`, `ean`, `jan`, `isbn`, `mpn`, `location`, `quantity`, `stock_status_id`, `image`, `manufacturer_id`, `shipping`, `price`, `points`, `tax_class_id`, `date_available`, `weight`, `weight_class_id`, `length`, `width`, `height`, `length_class_id`, `subtract`, `minimum`, `sort_order`, `status`, `viewed`, `date_added`, `date_modified`) VALUES ('367', 'Model 992', '', '', '', '', '', '', '', '99', '5', 'catalog/journal3/products/electronics/smart-tv-h6240-by-samsung.jpg', '9', '1', '4009.0000', '0', '0', '2018-05-27', '0.00000000', '1', '0.00000000', '0.00000000', '0.00000000', '1', '1', '1', '1', '1', '1551', '2018-05-10 00:08:18', '2018-07-26 14:13:10');
INSERT INTO `oc_product` (`product_id`, `model`, `sku`, `upc`, `ean`, `jan`, `isbn`, `mpn`, `location`, `quantity`, `stock_status_id`, `image`, `manufacturer_id`, `shipping`, `price`, `points`, `tax_class_id`, `date_available`, `weight`, `weight_class_id`, `length`, `width`, `height`, `length_class_id`, `subtract`, `minimum`, `sort_order`, `status`, `viewed`, `date_added`, `date_modified`) VALUES ('36', 'Product 9', '', '', '', '', '', '', '', '994', '6', 'catalog/demo/ipod_nano_1.jpg', '8', '0', '100.0000', '100', '9', '2009-02-03', '5.00000000', '1', '0.00000000', '0.00000000', '0.00000000', '2', '1', '1', '0', '1', '9009', '2009-02-03 18:09:19', '2018-06-13 14:45:48');
INSERT INTO `oc_product` (`product_id`, `model`, `sku`, `upc`, `ean`, `jan`, `isbn`, `mpn`, `location`, `quantity`, `stock_status_id`, `image`, `manufacturer_id`, `shipping`, `price`, `points`, `tax_class_id`, `date_available`, `weight`, `weight_class_id`, `length`, `width`, `height`, `length_class_id`, `subtract`, `minimum`, `sort_order`, `status`, `viewed`, `date_added`, `date_modified`) VALUES ('40', 'product 11', '', '', '', '', '', '', '', '967', '5', 'catalog/demo/iphone_1.jpg', '8', '1', '101.0000', '0', '9', '2009-02-03', '10.00000000', '1', '0.00000000', '0.00000000', '0.00000000', '1', '1', '1', '0', '1', '14337', '2009-02-03 21:07:12', '2018-06-13 14:38:50');
INSERT INTO `oc_product` (`product_id`, `model`, `sku`, `upc`, `ean`, `jan`, `isbn`, `mpn`, `location`, `quantity`, `stock_status_id`, `image`, `manufacturer_id`, `shipping`, `price`, `points`, `tax_class_id`, `date_available`, `weight`, `weight_class_id`, `length`, `width`, `height`, `length_class_id`, `subtract`, `minimum`, `sort_order`, `status`, `viewed`, `date_added`, `date_modified`) VALUES ('41', 'Product 14', '', '', '', '', '', '', '', '977', '5', 'catalog/demo/imac_1.jpg', '8', '1', '100.0000', '0', '9', '2009-02-03', '5.00000000', '1', '0.00000000', '0.00000000', '0.00000000', '1', '1', '1', '0', '1', '9673', '2009-02-03 21:07:26', '2018-06-13 14:38:28');
INSERT INTO `oc_product` (`product_id`, `model`, `sku`, `upc`, `ean`, `jan`, `isbn`, `mpn`, `location`, `quantity`, `stock_status_id`, `image`, `manufacturer_id`, `shipping`, `price`, `points`, `tax_class_id`, `date_available`, `weight`, `weight_class_id`, `length`, `width`, `height`, `length_class_id`, `subtract`, `minimum`, `sort_order`, `status`, `viewed`, `date_added`, `date_modified`) VALUES ('43', 'Product 16', '', '', '', '', '', '', '', '928', '5', 'catalog/demo/macbook_1.jpg', '8', '0', '500.0000', '0', '9', '2009-02-03', '0.00000000', '1', '0.00000000', '0.00000000', '0.00000000', '2', '1', '1', '0', '1', '13750', '2009-02-03 21:07:49', '2018-06-13 14:58:42');
INSERT INTO `oc_product` (`product_id`, `model`, `sku`, `upc`, `ean`, `jan`, `isbn`, `mpn`, `location`, `quantity`, `stock_status_id`, `image`, `manufacturer_id`, `shipping`, `price`, `points`, `tax_class_id`, `date_available`, `weight`, `weight_class_id`, `length`, `width`, `height`, `length_class_id`, `subtract`, `minimum`, `sort_order`, `status`, `viewed`, `date_added`, `date_modified`) VALUES ('44', 'Product 17', '', '', '', '', '', '', '', '998', '5', 'catalog/demo/macbook_air_1.jpg', '8', '1', '1000.0000', '0', '9', '2009-02-03', '0.00000000', '1', '0.00000000', '0.00000000', '0.00000000', '2', '1', '1', '0', '1', '16235', '2009-02-03 21:08:00', '2018-06-13 14:59:49');
INSERT INTO `oc_product` (`product_id`, `model`, `sku`, `upc`, `ean`, `jan`, `isbn`, `mpn`, `location`, `quantity`, `stock_status_id`, `image`, `manufacturer_id`, `shipping`, `price`, `points`, `tax_class_id`, `date_available`, `weight`, `weight_class_id`, `length`, `width`, `height`, `length_class_id`, `subtract`, `minimum`, `sort_order`, `status`, `viewed`, `date_added`, `date_modified`) VALUES ('45', 'Product 18', '', '', '', '', '', '', '', '998', '5', 'catalog/demo/macbook_pro_1.jpg', '8', '1', '2000.0000', '0', '0', '2009-02-03', '0.00000000', '1', '0.00000000', '0.00000000', '0.00000000', '2', '1', '1', '0', '1', '9211', '2009-02-03 21:08:17', '2018-06-13 15:00:12');
INSERT INTO `oc_product` (`product_id`, `model`, `sku`, `upc`, `ean`, `jan`, `isbn`, `mpn`, `location`, `quantity`, `stock_status_id`, `image`, `manufacturer_id`, `shipping`, `price`, `points`, `tax_class_id`, `date_available`, `weight`, `weight_class_id`, `length`, `width`, `height`, `length_class_id`, `subtract`, `minimum`, `sort_order`, `status`, `viewed`, `date_added`, `date_modified`) VALUES ('368', 'Model 980', '', '', '', '', '', '', '', '99', '5', 'catalog/journal3/products/electronics/sony-bravia.jpg', '15', '1', '6009.0000', '0', '0', '2018-05-27', '0.00000000', '1', '0.00000000', '0.00000000', '0.00000000', '1', '1', '1', '1', '1', '1446', '2018-05-05 09:01:29', '2018-07-26 17:40:48');
INSERT INTO `oc_product` (`product_id`, `model`, `sku`, `upc`, `ean`, `jan`, `isbn`, `mpn`, `location`, `quantity`, `stock_status_id`, `image`, `manufacturer_id`, `shipping`, `price`, `points`, `tax_class_id`, `date_available`, `weight`, `weight_class_id`, `length`, `width`, `height`, `length_class_id`, `subtract`, `minimum`, `sort_order`, `status`, `viewed`, `date_added`, `date_modified`) VALUES ('47', 'Product 21', '', '', '', '', '', '', '', '1000', '5', 'catalog/demo/hp_1.jpg', '7', '1', '100.0000', '400', '9', '2009-02-03', '1.00000000', '1', '0.00000000', '0.00000000', '0.00000000', '1', '0', '1', '0', '1', '12169', '2009-02-03 21:08:40', '2018-06-13 14:37:04');
INSERT INTO `oc_product` (`product_id`, `model`, `sku`, `upc`, `ean`, `jan`, `isbn`, `mpn`, `location`, `quantity`, `stock_status_id`, `image`, `manufacturer_id`, `shipping`, `price`, `points`, `tax_class_id`, `date_available`, `weight`, `weight_class_id`, `length`, `width`, `height`, `length_class_id`, `subtract`, `minimum`, `sort_order`, `status`, `viewed`, `date_added`, `date_modified`) VALUES ('48', 'product 20', 'test 1', '', '', '', '', '', 'test 2', '995', '5', 'catalog/demo/ipod_classic_1.jpg', '8', '1', '100.0000', '0', '9', '2009-02-08', '1.00000000', '1', '0.00000000', '0.00000000', '0.00000000', '2', '1', '1', '0', '1', '13733', '2009-02-08 17:21:51', '2018-06-13 14:47:04');
INSERT INTO `oc_product` (`product_id`, `model`, `sku`, `upc`, `ean`, `jan`, `isbn`, `mpn`, `location`, `quantity`, `stock_status_id`, `image`, `manufacturer_id`, `shipping`, `price`, `points`, `tax_class_id`, `date_available`, `weight`, `weight_class_id`, `length`, `width`, `height`, `length_class_id`, `subtract`, `minimum`, `sort_order`, `status`, `viewed`, `date_added`, `date_modified`) VALUES ('49', 'SAM1', '', '', '', '', '', '', '', '0', '8', 'catalog/demo/samsung_tab_1.jpg', '7', '1', '199.9900', '0', '9', '2011-04-25', '0.00000000', '1', '0.00000000', '0.00000000', '0.00000000', '1', '1', '1', '1', '1', '5479', '2011-04-26 08:57:34', '2018-07-26 17:37:57');
INSERT INTO `oc_product` (`product_id`, `model`, `sku`, `upc`, `ean`, `jan`, `isbn`, `mpn`, `location`, `quantity`, `stock_status_id`, `image`, `manufacturer_id`, `shipping`, `price`, `points`, `tax_class_id`, `date_available`, `weight`, `weight_class_id`, `length`, `width`, `height`, `length_class_id`, `subtract`, `minimum`, `sort_order`, `status`, `viewed`, `date_added`, `date_modified`) VALUES ('364', 'Model 996', '', '', '', '', '', '', '', '99', '5', 'catalog/journal3/products/electronics/curved-oled-tv-55ec9300-by-lg.jpg', '15', '1', '4789.0000', '0', '0', '2018-05-27', '0.00000000', '1', '0.00000000', '0.00000000', '0.00000000', '1', '1', '0', '1', '1', '1322', '2018-05-25 20:42:32', '2018-07-26 17:36:57');
INSERT INTO `oc_product` (`product_id`, `model`, `sku`, `upc`, `ean`, `jan`, `isbn`, `mpn`, `location`, `quantity`, `stock_status_id`, `image`, `manufacturer_id`, `shipping`, `price`, `points`, `tax_class_id`, `date_available`, `weight`, `weight_class_id`, `length`, `width`, `height`, `length_class_id`, `subtract`, `minimum`, `sort_order`, `status`, `viewed`, `date_added`, `date_modified`) VALUES ('365', 'Model 995', '', '', '', '', '', '', '', '99', '8', 'catalog/journal3/products/electronics/ks9500-curved-4k-suhd-tv-by-samsung.jpg', '15', '1', '0.0000', '0', '0', '2018-05-27', '0.00000000', '1', '0.00000000', '0.00000000', '0.00000000', '1', '1', '1', '1', '1', '1032', '2018-05-22 04:28:13', '2018-06-13 15:45:13');
INSERT INTO `oc_product` (`product_id`, `model`, `sku`, `upc`, `ean`, `jan`, `isbn`, `mpn`, `location`, `quantity`, `stock_status_id`, `image`, `manufacturer_id`, `shipping`, `price`, `points`, `tax_class_id`, `date_available`, `weight`, `weight_class_id`, `length`, `width`, `height`, `length_class_id`, `subtract`, `minimum`, `sort_order`, `status`, `viewed`, `date_added`, `date_modified`) VALUES ('366', 'Model 994', '', '', '', '', '', '', '', '99', '8', 'catalog/journal3/products/electronics/leica-m9-digital-camera-by-leica.jpg', '15', '1', '2189.0000', '0', '0', '2018-05-27', '0.00000000', '1', '0.00000000', '0.00000000', '0.00000000', '1', '1', '1', '1', '1', '1049', '2018-05-02 08:13:29', '2018-06-13 14:54:08');
INSERT INTO `oc_product` (`product_id`, `model`, `sku`, `upc`, `ean`, `jan`, `isbn`, `mpn`, `location`, `quantity`, `stock_status_id`, `image`, `manufacturer_id`, `shipping`, `price`, `points`, `tax_class_id`, `date_available`, `weight`, `weight_class_id`, `length`, `width`, `height`, `length_class_id`, `subtract`, `minimum`, `sort_order`, `status`, `viewed`, `date_added`, `date_modified`) VALUES ('274', 'Model 79', '', '', '', '', '', '', '', '98', '5', 'catalog/journal3/products/beauty/2.jpg', '19', '1', '460.0000', '0', '0', '2018-05-12', '0.00000000', '1', '0.00000000', '0.00000000', '0.00000000', '1', '1', '1', '1', '1', '1944', '2018-05-04 03:42:45', '2018-07-06 10:53:44');
INSERT INTO `oc_product` (`product_id`, `model`, `sku`, `upc`, `ean`, `jan`, `isbn`, `mpn`, `location`, `quantity`, `stock_status_id`, `image`, `manufacturer_id`, `shipping`, `price`, `points`, `tax_class_id`, `date_available`, `weight`, `weight_class_id`, `length`, `width`, `height`, `length_class_id`, `subtract`, `minimum`, `sort_order`, `status`, `viewed`, `date_added`, `date_modified`) VALUES ('275', 'Model 754', '', '', '', '', '', '', '', '99', '7', 'catalog/journal3/products/beauty/additional/5.jpg', '20', '1', '248.0000', '0', '0', '2018-05-12', '0.00000000', '1', '0.00000000', '0.00000000', '0.00000000', '1', '1', '1', '1', '1', '2083', '2018-05-12 17:53:21', '2018-07-06 11:01:25');
INSERT INTO `oc_product` (`product_id`, `model`, `sku`, `upc`, `ean`, `jan`, `isbn`, `mpn`, `location`, `quantity`, `stock_status_id`, `image`, `manufacturer_id`, `shipping`, `price`, `points`, `tax_class_id`, `date_available`, `weight`, `weight_class_id`, `length`, `width`, `height`, `length_class_id`, `subtract`, `minimum`, `sort_order`, `status`, `viewed`, `date_added`, `date_modified`) VALUES ('276', 'Model 920', '', '', '', '', '', '', '', '99', '8', 'catalog/journal3/products/beauty/7.jpg', '19', '1', '299.0000', '0', '0', '2018-05-12', '0.00000000', '1', '0.00000000', '0.00000000', '0.00000000', '1', '1', '1', '1', '1', '1615', '2018-05-20 06:18:28', '2018-07-06 11:00:49');
INSERT INTO `oc_product` (`product_id`, `model`, `sku`, `upc`, `ean`, `jan`, `isbn`, `mpn`, `location`, `quantity`, `stock_status_id`, `image`, `manufacturer_id`, `shipping`, `price`, `points`, `tax_class_id`, `date_available`, `weight`, `weight_class_id`, `length`, `width`, `height`, `length_class_id`, `subtract`, `minimum`, `sort_order`, `status`, `viewed`, `date_added`, `date_modified`) VALUES ('277', 'Model 634', '', '', '', '', '', '', '', '99', '6', 'catalog/journal3/products/beauty/9.jpg', '19', '1', '570.0000', '0', '0', '2018-05-12', '0.00000000', '1', '0.00000000', '0.00000000', '0.00000000', '1', '1', '1', '1', '1', '1766', '2018-05-02 01:52:20', '2018-07-06 10:53:06');
INSERT INTO `oc_product` (`product_id`, `model`, `sku`, `upc`, `ean`, `jan`, `isbn`, `mpn`, `location`, `quantity`, `stock_status_id`, `image`, `manufacturer_id`, `shipping`, `price`, `points`, `tax_class_id`, `date_available`, `weight`, `weight_class_id`, `length`, `width`, `height`, `length_class_id`, `subtract`, `minimum`, `sort_order`, `status`, `viewed`, `date_added`, `date_modified`) VALUES ('278', 'Model 48', '', '', '', '', '', '', '', '99', '7', 'catalog/journal3/products/beauty/13.jpg', '18', '1', '810.0000', '0', '0', '2018-05-12', '0.00000000', '1', '0.00000000', '0.00000000', '0.00000000', '1', '1', '1', '1', '1', '1900', '2018-05-08 14:26:15', '2018-07-06 10:58:40');
INSERT INTO `oc_product` (`product_id`, `model`, `sku`, `upc`, `ean`, `jan`, `isbn`, `mpn`, `location`, `quantity`, `stock_status_id`, `image`, `manufacturer_id`, `shipping`, `price`, `points`, `tax_class_id`, `date_available`, `weight`, `weight_class_id`, `length`, `width`, `height`, `length_class_id`, `subtract`, `minimum`, `sort_order`, `status`, `viewed`, `date_added`, `date_modified`) VALUES ('279', 'Model 87', '', '', '', '', '', '', '', '99', '7', 'catalog/journal3/products/beauty/14.jpg', '20', '1', '165.0000', '0', '0', '2018-05-12', '0.00000000', '1', '0.00000000', '0.00000000', '0.00000000', '1', '1', '1', '1', '1', '1788', '2018-05-05 18:34:14', '2018-07-06 10:54:14');
INSERT INTO `oc_product` (`product_id`, `model`, `sku`, `upc`, `ean`, `jan`, `isbn`, `mpn`, `location`, `quantity`, `stock_status_id`, `image`, `manufacturer_id`, `shipping`, `price`, `points`, `tax_class_id`, `date_available`, `weight`, `weight_class_id`, `length`, `width`, `height`, `length_class_id`, `subtract`, `minimum`, `sort_order`, `status`, `viewed`, `date_added`, `date_modified`) VALUES ('280', 'Model 88', '', '', '', '', '', '', '', '98', '5', 'catalog/journal3/products/beauty/17.jpg', '20', '1', '680.0000', '0', '0', '2018-05-12', '0.00000000', '1', '0.00000000', '0.00000000', '0.00000000', '1', '1', '1', '1', '1', '1925', '2018-05-02 01:32:29', '2018-07-27 18:21:51');
INSERT INTO `oc_product` (`product_id`, `model`, `sku`, `upc`, `ean`, `jan`, `isbn`, `mpn`, `location`, `quantity`, `stock_status_id`, `image`, `manufacturer_id`, `shipping`, `price`, `points`, `tax_class_id`, `date_available`, `weight`, `weight_class_id`, `length`, `width`, `height`, `length_class_id`, `subtract`, `minimum`, `sort_order`, `status`, `viewed`, `date_added`, `date_modified`) VALUES ('281', 'Model 90', '', '', '', '', '', '', '', '99', '8', 'catalog/journal3/products/beauty/19.jpg', '13', '1', '349.0000', '0', '0', '2018-05-12', '0.00000000', '1', '0.00000000', '0.00000000', '0.00000000', '1', '1', '1', '1', '1', '1688', '2018-05-21 23:59:43', '2018-07-06 11:02:08');
INSERT INTO `oc_product` (`product_id`, `model`, `sku`, `upc`, `ean`, `jan`, `isbn`, `mpn`, `location`, `quantity`, `stock_status_id`, `image`, `manufacturer_id`, `shipping`, `price`, `points`, `tax_class_id`, `date_available`, `weight`, `weight_class_id`, `length`, `width`, `height`, `length_class_id`, `subtract`, `minimum`, `sort_order`, `status`, `viewed`, `date_added`, `date_modified`) VALUES ('282', 'Model 91', '', '', '', '', '', '', '', '99', '7', 'catalog/journal3/products/beauty/22.jpg', '18', '1', '760.0000', '0', '0', '2018-05-12', '0.00000000', '1', '0.00000000', '0.00000000', '0.00000000', '1', '1', '1', '1', '1', '1827', '2018-05-12 19:21:06', '2018-07-06 10:49:18');
INSERT INTO `oc_product` (`product_id`, `model`, `sku`, `upc`, `ean`, `jan`, `isbn`, `mpn`, `location`, `quantity`, `stock_status_id`, `image`, `manufacturer_id`, `shipping`, `price`, `points`, `tax_class_id`, `date_available`, `weight`, `weight_class_id`, `length`, `width`, `height`, `length_class_id`, `subtract`, `minimum`, `sort_order`, `status`, `viewed`, `date_added`, `date_modified`) VALUES ('283', 'Model 92', '', '', '', '', '', '', '', '99', '6', 'catalog/journal3/products/beauty/24.jpg', '19', '1', '309.0000', '0', '0', '2018-05-12', '0.00000000', '1', '0.00000000', '0.00000000', '0.00000000', '1', '1', '1', '1', '1', '1888', '2018-05-27 00:46:24', '2018-07-06 10:56:53');
INSERT INTO `oc_product` (`product_id`, `model`, `sku`, `upc`, `ean`, `jan`, `isbn`, `mpn`, `location`, `quantity`, `stock_status_id`, `image`, `manufacturer_id`, `shipping`, `price`, `points`, `tax_class_id`, `date_available`, `weight`, `weight_class_id`, `length`, `width`, `height`, `length_class_id`, `subtract`, `minimum`, `sort_order`, `status`, `viewed`, `date_added`, `date_modified`) VALUES ('284', 'Model 93', '', '', '', '', '', '', '', '99', '7', 'catalog/journal3/products/beauty/25.jpg', '18', '1', '519.0000', '0', '0', '2018-05-12', '0.00000000', '1', '0.00000000', '0.00000000', '0.00000000', '1', '1', '1', '1', '1', '1551', '2018-05-05 17:48:41', '2018-07-06 11:05:10');
INSERT INTO `oc_product` (`product_id`, `model`, `sku`, `upc`, `ean`, `jan`, `isbn`, `mpn`, `location`, `quantity`, `stock_status_id`, `image`, `manufacturer_id`, `shipping`, `price`, `points`, `tax_class_id`, `date_available`, `weight`, `weight_class_id`, `length`, `width`, `height`, `length_class_id`, `subtract`, `minimum`, `sort_order`, `status`, `viewed`, `date_added`, `date_modified`) VALUES ('285', 'Model 94', '', '', '', '', '', '', '', '99', '7', 'catalog/journal3/products/beauty/26.jpg', '13', '1', '321.0000', '0', '0', '2018-05-12', '0.00000000', '1', '0.00000000', '0.00000000', '0.00000000', '1', '1', '1', '1', '1', '1701', '2018-05-06 14:44:13', '2018-07-06 11:03:14');
INSERT INTO `oc_product` (`product_id`, `model`, `sku`, `upc`, `ean`, `jan`, `isbn`, `mpn`, `location`, `quantity`, `stock_status_id`, `image`, `manufacturer_id`, `shipping`, `price`, `points`, `tax_class_id`, `date_available`, `weight`, `weight_class_id`, `length`, `width`, `height`, `length_class_id`, `subtract`, `minimum`, `sort_order`, `status`, `viewed`, `date_added`, `date_modified`) VALUES ('286', 'Model 67', '', '', '', '', '', '', '', '99', '8', 'catalog/journal3/products/beauty/27.jpg', '20', '1', '652.0000', '0', '0', '2018-05-12', '0.00000000', '1', '0.00000000', '0.00000000', '0.00000000', '1', '1', '1', '1', '1', '1308', '2018-05-14 20:15:03', '2018-07-06 11:04:37');
INSERT INTO `oc_product` (`product_id`, `model`, `sku`, `upc`, `ean`, `jan`, `isbn`, `mpn`, `location`, `quantity`, `stock_status_id`, `image`, `manufacturer_id`, `shipping`, `price`, `points`, `tax_class_id`, `date_available`, `weight`, `weight_class_id`, `length`, `width`, `height`, `length_class_id`, `subtract`, `minimum`, `sort_order`, `status`, `viewed`, `date_added`, `date_modified`) VALUES ('287', 'Model 65', '', '', '', '', '', '', '', '99', '7', 'catalog/journal3/products/beauty/28.jpg', '18', '1', '209.0000', '0', '0', '2018-05-12', '0.00000000', '1', '0.00000000', '0.00000000', '0.00000000', '1', '1', '1', '1', '1', '1601', '2018-05-23 09:02:38', '2018-07-06 11:04:26');
INSERT INTO `oc_product` (`product_id`, `model`, `sku`, `upc`, `ean`, `jan`, `isbn`, `mpn`, `location`, `quantity`, `stock_status_id`, `image`, `manufacturer_id`, `shipping`, `price`, `points`, `tax_class_id`, `date_available`, `weight`, `weight_class_id`, `length`, `width`, `height`, `length_class_id`, `subtract`, `minimum`, `sort_order`, `status`, `viewed`, `date_added`, `date_modified`) VALUES ('288', 'Model 109', '', '', '', '', '', '', '', '99', '7', 'catalog/journal3/products/beauty/29.jpg', '19', '1', '499.0000', '0', '0', '2018-05-12', '0.00000000', '1', '0.00000000', '0.00000000', '0.00000000', '1', '1', '1', '1', '1', '1382', '2018-05-11 08:28:03', '2018-06-13 15:19:53');
INSERT INTO `oc_product` (`product_id`, `model`, `sku`, `upc`, `ean`, `jan`, `isbn`, `mpn`, `location`, `quantity`, `stock_status_id`, `image`, `manufacturer_id`, `shipping`, `price`, `points`, `tax_class_id`, `date_available`, `weight`, `weight_class_id`, `length`, `width`, `height`, `length_class_id`, `subtract`, `minimum`, `sort_order`, `status`, `viewed`, `date_added`, `date_modified`) VALUES ('289', 'Model 99', '', '', '', '', '', '', '', '0', '6', 'catalog/journal3/products/beauty/33.jpg', '13', '1', '419.0000', '0', '0', '2018-05-12', '0.00000000', '1', '0.00000000', '0.00000000', '0.00000000', '1', '1', '1', '1', '1', '1838', '2018-05-15 15:12:19', '2018-07-06 10:55:39');
INSERT INTO `oc_product` (`product_id`, `model`, `sku`, `upc`, `ean`, `jan`, `isbn`, `mpn`, `location`, `quantity`, `stock_status_id`, `image`, `manufacturer_id`, `shipping`, `price`, `points`, `tax_class_id`, `date_available`, `weight`, `weight_class_id`, `length`, `width`, `height`, `length_class_id`, `subtract`, `minimum`, `sort_order`, `status`, `viewed`, `date_added`, `date_modified`) VALUES ('290', 'Model 100', '', '', '', '', '', '', '', '99', '5', 'catalog/journal3/products/beauty/basket2.jpg', '21', '1', '960.0000', '0', '0', '2018-05-12', '0.00000000', '1', '0.00000000', '0.00000000', '0.00000000', '1', '1', '1', '1', '1', '1290', '2018-05-13 02:37:26', '2018-07-06 11:02:44');
INSERT INTO `oc_product` (`product_id`, `model`, `sku`, `upc`, `ean`, `jan`, `isbn`, `mpn`, `location`, `quantity`, `stock_status_id`, `image`, `manufacturer_id`, `shipping`, `price`, `points`, `tax_class_id`, `date_available`, `weight`, `weight_class_id`, `length`, `width`, `height`, `length_class_id`, `subtract`, `minimum`, `sort_order`, `status`, `viewed`, `date_added`, `date_modified`) VALUES ('291', 'Model 101', '', '', '', '', '', '', '', '99', '7', 'catalog/journal3/products/beauty/basket4.jpg', '18', '1', '156.0000', '0', '0', '2018-05-12', '0.00000000', '1', '0.00000000', '0.00000000', '0.00000000', '1', '1', '1', '1', '1', '1024', '2018-05-17 15:30:14', '2018-08-06 15:47:56');
INSERT INTO `oc_product` (`product_id`, `model`, `sku`, `upc`, `ean`, `jan`, `isbn`, `mpn`, `location`, `quantity`, `stock_status_id`, `image`, `manufacturer_id`, `shipping`, `price`, `points`, `tax_class_id`, `date_available`, `weight`, `weight_class_id`, `length`, `width`, `height`, `length_class_id`, `subtract`, `minimum`, `sort_order`, `status`, `viewed`, `date_added`, `date_modified`) VALUES ('292', 'Model 103', '', '', '', '', '', '', '', '99', '5', 'catalog/journal3/products/beauty/basket3.jpg', '20', '1', '809.0000', '0', '0', '2018-05-12', '0.00000000', '1', '0.00000000', '0.00000000', '0.00000000', '1', '1', '1', '1', '1', '1301', '2018-05-17 21:38:53', '2018-07-26 17:43:15');
INSERT INTO `oc_product` (`product_id`, `model`, `sku`, `upc`, `ean`, `jan`, `isbn`, `mpn`, `location`, `quantity`, `stock_status_id`, `image`, `manufacturer_id`, `shipping`, `price`, `points`, `tax_class_id`, `date_available`, `weight`, `weight_class_id`, `length`, `width`, `height`, `length_class_id`, `subtract`, `minimum`, `sort_order`, `status`, `viewed`, `date_added`, `date_modified`) VALUES ('293', 'Model 106', '', '', '', '', '', '', '', '99', '6', 'catalog/journal3/products/beauty/basket.jpg', '7', '1', '360.0000', '0', '0', '2018-05-12', '0.00000000', '1', '0.00000000', '0.00000000', '0.00000000', '1', '1', '1', '1', '1', '1464', '2018-05-05 13:43:45', '2018-07-06 10:59:30');
INSERT INTO `oc_product` (`product_id`, `model`, `sku`, `upc`, `ean`, `jan`, `isbn`, `mpn`, `location`, `quantity`, `stock_status_id`, `image`, `manufacturer_id`, `shipping`, `price`, `points`, `tax_class_id`, `date_available`, `weight`, `weight_class_id`, `length`, `width`, `height`, `length_class_id`, `subtract`, `minimum`, `sort_order`, `status`, `viewed`, `date_added`, `date_modified`) VALUES ('294', 'Model 209', '', '', '', '', '', '', '', '0', '8', 'catalog/journal3/products/beauty/eyelasher.jpg', '21', '1', '101.0000', '0', '0', '2018-05-12', '0.00000000', '1', '0.00000000', '0.00000000', '0.00000000', '1', '1', '1', '1', '1', '1794', '2018-05-03 03:42:06', '2018-07-06 10:56:14');
INSERT INTO `oc_product` (`product_id`, `model`, `sku`, `upc`, `ean`, `jan`, `isbn`, `mpn`, `location`, `quantity`, `stock_status_id`, `image`, `manufacturer_id`, `shipping`, `price`, `points`, `tax_class_id`, `date_available`, `weight`, `weight_class_id`, `length`, `width`, `height`, `length_class_id`, `subtract`, `minimum`, `sort_order`, `status`, `viewed`, `date_added`, `date_modified`) VALUES ('295', 'Model 104', '', '', '', '', '', '', '', '99', '7', 'catalog/journal3/products/beauty/brush-case2.jpg', '20', '1', '0.0000', '0', '0', '2018-05-12', '0.00000000', '1', '0.00000000', '0.00000000', '0.00000000', '1', '1', '1', '1', '1', '1555', '2018-05-28 01:19:16', '2018-07-06 11:03:34');
INSERT INTO `oc_product` (`product_id`, `model`, `sku`, `upc`, `ean`, `jan`, `isbn`, `mpn`, `location`, `quantity`, `stock_status_id`, `image`, `manufacturer_id`, `shipping`, `price`, `points`, `tax_class_id`, `date_available`, `weight`, `weight_class_id`, `length`, `width`, `height`, `length_class_id`, `subtract`, `minimum`, `sort_order`, `status`, `viewed`, `date_added`, `date_modified`) VALUES ('296', 'Model 205', '', '', '', '', '', '', '', '99', '5', 'catalog/journal3/products/beauty/brush.jpg', '21', '1', '579.0000', '0', '0', '2018-05-12', '0.00000000', '1', '0.00000000', '0.00000000', '0.00000000', '1', '1', '1', '1', '1', '1543', '2018-05-09 19:30:00', '2018-07-06 11:05:30');
INSERT INTO `oc_product` (`product_id`, `model`, `sku`, `upc`, `ean`, `jan`, `isbn`, `mpn`, `location`, `quantity`, `stock_status_id`, `image`, `manufacturer_id`, `shipping`, `price`, `points`, `tax_class_id`, `date_available`, `weight`, `weight_class_id`, `length`, `width`, `height`, `length_class_id`, `subtract`, `minimum`, `sort_order`, `status`, `viewed`, `date_added`, `date_modified`) VALUES ('297', 'Model 902', '', '', '', '', '', '', '', '99', '6', 'catalog/journal3/products/beauty/brush2.jpg', '18', '1', '307.0000', '0', '0', '2018-05-12', '0.00000000', '1', '0.00000000', '0.00000000', '0.00000000', '1', '1', '1', '1', '1', '1786', '2018-05-23 21:32:16', '2018-07-06 10:55:03');
INSERT INTO `oc_product` (`product_id`, `model`, `sku`, `upc`, `ean`, `jan`, `isbn`, `mpn`, `location`, `quantity`, `stock_status_id`, `image`, `manufacturer_id`, `shipping`, `price`, `points`, `tax_class_id`, `date_available`, `weight`, `weight_class_id`, `length`, `width`, `height`, `length_class_id`, `subtract`, `minimum`, `sort_order`, `status`, `viewed`, `date_added`, `date_modified`) VALUES ('298', 'Model 58', '', '', '', '', '', '', '', '99', '5', 'catalog/journal3/products/beauty/powder2.jpg', '21', '1', '190.0000', '0', '0', '2018-05-12', '0.00000000', '1', '0.00000000', '0.00000000', '0.00000000', '1', '1', '1', '1', '1', '1638', '2018-05-29 01:11:19', '2018-07-06 11:00:18');
INSERT INTO `oc_product` (`product_id`, `model`, `sku`, `upc`, `ean`, `jan`, `isbn`, `mpn`, `location`, `quantity`, `stock_status_id`, `image`, `manufacturer_id`, `shipping`, `price`, `points`, `tax_class_id`, `date_available`, `weight`, `weight_class_id`, `length`, `width`, `height`, `length_class_id`, `subtract`, `minimum`, `sort_order`, `status`, `viewed`, `date_added`, `date_modified`) VALUES ('299', 'Model 48', '', '', '', '', '', '', '', '94', '6', 'catalog/journal3/products/fashion/f1.jpg', '12', '1', '399.0000', '0', '0', '2018-05-13', '0.00000000', '1', '0.00000000', '0.00000000', '0.00000000', '1', '1', '1', '1', '1', '3331', '2018-08-12 13:19:47', '2018-09-04 17:12:46');
INSERT INTO `oc_product` (`product_id`, `model`, `sku`, `upc`, `ean`, `jan`, `isbn`, `mpn`, `location`, `quantity`, `stock_status_id`, `image`, `manufacturer_id`, `shipping`, `price`, `points`, `tax_class_id`, `date_available`, `weight`, `weight_class_id`, `length`, `width`, `height`, `length_class_id`, `subtract`, `minimum`, `sort_order`, `status`, `viewed`, `date_added`, `date_modified`) VALUES ('300', 'Model 30', '', '', '', '', '', '', '', '96', '7', 'catalog/journal3/products/fashion/e1.jpg', '13', '1', '589.0000', '0', '0', '2018-05-13', '0.00000000', '1', '0.00000000', '0.00000000', '0.00000000', '1', '1', '1', '1', '1', '2884', '2018-08-11 15:05:00', '2018-09-17 22:36:53');
INSERT INTO `oc_product` (`product_id`, `model`, `sku`, `upc`, `ean`, `jan`, `isbn`, `mpn`, `location`, `quantity`, `stock_status_id`, `image`, `manufacturer_id`, `shipping`, `price`, `points`, `tax_class_id`, `date_available`, `weight`, `weight_class_id`, `length`, `width`, `height`, `length_class_id`, `subtract`, `minimum`, `sort_order`, `status`, `viewed`, `date_added`, `date_modified`) VALUES ('301', 'Model 59', '', '', '', '', '', '', '', '93', '5', 'catalog/journal3/products/fashion/b1.jpg', '11', '1', '689.0000', '0', '0', '2018-05-13', '0.00000000', '1', '0.00000000', '0.00000000', '0.00000000', '1', '1', '1', '1', '1', '2931', '2018-05-14 11:25:39', '2018-09-04 23:08:57');
INSERT INTO `oc_product` (`product_id`, `model`, `sku`, `upc`, `ean`, `jan`, `isbn`, `mpn`, `location`, `quantity`, `stock_status_id`, `image`, `manufacturer_id`, `shipping`, `price`, `points`, `tax_class_id`, `date_available`, `weight`, `weight_class_id`, `length`, `width`, `height`, `length_class_id`, `subtract`, `minimum`, `sort_order`, `status`, `viewed`, `date_added`, `date_modified`) VALUES ('303', 'Model 55', '', '', '', '', '', '', '', '94', '6', 'catalog/journal3/products/fashion/r2.jpg', '16', '1', '369.0000', '0', '0', '2018-05-13', '0.00000000', '1', '0.00000000', '0.00000000', '0.00000000', '1', '1', '1', '1', '1', '1934', '2018-08-10 01:09:22', '2018-09-05 08:33:19');
INSERT INTO `oc_product` (`product_id`, `model`, `sku`, `upc`, `ean`, `jan`, `isbn`, `mpn`, `location`, `quantity`, `stock_status_id`, `image`, `manufacturer_id`, `shipping`, `price`, `points`, `tax_class_id`, `date_available`, `weight`, `weight_class_id`, `length`, `width`, `height`, `length_class_id`, `subtract`, `minimum`, `sort_order`, `status`, `viewed`, `date_added`, `date_modified`) VALUES ('304', 'Model 56', '', '', '', '', '', '', '', '0', '6', 'catalog/journal3/products/fashion/j1.jpg', '16', '1', '392.0000', '0', '0', '2018-05-13', '0.00000000', '1', '0.00000000', '0.00000000', '0.00000000', '1', '1', '1', '1', '1', '6783', '2018-08-09 18:07:02', '2018-09-05 08:14:59');
INSERT INTO `oc_product` (`product_id`, `model`, `sku`, `upc`, `ean`, `jan`, `isbn`, `mpn`, `location`, `quantity`, `stock_status_id`, `image`, `manufacturer_id`, `shipping`, `price`, `points`, `tax_class_id`, `date_available`, `weight`, `weight_class_id`, `length`, `width`, `height`, `length_class_id`, `subtract`, `minimum`, `sort_order`, `status`, `viewed`, `date_added`, `date_modified`) VALUES ('305', 'Model 99', '', '', '', '', '', '', '', '94', '7', 'catalog/journal3/products/fashion/x1.jpg', '16', '1', '535.0000', '0', '0', '2018-05-13', '0.00000000', '1', '0.00000000', '0.00000000', '0.00000000', '1', '1', '1', '1', '1', '2282', '2018-08-08 15:07:04', '2018-09-17 22:34:39');
INSERT INTO `oc_product` (`product_id`, `model`, `sku`, `upc`, `ean`, `jan`, `isbn`, `mpn`, `location`, `quantity`, `stock_status_id`, `image`, `manufacturer_id`, `shipping`, `price`, `points`, `tax_class_id`, `date_available`, `weight`, `weight_class_id`, `length`, `width`, `height`, `length_class_id`, `subtract`, `minimum`, `sort_order`, `status`, `viewed`, `date_added`, `date_modified`) VALUES ('306', 'Model 40', '', '', '', '', '', '', '', '99', '5', 'catalog/journal3/products/fashion/m1.jpg', '15', '1', '355.0000', '0', '0', '2018-05-13', '0.00000000', '1', '0.00000000', '0.00000000', '0.00000000', '1', '1', '1', '1', '1', '2702', '2018-08-06 21:14:17', '2018-09-05 08:25:32');
INSERT INTO `oc_product` (`product_id`, `model`, `sku`, `upc`, `ean`, `jan`, `isbn`, `mpn`, `location`, `quantity`, `stock_status_id`, `image`, `manufacturer_id`, `shipping`, `price`, `points`, `tax_class_id`, `date_available`, `weight`, `weight_class_id`, `length`, `width`, `height`, `length_class_id`, `subtract`, `minimum`, `sort_order`, `status`, `viewed`, `date_added`, `date_modified`) VALUES ('307', 'Model 66', '', '', '', '', '', '', '', '0', '5', 'catalog/journal3/products/fashion/k1.jpg', '13', '1', '829.0000', '0', '0', '2018-05-13', '0.00000000', '1', '0.00000000', '0.00000000', '0.00000000', '1', '1', '1', '1', '1', '3805', '2018-05-07 12:50:14', '2018-09-05 08:20:15');
INSERT INTO `oc_product` (`product_id`, `model`, `sku`, `upc`, `ean`, `jan`, `isbn`, `mpn`, `location`, `quantity`, `stock_status_id`, `image`, `manufacturer_id`, `shipping`, `price`, `points`, `tax_class_id`, `date_available`, `weight`, `weight_class_id`, `length`, `width`, `height`, `length_class_id`, `subtract`, `minimum`, `sort_order`, `status`, `viewed`, `date_added`, `date_modified`) VALUES ('308', 'Model 90', '', '', '', '', '', '', '', '97', '7', 'catalog/journal3/products/fashion/n1.jpg', '11', '1', '319.0000', '0', '0', '2018-05-13', '0.00000000', '1', '0.00000000', '0.00000000', '0.00000000', '1', '1', '1', '1', '1', '1623', '2018-05-16 00:28:20', '2018-09-04 17:13:40');
INSERT INTO `oc_product` (`product_id`, `model`, `sku`, `upc`, `ean`, `jan`, `isbn`, `mpn`, `location`, `quantity`, `stock_status_id`, `image`, `manufacturer_id`, `shipping`, `price`, `points`, `tax_class_id`, `date_available`, `weight`, `weight_class_id`, `length`, `width`, `height`, `length_class_id`, `subtract`, `minimum`, `sort_order`, `status`, `viewed`, `date_added`, `date_modified`) VALUES ('309', 'Model 91', '', '', '', '', '', '', '', '97', '8', 'catalog/journal3/products/fashion/s2.jpg', '12', '1', '902.0000', '0', '0', '2018-05-13', '0.00000000', '1', '0.00000000', '0.00000000', '0.00000000', '1', '1', '1', '1', '1', '2704', '2018-05-26 11:50:56', '2018-09-05 08:35:56');
INSERT INTO `oc_product` (`product_id`, `model`, `sku`, `upc`, `ean`, `jan`, `isbn`, `mpn`, `location`, `quantity`, `stock_status_id`, `image`, `manufacturer_id`, `shipping`, `price`, `points`, `tax_class_id`, `date_available`, `weight`, `weight_class_id`, `length`, `width`, `height`, `length_class_id`, `subtract`, `minimum`, `sort_order`, `status`, `viewed`, `date_added`, `date_modified`) VALUES ('310', 'Model 76', '', '', '', '', '', '', '', '76', '8', 'catalog/journal3/products/fashion/d1.jpg', '17', '1', '209.0000', '0', '0', '2018-05-13', '0.00000000', '1', '0.00000000', '0.00000000', '0.00000000', '1', '1', '1', '1', '1', '9517', '2018-05-23 09:49:42', '2018-09-04 23:11:39');
INSERT INTO `oc_product` (`product_id`, `model`, `sku`, `upc`, `ean`, `jan`, `isbn`, `mpn`, `location`, `quantity`, `stock_status_id`, `image`, `manufacturer_id`, `shipping`, `price`, `points`, `tax_class_id`, `date_available`, `weight`, `weight_class_id`, `length`, `width`, `height`, `length_class_id`, `subtract`, `minimum`, `sort_order`, `status`, `viewed`, `date_added`, `date_modified`) VALUES ('311', 'Model 63', '', '', '', '', '', '', '', '98', '8', 'catalog/journal3/products/fashion/i1.jpg', '13', '1', '659.0000', '0', '0', '2018-05-13', '0.00000000', '1', '0.00000000', '0.00000000', '0.00000000', '1', '1', '1', '1', '1', '1851', '2018-05-06 13:35:43', '2018-09-05 08:11:01');
INSERT INTO `oc_product` (`product_id`, `model`, `sku`, `upc`, `ean`, `jan`, `isbn`, `mpn`, `location`, `quantity`, `stock_status_id`, `image`, `manufacturer_id`, `shipping`, `price`, `points`, `tax_class_id`, `date_available`, `weight`, `weight_class_id`, `length`, `width`, `height`, `length_class_id`, `subtract`, `minimum`, `sort_order`, `status`, `viewed`, `date_added`, `date_modified`) VALUES ('312', 'Model 85', '', '', '', '', '', '', '', '99', '6', 'catalog/journal3/products/fashion/g1.jpg', '11', '1', '209.0000', '0', '0', '2018-05-13', '0.00000000', '1', '0.00000000', '0.00000000', '0.00000000', '1', '1', '1', '1', '1', '2046', '2018-05-21 14:29:27', '2018-09-04 23:08:18');
INSERT INTO `oc_product` (`product_id`, `model`, `sku`, `upc`, `ean`, `jan`, `isbn`, `mpn`, `location`, `quantity`, `stock_status_id`, `image`, `manufacturer_id`, `shipping`, `price`, `points`, `tax_class_id`, `date_available`, `weight`, `weight_class_id`, `length`, `width`, `height`, `length_class_id`, `subtract`, `minimum`, `sort_order`, `status`, `viewed`, `date_added`, `date_modified`) VALUES ('313', 'Model 84', '', '', '', '', '', '', '', '95', '5', 'catalog/journal3/products/fashion/p1.jpg', '13', '1', '498.0000', '0', '0', '2018-05-13', '0.00000000', '1', '0.00000000', '0.00000000', '0.00000000', '1', '1', '1', '1', '1', '4255', '2018-05-27 07:40:10', '2018-09-05 08:29:11');
INSERT INTO `oc_product` (`product_id`, `model`, `sku`, `upc`, `ean`, `jan`, `isbn`, `mpn`, `location`, `quantity`, `stock_status_id`, `image`, `manufacturer_id`, `shipping`, `price`, `points`, `tax_class_id`, `date_available`, `weight`, `weight_class_id`, `length`, `width`, `height`, `length_class_id`, `subtract`, `minimum`, `sort_order`, `status`, `viewed`, `date_added`, `date_modified`) VALUES ('314', 'Model 64', '', '', '', '', '', '', '', '96', '6', 'catalog/journal3/products/fashion/c1.jpg', '16', '1', '456.0000', '0', '0', '2018-05-13', '0.00000000', '1', '0.00000000', '0.00000000', '0.00000000', '1', '1', '1', '1', '1', '2049', '2018-05-10 18:52:28', '2018-09-04 23:10:20');
INSERT INTO `oc_product` (`product_id`, `model`, `sku`, `upc`, `ean`, `jan`, `isbn`, `mpn`, `location`, `quantity`, `stock_status_id`, `image`, `manufacturer_id`, `shipping`, `price`, `points`, `tax_class_id`, `date_available`, `weight`, `weight_class_id`, `length`, `width`, `height`, `length_class_id`, `subtract`, `minimum`, `sort_order`, `status`, `viewed`, `date_added`, `date_modified`) VALUES ('316', 'Model 23', '', '', '', '', '', '', '', '99', '5', 'catalog/journal3/products/fashion/additional/adult-airport-bags-837129.jpg', '12', '1', '329.0000', '0', '0', '2018-05-13', '0.00000000', '1', '0.00000000', '0.00000000', '0.00000000', '1', '1', '1', '1', '1', '1457', '2018-05-01 12:11:51', '2018-09-04 17:14:47');
INSERT INTO `oc_product` (`product_id`, `model`, `sku`, `upc`, `ean`, `jan`, `isbn`, `mpn`, `location`, `quantity`, `stock_status_id`, `image`, `manufacturer_id`, `shipping`, `price`, `points`, `tax_class_id`, `date_available`, `weight`, `weight_class_id`, `length`, `width`, `height`, `length_class_id`, `subtract`, `minimum`, `sort_order`, `status`, `viewed`, `date_added`, `date_modified`) VALUES ('317', 'Model 84', '', '', '', '', '', '', '', '97', '8', 'catalog/journal3/products/fashion/a1.jpg', '17', '1', '299.0000', '0', '0', '2018-05-13', '0.00000000', '1', '0.00000000', '0.00000000', '0.00000000', '1', '1', '1', '1', '1', '4411', '2018-05-03 14:53:42', '2018-09-04 23:09:34');
INSERT INTO `oc_product` (`product_id`, `model`, `sku`, `upc`, `ean`, `jan`, `isbn`, `mpn`, `location`, `quantity`, `stock_status_id`, `image`, `manufacturer_id`, `shipping`, `price`, `points`, `tax_class_id`, `date_available`, `weight`, `weight_class_id`, `length`, `width`, `height`, `length_class_id`, `subtract`, `minimum`, `sort_order`, `status`, `viewed`, `date_added`, `date_modified`) VALUES ('318', 'Model 93', '', '', '', '', '', '', '', '98', '5', 'catalog/journal3/products/fashion/bags/bag.jpg', '12', '1', '509.0000', '0', '0', '2018-05-14', '0.00000000', '1', '0.00000000', '0.00000000', '0.00000000', '1', '1', '1', '1', '1', '1863', '2018-05-12 13:52:56', '2018-07-06 11:22:50');
INSERT INTO `oc_product` (`product_id`, `model`, `sku`, `upc`, `ean`, `jan`, `isbn`, `mpn`, `location`, `quantity`, `stock_status_id`, `image`, `manufacturer_id`, `shipping`, `price`, `points`, `tax_class_id`, `date_available`, `weight`, `weight_class_id`, `length`, `width`, `height`, `length_class_id`, `subtract`, `minimum`, `sort_order`, `status`, `viewed`, `date_added`, `date_modified`) VALUES ('319', 'Model 94', '', '', '', '', '', '', '', '99', '6', 'catalog/journal3/products/fashion/bags/handbag.jpg', '15', '1', '425.0000', '0', '0', '2018-05-14', '0.00000000', '1', '0.00000000', '0.00000000', '0.00000000', '1', '1', '1', '1', '1', '1853', '2018-05-21 00:43:37', '2018-06-13 15:16:08');
INSERT INTO `oc_product` (`product_id`, `model`, `sku`, `upc`, `ean`, `jan`, `isbn`, `mpn`, `location`, `quantity`, `stock_status_id`, `image`, `manufacturer_id`, `shipping`, `price`, `points`, `tax_class_id`, `date_available`, `weight`, `weight_class_id`, `length`, `width`, `height`, `length_class_id`, `subtract`, `minimum`, `sort_order`, `status`, `viewed`, `date_added`, `date_modified`) VALUES ('320', 'Model 56', '', '', '', '', '', '', '', '99', '8', 'catalog/journal3/products/fashion/bags/phone-case2.jpg', '11', '1', '289.0000', '0', '0', '2018-05-14', '0.00000000', '1', '0.00000000', '0.00000000', '0.00000000', '1', '1', '1', '1', '1', '1809', '2018-05-06 09:59:16', '2018-07-06 11:21:51');
INSERT INTO `oc_product` (`product_id`, `model`, `sku`, `upc`, `ean`, `jan`, `isbn`, `mpn`, `location`, `quantity`, `stock_status_id`, `image`, `manufacturer_id`, `shipping`, `price`, `points`, `tax_class_id`, `date_available`, `weight`, `weight_class_id`, `length`, `width`, `height`, `length_class_id`, `subtract`, `minimum`, `sort_order`, `status`, `viewed`, `date_added`, `date_modified`) VALUES ('321', 'Model 49', '', '', '', '', '', '', '', '99', '5', 'catalog/journal3/products/fashion/bags/purse.jpg', '13', '1', '619.0000', '0', '0', '2018-05-14', '0.00000000', '1', '0.00000000', '0.00000000', '0.00000000', '1', '1', '1', '1', '1', '1563', '2018-05-27 23:45:29', '2018-06-13 14:52:28');
INSERT INTO `oc_product` (`product_id`, `model`, `sku`, `upc`, `ean`, `jan`, `isbn`, `mpn`, `location`, `quantity`, `stock_status_id`, `image`, `manufacturer_id`, `shipping`, `price`, `points`, `tax_class_id`, `date_available`, `weight`, `weight_class_id`, `length`, `width`, `height`, `length_class_id`, `subtract`, `minimum`, `sort_order`, `status`, `viewed`, `date_added`, `date_modified`) VALUES ('322', 'Model 76', '', '', '', '', '', '', '', '98', '8', 'catalog/journal3/products/fashion/bags/purse2.jpg', '12', '1', '638.0000', '0', '0', '2018-05-15', '0.00000000', '1', '0.00000000', '0.00000000', '0.00000000', '1', '1', '1', '1', '1', '2063', '2018-05-29 16:49:38', '2018-07-06 11:26:08');
INSERT INTO `oc_product` (`product_id`, `model`, `sku`, `upc`, `ean`, `jan`, `isbn`, `mpn`, `location`, `quantity`, `stock_status_id`, `image`, `manufacturer_id`, `shipping`, `price`, `points`, `tax_class_id`, `date_available`, `weight`, `weight_class_id`, `length`, `width`, `height`, `length_class_id`, `subtract`, `minimum`, `sort_order`, `status`, `viewed`, `date_added`, `date_modified`) VALUES ('323', 'Model 50', '', '', '', '', '', '', '', '98', '6', 'catalog/journal3/products/footwear/14.png', '17', '1', '499.0000', '0', '0', '2018-05-19', '0.00000000', '1', '0.00000000', '0.00000000', '0.00000000', '1', '1', '1', '1', '1', '1384', '2018-05-03 12:51:44', '2018-06-13 15:26:33');
INSERT INTO `oc_product` (`product_id`, `model`, `sku`, `upc`, `ean`, `jan`, `isbn`, `mpn`, `location`, `quantity`, `stock_status_id`, `image`, `manufacturer_id`, `shipping`, `price`, `points`, `tax_class_id`, `date_available`, `weight`, `weight_class_id`, `length`, `width`, `height`, `length_class_id`, `subtract`, `minimum`, `sort_order`, `status`, `viewed`, `date_added`, `date_modified`) VALUES ('324', 'Moel 59', '', '', '', '', '', '', '', '99', '5', 'catalog/journal3/products/footwear/15.png', '17', '1', '309.0000', '0', '0', '2018-05-19', '0.00000000', '1', '0.00000000', '0.00000000', '0.00000000', '1', '1', '1', '1', '1', '1844', '2018-05-17 13:49:48', '2018-07-06 11:12:02');
INSERT INTO `oc_product` (`product_id`, `model`, `sku`, `upc`, `ean`, `jan`, `isbn`, `mpn`, `location`, `quantity`, `stock_status_id`, `image`, `manufacturer_id`, `shipping`, `price`, `points`, `tax_class_id`, `date_available`, `weight`, `weight_class_id`, `length`, `width`, `height`, `length_class_id`, `subtract`, `minimum`, `sort_order`, `status`, `viewed`, `date_added`, `date_modified`) VALUES ('325', 'Model 101', '', '', '', '', '', '', '', '99', '5', 'catalog/journal3/products/footwear/1.png', '17', '1', '539.0000', '0', '0', '2018-05-19', '0.00000000', '1', '0.00000000', '0.00000000', '0.00000000', '1', '1', '1', '1', '1', '1730', '2018-05-16 06:33:47', '2018-06-13 14:56:04');
INSERT INTO `oc_product` (`product_id`, `model`, `sku`, `upc`, `ean`, `jan`, `isbn`, `mpn`, `location`, `quantity`, `stock_status_id`, `image`, `manufacturer_id`, `shipping`, `price`, `points`, `tax_class_id`, `date_available`, `weight`, `weight_class_id`, `length`, `width`, `height`, `length_class_id`, `subtract`, `minimum`, `sort_order`, `status`, `viewed`, `date_added`, `date_modified`) VALUES ('326', 'Model 102', '', '', '', '', '', '', '', '99', '8', 'catalog/journal3/products/footwear/10.png', '16', '1', '375.0000', '0', '0', '2018-05-19', '0.00000000', '1', '0.00000000', '0.00000000', '0.00000000', '1', '1', '1', '1', '1', '1198', '2018-05-27 15:19:33', '2018-06-13 14:18:10');
INSERT INTO `oc_product` (`product_id`, `model`, `sku`, `upc`, `ean`, `jan`, `isbn`, `mpn`, `location`, `quantity`, `stock_status_id`, `image`, `manufacturer_id`, `shipping`, `price`, `points`, `tax_class_id`, `date_available`, `weight`, `weight_class_id`, `length`, `width`, `height`, `length_class_id`, `subtract`, `minimum`, `sort_order`, `status`, `viewed`, `date_added`, `date_modified`) VALUES ('327', 'Model 103', '', '', '', '', '', '', '', '0', '6', 'catalog/journal3/products/footwear/11.png', '14', '1', '329.0000', '0', '0', '2018-05-19', '0.00000000', '1', '0.00000000', '0.00000000', '0.00000000', '1', '1', '1', '1', '1', '1359', '2018-05-28 08:56:24', '2018-06-13 15:24:30');
INSERT INTO `oc_product` (`product_id`, `model`, `sku`, `upc`, `ean`, `jan`, `isbn`, `mpn`, `location`, `quantity`, `stock_status_id`, `image`, `manufacturer_id`, `shipping`, `price`, `points`, `tax_class_id`, `date_available`, `weight`, `weight_class_id`, `length`, `width`, `height`, `length_class_id`, `subtract`, `minimum`, `sort_order`, `status`, `viewed`, `date_added`, `date_modified`) VALUES ('328', 'Model 104', '', '', '', '', '', '', '', '99', '5', 'catalog/journal3/products/footwear/12.png', '17', '1', '649.0000', '0', '0', '2018-05-19', '0.00000000', '1', '0.00000000', '0.00000000', '0.00000000', '1', '1', '1', '1', '1', '1461', '2018-05-27 22:43:21', '2018-06-13 15:04:34');
INSERT INTO `oc_product` (`product_id`, `model`, `sku`, `upc`, `ean`, `jan`, `isbn`, `mpn`, `location`, `quantity`, `stock_status_id`, `image`, `manufacturer_id`, `shipping`, `price`, `points`, `tax_class_id`, `date_available`, `weight`, `weight_class_id`, `length`, `width`, `height`, `length_class_id`, `subtract`, `minimum`, `sort_order`, `status`, `viewed`, `date_added`, `date_modified`) VALUES ('329', 'Model 106', '', '', '', '', '', '', '', '99', '5', 'catalog/journal3/products/footwear/13.png', '11', '1', '762.0000', '0', '0', '2018-05-19', '0.00000000', '1', '0.00000000', '0.00000000', '0.00000000', '1', '1', '1', '1', '1', '1090', '2018-05-23 14:47:36', '2018-08-06 15:50:39');
INSERT INTO `oc_product` (`product_id`, `model`, `sku`, `upc`, `ean`, `jan`, `isbn`, `mpn`, `location`, `quantity`, `stock_status_id`, `image`, `manufacturer_id`, `shipping`, `price`, `points`, `tax_class_id`, `date_available`, `weight`, `weight_class_id`, `length`, `width`, `height`, `length_class_id`, `subtract`, `minimum`, `sort_order`, `status`, `viewed`, `date_added`, `date_modified`) VALUES ('330', 'Model 108', '', '', '', '', '', '', '', '99', '8', 'catalog/journal3/products/footwear/16.png', '17', '1', '489.0000', '0', '0', '2018-05-19', '0.00000000', '1', '0.00000000', '0.00000000', '0.00000000', '1', '1', '1', '1', '1', '1437', '2018-05-03 05:47:54', '2018-08-06 15:50:16');
INSERT INTO `oc_product` (`product_id`, `model`, `sku`, `upc`, `ean`, `jan`, `isbn`, `mpn`, `location`, `quantity`, `stock_status_id`, `image`, `manufacturer_id`, `shipping`, `price`, `points`, `tax_class_id`, `date_available`, `weight`, `weight_class_id`, `length`, `width`, `height`, `length_class_id`, `subtract`, `minimum`, `sort_order`, `status`, `viewed`, `date_added`, `date_modified`) VALUES ('331', 'Model 201', '', '', '', '', '', '', '', '99', '5', 'catalog/journal3/products/footwear/2.png', '17', '1', '590.0000', '0', '0', '2018-05-20', '0.00000000', '1', '0.00000000', '0.00000000', '0.00000000', '1', '1', '1', '1', '1', '1466', '2018-05-04 08:36:44', '2018-06-13 14:16:09');
INSERT INTO `oc_product` (`product_id`, `model`, `sku`, `upc`, `ean`, `jan`, `isbn`, `mpn`, `location`, `quantity`, `stock_status_id`, `image`, `manufacturer_id`, `shipping`, `price`, `points`, `tax_class_id`, `date_available`, `weight`, `weight_class_id`, `length`, `width`, `height`, `length_class_id`, `subtract`, `minimum`, `sort_order`, `status`, `viewed`, `date_added`, `date_modified`) VALUES ('332', 'Model 202', '', '', '', '', '', '', '', '99', '6', 'catalog/journal3/products/footwear/3.png', '16', '1', '579.0000', '0', '0', '2018-05-20', '0.00000000', '1', '0.00000000', '0.00000000', '0.00000000', '1', '1', '1', '1', '1', '1189', '2018-05-11 01:39:59', '2018-06-13 15:03:51');
INSERT INTO `oc_product` (`product_id`, `model`, `sku`, `upc`, `ean`, `jan`, `isbn`, `mpn`, `location`, `quantity`, `stock_status_id`, `image`, `manufacturer_id`, `shipping`, `price`, `points`, `tax_class_id`, `date_available`, `weight`, `weight_class_id`, `length`, `width`, `height`, `length_class_id`, `subtract`, `minimum`, `sort_order`, `status`, `viewed`, `date_added`, `date_modified`) VALUES ('333', 'Model 203', '', '', '', '', '', '', '', '99', '5', 'catalog/journal3/products/footwear/4.png', '12', '1', '718.0000', '0', '0', '2018-05-20', '0.00000000', '1', '0.00000000', '0.00000000', '0.00000000', '1', '1', '1', '1', '1', '1316', '2018-05-11 06:29:42', '2018-07-13 13:45:21');
INSERT INTO `oc_product` (`product_id`, `model`, `sku`, `upc`, `ean`, `jan`, `isbn`, `mpn`, `location`, `quantity`, `stock_status_id`, `image`, `manufacturer_id`, `shipping`, `price`, `points`, `tax_class_id`, `date_available`, `weight`, `weight_class_id`, `length`, `width`, `height`, `length_class_id`, `subtract`, `minimum`, `sort_order`, `status`, `viewed`, `date_added`, `date_modified`) VALUES ('334', 'Model 204', '', '', '', '', '', '', '', '99', '8', 'catalog/journal3/products/footwear/5.png', '14', '1', '469.0000', '0', '0', '2018-05-20', '0.00000000', '1', '0.00000000', '0.00000000', '0.00000000', '1', '1', '1', '1', '1', '1893', '2018-05-22 03:28:32', '2018-07-06 11:12:56');
INSERT INTO `oc_product` (`product_id`, `model`, `sku`, `upc`, `ean`, `jan`, `isbn`, `mpn`, `location`, `quantity`, `stock_status_id`, `image`, `manufacturer_id`, `shipping`, `price`, `points`, `tax_class_id`, `date_available`, `weight`, `weight_class_id`, `length`, `width`, `height`, `length_class_id`, `subtract`, `minimum`, `sort_order`, `status`, `viewed`, `date_added`, `date_modified`) VALUES ('335', 'Model 205', '', '', '', '', '', '', '', '99', '5', 'catalog/journal3/products/footwear/6.png', '11', '1', '599.0000', '0', '0', '2018-05-20', '0.00000000', '1', '0.00000000', '0.00000000', '0.00000000', '1', '1', '1', '1', '1', '1298', '2018-05-15 21:53:38', '2018-07-26 14:11:18');
INSERT INTO `oc_product` (`product_id`, `model`, `sku`, `upc`, `ean`, `jan`, `isbn`, `mpn`, `location`, `quantity`, `stock_status_id`, `image`, `manufacturer_id`, `shipping`, `price`, `points`, `tax_class_id`, `date_available`, `weight`, `weight_class_id`, `length`, `width`, `height`, `length_class_id`, `subtract`, `minimum`, `sort_order`, `status`, `viewed`, `date_added`, `date_modified`) VALUES ('336', 'Model 206', '', '', '', '', '', '', '', '99', '8', 'catalog/journal3/products/footwear/7.png', '16', '1', '619.0000', '0', '0', '2018-05-20', '0.00000000', '1', '0.00000000', '0.00000000', '0.00000000', '1', '1', '1', '1', '1', '1628', '2018-05-12 03:02:33', '2018-07-13 14:14:20');
INSERT INTO `oc_product` (`product_id`, `model`, `sku`, `upc`, `ean`, `jan`, `isbn`, `mpn`, `location`, `quantity`, `stock_status_id`, `image`, `manufacturer_id`, `shipping`, `price`, `points`, `tax_class_id`, `date_available`, `weight`, `weight_class_id`, `length`, `width`, `height`, `length_class_id`, `subtract`, `minimum`, `sort_order`, `status`, `viewed`, `date_added`, `date_modified`) VALUES ('337', 'Model 207', '', '', '', '', '', '', '', '99', '6', 'catalog/journal3/products/footwear/8.png', '16', '1', '327.0000', '0', '0', '2018-05-20', '0.00000000', '1', '0.00000000', '0.00000000', '0.00000000', '1', '1', '1', '1', '1', '1443', '2018-05-11 21:31:52', '2018-07-06 11:17:36');
INSERT INTO `oc_product` (`product_id`, `model`, `sku`, `upc`, `ean`, `jan`, `isbn`, `mpn`, `location`, `quantity`, `stock_status_id`, `image`, `manufacturer_id`, `shipping`, `price`, `points`, `tax_class_id`, `date_available`, `weight`, `weight_class_id`, `length`, `width`, `height`, `length_class_id`, `subtract`, `minimum`, `sort_order`, `status`, `viewed`, `date_added`, `date_modified`) VALUES ('338', 'Model 208', '', '', '', '', '', '', '', '99', '5', 'catalog/journal3/products/footwear/9.png', '16', '1', '0.0000', '0', '0', '2018-05-20', '0.00000000', '1', '0.00000000', '0.00000000', '0.00000000', '1', '1', '1', '1', '1', '1578', '2018-05-22 02:31:40', '2018-07-06 11:12:31');
INSERT INTO `oc_product` (`product_id`, `model`, `sku`, `upc`, `ean`, `jan`, `isbn`, `mpn`, `location`, `quantity`, `stock_status_id`, `image`, `manufacturer_id`, `shipping`, `price`, `points`, `tax_class_id`, `date_available`, `weight`, `weight_class_id`, `length`, `width`, `height`, `length_class_id`, `subtract`, `minimum`, `sort_order`, `status`, `viewed`, `date_added`, `date_modified`) VALUES ('339', 'Model 209', '', '', '', '', '', '', '', '99', '5', 'catalog/journal3/products/footwear/NordWood-4301.jpg', '7', '1', '579.0000', '0', '0', '2018-05-21', '0.00000000', '1', '0.00000000', '0.00000000', '0.00000000', '1', '1', '1', '1', '1', '1548', '2018-05-13 20:02:46', '2018-06-13 14:21:47');
INSERT INTO `oc_product` (`product_id`, `model`, `sku`, `upc`, `ean`, `jan`, `isbn`, `mpn`, `location`, `quantity`, `stock_status_id`, `image`, `manufacturer_id`, `shipping`, `price`, `points`, `tax_class_id`, `date_available`, `weight`, `weight_class_id`, `length`, `width`, `height`, `length_class_id`, `subtract`, `minimum`, `sort_order`, `status`, `viewed`, `date_added`, `date_modified`) VALUES ('340', 'Model 301', '', '', '', '', '', '', '', '99', '6', 'catalog/journal3/products/footwear/flip-flops.jpg', '14', '1', '119.0000', '0', '0', '2018-05-21', '0.00000000', '1', '0.00000000', '0.00000000', '0.00000000', '1', '1', '1', '1', '1', '1660', '2018-05-01 20:38:52', '2018-06-13 15:04:11');
INSERT INTO `oc_product` (`product_id`, `model`, `sku`, `upc`, `ean`, `jan`, `isbn`, `mpn`, `location`, `quantity`, `stock_status_id`, `image`, `manufacturer_id`, `shipping`, `price`, `points`, `tax_class_id`, `date_available`, `weight`, `weight_class_id`, `length`, `width`, `height`, `length_class_id`, `subtract`, `minimum`, `sort_order`, `status`, `viewed`, `date_added`, `date_modified`) VALUES ('341', 'Model 202', '', '', '', '', '', '', '', '99', '8', 'catalog/journal3/products/footwear/sandals.jpg', '14', '1', '815.0000', '0', '0', '2018-05-21', '0.00000000', '1', '0.00000000', '0.00000000', '0.00000000', '1', '1', '1', '1', '1', '1279', '2018-05-26 19:06:02', '2018-06-13 15:44:26');
INSERT INTO `oc_product` (`product_id`, `model`, `sku`, `upc`, `ean`, `jan`, `isbn`, `mpn`, `location`, `quantity`, `stock_status_id`, `image`, `manufacturer_id`, `shipping`, `price`, `points`, `tax_class_id`, `date_available`, `weight`, `weight_class_id`, `length`, `width`, `height`, `length_class_id`, `subtract`, `minimum`, `sort_order`, `status`, `viewed`, `date_added`, `date_modified`) VALUES ('342', 'Model 206', '', '', '', '', '', '', '', '0', '6', 'catalog/journal3/products/footwear/shoe.jpg', '16', '1', '425.0000', '0', '0', '2018-05-21', '0.00000000', '1', '0.00000000', '0.00000000', '0.00000000', '1', '1', '1', '1', '1', '2035', '2018-05-07 09:33:33', '2018-08-10 00:48:59');
INSERT INTO `oc_product` (`product_id`, `model`, `sku`, `upc`, `ean`, `jan`, `isbn`, `mpn`, `location`, `quantity`, `stock_status_id`, `image`, `manufacturer_id`, `shipping`, `price`, `points`, `tax_class_id`, `date_available`, `weight`, `weight_class_id`, `length`, `width`, `height`, `length_class_id`, `subtract`, `minimum`, `sort_order`, `status`, `viewed`, `date_added`, `date_modified`) VALUES ('343', 'Model 208', '', '', '', '', '', '', '', '99', '5', 'catalog/journal3/products/footwear/shoes.jpg', '17', '1', '540.0000', '0', '0', '2018-05-21', '0.00000000', '1', '0.00000000', '0.00000000', '0.00000000', '1', '1', '1', '1', '1', '1464', '2018-05-15 14:29:40', '2018-06-13 15:43:35');
INSERT INTO `oc_product` (`product_id`, `model`, `sku`, `upc`, `ean`, `jan`, `isbn`, `mpn`, `location`, `quantity`, `stock_status_id`, `image`, `manufacturer_id`, `shipping`, `price`, `points`, `tax_class_id`, `date_available`, `weight`, `weight_class_id`, `length`, `width`, `height`, `length_class_id`, `subtract`, `minimum`, `sort_order`, `status`, `viewed`, `date_added`, `date_modified`) VALUES ('344', 'Model 302', '', '', '', '', '', '', '', '98', '8', 'catalog/journal3/products/footwear/shoes2.jpg', '17', '1', '306.0000', '0', '0', '2018-05-22', '0.00000000', '1', '0.00000000', '0.00000000', '0.00000000', '1', '1', '1', '1', '1', '2011', '2018-05-24 19:47:41', '2018-07-06 11:32:37');
INSERT INTO `oc_product` (`product_id`, `model`, `sku`, `upc`, `ean`, `jan`, `isbn`, `mpn`, `location`, `quantity`, `stock_status_id`, `image`, `manufacturer_id`, `shipping`, `price`, `points`, `tax_class_id`, `date_available`, `weight`, `weight_class_id`, `length`, `width`, `height`, `length_class_id`, `subtract`, `minimum`, `sort_order`, `status`, `viewed`, `date_added`, `date_modified`) VALUES ('345', 'Model 304', '', '', '', '', '', '', '', '99', '6', 'catalog/journal3/products/footwear/shoes4.jpg', '12', '1', '699.0000', '0', '0', '2018-05-22', '0.00000000', '1', '0.00000000', '0.00000000', '0.00000000', '1', '1', '1', '1', '1', '1307', '2018-05-16 07:29:24', '2018-06-13 15:41:45');
INSERT INTO `oc_product` (`product_id`, `model`, `sku`, `upc`, `ean`, `jan`, `isbn`, `mpn`, `location`, `quantity`, `stock_status_id`, `image`, `manufacturer_id`, `shipping`, `price`, `points`, `tax_class_id`, `date_available`, `weight`, `weight_class_id`, `length`, `width`, `height`, `length_class_id`, `subtract`, `minimum`, `sort_order`, `status`, `viewed`, `date_added`, `date_modified`) VALUES ('346', 'Model 305', '', '', '', '', '', '', '', '10', '5', 'catalog/journal3/products/footwear/shoes5.jpg', '12', '1', '129.0000', '0', '0', '2018-05-22', '0.00000000', '1', '0.00000000', '0.00000000', '0.00000000', '1', '1', '1', '1', '1', '1588', '2018-05-06 02:04:00', '2018-07-13 14:38:55');
INSERT INTO `oc_product` (`product_id`, `model`, `sku`, `upc`, `ean`, `jan`, `isbn`, `mpn`, `location`, `quantity`, `stock_status_id`, `image`, `manufacturer_id`, `shipping`, `price`, `points`, `tax_class_id`, `date_available`, `weight`, `weight_class_id`, `length`, `width`, `height`, `length_class_id`, `subtract`, `minimum`, `sort_order`, `status`, `viewed`, `date_added`, `date_modified`) VALUES ('347', 'Model 306', '', '', '', '', '', '', '', '99', '7', 'catalog/journal3/products/footwear/shoes6.jpg', '16', '1', '419.0000', '0', '0', '2018-05-22', '0.00000000', '1', '0.00000000', '0.00000000', '0.00000000', '1', '1', '1', '1', '1', '1723', '2018-05-10 11:51:46', '2018-07-06 11:16:58');
INSERT INTO `oc_product` (`product_id`, `model`, `sku`, `upc`, `ean`, `jan`, `isbn`, `mpn`, `location`, `quantity`, `stock_status_id`, `image`, `manufacturer_id`, `shipping`, `price`, `points`, `tax_class_id`, `date_available`, `weight`, `weight_class_id`, `length`, `width`, `height`, `length_class_id`, `subtract`, `minimum`, `sort_order`, `status`, `viewed`, `date_added`, `date_modified`) VALUES ('348', 'Model 309', '', '', '', '', '', '', '', '99', '5', 'catalog/journal3/products/footwear/slippers.jpg', '16', '1', '625.0000', '0', '0', '2018-05-22', '0.00000000', '1', '0.00000000', '0.00000000', '0.00000000', '1', '1', '1', '1', '1', '1619', '2018-05-03 05:06:54', '2018-06-13 15:22:33');
INSERT INTO `oc_product` (`product_id`, `model`, `sku`, `upc`, `ean`, `jan`, `isbn`, `mpn`, `location`, `quantity`, `stock_status_id`, `image`, `manufacturer_id`, `shipping`, `price`, `points`, `tax_class_id`, `date_available`, `weight`, `weight_class_id`, `length`, `width`, `height`, `length_class_id`, `subtract`, `minimum`, `sort_order`, `status`, `viewed`, `date_added`, `date_modified`) VALUES ('349', 'Model 401', '', '', '', '', '', '', '', '99', '5', 'catalog/journal3/products/fashion/bags/straw-bag.jpg', '12', '1', '589.0000', '0', '0', '2018-05-22', '0.00000000', '1', '0.00000000', '0.00000000', '0.00000000', '1', '1', '1', '1', '1', '1721', '2018-05-13 13:59:11', '2018-08-06 15:47:10');
INSERT INTO `oc_product` (`product_id`, `model`, `sku`, `upc`, `ean`, `jan`, `isbn`, `mpn`, `location`, `quantity`, `stock_status_id`, `image`, `manufacturer_id`, `shipping`, `price`, `points`, `tax_class_id`, `date_available`, `weight`, `weight_class_id`, `length`, `width`, `height`, `length_class_id`, `subtract`, `minimum`, `sort_order`, `status`, `viewed`, `date_added`, `date_modified`) VALUES ('350', 'Mode 402', '', '', '', '', '', '', '', '98', '6', 'catalog/journal3/products/fashion/e1.jpg', '11', '1', '410.0000', '0', '0', '2018-05-23', '0.00000000', '1', '0.00000000', '0.00000000', '0.00000000', '1', '1', '1', '1', '1', '1731', '2018-05-27 06:35:13', '2018-09-04 17:11:12');
INSERT INTO `oc_product` (`product_id`, `model`, `sku`, `upc`, `ean`, `jan`, `isbn`, `mpn`, `location`, `quantity`, `stock_status_id`, `image`, `manufacturer_id`, `shipping`, `price`, `points`, `tax_class_id`, `date_available`, `weight`, `weight_class_id`, `length`, `width`, `height`, `length_class_id`, `subtract`, `minimum`, `sort_order`, `status`, `viewed`, `date_added`, `date_modified`) VALUES ('351', 'Model 402', '', '', '', '', '', '', '', '99', '8', 'catalog/journal3/products/fashion/h1.jpg', '15', '1', '509.0000', '0', '0', '2018-05-23', '0.00000000', '1', '0.00000000', '0.00000000', '0.00000000', '1', '1', '1', '1', '1', '1731', '2018-05-04 14:58:32', '2018-09-04 17:12:57');
INSERT INTO `oc_product` (`product_id`, `model`, `sku`, `upc`, `ean`, `jan`, `isbn`, `mpn`, `location`, `quantity`, `stock_status_id`, `image`, `manufacturer_id`, `shipping`, `price`, `points`, `tax_class_id`, `date_available`, `weight`, `weight_class_id`, `length`, `width`, `height`, `length_class_id`, `subtract`, `minimum`, `sort_order`, `status`, `viewed`, `date_added`, `date_modified`) VALUES ('352', 'Model 403', '', '', '', '', '', '', '', '99', '8', 'catalog/journal3/products/fashion/bags/tote2.jpg', '13', '1', '639.0000', '0', '0', '2018-05-23', '0.00000000', '1', '0.00000000', '0.00000000', '0.00000000', '1', '1', '1', '1', '1', '1564', '2018-05-30 07:07:02', '2018-07-06 11:26:33');
INSERT INTO `oc_product` (`product_id`, `model`, `sku`, `upc`, `ean`, `jan`, `isbn`, `mpn`, `location`, `quantity`, `stock_status_id`, `image`, `manufacturer_id`, `shipping`, `price`, `points`, `tax_class_id`, `date_available`, `weight`, `weight_class_id`, `length`, `width`, `height`, `length_class_id`, `subtract`, `minimum`, `sort_order`, `status`, `viewed`, `date_added`, `date_modified`) VALUES ('353', 'Model 408', '', '', '', '', '', '', '', '99', '5', 'catalog/journal3/products/fashion/bags/wallet.jpg', '17', '1', '389.0000', '0', '0', '2018-05-24', '0.00000000', '1', '0.00000000', '0.00000000', '0.00000000', '1', '1', '1', '1', '1', '1494', '2018-05-16 14:39:37', '2018-06-13 15:39:46');
INSERT INTO `oc_product` (`product_id`, `model`, `sku`, `upc`, `ean`, `jan`, `isbn`, `mpn`, `location`, `quantity`, `stock_status_id`, `image`, `manufacturer_id`, `shipping`, `price`, `points`, `tax_class_id`, `date_available`, `weight`, `weight_class_id`, `length`, `width`, `height`, `length_class_id`, `subtract`, `minimum`, `sort_order`, `status`, `viewed`, `date_added`, `date_modified`) VALUES ('354', 'Model 50', '', '', '', '', '', '', '', '99', '6', 'catalog/journal3/products/fashion/bags/wallet2.jpg', '16', '1', '199.0000', '0', '0', '2018-05-24', '0.00000000', '1', '0.00000000', '0.00000000', '0.00000000', '1', '1', '1', '1', '1', '2038', '2018-05-21 03:56:57', '2018-07-13 13:40:42');
INSERT INTO `oc_product` (`product_id`, `model`, `sku`, `upc`, `ean`, `jan`, `isbn`, `mpn`, `location`, `quantity`, `stock_status_id`, `image`, `manufacturer_id`, `shipping`, `price`, `points`, `tax_class_id`, `date_available`, `weight`, `weight_class_id`, `length`, `width`, `height`, `length_class_id`, `subtract`, `minimum`, `sort_order`, `status`, `viewed`, `date_added`, `date_modified`) VALUES ('355', 'Model 501', '', '', '', '', '', '', '', '99', '5', 'catalog/journal3/products/fashion/accessories/case2.jpg', '17', '1', '309.0000', '0', '0', '2018-05-25', '0.00000000', '1', '0.00000000', '0.00000000', '0.00000000', '1', '1', '1', '1', '1', '1530', '2018-05-24 23:45:55', '2018-06-13 15:18:56');
INSERT INTO `oc_product` (`product_id`, `model`, `sku`, `upc`, `ean`, `jan`, `isbn`, `mpn`, `location`, `quantity`, `stock_status_id`, `image`, `manufacturer_id`, `shipping`, `price`, `points`, `tax_class_id`, `date_available`, `weight`, `weight_class_id`, `length`, `width`, `height`, `length_class_id`, `subtract`, `minimum`, `sort_order`, `status`, `viewed`, `date_added`, `date_modified`) VALUES ('356', 'Model 502', '', '', '', '', '', '', '', '99', '6', 'catalog/journal3/products/fashion/accessories/phone-case.jpg', '13', '1', '479.0000', '0', '0', '2018-05-25', '0.00000000', '1', '0.00000000', '0.00000000', '0.00000000', '1', '1', '1', '1', '1', '2090', '2018-05-30 10:58:46', '2018-07-13 14:06:22');
INSERT INTO `oc_product` (`product_id`, `model`, `sku`, `upc`, `ean`, `jan`, `isbn`, `mpn`, `location`, `quantity`, `stock_status_id`, `image`, `manufacturer_id`, `shipping`, `price`, `points`, `tax_class_id`, `date_available`, `weight`, `weight_class_id`, `length`, `width`, `height`, `length_class_id`, `subtract`, `minimum`, `sort_order`, `status`, `viewed`, `date_added`, `date_modified`) VALUES ('357', 'Model 503', '', '', '', '', '', '', '', '98', '8', 'catalog/journal3/products/fashion/accessories/umbrella.jpg', '13', '1', '99.0000', '0', '0', '2018-05-25', '0.00000000', '1', '0.00000000', '0.00000000', '0.00000000', '1', '1', '1', '1', '1', '2121', '2018-05-16 07:36:03', '2018-09-04 22:52:57');
INSERT INTO `oc_product` (`product_id`, `model`, `sku`, `upc`, `ean`, `jan`, `isbn`, `mpn`, `location`, `quantity`, `stock_status_id`, `image`, `manufacturer_id`, `shipping`, `price`, `points`, `tax_class_id`, `date_available`, `weight`, `weight_class_id`, `length`, `width`, `height`, `length_class_id`, `subtract`, `minimum`, `sort_order`, `status`, `viewed`, `date_added`, `date_modified`) VALUES ('358', 'Model 601', '', '', '', '', '', '', '', '98', '5', 'catalog/journal3/products/electronics/apple-white-2.png', '8', '1', '1199.0000', '0', '0', '2018-05-25', '0.00000000', '1', '0.00000000', '0.00000000', '0.00000000', '1', '1', '1', '1', '1', '1430', '2018-05-19 05:03:58', '2018-08-06 15:49:16');
INSERT INTO `oc_product` (`product_id`, `model`, `sku`, `upc`, `ean`, `jan`, `isbn`, `mpn`, `location`, `quantity`, `stock_status_id`, `image`, `manufacturer_id`, `shipping`, `price`, `points`, `tax_class_id`, `date_available`, `weight`, `weight_class_id`, `length`, `width`, `height`, `length_class_id`, `subtract`, `minimum`, `sort_order`, `status`, `viewed`, `date_added`, `date_modified`) VALUES ('359', 'Model 509', '', '', '', '', '', '', '', '99', '5', 'catalog/journal3/products/electronics/beolab-19-by-bang-olufsen.jpg', '15', '1', '2099.0000', '0', '0', '2018-05-25', '0.00000000', '1', '0.00000000', '0.00000000', '0.00000000', '1', '1', '1', '1', '1', '1285', '2018-05-16 02:31:43', '2018-07-06 11:33:17');
INSERT INTO `oc_product` (`product_id`, `model`, `sku`, `upc`, `ean`, `jan`, `isbn`, `mpn`, `location`, `quantity`, `stock_status_id`, `image`, `manufacturer_id`, `shipping`, `price`, `points`, `tax_class_id`, `date_available`, `weight`, `weight_class_id`, `length`, `width`, `height`, `length_class_id`, `subtract`, `minimum`, `sort_order`, `status`, `viewed`, `date_added`, `date_modified`) VALUES ('360', 'Model 519', '', '', '', '', '', '', '', '97', '8', 'catalog/journal3/products/electronics/beoplay-h6-headphones-by-bang-olufsen.jpg', '15', '1', '3299.0000', '0', '0', '2018-05-25', '0.00000000', '1', '0.00000000', '0.00000000', '0.00000000', '1', '1', '1', '-10', '1', '2176', '2018-05-21 21:26:43', '2018-08-07 22:42:15');
INSERT INTO `oc_product` (`product_id`, `model`, `sku`, `upc`, `ean`, `jan`, `isbn`, `mpn`, `location`, `quantity`, `stock_status_id`, `image`, `manufacturer_id`, `shipping`, `price`, `points`, `tax_class_id`, `date_available`, `weight`, `weight_class_id`, `length`, `width`, `height`, `length_class_id`, `subtract`, `minimum`, `sort_order`, `status`, `viewed`, `date_added`, `date_modified`) VALUES ('361', 'Model 999', '', '', '', '', '', '', '', '99', '6', 'catalog/journal3/products/electronics/bluetooth-gramophone-by-gramovox.jpg', '15', '1', '1899.0000', '0', '0', '2018-05-27', '0.00000000', '1', '0.00000000', '0.00000000', '0.00000000', '1', '1', '1', '1', '1', '1221', '2018-05-30 03:38:25', '2018-07-06 11:30:29');
INSERT INTO `oc_product` (`product_id`, `model`, `sku`, `upc`, `ean`, `jan`, `isbn`, `mpn`, `location`, `quantity`, `stock_status_id`, `image`, `manufacturer_id`, `shipping`, `price`, `points`, `tax_class_id`, `date_available`, `weight`, `weight_class_id`, `length`, `width`, `height`, `length_class_id`, `subtract`, `minimum`, `sort_order`, `status`, `viewed`, `date_added`, `date_modified`) VALUES ('362', 'Model 998', '', '', '', '', '', '', '', '99', '5', 'catalog/journal3/products/electronics/camera.jpg', '9', '1', '675.0000', '0', '0', '2018-05-27', '0.00000000', '1', '0.00000000', '0.00000000', '0.00000000', '1', '1', '1', '1', '1', '1404', '2018-05-24 01:51:56', '2018-06-13 15:22:09');
INSERT INTO `oc_product` (`product_id`, `model`, `sku`, `upc`, `ean`, `jan`, `isbn`, `mpn`, `location`, `quantity`, `stock_status_id`, `image`, `manufacturer_id`, `shipping`, `price`, `points`, `tax_class_id`, `date_available`, `weight`, `weight_class_id`, `length`, `width`, `height`, `length_class_id`, `subtract`, `minimum`, `sort_order`, `status`, `viewed`, `date_added`, `date_modified`) VALUES ('363', 'Model 997', '', '', '', '', '', '', '', '99', '8', 'catalog/journal3/products/electronics/camera2.jpg', '9', '1', '4099.0000', '0', '0', '2018-05-27', '0.00000000', '1', '0.00000000', '0.00000000', '0.00000000', '1', '1', '1', '1', '1', '1283', '2018-05-28 22:24:24', '2018-07-06 11:28:46');
INSERT INTO `oc_product` (`product_id`, `model`, `sku`, `upc`, `ean`, `jan`, `isbn`, `mpn`, `location`, `quantity`, `stock_status_id`, `image`, `manufacturer_id`, `shipping`, `price`, `points`, `tax_class_id`, `date_available`, `weight`, `weight_class_id`, `length`, `width`, `height`, `length_class_id`, `subtract`, `minimum`, `sort_order`, `status`, `viewed`, `date_added`, `date_modified`) VALUES ('256', 'Model 340', '', '', '', '', '', '', '', '96', '5', 'catalog/journal3/products/backpacks/8.jpg', '13', '1', '534.0000', '0', '0', '2014-03-31', '0.00000000', '1', '0.00000000', '0.00000000', '0.00000000', '1', '1', '1', '1', '1', '10171', '2018-05-11 10:26:14', '2018-06-13 15:45:21');
INSERT INTO `oc_product` (`product_id`, `model`, `sku`, `upc`, `ean`, `jan`, `isbn`, `mpn`, `location`, `quantity`, `stock_status_id`, `image`, `manufacturer_id`, `shipping`, `price`, `points`, `tax_class_id`, `date_available`, `weight`, `weight_class_id`, `length`, `width`, `height`, `length_class_id`, `subtract`, `minimum`, `sort_order`, `status`, `viewed`, `date_added`, `date_modified`) VALUES ('257', 'Model 341', '', '', '', '', '', '', '', '97', '5', 'catalog/journal3/products/misc/bag-yellow-2472101_1920.jpg', '16', '1', '387.0000', '0', '0', '2014-03-31', '0.00000000', '1', '0.00000000', '0.00000000', '0.00000000', '1', '1', '1', '1', '1', '11820', '2018-05-29 08:57:59', '2018-07-06 11:25:19');
INSERT INTO `oc_product` (`product_id`, `model`, `sku`, `upc`, `ean`, `jan`, `isbn`, `mpn`, `location`, `quantity`, `stock_status_id`, `image`, `manufacturer_id`, `shipping`, `price`, `points`, `tax_class_id`, `date_available`, `weight`, `weight_class_id`, `length`, `width`, `height`, `length_class_id`, `subtract`, `minimum`, `sort_order`, `status`, `viewed`, `date_added`, `date_modified`) VALUES ('259', 'Model 343', '', '', '', '', '', '', '', '97', '5', 'catalog/journal3/products/backpacks/5.jpg', '17', '1', '870.0000', '0', '0', '2014-03-31', '0.00000000', '1', '0.00000000', '0.00000000', '0.00000000', '1', '1', '1', '1', '1', '9375', '2018-05-21 13:31:14', '2018-07-06 11:20:26');
INSERT INTO `oc_product` (`product_id`, `model`, `sku`, `upc`, `ean`, `jan`, `isbn`, `mpn`, `location`, `quantity`, `stock_status_id`, `image`, `manufacturer_id`, `shipping`, `price`, `points`, `tax_class_id`, `date_available`, `weight`, `weight_class_id`, `length`, `width`, `height`, `length_class_id`, `subtract`, `minimum`, `sort_order`, `status`, `viewed`, `date_added`, `date_modified`) VALUES ('260', 'Model 344', '', '', '', '', '', '', '', '98', '5', 'catalog/journal3/products/backpacks/9.jpg', '14', '1', '870.0000', '0', '0', '2014-03-31', '0.00000000', '1', '0.00000000', '0.00000000', '0.00000000', '1', '1', '1', '1', '1', '10200', '2018-05-18 16:42:12', '2018-06-13 14:28:52');
INSERT INTO `oc_product` (`product_id`, `model`, `sku`, `upc`, `ean`, `jan`, `isbn`, `mpn`, `location`, `quantity`, `stock_status_id`, `image`, `manufacturer_id`, `shipping`, `price`, `points`, `tax_class_id`, `date_available`, `weight`, `weight_class_id`, `length`, `width`, `height`, `length_class_id`, `subtract`, `minimum`, `sort_order`, `status`, `viewed`, `date_added`, `date_modified`) VALUES ('261', 'Model 345', '', '', '', '', '', '', '', '99', '5', 'catalog/journal3/products/misc/chair-1019923_1920.jpg', '14', '1', '799.0000', '0', '0', '2014-03-31', '0.00000000', '1', '0.00000000', '0.00000000', '0.00000000', '1', '1', '1', '1', '1', '10423', '2018-05-27 18:57:21', '2018-06-13 15:24:45');
INSERT INTO `oc_product` (`product_id`, `model`, `sku`, `upc`, `ean`, `jan`, `isbn`, `mpn`, `location`, `quantity`, `stock_status_id`, `image`, `manufacturer_id`, `shipping`, `price`, `points`, `tax_class_id`, `date_available`, `weight`, `weight_class_id`, `length`, `width`, `height`, `length_class_id`, `subtract`, `minimum`, `sort_order`, `status`, `viewed`, `date_added`, `date_modified`) VALUES ('262', 'Model 350', '', '', '', '', '', '', '', '98', '5', 'catalog/journal3/products/misc/lazy-chiar.jpg', '10', '1', '979.0000', '0', '0', '2014-03-31', '0.00000000', '1', '0.00000000', '0.00000000', '0.00000000', '1', '1', '1', '1', '1', '9188', '2018-05-21 20:40:07', '2018-06-13 14:53:55');
INSERT INTO `oc_product` (`product_id`, `model`, `sku`, `upc`, `ean`, `jan`, `isbn`, `mpn`, `location`, `quantity`, `stock_status_id`, `image`, `manufacturer_id`, `shipping`, `price`, `points`, `tax_class_id`, `date_available`, `weight`, `weight_class_id`, `length`, `width`, `height`, `length_class_id`, `subtract`, `minimum`, `sort_order`, `status`, `viewed`, `date_added`, `date_modified`) VALUES ('263', 'Model 347', '', '', '', '', '', '', '', '98', '5', 'catalog/journal3/products/misc/winter-boots-795706_1920.jpg', '14', '1', '235.0000', '0', '0', '2014-03-31', '0.00000000', '1', '0.00000000', '0.00000000', '0.00000000', '1', '1', '1', '1', '1', '12414', '2018-05-24 22:28:35', '2018-07-06 11:31:37');
INSERT INTO `oc_product` (`product_id`, `model`, `sku`, `upc`, `ean`, `jan`, `isbn`, `mpn`, `location`, `quantity`, `stock_status_id`, `image`, `manufacturer_id`, `shipping`, `price`, `points`, `tax_class_id`, `date_available`, `weight`, `weight_class_id`, `length`, `width`, `height`, `length_class_id`, `subtract`, `minimum`, `sort_order`, `status`, `viewed`, `date_added`, `date_modified`) VALUES ('264', 'Model 343', '', '', '', '', '', '', '', '93', '5', 'catalog/journal3/products/perfume/perfume3.jpg', '13', '1', '7450.0000', '0', '0', '2014-03-31', '0.00000000', '1', '0.00000000', '0.00000000', '0.00000000', '1', '1', '1', '1', '1', '13011', '2018-05-28 02:22:35', '2018-07-26 14:11:40');
INSERT INTO `oc_product` (`product_id`, `model`, `sku`, `upc`, `ean`, `jan`, `isbn`, `mpn`, `location`, `quantity`, `stock_status_id`, `image`, `manufacturer_id`, `shipping`, `price`, `points`, `tax_class_id`, `date_available`, `weight`, `weight_class_id`, `length`, `width`, `height`, `length_class_id`, `subtract`, `minimum`, `sort_order`, `status`, `viewed`, `date_added`, `date_modified`) VALUES ('266', 'Model 351', '', '', '', '', '', '', '', '98', '5', 'catalog/journal3/products/misc/black-boots.jpg', '16', '1', '540.0000', '0', '0', '2014-03-31', '0.00000000', '1', '0.00000000', '0.00000000', '0.00000000', '1', '1', '1', '1', '1', '9169', '2018-05-04 16:27:09', '2018-07-06 11:11:21');
INSERT INTO `oc_product` (`product_id`, `model`, `sku`, `upc`, `ean`, `jan`, `isbn`, `mpn`, `location`, `quantity`, `stock_status_id`, `image`, `manufacturer_id`, `shipping`, `price`, `points`, `tax_class_id`, `date_available`, `weight`, `weight_class_id`, `length`, `width`, `height`, `length_class_id`, `subtract`, `minimum`, `sort_order`, `status`, `viewed`, `date_added`, `date_modified`) VALUES ('267', 'Model 351', '', '', '', '', '', '', '', '98', '5', 'catalog/journal3/products/misc/hiking-shoes-3054634_1920.jpg', '14', '1', '353.0000', '0', '0', '2014-03-31', '0.00000000', '1', '0.00000000', '0.00000000', '0.00000000', '1', '1', '1', '1', '1', '10639', '2018-05-28 03:08:01', '2018-07-06 11:14:32');
INSERT INTO `oc_product` (`product_id`, `model`, `sku`, `upc`, `ean`, `jan`, `isbn`, `mpn`, `location`, `quantity`, `stock_status_id`, `image`, `manufacturer_id`, `shipping`, `price`, `points`, `tax_class_id`, `date_available`, `weight`, `weight_class_id`, `length`, `width`, `height`, `length_class_id`, `subtract`, `minimum`, `sort_order`, `status`, `viewed`, `date_added`, `date_modified`) VALUES ('268', 'Model 354', '', '', '', '', '', '', '', '86', '5', 'catalog/journal3/products/misc/fashion-footwear-high-heels-40377.jpg', '7', '1', '559.0000', '0', '0', '2014-03-31', '0.00000000', '1', '0.00000000', '0.00000000', '0.00000000', '1', '1', '1', '1', '1', '15645', '2018-05-05 14:18:38', '2018-07-06 11:15:04');
INSERT INTO `oc_product` (`product_id`, `model`, `sku`, `upc`, `ean`, `jan`, `isbn`, `mpn`, `location`, `quantity`, `stock_status_id`, `image`, `manufacturer_id`, `shipping`, `price`, `points`, `tax_class_id`, `date_available`, `weight`, `weight_class_id`, `length`, `width`, `height`, `length_class_id`, `subtract`, `minimum`, `sort_order`, `status`, `viewed`, `date_added`, `date_modified`) VALUES ('269', 'Model 355', '', '', '', '', '', '', '', '0', '6', 'catalog/journal3/products/footwear/boot-2558324_1920.jpg', '14', '1', '779.0000', '0', '0', '2014-03-31', '0.00000000', '1', '0.00000000', '0.00000000', '0.00000000', '1', '1', '1', '1', '1', '18137', '2018-05-02 14:09:06', '2018-07-06 11:18:18');
INSERT INTO `oc_product` (`product_id`, `model`, `sku`, `upc`, `ean`, `jan`, `isbn`, `mpn`, `location`, `quantity`, `stock_status_id`, `image`, `manufacturer_id`, `shipping`, `price`, `points`, `tax_class_id`, `date_available`, `weight`, `weight_class_id`, `length`, `width`, `height`, `length_class_id`, `subtract`, `minimum`, `sort_order`, `status`, `viewed`, `date_added`, `date_modified`) VALUES ('270', 'Model 356', '', '', '', '', '', '', '', '91', '5', 'catalog/journal3/products/misc/pexels-photo.jpg', '7', '1', '559.0000', '0', '9', '2014-03-31', '0.00000000', '1', '0.00000000', '0.00000000', '0.00000000', '1', '1', '1', '1', '1', '18048', '2018-05-25 03:49:39', '2018-06-13 15:16:15');
INSERT INTO `oc_product` (`product_id`, `model`, `sku`, `upc`, `ean`, `jan`, `isbn`, `mpn`, `location`, `quantity`, `stock_status_id`, `image`, `manufacturer_id`, `shipping`, `price`, `points`, `tax_class_id`, `date_available`, `weight`, `weight_class_id`, `length`, `width`, `height`, `length_class_id`, `subtract`, `minimum`, `sort_order`, `status`, `viewed`, `date_added`, `date_modified`) VALUES ('271', 'Model 357', '', '', '', '', '', '', '', '56', '5', 'catalog/journal3/products/sunglasses/glasses3.jpg', '22', '1', '397.0000', '100', '0', '2014-03-31', '0.00000000', '1', '0.00000000', '0.00000000', '0.00000000', '1', '1', '1', '1', '1', '35114', '2018-05-27 00:40:58', '2018-07-31 16:36:03');
INSERT INTO `oc_product` (`product_id`, `model`, `sku`, `upc`, `ean`, `jan`, `isbn`, `mpn`, `location`, `quantity`, `stock_status_id`, `image`, `manufacturer_id`, `shipping`, `price`, `points`, `tax_class_id`, `date_available`, `weight`, `weight_class_id`, `length`, `width`, `height`, `length_class_id`, `subtract`, `minimum`, `sort_order`, `status`, `viewed`, `date_added`, `date_modified`) VALUES ('272', 'Model 358', '', '', '', '', '', '', '', '0', '5', 'catalog/journal3/products/misc/pexels-photo-236900.jpeg', '10', '1', '3010.0000', '0', '0', '2014-03-31', '0.00000000', '1', '0.00000000', '0.00000000', '0.00000000', '1', '1', '1', '1', '1', '29122', '2018-05-28 15:55:54', '2018-06-13 15:24:37');
INSERT INTO `oc_product` (`product_id`, `model`, `sku`, `upc`, `ean`, `jan`, `isbn`, `mpn`, `location`, `quantity`, `stock_status_id`, `image`, `manufacturer_id`, `shipping`, `price`, `points`, `tax_class_id`, `date_available`, `weight`, `weight_class_id`, `length`, `width`, `height`, `length_class_id`, `subtract`, `minimum`, `sort_order`, `status`, `viewed`, `date_added`, `date_modified`) VALUES ('273', 'Model 358', '', '', '', '', '', '', '', '880', '5', 'catalog/journal3/products/misc/pexels-photo-280250.jpeg', '11', '1', '209.1500', '0', '0', '2014-03-31', '0.00000000', '1', '0.00000000', '0.00000000', '0.00000000', '1', '1', '1', '1', '1', '32108', '2018-05-01 05:36:36', '2018-06-13 15:41:55');
INSERT INTO `oc_product` (`product_id`, `model`, `sku`, `upc`, `ean`, `jan`, `isbn`, `mpn`, `location`, `quantity`, `stock_status_id`, `image`, `manufacturer_id`, `shipping`, `price`, `points`, `tax_class_id`, `date_available`, `weight`, `weight_class_id`, `length`, `width`, `height`, `length_class_id`, `subtract`, `minimum`, `sort_order`, `status`, `viewed`, `date_added`, `date_modified`) VALUES ('369', 'Model 981', '', '', '', '', '', '', '', '98', '8', 'catalog/journal3/products/electronics/w8-led-tv-by-sony.jpg', '8', '1', '4099.0000', '0', '0', '2018-05-29', '0.00000000', '1', '0.00000000', '0.00000000', '0.00000000', '1', '1', '1', '1', '1', '1145', '2018-05-09 04:15:20', '2018-07-06 11:37:45');
INSERT INTO `oc_product` (`product_id`, `model`, `sku`, `upc`, `ean`, `jan`, `isbn`, `mpn`, `location`, `quantity`, `stock_status_id`, `image`, `manufacturer_id`, `shipping`, `price`, `points`, `tax_class_id`, `date_available`, `weight`, `weight_class_id`, `length`, `width`, `height`, `length_class_id`, `subtract`, `minimum`, `sort_order`, `status`, `viewed`, `date_added`, `date_modified`) VALUES ('370', 'Model 982', '', '', '', '', '', '', '', '99', '5', 'catalog/journal3/products/electronics/apple-black.png', '8', '1', '2189.0000', '0', '0', '2018-05-29', '0.00000000', '1', '0.00000000', '0.00000000', '0.00000000', '1', '1', '1', '1', '1', '1329', '2018-05-11 04:26:51', '2018-07-06 11:27:59');
INSERT INTO `oc_product` (`product_id`, `model`, `sku`, `upc`, `ean`, `jan`, `isbn`, `mpn`, `location`, `quantity`, `stock_status_id`, `image`, `manufacturer_id`, `shipping`, `price`, `points`, `tax_class_id`, `date_available`, `weight`, `weight_class_id`, `length`, `width`, `height`, `length_class_id`, `subtract`, `minimum`, `sort_order`, `status`, `viewed`, `date_added`, `date_modified`) VALUES ('371', 'Model 970', '', '', '', '', '', '', '', '98', '6', 'catalog/journal3/products/backpacks/1.jpg', '12', '1', '610.0000', '0', '0', '2018-05-29', '0.00000000', '1', '0.00000000', '0.00000000', '0.00000000', '1', '1', '1', '1', '1', '1824', '2018-05-27 09:28:16', '2018-07-13 13:42:52');
INSERT INTO `oc_product` (`product_id`, `model`, `sku`, `upc`, `ean`, `jan`, `isbn`, `mpn`, `location`, `quantity`, `stock_status_id`, `image`, `manufacturer_id`, `shipping`, `price`, `points`, `tax_class_id`, `date_available`, `weight`, `weight_class_id`, `length`, `width`, `height`, `length_class_id`, `subtract`, `minimum`, `sort_order`, `status`, `viewed`, `date_added`, `date_modified`) VALUES ('372', 'Model 972', '', '', '', '', '', '', '', '99', '8', 'catalog/journal3/products/backpacks/10.jpg', '11', '1', '470.0000', '0', '0', '2018-05-30', '0.00000000', '1', '0.00000000', '0.00000000', '0.00000000', '1', '1', '1', '1', '1', '1728', '2018-05-12 10:00:48', '2018-08-06 15:47:35');
INSERT INTO `oc_product` (`product_id`, `model`, `sku`, `upc`, `ean`, `jan`, `isbn`, `mpn`, `location`, `quantity`, `stock_status_id`, `image`, `manufacturer_id`, `shipping`, `price`, `points`, `tax_class_id`, `date_available`, `weight`, `weight_class_id`, `length`, `width`, `height`, `length_class_id`, `subtract`, `minimum`, `sort_order`, `status`, `viewed`, `date_added`, `date_modified`) VALUES ('373', 'Model 961', '', '', '', '', '', '', '', '98', '7', 'catalog/journal3/products/backpacks/2.jpg', '12', '1', '508.0000', '0', '0', '2018-05-30', '0.00000000', '1', '0.00000000', '0.00000000', '0.00000000', '1', '1', '1', '1', '1', '1909', '2018-05-08 21:39:11', '2018-07-06 11:23:37');
INSERT INTO `oc_product` (`product_id`, `model`, `sku`, `upc`, `ean`, `jan`, `isbn`, `mpn`, `location`, `quantity`, `stock_status_id`, `image`, `manufacturer_id`, `shipping`, `price`, `points`, `tax_class_id`, `date_available`, `weight`, `weight_class_id`, `length`, `width`, `height`, `length_class_id`, `subtract`, `minimum`, `sort_order`, `status`, `viewed`, `date_added`, `date_modified`) VALUES ('374', 'Model 960', '', '', '', '', '', '', '', '99', '5', 'catalog/journal3/products/backpacks/3.jpg', '16', '1', '799.0000', '0', '0', '2018-05-31', '0.00000000', '1', '0.00000000', '0.00000000', '0.00000000', '1', '1', '1', '1', '1', '1919', '2018-05-06 06:13:34', '2018-06-13 14:54:47');
INSERT INTO `oc_product` (`product_id`, `model`, `sku`, `upc`, `ean`, `jan`, `isbn`, `mpn`, `location`, `quantity`, `stock_status_id`, `image`, `manufacturer_id`, `shipping`, `price`, `points`, `tax_class_id`, `date_available`, `weight`, `weight_class_id`, `length`, `width`, `height`, `length_class_id`, `subtract`, `minimum`, `sort_order`, `status`, `viewed`, `date_added`, `date_modified`) VALUES ('376', 'Model 930', 'JKF40', '8934FG', 'E9008', 'J590932', 'IS7898', 'MP4939', 'London', '99', '8', 'catalog/journal3/products/fashion/l1.jpg', '17', '1', '199.0000', '400', '0', '2018-06-01', '0.30000000', '1', '40.00000000', '30.00000000', '20.00000000', '1', '1', '1', '1', '1', '2406', '2018-05-03 14:10:17', '2018-09-05 08:22:43');
INSERT INTO `oc_product` (`product_id`, `model`, `sku`, `upc`, `ean`, `jan`, `isbn`, `mpn`, `location`, `quantity`, `stock_status_id`, `image`, `manufacturer_id`, `shipping`, `price`, `points`, `tax_class_id`, `date_available`, `weight`, `weight_class_id`, `length`, `width`, `height`, `length_class_id`, `subtract`, `minimum`, `sort_order`, `status`, `viewed`, `date_added`, `date_modified`) VALUES ('42', 'Product 15', '', '', '', '', '', '', '', '990', '5', 'catalog/demo/apple_cinema_30.jpg', '8', '1', '100.0000', '400', '9', '2009-02-04', '12.50000000', '1', '1.00000000', '2.00000000', '3.00000000', '1', '1', '2', '0', '1', '1770', '2009-02-03 21:07:37', '2018-08-11 14:16:51');


TRUNCATE TABLE `oc_product_attribute`;

INSERT INTO `oc_product_attribute` (`product_id`, `attribute_id`, `language_id`, `text`) VALUES ('45', '2', '1', '6');
INSERT INTO `oc_product_attribute` (`product_id`, `attribute_id`, `language_id`, `text`) VALUES ('44', '4', '1', '8 GB');
INSERT INTO `oc_product_attribute` (`product_id`, `attribute_id`, `language_id`, `text`) VALUES ('32', '2', '1', '2');
INSERT INTO `oc_product_attribute` (`product_id`, `attribute_id`, `language_id`, `text`) VALUES ('308', '15', '1', 'cotton');
INSERT INTO `oc_product_attribute` (`product_id`, `attribute_id`, `language_id`, `text`) VALUES ('321', '12', '1', 'party');
INSERT INTO `oc_product_attribute` (`product_id`, `attribute_id`, `language_id`, `text`) VALUES ('281', '24', '1', 'lavender');
INSERT INTO `oc_product_attribute` (`product_id`, `attribute_id`, `language_id`, `text`) VALUES ('290', '24', '1', 'lavender');
INSERT INTO `oc_product_attribute` (`product_id`, `attribute_id`, `language_id`, `text`) VALUES ('357', '13', '1', 'beachwear');
INSERT INTO `oc_product_attribute` (`product_id`, `attribute_id`, `language_id`, `text`) VALUES ('349', '12', '2', '');
INSERT INTO `oc_product_attribute` (`product_id`, `attribute_id`, `language_id`, `text`) VALUES ('349', '12', '1', 'formal');
INSERT INTO `oc_product_attribute` (`product_id`, `attribute_id`, `language_id`, `text`) VALUES ('287', '13', '1', 'party');
INSERT INTO `oc_product_attribute` (`product_id`, `attribute_id`, `language_id`, `text`) VALUES ('286', '13', '1', 'party');
INSERT INTO `oc_product_attribute` (`product_id`, `attribute_id`, `language_id`, `text`) VALUES ('284', '13', '1', 'party');
INSERT INTO `oc_product_attribute` (`product_id`, `attribute_id`, `language_id`, `text`) VALUES ('284', '24', '1', 'butter');
INSERT INTO `oc_product_attribute` (`product_id`, `attribute_id`, `language_id`, `text`) VALUES ('332', '13', '1', 'sport');
INSERT INTO `oc_product_attribute` (`product_id`, `attribute_id`, `language_id`, `text`) VALUES ('340', '13', '1', 'beachwear');
INSERT INTO `oc_product_attribute` (`product_id`, `attribute_id`, `language_id`, `text`) VALUES ('328', '13', '1', 'training');
INSERT INTO `oc_product_attribute` (`product_id`, `attribute_id`, `language_id`, `text`) VALUES ('319', '13', '1', 'casual');
INSERT INTO `oc_product_attribute` (`product_id`, `attribute_id`, `language_id`, `text`) VALUES ('372', '13', '1', 'travel');
INSERT INTO `oc_product_attribute` (`product_id`, `attribute_id`, `language_id`, `text`) VALUES ('272', '13', '1', 'Formal');
INSERT INTO `oc_product_attribute` (`product_id`, `attribute_id`, `language_id`, `text`) VALUES ('272', '26', '1', 'Sample 2');
INSERT INTO `oc_product_attribute` (`product_id`, `attribute_id`, `language_id`, `text`) VALUES ('272', '27', '1', 'Example 3');
INSERT INTO `oc_product_attribute` (`product_id`, `attribute_id`, `language_id`, `text`) VALUES ('313', '13', '1', 'daytime');
INSERT INTO `oc_product_attribute` (`product_id`, `attribute_id`, `language_id`, `text`) VALUES ('353', '15', '1', 'leather');
INSERT INTO `oc_product_attribute` (`product_id`, `attribute_id`, `language_id`, `text`) VALUES ('345', '13', '1', 'daytime');
INSERT INTO `oc_product_attribute` (`product_id`, `attribute_id`, `language_id`, `text`) VALUES ('345', '15', '1', 'patent leather');
INSERT INTO `oc_product_attribute` (`product_id`, `attribute_id`, `language_id`, `text`) VALUES ('305', '15', '1', 'rayon');
INSERT INTO `oc_product_attribute` (`product_id`, `attribute_id`, `language_id`, `text`) VALUES ('341', '15', '1', 'suede leather');
INSERT INTO `oc_product_attribute` (`product_id`, `attribute_id`, `language_id`, `text`) VALUES ('291', '24', '1', 'butter');
INSERT INTO `oc_product_attribute` (`product_id`, `attribute_id`, `language_id`, `text`) VALUES ('365', '2', '1', '6');
INSERT INTO `oc_product_attribute` (`product_id`, `attribute_id`, `language_id`, `text`) VALUES ('354', '12', '1', 'daytime');
INSERT INTO `oc_product_attribute` (`product_id`, `attribute_id`, `language_id`, `text`) VALUES ('371', '15', '1', 'canvas');
INSERT INTO `oc_product_attribute` (`product_id`, `attribute_id`, `language_id`, `text`) VALUES ('333', '12', '1', 'sport');
INSERT INTO `oc_product_attribute` (`product_id`, `attribute_id`, `language_id`, `text`) VALUES ('316', '15', '1', 'bio cotton');
INSERT INTO `oc_product_attribute` (`product_id`, `attribute_id`, `language_id`, `text`) VALUES ('356', '15', '1', 'leather');
INSERT INTO `oc_product_attribute` (`product_id`, `attribute_id`, `language_id`, `text`) VALUES ('270', '13', '1', 'Daytime');
INSERT INTO `oc_product_attribute` (`product_id`, `attribute_id`, `language_id`, `text`) VALUES ('270', '26', '1', 'Sample 3');
INSERT INTO `oc_product_attribute` (`product_id`, `attribute_id`, `language_id`, `text`) VALUES ('270', '27', '1', 'Example 1');
INSERT INTO `oc_product_attribute` (`product_id`, `attribute_id`, `language_id`, `text`) VALUES ('31', '1', '1', 'processor');
INSERT INTO `oc_product_attribute` (`product_id`, `attribute_id`, `language_id`, `text`) VALUES ('346', '15', '1', 'patent leather');
INSERT INTO `oc_product_attribute` (`product_id`, `attribute_id`, `language_id`, `text`) VALUES ('342', '13', '1', 'party');
INSERT INTO `oc_product_attribute` (`product_id`, `attribute_id`, `language_id`, `text`) VALUES ('335', '12', '1', 'sport');
INSERT INTO `oc_product_attribute` (`product_id`, `attribute_id`, `language_id`, `text`) VALUES ('256', '26', '1', 'Sample 2');
INSERT INTO `oc_product_attribute` (`product_id`, `attribute_id`, `language_id`, `text`) VALUES ('260', '13', '1', 'Hike');
INSERT INTO `oc_product_attribute` (`product_id`, `attribute_id`, `language_id`, `text`) VALUES ('260', '26', '1', 'Sample 3');
INSERT INTO `oc_product_attribute` (`product_id`, `attribute_id`, `language_id`, `text`) VALUES ('260', '27', '1', 'Example 3');
INSERT INTO `oc_product_attribute` (`product_id`, `attribute_id`, `language_id`, `text`) VALUES ('359', '1', '1', 'loud music');
INSERT INTO `oc_product_attribute` (`product_id`, `attribute_id`, `language_id`, `text`) VALUES ('369', '3', '1', 'processor');
INSERT INTO `oc_product_attribute` (`product_id`, `attribute_id`, `language_id`, `text`) VALUES ('276', '24', '1', 'honey');
INSERT INTO `oc_product_attribute` (`product_id`, `attribute_id`, `language_id`, `text`) VALUES ('307', '15', '1', 'rayon');
INSERT INTO `oc_product_attribute` (`product_id`, `attribute_id`, `language_id`, `text`) VALUES ('262', '13', '1', 'Daytime');
INSERT INTO `oc_product_attribute` (`product_id`, `attribute_id`, `language_id`, `text`) VALUES ('262', '15', '1', 'Non Leather');
INSERT INTO `oc_product_attribute` (`product_id`, `attribute_id`, `language_id`, `text`) VALUES ('262', '26', '1', 'Sample 2');
INSERT INTO `oc_product_attribute` (`product_id`, `attribute_id`, `language_id`, `text`) VALUES ('262', '27', '1', 'Example 2');
INSERT INTO `oc_product_attribute` (`product_id`, `attribute_id`, `language_id`, `text`) VALUES ('366', '2', '1', '4');
INSERT INTO `oc_product_attribute` (`product_id`, `attribute_id`, `language_id`, `text`) VALUES ('374', '15', '1', 'canvas');
INSERT INTO `oc_product_attribute` (`product_id`, `attribute_id`, `language_id`, `text`) VALUES ('325', '13', '1', 'sport');
INSERT INTO `oc_product_attribute` (`product_id`, `attribute_id`, `language_id`, `text`) VALUES ('285', '24', '1', 'butter');
INSERT INTO `oc_product_attribute` (`product_id`, `attribute_id`, `language_id`, `text`) VALUES ('306', '15', '1', '100% cotton');
INSERT INTO `oc_product_attribute` (`product_id`, `attribute_id`, `language_id`, `text`) VALUES ('267', '12', '1', 'hiking');
INSERT INTO `oc_product_attribute` (`product_id`, `attribute_id`, `language_id`, `text`) VALUES ('42', '13', '1', 'Sleek');
INSERT INTO `oc_product_attribute` (`product_id`, `attribute_id`, `language_id`, `text`) VALUES ('45', '5', '1', '16 GB');
INSERT INTO `oc_product_attribute` (`product_id`, `attribute_id`, `language_id`, `text`) VALUES ('43', '4', '1', '8gb');
INSERT INTO `oc_product_attribute` (`product_id`, `attribute_id`, `language_id`, `text`) VALUES ('295', '24', '1', 'pony hair');
INSERT INTO `oc_product_attribute` (`product_id`, `attribute_id`, `language_id`, `text`) VALUES ('264', '13', '1', 'Formal');
INSERT INTO `oc_product_attribute` (`product_id`, `attribute_id`, `language_id`, `text`) VALUES ('264', '26', '1', 'Sample 3');
INSERT INTO `oc_product_attribute` (`product_id`, `attribute_id`, `language_id`, `text`) VALUES ('264', '27', '1', 'Example 1');
INSERT INTO `oc_product_attribute` (`product_id`, `attribute_id`, `language_id`, `text`) VALUES ('289', '13', '1', 'Fresh');
INSERT INTO `oc_product_attribute` (`product_id`, `attribute_id`, `language_id`, `text`) VALUES ('294', '13', '1', 'party');
INSERT INTO `oc_product_attribute` (`product_id`, `attribute_id`, `language_id`, `text`) VALUES ('283', '24', '1', 'butter');
INSERT INTO `oc_product_attribute` (`product_id`, `attribute_id`, `language_id`, `text`) VALUES ('326', '13', '1', 'sport');
INSERT INTO `oc_product_attribute` (`product_id`, `attribute_id`, `language_id`, `text`) VALUES ('361', '2', '1', 'processor');
INSERT INTO `oc_product_attribute` (`product_id`, `attribute_id`, `language_id`, `text`) VALUES ('339', '15', '1', 'suede leather');
INSERT INTO `oc_product_attribute` (`product_id`, `attribute_id`, `language_id`, `text`) VALUES ('278', '13', '1', 'night');
INSERT INTO `oc_product_attribute` (`product_id`, `attribute_id`, `language_id`, `text`) VALUES ('322', '15', '1', 'leather');
INSERT INTO `oc_product_attribute` (`product_id`, `attribute_id`, `language_id`, `text`) VALUES ('322', '13', '1', 'party');
INSERT INTO `oc_product_attribute` (`product_id`, `attribute_id`, `language_id`, `text`) VALUES ('293', '24', '1', 'pony hair');
INSERT INTO `oc_product_attribute` (`product_id`, `attribute_id`, `language_id`, `text`) VALUES ('304', '15', '1', 'cotton');
INSERT INTO `oc_product_attribute` (`product_id`, `attribute_id`, `language_id`, `text`) VALUES ('298', '13', '1', 'party');
INSERT INTO `oc_product_attribute` (`product_id`, `attribute_id`, `language_id`, `text`) VALUES ('256', '13', '1', 'Daytime');
INSERT INTO `oc_product_attribute` (`product_id`, `attribute_id`, `language_id`, `text`) VALUES ('304', '13', '1', 'riding');
INSERT INTO `oc_product_attribute` (`product_id`, `attribute_id`, `language_id`, `text`) VALUES ('261', '15', '1', 'Leather');
INSERT INTO `oc_product_attribute` (`product_id`, `attribute_id`, `language_id`, `text`) VALUES ('261', '26', '1', 'Sample 3');
INSERT INTO `oc_product_attribute` (`product_id`, `attribute_id`, `language_id`, `text`) VALUES ('261', '27', '1', 'Example 3');
INSERT INTO `oc_product_attribute` (`product_id`, `attribute_id`, `language_id`, `text`) VALUES ('303', '15', '1', 'viscose');
INSERT INTO `oc_product_attribute` (`product_id`, `attribute_id`, `language_id`, `text`) VALUES ('323', '13', '1', 'sport');
INSERT INTO `oc_product_attribute` (`product_id`, `attribute_id`, `language_id`, `text`) VALUES ('367', '2', '1', '4');
INSERT INTO `oc_product_attribute` (`product_id`, `attribute_id`, `language_id`, `text`) VALUES ('364', '2', '1', '6');
INSERT INTO `oc_product_attribute` (`product_id`, `attribute_id`, `language_id`, `text`) VALUES ('49', '4', '1', '16 GB');
INSERT INTO `oc_product_attribute` (`product_id`, `attribute_id`, `language_id`, `text`) VALUES ('33', '1', '1', 'processor');
INSERT INTO `oc_product_attribute` (`product_id`, `attribute_id`, `language_id`, `text`) VALUES ('368', '2', '1', '4');
INSERT INTO `oc_product_attribute` (`product_id`, `attribute_id`, `language_id`, `text`) VALUES ('292', '24', '1', 'brush');
INSERT INTO `oc_product_attribute` (`product_id`, `attribute_id`, `language_id`, `text`) VALUES ('309', '12', '1', 'party');
INSERT INTO `oc_product_attribute` (`product_id`, `attribute_id`, `language_id`, `text`) VALUES ('309', '15', '1', 'bio cotton');
INSERT INTO `oc_product_attribute` (`product_id`, `attribute_id`, `language_id`, `text`) VALUES ('351', '15', '1', 'canvas');
INSERT INTO `oc_product_attribute` (`product_id`, `attribute_id`, `language_id`, `text`) VALUES ('376', '13', '1', 'Casual');
INSERT INTO `oc_product_attribute` (`product_id`, `attribute_id`, `language_id`, `text`) VALUES ('352', '15', '1', 'faux leather');
INSERT INTO `oc_product_attribute` (`product_id`, `attribute_id`, `language_id`, `text`) VALUES ('44', '2', '1', '4');
INSERT INTO `oc_product_attribute` (`product_id`, `attribute_id`, `language_id`, `text`) VALUES ('43', '2', '1', '1');
INSERT INTO `oc_product_attribute` (`product_id`, `attribute_id`, `language_id`, `text`) VALUES ('28', '2', '1', '4');
INSERT INTO `oc_product_attribute` (`product_id`, `attribute_id`, `language_id`, `text`) VALUES ('275', '24', '1', 'cream');
INSERT INTO `oc_product_attribute` (`product_id`, `attribute_id`, `language_id`, `text`) VALUES ('275', '25', '1', 'warm');
INSERT INTO `oc_product_attribute` (`product_id`, `attribute_id`, `language_id`, `text`) VALUES ('41', '2', '1', '6');
INSERT INTO `oc_product_attribute` (`product_id`, `attribute_id`, `language_id`, `text`) VALUES ('40', '3', '1', 'processor');
INSERT INTO `oc_product_attribute` (`product_id`, `attribute_id`, `language_id`, `text`) VALUES ('273', '27', '1', 'Example 2');
INSERT INTO `oc_product_attribute` (`product_id`, `attribute_id`, `language_id`, `text`) VALUES ('273', '13', '1', 'Party');
INSERT INTO `oc_product_attribute` (`product_id`, `attribute_id`, `language_id`, `text`) VALUES ('273', '26', '1', 'Sample 1');
INSERT INTO `oc_product_attribute` (`product_id`, `attribute_id`, `language_id`, `text`) VALUES ('358', '12', '2', '');
INSERT INTO `oc_product_attribute` (`product_id`, `attribute_id`, `language_id`, `text`) VALUES ('358', '12', '1', 'Sport');
INSERT INTO `oc_product_attribute` (`product_id`, `attribute_id`, `language_id`, `text`) VALUES ('358', '2', '2', '');
INSERT INTO `oc_product_attribute` (`product_id`, `attribute_id`, `language_id`, `text`) VALUES ('358', '2', '1', '20');
INSERT INTO `oc_product_attribute` (`product_id`, `attribute_id`, `language_id`, `text`) VALUES ('300', '15', '1', 'cotton');
INSERT INTO `oc_product_attribute` (`product_id`, `attribute_id`, `language_id`, `text`) VALUES ('271', '27', '1', 'Example 3');
INSERT INTO `oc_product_attribute` (`product_id`, `attribute_id`, `language_id`, `text`) VALUES ('271', '26', '1', 'Sample 3');
INSERT INTO `oc_product_attribute` (`product_id`, `attribute_id`, `language_id`, `text`) VALUES ('271', '13', '1', 'Party');
INSERT INTO `oc_product_attribute` (`product_id`, `attribute_id`, `language_id`, `text`) VALUES ('355', '15', '1', 'leather');
INSERT INTO `oc_product_attribute` (`product_id`, `attribute_id`, `language_id`, `text`) VALUES ('296', '15', '1', 'pony hair');
INSERT INTO `oc_product_attribute` (`product_id`, `attribute_id`, `language_id`, `text`) VALUES ('288', '13', '1', 'night');
INSERT INTO `oc_product_attribute` (`product_id`, `attribute_id`, `language_id`, `text`) VALUES ('362', '4', '1', '8 Gb');
INSERT INTO `oc_product_attribute` (`product_id`, `attribute_id`, `language_id`, `text`) VALUES ('348', '15', '1', 'leather');
INSERT INTO `oc_product_attribute` (`product_id`, `attribute_id`, `language_id`, `text`) VALUES ('330', '13', '1', 'daytime');
INSERT INTO `oc_product_attribute` (`product_id`, `attribute_id`, `language_id`, `text`) VALUES ('327', '13', '1', 'sport');
INSERT INTO `oc_product_attribute` (`product_id`, `attribute_id`, `language_id`, `text`) VALUES ('336', '13', '1', 'trainers');
INSERT INTO `oc_product_attribute` (`product_id`, `attribute_id`, `language_id`, `text`) VALUES ('42', '4', '2', '');
INSERT INTO `oc_product_attribute` (`product_id`, `attribute_id`, `language_id`, `text`) VALUES ('256', '27', '1', 'Example 1');
INSERT INTO `oc_product_attribute` (`product_id`, `attribute_id`, `language_id`, `text`) VALUES ('329', '13', '1', 'trainers');
INSERT INTO `oc_product_attribute` (`product_id`, `attribute_id`, `language_id`, `text`) VALUES ('343', '12', '1', 'party');
INSERT INTO `oc_product_attribute` (`product_id`, `attribute_id`, `language_id`, `text`) VALUES ('267', '13', '1', 'Formal');
INSERT INTO `oc_product_attribute` (`product_id`, `attribute_id`, `language_id`, `text`) VALUES ('42', '13', '2', '');
INSERT INTO `oc_product_attribute` (`product_id`, `attribute_id`, `language_id`, `text`) VALUES ('266', '27', '1', 'Example 3');
INSERT INTO `oc_product_attribute` (`product_id`, `attribute_id`, `language_id`, `text`) VALUES ('266', '26', '1', 'Sample 1');
INSERT INTO `oc_product_attribute` (`product_id`, `attribute_id`, `language_id`, `text`) VALUES ('266', '13', '1', 'Party');
INSERT INTO `oc_product_attribute` (`product_id`, `attribute_id`, `language_id`, `text`) VALUES ('311', '15', '1', 'cotton');
INSERT INTO `oc_product_attribute` (`product_id`, `attribute_id`, `language_id`, `text`) VALUES ('310', '15', '1', 'cashmere');
INSERT INTO `oc_product_attribute` (`product_id`, `attribute_id`, `language_id`, `text`) VALUES ('268', '13', '1', 'Daytime');
INSERT INTO `oc_product_attribute` (`product_id`, `attribute_id`, `language_id`, `text`) VALUES ('268', '26', '1', 'Sample 1');
INSERT INTO `oc_product_attribute` (`product_id`, `attribute_id`, `language_id`, `text`) VALUES ('268', '27', '1', 'Example 3');
INSERT INTO `oc_product_attribute` (`product_id`, `attribute_id`, `language_id`, `text`) VALUES ('344', '12', '1', 'casual');
INSERT INTO `oc_product_attribute` (`product_id`, `attribute_id`, `language_id`, `text`) VALUES ('344', '15', '1', 'leather');
INSERT INTO `oc_product_attribute` (`product_id`, `attribute_id`, `language_id`, `text`) VALUES ('30', '2', '1', 'processor');
INSERT INTO `oc_product_attribute` (`product_id`, `attribute_id`, `language_id`, `text`) VALUES ('259', '13', '1', 'Formal');
INSERT INTO `oc_product_attribute` (`product_id`, `attribute_id`, `language_id`, `text`) VALUES ('259', '26', '1', 'Sample 2');
INSERT INTO `oc_product_attribute` (`product_id`, `attribute_id`, `language_id`, `text`) VALUES ('259', '27', '1', 'Example 2');
INSERT INTO `oc_product_attribute` (`product_id`, `attribute_id`, `language_id`, `text`) VALUES ('363', '3', '1', 'processor');
INSERT INTO `oc_product_attribute` (`product_id`, `attribute_id`, `language_id`, `text`) VALUES ('269', '27', '1', 'Example 1');
INSERT INTO `oc_product_attribute` (`product_id`, `attribute_id`, `language_id`, `text`) VALUES ('269', '26', '1', 'Sample 2');
INSERT INTO `oc_product_attribute` (`product_id`, `attribute_id`, `language_id`, `text`) VALUES ('269', '13', '1', 'Daytime');
INSERT INTO `oc_product_attribute` (`product_id`, `attribute_id`, `language_id`, `text`) VALUES ('331', '13', '1', 'sport');
INSERT INTO `oc_product_attribute` (`product_id`, `attribute_id`, `language_id`, `text`) VALUES ('257', '13', '1', 'Party');
INSERT INTO `oc_product_attribute` (`product_id`, `attribute_id`, `language_id`, `text`) VALUES ('257', '26', '1', 'Sample 1');
INSERT INTO `oc_product_attribute` (`product_id`, `attribute_id`, `language_id`, `text`) VALUES ('257', '27', '1', 'Example 2');
INSERT INTO `oc_product_attribute` (`product_id`, `attribute_id`, `language_id`, `text`) VALUES ('280', '25', '1', 'Warm');
INSERT INTO `oc_product_attribute` (`product_id`, `attribute_id`, `language_id`, `text`) VALUES ('317', '15', '1', 'Bamboo');
INSERT INTO `oc_product_attribute` (`product_id`, `attribute_id`, `language_id`, `text`) VALUES ('301', '15', '1', 'cotton');
INSERT INTO `oc_product_attribute` (`product_id`, `attribute_id`, `language_id`, `text`) VALUES ('282', '24', '1', 'bio butter');
INSERT INTO `oc_product_attribute` (`product_id`, `attribute_id`, `language_id`, `text`) VALUES ('314', '15', '1', '100% cotton');
INSERT INTO `oc_product_attribute` (`product_id`, `attribute_id`, `language_id`, `text`) VALUES ('350', '15', '1', 'leather');
INSERT INTO `oc_product_attribute` (`product_id`, `attribute_id`, `language_id`, `text`) VALUES ('312', '15', '1', 'cotton');
INSERT INTO `oc_product_attribute` (`product_id`, `attribute_id`, `language_id`, `text`) VALUES ('324', '12', '1', 'sport');
INSERT INTO `oc_product_attribute` (`product_id`, `attribute_id`, `language_id`, `text`) VALUES ('370', '2', '1', 'processor');
INSERT INTO `oc_product_attribute` (`product_id`, `attribute_id`, `language_id`, `text`) VALUES ('277', '24', '1', 'milk');
INSERT INTO `oc_product_attribute` (`product_id`, `attribute_id`, `language_id`, `text`) VALUES ('274', '24', '1', 'oil');
INSERT INTO `oc_product_attribute` (`product_id`, `attribute_id`, `language_id`, `text`) VALUES ('279', '24', '1', 'bio oil');
INSERT INTO `oc_product_attribute` (`product_id`, `attribute_id`, `language_id`, `text`) VALUES ('299', '15', '1', 'cotton');
INSERT INTO `oc_product_attribute` (`product_id`, `attribute_id`, `language_id`, `text`) VALUES ('338', '13', '1', 'sport');
INSERT INTO `oc_product_attribute` (`product_id`, `attribute_id`, `language_id`, `text`) VALUES ('338', '15', '1', 'leather');
INSERT INTO `oc_product_attribute` (`product_id`, `attribute_id`, `language_id`, `text`) VALUES ('334', '12', '1', 'sport');
INSERT INTO `oc_product_attribute` (`product_id`, `attribute_id`, `language_id`, `text`) VALUES ('297', '24', '1', 'pony hair');
INSERT INTO `oc_product_attribute` (`product_id`, `attribute_id`, `language_id`, `text`) VALUES ('320', '12', '1', 'night');
INSERT INTO `oc_product_attribute` (`product_id`, `attribute_id`, `language_id`, `text`) VALUES ('318', '15', '1', 'leather');
INSERT INTO `oc_product_attribute` (`product_id`, `attribute_id`, `language_id`, `text`) VALUES ('347', '15', '1', 'patent leather');
INSERT INTO `oc_product_attribute` (`product_id`, `attribute_id`, `language_id`, `text`) VALUES ('337', '13', '1', 'sport');
INSERT INTO `oc_product_attribute` (`product_id`, `attribute_id`, `language_id`, `text`) VALUES ('373', '15', '1', 'canvas');
INSERT INTO `oc_product_attribute` (`product_id`, `attribute_id`, `language_id`, `text`) VALUES ('263', '27', '1', 'Example 2');
INSERT INTO `oc_product_attribute` (`product_id`, `attribute_id`, `language_id`, `text`) VALUES ('263', '26', '1', 'Sample 1');
INSERT INTO `oc_product_attribute` (`product_id`, `attribute_id`, `language_id`, `text`) VALUES ('263', '15', '1', 'Leather');
INSERT INTO `oc_product_attribute` (`product_id`, `attribute_id`, `language_id`, `text`) VALUES ('263', '13', '1', 'Hike');
INSERT INTO `oc_product_attribute` (`product_id`, `attribute_id`, `language_id`, `text`) VALUES ('47', '2', '1', '4');
INSERT INTO `oc_product_attribute` (`product_id`, `attribute_id`, `language_id`, `text`) VALUES ('47', '4', '1', '16GB');
INSERT INTO `oc_product_attribute` (`product_id`, `attribute_id`, `language_id`, `text`) VALUES ('48', '1', '1', '7 processors');
INSERT INTO `oc_product_attribute` (`product_id`, `attribute_id`, `language_id`, `text`) VALUES ('36', '2', '1', '5');
INSERT INTO `oc_product_attribute` (`product_id`, `attribute_id`, `language_id`, `text`) VALUES ('34', '1', '1', 'processor');
INSERT INTO `oc_product_attribute` (`product_id`, `attribute_id`, `language_id`, `text`) VALUES ('306', '13', '1', 'casual');
INSERT INTO `oc_product_attribute` (`product_id`, `attribute_id`, `language_id`, `text`) VALUES ('349', '15', '1', 'leather');
INSERT INTO `oc_product_attribute` (`product_id`, `attribute_id`, `language_id`, `text`) VALUES ('349', '15', '2', '');
INSERT INTO `oc_product_attribute` (`product_id`, `attribute_id`, `language_id`, `text`) VALUES ('372', '13', '2', '');
INSERT INTO `oc_product_attribute` (`product_id`, `attribute_id`, `language_id`, `text`) VALUES ('291', '24', '2', '');
INSERT INTO `oc_product_attribute` (`product_id`, `attribute_id`, `language_id`, `text`) VALUES ('376', '24', '1', 'Cotton');
INSERT INTO `oc_product_attribute` (`product_id`, `attribute_id`, `language_id`, `text`) VALUES ('358', '13', '1', 'Chic');
INSERT INTO `oc_product_attribute` (`product_id`, `attribute_id`, `language_id`, `text`) VALUES ('358', '13', '2', '');
INSERT INTO `oc_product_attribute` (`product_id`, `attribute_id`, `language_id`, `text`) VALUES ('358', '24', '1', 'Aluminium');
INSERT INTO `oc_product_attribute` (`product_id`, `attribute_id`, `language_id`, `text`) VALUES ('358', '24', '2', '');
INSERT INTO `oc_product_attribute` (`product_id`, `attribute_id`, `language_id`, `text`) VALUES ('330', '13', '2', '');
INSERT INTO `oc_product_attribute` (`product_id`, `attribute_id`, `language_id`, `text`) VALUES ('329', '13', '2', '');
INSERT INTO `oc_product_attribute` (`product_id`, `attribute_id`, `language_id`, `text`) VALUES ('42', '4', '1', '30GB');
INSERT INTO `oc_product_attribute` (`product_id`, `attribute_id`, `language_id`, `text`) VALUES ('42', '3', '2', '');
INSERT INTO `oc_product_attribute` (`product_id`, `attribute_id`, `language_id`, `text`) VALUES ('360', '3', '1', 'processor');
INSERT INTO `oc_product_attribute` (`product_id`, `attribute_id`, `language_id`, `text`) VALUES ('360', '3', '2', '');
INSERT INTO `oc_product_attribute` (`product_id`, `attribute_id`, `language_id`, `text`) VALUES ('342', '13', '2', '');
INSERT INTO `oc_product_attribute` (`product_id`, `attribute_id`, `language_id`, `text`) VALUES ('42', '24', '1', 'Aluminium');
INSERT INTO `oc_product_attribute` (`product_id`, `attribute_id`, `language_id`, `text`) VALUES ('42', '3', '1', '100mhz');
INSERT INTO `oc_product_attribute` (`product_id`, `attribute_id`, `language_id`, `text`) VALUES ('42', '24', '2', '');
INSERT INTO `oc_product_attribute` (`product_id`, `attribute_id`, `language_id`, `text`) VALUES ('299', '14', '1', 'short');
INSERT INTO `oc_product_attribute` (`product_id`, `attribute_id`, `language_id`, `text`) VALUES ('313', '15', '1', 'cotton');
INSERT INTO `oc_product_attribute` (`product_id`, `attribute_id`, `language_id`, `text`) VALUES ('305', '15', '2', '');
INSERT INTO `oc_product_attribute` (`product_id`, `attribute_id`, `language_id`, `text`) VALUES ('300', '15', '2', '');


TRUNCATE TABLE `oc_product_description`;

INSERT INTO `oc_product_description` (`product_id`, `language_id`, `name`, `description`, `tag`, `meta_title`, `meta_description`, `meta_keyword`) VALUES ('30', '1', 'Canon EOS 5D', '&lt;p&gt;Product description, along with any other tab can be displayed as tabs, accordion or all-visible blocks in grid format or one under the other.&amp;nbsp; You can mix and match tabs and blocks in any order and any position. Each tab can also be set up as a link and point to other pages or open popup modules. Optional &quot;Show More&quot; collapsible block content is also available as an option for large and tall descriptions or custom content.&lt;/p&gt;', '', 'Canon EOS 5D', '', '');
INSERT INTO `oc_product_description` (`product_id`, `language_id`, `name`, `description`, `tag`, `meta_title`, `meta_description`, `meta_keyword`) VALUES ('314', '1', 'Super Strech Jeans', '&lt;p&gt;Product description, along with any other tab can be displayed as tabs, accordion or all-visible blocks in grid format or one under the other.&amp;nbsp; You can mix and match tabs and blocks in any order and any position. Each tab can also be set up as a link and point to other pages or open popup modules. Optional &quot;Show More&quot; collapsible block content is also available as an option for large and tall descriptions or custom content.&lt;/p&gt;', 'cool, casual, sport ', 'Super Strech Jeans', '', '');
INSERT INTO `oc_product_description` (`product_id`, `language_id`, `name`, `description`, `tag`, `meta_title`, `meta_description`, `meta_keyword`) VALUES ('316', '1', 'Vintage T-Shirt', '&lt;p&gt;Product description, along with any other tab can be displayed as tabs, accordion or all-visible blocks in grid format or one under the other.&amp;nbsp; You can mix and match tabs and blocks in any order and any position. Each tab can also be set up as a link and point to other pages or open popup modules. Optional &quot;Show More&quot; collapsible block content is also available as an option for large and tall descriptions or custom content.&lt;/p&gt;', 'sport, casual, cool', 'Vintage T-Shirt', '', '');
INSERT INTO `oc_product_description` (`product_id`, `language_id`, `name`, `description`, `tag`, `meta_title`, `meta_description`, `meta_keyword`) VALUES ('317', '1', 'Jackson Hat', '&lt;p&gt;Product description, along with any other tab can be displayed as tabs, accordion or all-visible blocks in grid format or one under the other.&amp;nbsp; You can mix and match tabs and blocks in any order and any position. Each tab can also be set up as a link and point to other pages or open popup modules. Optional &quot;Show More&quot; collapsible block content is also available as an option for large and tall descriptions or custom content.&lt;/p&gt;', 'daily, cool, body, sport', 'Jackson Hat', '', '');
INSERT INTO `oc_product_description` (`product_id`, `language_id`, `name`, `description`, `tag`, `meta_title`, `meta_description`, `meta_keyword`) VALUES ('318', '1', 'City Handbag', '&lt;p&gt;Product description, along with any other tab can be displayed as tabs, accordion or all-visible blocks in grid format or one under the other.&amp;nbsp; You can mix and match tabs and blocks in any order and any position. Each tab can also be set up as a link and point to other pages or open popup modules. Optional &quot;Show More&quot; collapsible block content is also available as an option for large and tall descriptions or custom content.&lt;/p&gt;', 'leather, business, cool', 'City Handbag', '', '');
INSERT INTO `oc_product_description` (`product_id`, `language_id`, `name`, `description`, `tag`, `meta_title`, `meta_description`, `meta_keyword`) VALUES ('319', '1', 'Mini Handbag', '&lt;p&gt;Product description, along with any other tab can be displayed as tabs, accordion or all-visible blocks in grid format or one under the other.&amp;nbsp; You can mix and match tabs and blocks in any order and any position. Each tab can also be set up as a link and point to other pages or open popup modules. Optional &quot;Show More&quot; collapsible block content is also available as an option for large and tall descriptions or custom content.&lt;/p&gt;', '', 'Mini Handbag', '', '');
INSERT INTO `oc_product_description` (`product_id`, `language_id`, `name`, `description`, `tag`, `meta_title`, `meta_description`, `meta_keyword`) VALUES ('320', '1', 'Change Purse', '&lt;p&gt;Product description, along with any other tab can be displayed as tabs, accordion or all-visible blocks in grid format or one under the other.&amp;nbsp; You can mix and match tabs and blocks in any order and any position. Each tab can also be set up as a link and point to other pages or open popup modules. Optional &quot;Show More&quot; collapsible block content is also available as an option for large and tall descriptions or custom content.&lt;/p&gt;', 'cool, leather, casual', 'Change Purse', '', '');
INSERT INTO `oc_product_description` (`product_id`, `language_id`, `name`, `description`, `tag`, `meta_title`, `meta_description`, `meta_keyword`) VALUES ('321', '1', 'Large Wallet', '&lt;p&gt;Product description, along with any other tab can be displayed as tabs, accordion or all-visible blocks in grid format or one under the other.&amp;nbsp; You can mix and match tabs and blocks in any order and any position. Each tab can also be set up as a link and point to other pages or open popup modules. Optional &quot;Show More&quot; collapsible block content is also available as an option for large and tall descriptions or custom content.&lt;/p&gt;', '', 'Large Wallet', '', '');
INSERT INTO `oc_product_description` (`product_id`, `language_id`, `name`, `description`, `tag`, `meta_title`, `meta_description`, `meta_keyword`) VALUES ('322', '1', 'Geometrical Purse', '&lt;p&gt;Product description, along with any other tab can be displayed as tabs, accordion or all-visible blocks in grid format or one under the other.&amp;nbsp; You can mix and match tabs and blocks in any order and any position. Each tab can also be set up as a link and point to other pages or open popup modules. Optional &quot;Show More&quot; collapsible block content is also available as an option for large and tall descriptions or custom content.&lt;/p&gt;', 'cool, leather, occasion', 'Geometrical Purse', '', '');
INSERT INTO `oc_product_description` (`product_id`, `language_id`, `name`, `description`, `tag`, `meta_title`, `meta_description`, `meta_keyword`) VALUES ('323', '1', 'Running Shoes', '&lt;p&gt;Product description, along with any other tab can be displayed as tabs, accordion or all-visible blocks in grid format or one under the other.&amp;nbsp; You can mix and match tabs and blocks in any order and any position. Each tab can also be set up as a link and point to other pages or open popup modules. Optional &quot;Show More&quot; collapsible block content is also available as an option for large and tall descriptions or custom content.&lt;/p&gt;', '', 'Running Shoes', '', '');
INSERT INTO `oc_product_description` (`product_id`, `language_id`, `name`, `description`, `tag`, `meta_title`, `meta_description`, `meta_keyword`) VALUES ('324', '1', 'Blue Y56', '&lt;p&gt;Product description, along with any other tab can be displayed as tabs, accordion or all-visible blocks in grid format or one under the other.&amp;nbsp; You can mix and match tabs and blocks in any order and any position. Each tab can also be set up as a link and point to other pages or open popup modules. Optional &quot;Show More&quot; collapsible block content is also available as an option for large and tall descriptions or custom content.&lt;/p&gt;', 'sport, cool, daily', 'Blue Y56', '', '');
INSERT INTO `oc_product_description` (`product_id`, `language_id`, `name`, `description`, `tag`, `meta_title`, `meta_description`, `meta_keyword`) VALUES ('325', '1', 'Lightweight Shoes', '&lt;p&gt;Product description, along with any other tab can be displayed as tabs, accordion or all-visible blocks in grid format or one under the other.&amp;nbsp; You can mix and match tabs and blocks in any order and any position. Each tab can also be set up as a link and point to other pages or open popup modules. Optional &quot;Show More&quot; collapsible block content is also available as an option for large and tall descriptions or custom content.&lt;/p&gt;', '', 'Lightweight Shoes', '', '');
INSERT INTO `oc_product_description` (`product_id`, `language_id`, `name`, `description`, `tag`, `meta_title`, `meta_description`, `meta_keyword`) VALUES ('326', '1', 'Fashion Breathable Sneakers', '&lt;p&gt;Product description, along with any other tab can be displayed as tabs, accordion or all-visible blocks in grid format or one under the other.&amp;nbsp; You can mix and match tabs and blocks in any order and any position. Each tab can also be set up as a link and point to other pages or open popup modules. Optional &quot;Show More&quot; collapsible block content is also available as an option for large and tall descriptions or custom content.&lt;/p&gt;', '', 'Fashion Breathable Sneakers', '', '');
INSERT INTO `oc_product_description` (`product_id`, `language_id`, `name`, `description`, `tag`, `meta_title`, `meta_description`, `meta_keyword`) VALUES ('327', '1', 'Red Airmax', '&lt;p&gt;Product description, along with any other tab can be displayed as tabs, accordion or all-visible blocks in grid format or one under the other.&amp;nbsp; You can mix and match tabs and blocks in any order and any position. Each tab can also be set up as a link and point to other pages or open popup modules. Optional &quot;Show More&quot; collapsible block content is also available as an option for large and tall descriptions or custom content.&lt;/p&gt;', '', 'Red Airmax', '', '');
INSERT INTO `oc_product_description` (`product_id`, `language_id`, `name`, `description`, `tag`, `meta_title`, `meta_description`, `meta_keyword`) VALUES ('328', '1', 'Micro Fuel RN', '&lt;p&gt;Product description, along with any other tab can be displayed as tabs, accordion or all-visible blocks in grid format or one under the other.&amp;nbsp; You can mix and match tabs and blocks in any order and any position. Each tab can also be set up as a link and point to other pages or open popup modules. Optional &quot;Show More&quot; collapsible block content is also available as an option for large and tall descriptions or custom content.&lt;/p&gt;', '', 'Micro Fuel RN', '', '');
INSERT INTO `oc_product_description` (`product_id`, `language_id`, `name`, `description`, `tag`, `meta_title`, `meta_description`, `meta_keyword`) VALUES ('329', '1', 'Star V9 Shoes', '&lt;p&gt;Product description, along with any other tab can be displayed as tabs, accordion or all-visible blocks in grid format or one under the other.&amp;nbsp; You can mix and match tabs and blocks in any order and any position. Each tab can also be set up as a link and point to other pages or open popup modules. Optional &quot;Show More&quot; collapsible block content is also available as an option for large and tall descriptions or custom content.&lt;/p&gt;', '', 'Star V9 Shoes', '', '');
