INSERT INTO `oc_category_description` (`category_id`, `language_id`, `name`, `description`, `meta_title`, `meta_description`, `meta_keyword`) VALUES ('213', '3', 'Accessories', '&lt;p&gt;The category description can be positioned here at the &lt;b&gt;top of the page&lt;/b&gt; or at the&lt;b&gt; bottom&lt;/b&gt; below the products, or it can be disabled entirely, including the category image on the left which comes with custom image dimensions, including fit or fill (crop) options for system images such as products, categories, banners, sliders, etc.&amp;nbsp;&lt;/p&gt;\r\n', 'Accessories', '', '');
INSERT INTO `oc_category_description` (`category_id`, `language_id`, `name`, `description`, `meta_title`, `meta_description`, `meta_keyword`) VALUES ('112', '3', 'T-Shirts', '&lt;p&gt;The category description can be positioned here at the &lt;b&gt;top of the page&lt;/b&gt; or at the&lt;b&gt; bottom&lt;/b&gt; below the products, or it can be disabled entirely, including the category image on the left which comes with custom image dimensions, including fit or fill (crop) options for system images such as products, categories, banners, sliders, etc.&amp;nbsp;&lt;/p&gt;\r\n', 'TShirts', '', '');
INSERT INTO `oc_category_description` (`category_id`, `language_id`, `name`, `description`, `meta_title`, `meta_description`, `meta_keyword`) VALUES ('59', '3', 'Fashion', '&lt;p&gt;The category description can be positioned here at the &lt;b&gt;top of the page&lt;/b&gt; or at the&lt;b&gt; bottom&lt;/b&gt; below the products, or it can be disabled entirely, including the category image on the left which comes with custom image dimensions, including fit or fill (crop) options for system images such as products, categories, banners, sliders, etc.&amp;nbsp;&lt;/p&gt;\r\n', 'Fashion', '', '');
INSERT INTO `oc_category_description` (`category_id`, `language_id`, `name`, `description`, `meta_title`, `meta_description`, `meta_keyword`) VALUES ('214', '3', 'Shoes', '&lt;p&gt;The category description can be positioned here at the &lt;b&gt;top of the page&lt;/b&gt; or at the&lt;b&gt; bottom&lt;/b&gt; below the products, or it can be disabled entirely, including the category image on the left which comes with custom image dimensions, including fit or fill (crop) options for system images such as products, categories, banners, sliders, etc.&amp;nbsp;&lt;/p&gt;\r\n', 'shoes', '', '');
INSERT INTO `oc_category_description` (`category_id`, `language_id`, `name`, `description`, `meta_title`, `meta_description`, `meta_keyword`) VALUES ('210', '3', 'Kettles', '&lt;p&gt;The category description can be positioned here at the &lt;b&gt;top of the page&lt;/b&gt; or at the&lt;b&gt; bottom&lt;/b&gt; below the products, or it can be disabled entirely, including the category image on the left which comes with custom image dimensions, including fit or fill (crop) options for system images such as products, categories, banners, sliders, etc.&amp;nbsp;&lt;/p&gt;\r\n', 'Washers', '', '');
INSERT INTO `oc_category_description` (`category_id`, `language_id`, `name`, `description`, `meta_title`, `meta_description`, `meta_keyword`) VALUES ('211', '3', 'Toasters', '&lt;p&gt;The category description can be positioned here at the &lt;b&gt;top of the page&lt;/b&gt; or at the&lt;b&gt; bottom&lt;/b&gt; below the products, or it can be disabled entirely, including the category image on the left which comes with custom image dimensions, including fit or fill (crop) options for system images such as products, categories, banners, sliders, etc.&amp;nbsp;&lt;/p&gt;\r\n', 'Toasters', '', '');
INSERT INTO `oc_category_description` (`category_id`, `language_id`, `name`, `description`, `meta_title`, `meta_description`, `meta_keyword`) VALUES ('207', '3', 'Microwaves', '&lt;p&gt;The category description can be positioned here at the &lt;b&gt;top of the page&lt;/b&gt; or at the&lt;b&gt; bottom&lt;/b&gt; below the products, or it can be disabled entirely, including the category image on the left which comes with custom image dimensions, including fit or fill (crop) options for system images such as products, categories, banners, sliders, etc.&amp;nbsp;&lt;/p&gt;\r\n', 'Microwaves', '', '');
INSERT INTO `oc_category_description` (`category_id`, `language_id`, `name`, `description`, `meta_title`, `meta_description`, `meta_keyword`) VALUES ('208', '3', 'Irons', '&lt;p&gt;The category description can be positioned here at the &lt;b&gt;top of the page&lt;/b&gt; or at the&lt;b&gt; bottom&lt;/b&gt; below the products, or it can be disabled entirely, including the category image on the left which comes with custom image dimensions, including fit or fill (crop) options for system images such as products, categories, banners, sliders, etc.&amp;nbsp;&lt;/p&gt;\r\n', 'Dishwashers', '', '');
INSERT INTO `oc_category_description` (`category_id`, `language_id`, `name`, `description`, `meta_title`, `meta_description`, `meta_keyword`) VALUES ('204', '3', 'Roses', '&lt;p&gt;The category description can be positioned here at the &lt;b&gt;top of the page&lt;/b&gt; or at the&lt;b&gt; bottom&lt;/b&gt; below the products, or it can be disabled entirely, including the category image on the left which comes with custom image dimensions, including fit or fill (crop) options for system images such as products, categories, banners, sliders, etc.&amp;nbsp;&lt;/p&gt;\r\n', 'Roses', '', '');
INSERT INTO `oc_category_description` (`category_id`, `language_id`, `name`, `description`, `meta_title`, `meta_description`, `meta_keyword`) VALUES ('206', '3', 'Refrigerators', '&lt;p&gt;The category description can be positioned here at the &lt;b&gt;top of the page&lt;/b&gt; or at the&lt;b&gt; bottom&lt;/b&gt; below the products, or it can be disabled entirely, including the category image on the left which comes with custom image dimensions, including fit or fill (crop) options for system images such as products, categories, banners, sliders, etc.&amp;nbsp;&lt;/p&gt;\r\n', 'Refrigerators', '', '');
INSERT INTO `oc_category_description` (`category_id`, `language_id`, `name`, `description`, `meta_title`, `meta_description`, `meta_keyword`) VALUES ('27', '1', 'Mac', '&lt;p&gt;The category description can be positioned here at the &lt;b&gt;top of the page&lt;/b&gt; or at the&lt;b&gt; bottom&lt;/b&gt; below the products, or it can be disabled entirely, including the category image on the left which comes with custom image dimensions, including fit or fill (crop) options for system images such as products, categories, banners, sliders, etc.&amp;nbsp;&lt;/p&gt;\r\n', 'Mac', '', '');
INSERT INTO `oc_category_description` (`category_id`, `language_id`, `name`, `description`, `meta_title`, `meta_description`, `meta_keyword`) VALUES ('216', '3', 'Makeup', '&lt;p&gt;The category description can be positioned here at the &lt;b&gt;top of the page&lt;/b&gt; or at the&lt;b&gt; bottom&lt;/b&gt; below the products, or it can be disabled entirely, including the category image on the left which comes with custom image dimensions, including fit or fill (crop) options for system images such as products, categories, banners, sliders, etc.&amp;nbsp;&lt;/p&gt;\r\n', 'makeup', '', '');
INSERT INTO `oc_category_description` (`category_id`, `language_id`, `name`, `description`, `meta_title`, `meta_description`, `meta_keyword`) VALUES ('203', '3', 'Tulips', '&lt;p&gt;The category description can be positioned here at the &lt;b&gt;top of the page&lt;/b&gt; or at the&lt;b&gt; bottom&lt;/b&gt; below the products, or it can be disabled entirely, including the category image on the left which comes with custom image dimensions, including fit or fill (crop) options for system images such as products, categories, banners, sliders, etc.&amp;nbsp;&lt;/p&gt;\r\n', 'Tulips', '', '');
INSERT INTO `oc_category_description` (`category_id`, `language_id`, `name`, `description`, `meta_title`, `meta_description`, `meta_keyword`) VALUES ('193', '3', 'Plants', '&lt;p&gt;The category description can be positioned here at the &lt;b&gt;top of the page&lt;/b&gt; or at the&lt;b&gt; bottom&lt;/b&gt; below the products, or it can be disabled entirely, including the category image on the left which comes with custom image dimensions, including fit or fill (crop) options for system images such as products, categories, banners, sliders, etc.&amp;nbsp;&lt;/p&gt;\r\n', 'Plants', '', '');
INSERT INTO `oc_category_description` (`category_id`, `language_id`, `name`, `description`, `meta_title`, `meta_description`, `meta_keyword`) VALUES ('200', '3', 'Orchids', '&lt;p&gt;The category description can be positioned here at the &lt;b&gt;top of the page&lt;/b&gt; or at the&lt;b&gt; bottom&lt;/b&gt; below the products, or it can be disabled entirely, including the category image on the left which comes with custom image dimensions, including fit or fill (crop) options for system images such as products, categories, banners, sliders, etc.&amp;nbsp;&lt;/p&gt;\r\n', 'Orchids', '', '');
INSERT INTO `oc_category_description` (`category_id`, `language_id`, `name`, `description`, `meta_title`, `meta_description`, `meta_keyword`) VALUES ('195', '3', 'Tools', '&lt;p&gt;The category description can be positioned here at the &lt;b&gt;top of the page&lt;/b&gt; or at the&lt;b&gt; bottom&lt;/b&gt; below the products, or it can be disabled entirely, including the category image on the left which comes with custom image dimensions, including fit or fill (crop) options for system images such as products, categories, banners, sliders, etc.&amp;nbsp;&lt;/p&gt;\r\n', 'Tools', '', '');
INSERT INTO `oc_category_description` (`category_id`, `language_id`, `name`, `description`, `meta_title`, `meta_description`, `meta_keyword`) VALUES ('194', '3', 'Seeds', '&lt;p&gt;The category description can be positioned here at the &lt;b&gt;top of the page&lt;/b&gt; or at the&lt;b&gt; bottom&lt;/b&gt; below the products, or it can be disabled entirely, including the category image on the left which comes with custom image dimensions, including fit or fill (crop) options for system images such as products, categories, banners, sliders, etc.&amp;nbsp;&lt;/p&gt;\r\n', 'Seeds', '', '');
INSERT INTO `oc_category_description` (`category_id`, `language_id`, `name`, `description`, `meta_title`, `meta_description`, `meta_keyword`) VALUES ('110', '1', 'Jewelry', '&lt;p&gt;The category description can be positioned here at the &lt;b&gt;top of the page&lt;/b&gt; or at the&lt;b&gt; bottom&lt;/b&gt; below the products, or it can be disabled entirely, including the category image on the left which comes with custom image dimensions, including fit or fill (crop) options for system images such as products, categories, banners, sliders, etc.&amp;nbsp;&lt;/p&gt;\r\n', 'Jewelry', '', '');
INSERT INTO `oc_category_description` (`category_id`, `language_id`, `name`, `description`, `meta_title`, `meta_description`, `meta_keyword`) VALUES ('191', '3', 'Garden', '&lt;p&gt;The category description can be positioned here at the &lt;b&gt;top of the page&lt;/b&gt; or at the&lt;b&gt; bottom&lt;/b&gt; below the products, or it can be disabled entirely, including the category image on the left which comes with custom image dimensions, including fit or fill (crop) options for system images such as products, categories, banners, sliders, etc.&amp;nbsp;&lt;/p&gt;\r\n', 'Garden', '', '');
INSERT INTO `oc_category_description` (`category_id`, `language_id`, `name`, `description`, `meta_title`, `meta_description`, `meta_keyword`) VALUES ('192', '3', 'Flowers', '&lt;p&gt;The category description can be positioned here at the &lt;b&gt;top of the page&lt;/b&gt; or at the&lt;b&gt; bottom&lt;/b&gt; below the products, or it can be disabled entirely, including the category image on the left which comes with custom image dimensions, including fit or fill (crop) options for system images such as products, categories, banners, sliders, etc.&amp;nbsp;&lt;/p&gt;\r\n', 'Flowers', '', '');
INSERT INTO `oc_category_description` (`category_id`, `language_id`, `name`, `description`, `meta_title`, `meta_description`, `meta_keyword`) VALUES ('130', '1', 'Shirts', '&lt;p&gt;The category description can be positioned here at the &lt;b&gt;top of the page&lt;/b&gt; or at the&lt;b&gt; bottom&lt;/b&gt; below the products, or it can be disabled entirely, including the category image on the left which comes with custom image dimensions, including fit or fill (crop) options for system images such as products, categories, banners, sliders, etc.&amp;nbsp;&lt;/p&gt;\r\n', 'Shirts', '', '');
INSERT INTO `oc_category_description` (`category_id`, `language_id`, `name`, `description`, `meta_title`, `meta_description`, `meta_keyword`) VALUES ('189', '3', 'Bathroom', '&lt;p&gt;The category description can be positioned here at the &lt;b&gt;top of the page&lt;/b&gt; or at the&lt;b&gt; bottom&lt;/b&gt; below the products, or it can be disabled entirely, including the category image on the left which comes with custom image dimensions, including fit or fill (crop) options for system images such as products, categories, banners, sliders, etc.&amp;nbsp;&lt;/p&gt;\r\n', 'Bathroom', '', '');
INSERT INTO `oc_category_description` (`category_id`, `language_id`, `name`, `description`, `meta_title`, `meta_description`, `meta_keyword`) VALUES ('190', '3', 'Outdoor', '&lt;p&gt;The category description can be positioned here at the &lt;b&gt;top of the page&lt;/b&gt; or at the&lt;b&gt; bottom&lt;/b&gt; below the products, or it can be disabled entirely, including the category image on the left which comes with custom image dimensions, including fit or fill (crop) options for system images such as products, categories, banners, sliders, etc.&amp;nbsp;&lt;/p&gt;\r\n', 'Outdoor', '', '');
INSERT INTO `oc_category_description` (`category_id`, `language_id`, `name`, `description`, `meta_title`, `meta_description`, `meta_keyword`) VALUES ('129', '1', 'Sleeveless', '&lt;p&gt;The category description can be positioned here at the &lt;b&gt;top of the page&lt;/b&gt; or at the&lt;b&gt; bottom&lt;/b&gt; below the products, or it can be disabled entirely, including the category image on the left which comes with custom image dimensions, including fit or fill (crop) options for system images such as products, categories, banners, sliders, etc.&amp;nbsp;&lt;/p&gt;\r\n', 'Sleeveless', '', '');
INSERT INTO `oc_category_description` (`category_id`, `language_id`, `name`, `description`, `meta_title`, `meta_description`, `meta_keyword`) VALUES ('188', '3', 'Patio', '&lt;p&gt;The category description can be positioned here at the &lt;b&gt;top of the page&lt;/b&gt; or at the&lt;b&gt; bottom&lt;/b&gt; below the products, or it can be disabled entirely, including the category image on the left which comes with custom image dimensions, including fit or fill (crop) options for system images such as products, categories, banners, sliders, etc.&amp;nbsp;&lt;/p&gt;\r\n', 'patio', '', '');
INSERT INTO `oc_category_description` (`category_id`, `language_id`, `name`, `description`, `meta_title`, `meta_description`, `meta_keyword`) VALUES ('127', '1', 'Summer', '&lt;p&gt;The category description can be positioned here at the &lt;b&gt;top of the page&lt;/b&gt; or at the&lt;b&gt; bottom&lt;/b&gt; below the products, or it can be disabled entirely, including the category image on the left which comes with custom image dimensions, including fit or fill (crop) options for system images such as products, categories, banners, sliders, etc.&amp;nbsp;&lt;/p&gt;\r\n', 'Summer', '', '');
INSERT INTO `oc_category_description` (`category_id`, `language_id`, `name`, `description`, `meta_title`, `meta_description`, `meta_keyword`) VALUES ('186', '3', 'Dressers', '&lt;p&gt;The category description can be positioned here at the &lt;b&gt;top of the page&lt;/b&gt; or at the&lt;b&gt; bottom&lt;/b&gt; below the products, or it can be disabled entirely, including the category image on the left which comes with custom image dimensions, including fit or fill (crop) options for system images such as products, categories, banners, sliders, etc.&amp;nbsp;&lt;/p&gt;\r\n', 'Dressers', '', '');
INSERT INTO `oc_category_description` (`category_id`, `language_id`, `name`, `description`, `meta_title`, `meta_description`, `meta_keyword`) VALUES ('187', '3', 'Mattresses', '&lt;p&gt;The category description can be positioned here at the &lt;b&gt;top of the page&lt;/b&gt; or at the&lt;b&gt; bottom&lt;/b&gt; below the products, or it can be disabled entirely, including the category image on the left which comes with custom image dimensions, including fit or fill (crop) options for system images such as products, categories, banners, sliders, etc.&amp;nbsp;&lt;/p&gt;\r\n', 'Mattresses', '', '');
INSERT INTO `oc_category_description` (`category_id`, `language_id`, `name`, `description`, `meta_title`, `meta_description`, `meta_keyword`) VALUES ('125', '1', 'Accessories', '&lt;p&gt;The category description can be positioned here at the &lt;b&gt;top of the page&lt;/b&gt; or at the&lt;b&gt; bottom&lt;/b&gt; below the products, or it can be disabled entirely, including the category image on the left which comes with custom image dimensions, including fit or fill (crop) options for system images such as products, categories, banners, sliders, etc.&amp;nbsp;&lt;/p&gt;\r\n', 'Accessories', '', '');
INSERT INTO `oc_category_description` (`category_id`, `language_id`, `name`, `description`, `meta_title`, `meta_description`, `meta_keyword`) VALUES ('185', '3', 'Beds', '&lt;p&gt;The category description can be positioned here at the &lt;b&gt;top of the page&lt;/b&gt; or at the&lt;b&gt; bottom&lt;/b&gt; below the products, or it can be disabled entirely, including the category image on the left which comes with custom image dimensions, including fit or fill (crop) options for system images such as products, categories, banners, sliders, etc.&amp;nbsp;&lt;/p&gt;\r\n', 'Beds', '', '');
INSERT INTO `oc_category_description` (`category_id`, `language_id`, `name`, `description`, `meta_title`, `meta_description`, `meta_keyword`) VALUES ('124', '1', 'Mascara', '&lt;p&gt;The category description can be positioned here at the &lt;b&gt;top of the page&lt;/b&gt; or at the&lt;b&gt; bottom&lt;/b&gt; below the products, or it can be disabled entirely, including the category image on the left which comes with custom image dimensions, including fit or fill (crop) options for system images such as products, categories, banners, sliders, etc.&amp;nbsp;&lt;/p&gt;\r\n', 'Mascara', '', '');
INSERT INTO `oc_category_description` (`category_id`, `language_id`, `name`, `description`, `meta_title`, `meta_description`, `meta_keyword`) VALUES ('182', '3', 'Chairs', '&lt;p&gt;The category description can be positioned here at the &lt;b&gt;top of the page&lt;/b&gt; or at the&lt;b&gt; bottom&lt;/b&gt; below the products, or it can be disabled entirely, including the category image on the left which comes with custom image dimensions, including fit or fill (crop) options for system images such as products, categories, banners, sliders, etc.&amp;nbsp;&lt;/p&gt;\r\n', 'Chairs', '', '');
INSERT INTO `oc_category_description` (`category_id`, `language_id`, `name`, `description`, `meta_title`, `meta_description`, `meta_keyword`) VALUES ('123', '1', 'Lipstick', '&lt;p&gt;The category description can be positioned here at the &lt;b&gt;top of the page&lt;/b&gt; or at the&lt;b&gt; bottom&lt;/b&gt; below the products, or it can be disabled entirely, including the category image on the left which comes with custom image dimensions, including fit or fill (crop) options for system images such as products, categories, banners, sliders, etc.&amp;nbsp;&lt;/p&gt;\r\n', 'Lipstick', '', '');
INSERT INTO `oc_category_description` (`category_id`, `language_id`, `name`, `description`, `meta_title`, `meta_description`, `meta_keyword`) VALUES ('184', '3', 'Bedroom', '&lt;p&gt;The category description can be positioned here at the &lt;b&gt;top of the page&lt;/b&gt; or at the&lt;b&gt; bottom&lt;/b&gt; below the products, or it can be disabled entirely, including the category image on the left which comes with custom image dimensions, including fit or fill (crop) options for system images such as products, categories, banners, sliders, etc.&amp;nbsp;&lt;/p&gt;\r\n', 'Bedroom', '', '');
INSERT INTO `oc_category_description` (`category_id`, `language_id`, `name`, `description`, `meta_title`, `meta_description`, `meta_keyword`) VALUES ('183', '3', 'Bar Stools', '&lt;p&gt;The category description can be positioned here at the &lt;b&gt;top of the page&lt;/b&gt; or at the&lt;b&gt; bottom&lt;/b&gt; below the products, or it can be disabled entirely, including the category image on the left which comes with custom image dimensions, including fit or fill (crop) options for system images such as products, categories, banners, sliders, etc.&amp;nbsp;&lt;/p&gt;\r\n', 'Bar Stools', '', '');
INSERT INTO `oc_category_description` (`category_id`, `language_id`, `name`, `description`, `meta_title`, `meta_description`, `meta_keyword`) VALUES ('122', '1', 'Spa', '&lt;p&gt;The category description can be positioned here at the &lt;b&gt;top of the page&lt;/b&gt; or at the&lt;b&gt; bottom&lt;/b&gt; below the products, or it can be disabled entirely, including the category image on the left which comes with custom image dimensions, including fit or fill (crop) options for system images such as products, categories, banners, sliders, etc.&amp;nbsp;&lt;/p&gt;\r\n', 'Spa', '', '');
INSERT INTO `oc_category_description` (`category_id`, `language_id`, `name`, `description`, `meta_title`, `meta_description`, `meta_keyword`) VALUES ('180', '3', 'Kitchen', '&lt;p&gt;The category description can be positioned here at the &lt;b&gt;top of the page&lt;/b&gt; or at the&lt;b&gt; bottom&lt;/b&gt; below the products, or it can be disabled entirely, including the category image on the left which comes with custom image dimensions, including fit or fill (crop) options for system images such as products, categories, banners, sliders, etc.&amp;nbsp;&lt;/p&gt;\r\n', 'Kitchen', '', '');
INSERT INTO `oc_category_description` (`category_id`, `language_id`, `name`, `description`, `meta_title`, `meta_description`, `meta_keyword`) VALUES ('181', '3', 'Tables', '&lt;p&gt;The category description can be positioned here at the &lt;b&gt;top of the page&lt;/b&gt; or at the&lt;b&gt; bottom&lt;/b&gt; below the products, or it can be disabled entirely, including the category image on the left which comes with custom image dimensions, including fit or fill (crop) options for system images such as products, categories, banners, sliders, etc.&amp;nbsp;&lt;/p&gt;\r\n', 'Tables', '', '');
INSERT INTO `oc_category_description` (`category_id`, `language_id`, `name`, `description`, `meta_title`, `meta_description`, `meta_keyword`) VALUES ('119', '1', 'Shoulder', '&lt;p&gt;The category description can be positioned here at the &lt;b&gt;top of the page&lt;/b&gt; or at the&lt;b&gt; bottom&lt;/b&gt; below the products, or it can be disabled entirely, including the category image on the left which comes with custom image dimensions, including fit or fill (crop) options for system images such as products, categories, banners, sliders, etc.&amp;nbsp;&lt;/p&gt;\r\n', 'Shoulder', '', '');
INSERT INTO `oc_category_description` (`category_id`, `language_id`, `name`, `description`, `meta_title`, `meta_description`, `meta_keyword`) VALUES ('178', '3', 'Tables', '&lt;p&gt;The category description can be positioned here at the &lt;b&gt;top of the page&lt;/b&gt; or at the&lt;b&gt; bottom&lt;/b&gt; below the products, or it can be disabled entirely, including the category image on the left which comes with custom image dimensions, including fit or fill (crop) options for system images such as products, categories, banners, sliders, etc.&amp;nbsp;&lt;/p&gt;\r\n', 'Tables', '', '');
INSERT INTO `oc_category_description` (`category_id`, `language_id`, `name`, `description`, `meta_title`, `meta_description`, `meta_keyword`) VALUES ('179', '3', 'Accesories', '&lt;p&gt;The category description can be positioned here at the &lt;b&gt;top of the page&lt;/b&gt; or at the&lt;b&gt; bottom&lt;/b&gt; below the products, or it can be disabled entirely, including the category image on the left which comes with custom image dimensions, including fit or fill (crop) options for system images such as products, categories, banners, sliders, etc.&amp;nbsp;&lt;/p&gt;\r\n', 'Accesories', '', '');
INSERT INTO `oc_category_description` (`category_id`, `language_id`, `name`, `description`, `meta_title`, `meta_description`, `meta_keyword`) VALUES ('118', '1', 'Formal', '&lt;p&gt;The category description can be positioned here at the &lt;b&gt;top of the page&lt;/b&gt; or at the&lt;b&gt; bottom&lt;/b&gt; below the products, or it can be disabled entirely, including the category image on the left which comes with custom image dimensions, including fit or fill (crop) options for system images such as products, categories, banners, sliders, etc.&amp;nbsp;&lt;/p&gt;\r\n', 'Formal', '', '');
INSERT INTO `oc_category_description` (`category_id`, `language_id`, `name`, `description`, `meta_title`, `meta_description`, `meta_keyword`) VALUES ('177', '3', 'Sofas', '&lt;p&gt;The category description can be positioned here at the &lt;b&gt;top of the page&lt;/b&gt; or at the&lt;b&gt; bottom&lt;/b&gt; below the products, or it can be disabled entirely, including the category image on the left which comes with custom image dimensions, including fit or fill (crop) options for system images such as products, categories, banners, sliders, etc.&amp;nbsp;&lt;/p&gt;\r\n', 'Sofas', '', '');
INSERT INTO `oc_category_description` (`category_id`, `language_id`, `name`, `description`, `meta_title`, `meta_description`, `meta_keyword`) VALUES ('120', '1', 'Clutches', '&lt;p&gt;The category description can be positioned here at the &lt;b&gt;top of the page&lt;/b&gt; or at the&lt;b&gt; bottom&lt;/b&gt; below the products, or it can be disabled entirely, including the category image on the left which comes with custom image dimensions, including fit or fill (crop) options for system images such as products, categories, banners, sliders, etc.&amp;nbsp;&lt;/p&gt;\r\n', 'Clutches', '', '');
INSERT INTO `oc_category_description` (`category_id`, `language_id`, `name`, `description`, `meta_title`, `meta_description`, `meta_keyword`) VALUES ('174', '3', 'Bedding', '&lt;p&gt;The category description can be positioned here at the &lt;b&gt;top of the page&lt;/b&gt; or at the&lt;b&gt; bottom&lt;/b&gt; below the products, or it can be disabled entirely, including the category image on the left which comes with custom image dimensions, including fit or fill (crop) options for system images such as products, categories, banners, sliders, etc.&amp;nbsp;&lt;/p&gt;\r\n', 'Bedding', '', '');
INSERT INTO `oc_category_description` (`category_id`, `language_id`, `name`, `description`, `meta_title`, `meta_description`, `meta_keyword`) VALUES ('176', '3', 'Living', '&lt;p&gt;The category description can be positioned here at the &lt;b&gt;top of the page&lt;/b&gt; or at the&lt;b&gt; bottom&lt;/b&gt; below the products, or it can be disabled entirely, including the category image on the left which comes with custom image dimensions, including fit or fill (crop) options for system images such as products, categories, banners, sliders, etc.&amp;nbsp;&lt;/p&gt;\r\n', 'Living', '', '');
INSERT INTO `oc_category_description` (`category_id`, `language_id`, `name`, `description`, `meta_title`, `meta_description`, `meta_keyword`) VALUES ('121', '1', 'Purses', '&lt;p&gt;The category description can be positioned here at the &lt;b&gt;top of the page&lt;/b&gt; or at the&lt;b&gt; bottom&lt;/b&gt; below the products, or it can be disabled entirely, including the category image on the left which comes with custom image dimensions, including fit or fill (crop) options for system images such as products, categories, banners, sliders, etc.&amp;nbsp;&lt;/p&gt;\r\n', 'Purses', '', '');
INSERT INTO `oc_category_description` (`category_id`, `language_id`, `name`, `description`, `meta_title`, `meta_description`, `meta_keyword`) VALUES ('173', '3', 'Wipes', '&lt;p&gt;The category description can be positioned here at the &lt;b&gt;top of the page&lt;/b&gt; or at the&lt;b&gt; bottom&lt;/b&gt; below the products, or it can be disabled entirely, including the category image on the left which comes with custom image dimensions, including fit or fill (crop) options for system images such as products, categories, banners, sliders, etc.&amp;nbsp;&lt;/p&gt;\r\n', 'Wipes', '', '');
INSERT INTO `oc_category_description` (`category_id`, `language_id`, `name`, `description`, `meta_title`, `meta_description`, `meta_keyword`) VALUES ('117', '1', 'Bracelets', '&lt;p&gt;The category description can be positioned here at the &lt;b&gt;top of the page&lt;/b&gt; or at the&lt;b&gt; bottom&lt;/b&gt; below the products, or it can be disabled entirely, including the category image on the left which comes with custom image dimensions, including fit or fill (crop) options for system images such as products, categories, banners, sliders, etc.&amp;nbsp;&lt;/p&gt;\r\n', 'Bracelets', '', '');
INSERT INTO `oc_category_description` (`category_id`, `language_id`, `name`, `description`, `meta_title`, `meta_description`, `meta_keyword`) VALUES ('171', '3', 'Baby Care', '&lt;p&gt;The category description can be positioned here at the &lt;b&gt;top of the page&lt;/b&gt; or at the&lt;b&gt; bottom&lt;/b&gt; below the products, or it can be disabled entirely, including the category image on the left which comes with custom image dimensions, including fit or fill (crop) options for system images such as products, categories, banners, sliders, etc.&amp;nbsp;&lt;/p&gt;\r\n', 'Baby Care', '', '');
INSERT INTO `oc_category_description` (`category_id`, `language_id`, `name`, `description`, `meta_title`, `meta_description`, `meta_keyword`) VALUES ('172', '3', 'Diapers', '&lt;p&gt;The category description can be positioned here at the &lt;b&gt;top of the page&lt;/b&gt; or at the&lt;b&gt; bottom&lt;/b&gt; below the products, or it can be disabled entirely, including the category image on the left which comes with custom image dimensions, including fit or fill (crop) options for system images such as products, categories, banners, sliders, etc.&amp;nbsp;&lt;/p&gt;\r\n', 'Diapers', '', '');
INSERT INTO `oc_category_description` (`category_id`, `language_id`, `name`, `description`, `meta_title`, `meta_description`, `meta_keyword`) VALUES ('106', '1', 'Jackets', '&lt;p&gt;The category description can be positioned here at the &lt;b&gt;top of the page&lt;/b&gt; or at the&lt;b&gt; bottom&lt;/b&gt; below the products, or it can be disabled entirely, including the category image on the left which comes with custom image dimensions, including fit or fill (crop) options for system images such as products, categories, banners, sliders, etc.&amp;nbsp;&lt;/p&gt;\r\n', 'Jackets', '', '');
INSERT INTO `oc_category_description` (`category_id`, `language_id`, `name`, `description`, `meta_title`, `meta_description`, `meta_keyword`) VALUES ('169', '3', 'Girls', '&lt;p&gt;The category description can be positioned here at the &lt;b&gt;top of the page&lt;/b&gt; or at the&lt;b&gt; bottom&lt;/b&gt; below the products, or it can be disabled entirely, including the category image on the left which comes with custom image dimensions, including fit or fill (crop) options for system images such as products, categories, banners, sliders, etc.&amp;nbsp;&lt;/p&gt;\r\n', 'Girls', '', '');
INSERT INTO `oc_category_description` (`category_id`, `language_id`, `name`, `description`, `meta_title`, `meta_description`, `meta_keyword`) VALUES ('170', '3', 'Toys', '&lt;p&gt;The category description can be positioned here at the &lt;b&gt;top of the page&lt;/b&gt; or at the&lt;b&gt; bottom&lt;/b&gt; below the products, or it can be disabled entirely, including the category image on the left which comes with custom image dimensions, including fit or fill (crop) options for system images such as products, categories, banners, sliders, etc.&amp;nbsp;&lt;/p&gt;\r\n', 'Toys', '', '');
INSERT INTO `oc_category_description` (`category_id`, `language_id`, `name`, `description`, `meta_title`, `meta_description`, `meta_keyword`) VALUES ('107', '1', 'Bags', '&lt;p&gt;The category description can be positioned here at the &lt;b&gt;top of the page&lt;/b&gt; or at the&lt;b&gt; bottom&lt;/b&gt; below the products, or it can be disabled entirely, including the category image on the left which comes with custom image dimensions, including fit or fill (crop) options for system images such as products, categories, banners, sliders, etc.&amp;nbsp;&lt;/p&gt;\r\n', 'Bags', '', '');
INSERT INTO `oc_category_description` (`category_id`, `language_id`, `name`, `description`, `meta_title`, `meta_description`, `meta_keyword`) VALUES ('168', '3', 'Boys', '&lt;p&gt;The category description can be positioned here at the &lt;b&gt;top of the page&lt;/b&gt; or at the&lt;b&gt; bottom&lt;/b&gt; below the products, or it can be disabled entirely, including the category image on the left which comes with custom image dimensions, including fit or fill (crop) options for system images such as products, categories, banners, sliders, etc.&amp;nbsp;&lt;/p&gt;\r\n', 'Boys', '', '');
INSERT INTO `oc_category_description` (`category_id`, `language_id`, `name`, `description`, `meta_title`, `meta_description`, `meta_keyword`) VALUES ('108', '1', 'Tops', '&lt;p&gt;The category description can be positioned here at the &lt;b&gt;top of the page&lt;/b&gt; or at the&lt;b&gt; bottom&lt;/b&gt; below the products, or it can be disabled entirely, including the category image on the left which comes with custom image dimensions, including fit or fill (crop) options for system images such as products, categories, banners, sliders, etc.&amp;nbsp;&lt;/p&gt;\r\n', 'Tops', '', '');
INSERT INTO `oc_category_description` (`category_id`, `language_id`, `name`, `description`, `meta_title`, `meta_description`, `meta_keyword`) VALUES ('166', '3', 'Baby &amp; Kids', '&lt;p&gt;The category description can be positioned here at the &lt;b&gt;top of the page&lt;/b&gt; or at the&lt;b&gt; bottom&lt;/b&gt; below the products, or it can be disabled entirely, including the category image on the left which comes with custom image dimensions, including fit or fill (crop) options for system images such as products, categories, banners, sliders, etc.&amp;nbsp;&lt;/p&gt;\r\n', 'Baby &amp; Kids', '', '');
INSERT INTO `oc_category_description` (`category_id`, `language_id`, `name`, `description`, `meta_title`, `meta_description`, `meta_keyword`) VALUES ('167', '3', 'Fashion', '&lt;p&gt;The category description can be positioned here at the &lt;b&gt;top of the page&lt;/b&gt; or at the&lt;b&gt; bottom&lt;/b&gt; below the products, or it can be disabled entirely, including the category image on the left which comes with custom image dimensions, including fit or fill (crop) options for system images such as products, categories, banners, sliders, etc.&amp;nbsp;&lt;/p&gt;\r\n', 'Fashion', '', '');
INSERT INTO `oc_category_description` (`category_id`, `language_id`, `name`, `description`, `meta_title`, `meta_description`, `meta_keyword`) VALUES ('114', '1', 'Necklaces', '&lt;p&gt;The category description can be positioned here at the &lt;b&gt;top of the page&lt;/b&gt; or at the&lt;b&gt; bottom&lt;/b&gt; below the products, or it can be disabled entirely, including the category image on the left which comes with custom image dimensions, including fit or fill (crop) options for system images such as products, categories, banners, sliders, etc.&amp;nbsp;&lt;/p&gt;\r\n', 'Necklaces', '', '');
INSERT INTO `oc_category_description` (`category_id`, `language_id`, `name`, `description`, `meta_title`, `meta_description`, `meta_keyword`) VALUES ('152', '3', 'Belts', '&lt;p&gt;The category description can be positioned here at the &lt;b&gt;top of the page&lt;/b&gt; or at the&lt;b&gt; bottom&lt;/b&gt; below the products, or it can be disabled entirely, including the category image on the left which comes with custom image dimensions, including fit or fill (crop) options for system images such as products, categories, banners, sliders, etc.&amp;nbsp;&lt;/p&gt;\r\n', 'Belts', '', '');
INSERT INTO `oc_category_description` (`category_id`, `language_id`, `name`, `description`, `meta_title`, `meta_description`, `meta_keyword`) VALUES ('115', '1', 'Rings', '&lt;p&gt;The category description can be positioned here at the &lt;b&gt;top of the page&lt;/b&gt; or at the&lt;b&gt; bottom&lt;/b&gt; below the products, or it can be disabled entirely, including the category image on the left which comes with custom image dimensions, including fit or fill (crop) options for system images such as products, categories, banners, sliders, etc.&amp;nbsp;&lt;/p&gt;\r\n', 'Rings', '', '');
INSERT INTO `oc_category_description` (`category_id`, `language_id`, `name`, `description`, `meta_title`, `meta_description`, `meta_keyword`) VALUES ('160', '3', 'Pizza', '&lt;p&gt;The category description can be positioned here at the &lt;b&gt;top of the page&lt;/b&gt; or at the&lt;b&gt; bottom&lt;/b&gt; below the products, or it can be disabled entirely, including the category image on the left which comes with custom image dimensions, including fit or fill (crop) options for system images such as products, categories, banners, sliders, etc.&amp;nbsp;&lt;/p&gt;\r\n', 'Pizza', '', '');
INSERT INTO `oc_category_description` (`category_id`, `language_id`, `name`, `description`, `meta_title`, `meta_description`, `meta_keyword`) VALUES ('116', '1', 'Hats', '&lt;p&gt;The category description can be positioned here at the &lt;b&gt;top of the page&lt;/b&gt; or at the&lt;b&gt; bottom&lt;/b&gt; below the products, or it can be disabled entirely, including the category image on the left which comes with custom image dimensions, including fit or fill (crop) options for system images such as products, categories, banners, sliders, etc.&amp;nbsp;&lt;/p&gt;\r\n', 'Hats', '', '');
INSERT INTO `oc_category_description` (`category_id`, `language_id`, `name`, `description`, `meta_title`, `meta_description`, `meta_keyword`) VALUES ('163', '3', 'Sushi', '&lt;p&gt;The category description can be positioned here at the &lt;b&gt;top of the page&lt;/b&gt; or at the&lt;b&gt; bottom&lt;/b&gt; below the products, or it can be disabled entirely, including the category image on the left which comes with custom image dimensions, including fit or fill (crop) options for system images such as products, categories, banners, sliders, etc.&amp;nbsp;&lt;/p&gt;\r\n', 'Sushi', '', '');
INSERT INTO `oc_category_description` (`category_id`, `language_id`, `name`, `description`, `meta_title`, `meta_description`, `meta_keyword`) VALUES ('161', '3', 'Salads', '&lt;p&gt;The category description can be positioned here at the &lt;b&gt;top of the page&lt;/b&gt; or at the&lt;b&gt; bottom&lt;/b&gt; below the products, or it can be disabled entirely, including the category image on the left which comes with custom image dimensions, including fit or fill (crop) options for system images such as products, categories, banners, sliders, etc.&amp;nbsp;&lt;/p&gt;\r\n', 'Salads', '', '');
INSERT INTO `oc_category_description` (`category_id`, `language_id`, `name`, `description`, `meta_title`, `meta_description`, `meta_keyword`) VALUES ('69', '1', 'Electronics', '&lt;p&gt;The category description can be positioned here at the &lt;b&gt;top of the page&lt;/b&gt; or at the&lt;b&gt; bottom&lt;/b&gt; below the products, or it can be disabled entirely, including the category image on the left which comes with custom image dimensions, including fit or fill (crop) options for system images such as products, categories, banners, sliders, etc.&amp;nbsp;&lt;/p&gt;\r\n', 'Electronics', '', '');
INSERT INTO `oc_category_description` (`category_id`, `language_id`, `name`, `description`, `meta_title`, `meta_description`, `meta_keyword`) VALUES ('157', '3', 'Dessert', '&lt;p&gt;The category description can be positioned here at the &lt;b&gt;top of the page&lt;/b&gt; or at the&lt;b&gt; bottom&lt;/b&gt; below the products, or it can be disabled entirely, including the category image on the left which comes with custom image dimensions, including fit or fill (crop) options for system images such as products, categories, banners, sliders, etc.&amp;nbsp;&lt;/p&gt;\r\n', 'Dessert', '', '');
INSERT INTO `oc_category_description` (`category_id`, `language_id`, `name`, `description`, `meta_title`, `meta_description`, `meta_keyword`) VALUES ('205', '1', 'Appliances', '&lt;p&gt;The category description can be positioned here at the &lt;b&gt;top of the page&lt;/b&gt; or at the&lt;b&gt; bottom&lt;/b&gt; below the products, or it can be disabled entirely, including the category image on the left which comes with custom image dimensions, including fit or fill (crop) options for system images such as products, categories, banners, sliders, etc.&amp;nbsp;&lt;/p&gt;\r\n', 'Appliances', '', '');
INSERT INTO `oc_category_description` (`category_id`, `language_id`, `name`, `description`, `meta_title`, `meta_description`, `meta_keyword`) VALUES ('159', '3', 'Pasta', '&lt;p&gt;The category description can be positioned here at the &lt;b&gt;top of the page&lt;/b&gt; or at the&lt;b&gt; bottom&lt;/b&gt; below the products, or it can be disabled entirely, including the category image on the left which comes with custom image dimensions, including fit or fill (crop) options for system images such as products, categories, banners, sliders, etc.&amp;nbsp;&lt;/p&gt;\r\n', 'Pasta', '', '');
INSERT INTO `oc_category_description` (`category_id`, `language_id`, `name`, `description`, `meta_title`, `meta_description`, `meta_keyword`) VALUES ('158', '3', 'Grill', '&lt;p&gt;The category description can be positioned here at the &lt;b&gt;top of the page&lt;/b&gt; or at the&lt;b&gt; bottom&lt;/b&gt; below the products, or it can be disabled entirely, including the category image on the left which comes with custom image dimensions, including fit or fill (crop) options for system images such as products, categories, banners, sliders, etc.&amp;nbsp;&lt;/p&gt;\r\n', 'Grill', '', '');
INSERT INTO `oc_category_description` (`category_id`, `language_id`, `name`, `description`, `meta_title`, `meta_description`, `meta_keyword`) VALUES ('219', '1', 'Large Screens', '&lt;p&gt;The category description can be positioned here at the &lt;b&gt;top of the page&lt;/b&gt; or at the&lt;b&gt; bottom&lt;/b&gt; below the products, or it can be disabled entirely, including the category image on the left which comes with custom image dimensions, including fit or fill (crop) options for system images such as products, categories, banners, sliders, etc.&amp;nbsp;&lt;/p&gt;\r\n', 'largescreens', '', '');
INSERT INTO `oc_category_description` (`category_id`, `language_id`, `name`, `description`, `meta_title`, `meta_description`, `meta_keyword`) VALUES ('153', '3', 'Sunglasses', '&lt;p&gt;The category description can be positioned here at the &lt;b&gt;top of the page&lt;/b&gt; or at the&lt;b&gt; bottom&lt;/b&gt; below the products, or it can be disabled entirely, including the category image on the left which comes with custom image dimensions, including fit or fill (crop) options for system images such as products, categories, banners, sliders, etc.&amp;nbsp;&lt;/p&gt;\r\n', 'Sunglasses', '', '');
INSERT INTO `oc_category_description` (`category_id`, `language_id`, `name`, `description`, `meta_title`, `meta_description`, `meta_keyword`) VALUES ('156', '3', 'Breakfast', '&lt;p&gt;The category description can be positioned here at the &lt;b&gt;top of the page&lt;/b&gt; or at the&lt;b&gt; bottom&lt;/b&gt; below the products, or it can be disabled entirely, including the category image on the left which comes with custom image dimensions, including fit or fill (crop) options for system images such as products, categories, banners, sliders, etc.&amp;nbsp;&lt;/p&gt;\r\n', 'Breakfast', '', '');
INSERT INTO `oc_category_description` (`category_id`, `language_id`, `name`, `description`, `meta_title`, `meta_description`, `meta_keyword`) VALUES ('60', '1', 'Dresses', '&lt;p&gt;The category description can be positioned here at the &lt;b&gt;top of the page&lt;/b&gt; or at the&lt;b&gt; bottom&lt;/b&gt; below the products, or it can be disabled entirely, including the category image on the left which comes with custom image dimensions, including fit or fill (crop) options for system images such as products, categories, banners, sliders, etc.&amp;nbsp;&lt;/p&gt;\r\n', 'Dresses', '', '');
INSERT INTO `oc_category_description` (`category_id`, `language_id`, `name`, `description`, `meta_title`, `meta_description`, `meta_keyword`) VALUES ('151', '3', 'Scarves', '&lt;p&gt;The category description can be positioned here at the &lt;b&gt;top of the page&lt;/b&gt; or at the&lt;b&gt; bottom&lt;/b&gt; below the products, or it can be disabled entirely, including the category image on the left which comes with custom image dimensions, including fit or fill (crop) options for system images such as products, categories, banners, sliders, etc.&amp;nbsp;&lt;/p&gt;\r\n', 'Scarves', '', '');
INSERT INTO `oc_category_description` (`category_id`, `language_id`, `name`, `description`, `meta_title`, `meta_description`, `meta_keyword`) VALUES ('132', '1', 'Heels', '&lt;p&gt;The category description can be positioned here at the &lt;b&gt;top of the page&lt;/b&gt; or at the&lt;b&gt; bottom&lt;/b&gt; below the products, or it can be disabled entirely, including the category image on the left which comes with custom image dimensions, including fit or fill (crop) options for system images such as products, categories, banners, sliders, etc.&amp;nbsp;&lt;/p&gt;\r\n', 'Heels', '', '');
INSERT INTO `oc_category_description` (`category_id`, `language_id`, `name`, `description`, `meta_title`, `meta_description`, `meta_keyword`) VALUES ('24', '3', 'Phones &amp; PDAs', '&lt;p&gt;The category description can be positioned here at the &lt;b&gt;top of the page&lt;/b&gt; or at the&lt;b&gt; bottom&lt;/b&gt; below the products, or it can be disabled entirely, including the category image on the left which comes with custom image dimensions, including fit or fill (crop) options for system images such as products, categories, banners, sliders, etc.&amp;nbsp;&lt;/p&gt;\r\n', 'Phones &amp; PDAs', '', '');
INSERT INTO `oc_category_description` (`category_id`, `language_id`, `name`, `description`, `meta_title`, `meta_description`, `meta_keyword`) VALUES ('113', '3', 'Pants', '&lt;p&gt;The category description can be positioned here at the &lt;b&gt;top of the page&lt;/b&gt; or at the&lt;b&gt; bottom&lt;/b&gt; below the products, or it can be disabled entirely, including the category image on the left which comes with custom image dimensions, including fit or fill (crop) options for system images such as products, categories, banners, sliders, etc.&amp;nbsp;&lt;/p&gt;\r\n', 'Pants', '', '');
INSERT INTO `oc_category_description` (`category_id`, `language_id`, `name`, `description`, `meta_title`, `meta_description`, `meta_keyword`) VALUES ('133', '1', 'Flats', '&lt;p&gt;The category description can be positioned here at the &lt;b&gt;top of the page&lt;/b&gt; or at the&lt;b&gt; bottom&lt;/b&gt; below the products, or it can be disabled entirely, including the category image on the left which comes with custom image dimensions, including fit or fill (crop) options for system images such as products, categories, banners, sliders, etc.&amp;nbsp;&lt;/p&gt;\r\n', 'Flats', '', '');
INSERT INTO `oc_category_description` (`category_id`, `language_id`, `name`, `description`, `meta_title`, `meta_description`, `meta_keyword`) VALUES ('25', '3', 'Components', '&lt;p&gt;The category description can be positioned here at the &lt;b&gt;top of the page&lt;/b&gt; or at the&lt;b&gt; bottom&lt;/b&gt; below the products, or it can be disabled entirely, including the category image on the left which comes with custom image dimensions, including fit or fill (crop) options for system images such as products, categories, banners, sliders, etc.&amp;nbsp;&lt;/p&gt;\r\n', 'Components', '', '');
INSERT INTO `oc_category_description` (`category_id`, `language_id`, `name`, `description`, `meta_title`, `meta_description`, `meta_keyword`) VALUES ('135', '1', 'Jeans', '&lt;p&gt;The category description can be positioned here at the &lt;b&gt;top of the page&lt;/b&gt; or at the&lt;b&gt; bottom&lt;/b&gt; below the products, or it can be disabled entirely, including the category image on the left which comes with custom image dimensions, including fit or fill (crop) options for system images such as products, categories, banners, sliders, etc.&amp;nbsp;&lt;/p&gt;\r\n', 'Jeans', '', '');
INSERT INTO `oc_category_description` (`category_id`, `language_id`, `name`, `description`, `meta_title`, `meta_description`, `meta_keyword`) VALUES ('33', '3', 'Cameras', '&lt;p&gt;The category description can be positioned here at the &lt;b&gt;top of the page&lt;/b&gt; or at the&lt;b&gt; bottom&lt;/b&gt; below the products, or it can be disabled entirely, including the category image on the left which comes with custom image dimensions, including fit or fill (crop) options for system images such as products, categories, banners, sliders, etc.&amp;nbsp;&lt;/p&gt;\r\n', 'Cameras', '', '');
INSERT INTO `oc_category_description` (`category_id`, `language_id`, `name`, `description`, `meta_title`, `meta_description`, `meta_keyword`) VALUES ('220', '3', 'Macintosh', '&lt;p&gt;The category description can be positioned here at the &lt;b&gt;top of the page&lt;/b&gt; or at the&lt;b&gt; bottom&lt;/b&gt; below the products, or it can be disabled entirely, including the category image on the left which comes with custom image dimensions, including fit or fill (crop) options for system images such as products, categories, banners, sliders, etc.&amp;nbsp;&lt;/p&gt;\r\n', 'mac', '', '');
INSERT INTO `oc_category_description` (`category_id`, `language_id`, `name`, `description`, `meta_title`, `meta_description`, `meta_keyword`) VALUES ('136', '1', 'Leggings', '&lt;p&gt;The category description can be positioned here at the &lt;b&gt;top of the page&lt;/b&gt; or at the&lt;b&gt; bottom&lt;/b&gt; below the products, or it can be disabled entirely, including the category image on the left which comes with custom image dimensions, including fit or fill (crop) options for system images such as products, categories, banners, sliders, etc.&amp;nbsp;&lt;/p&gt;\r\n', 'Leggings', '', '');
INSERT INTO `oc_category_description` (`category_id`, `language_id`, `name`, `description`, `meta_title`, `meta_description`, `meta_keyword`) VALUES ('155', '3', 'Food', '&lt;p&gt;The category description can be positioned here at the &lt;b&gt;top of the page&lt;/b&gt; or at the&lt;b&gt; bottom&lt;/b&gt; below the products, or it can be disabled entirely, including the category image on the left which comes with custom image dimensions, including fit or fill (crop) options for system images such as products, categories, banners, sliders, etc.&amp;nbsp;&lt;/p&gt;\r\n', 'Food', '', '');
INSERT INTO `oc_category_description` (`category_id`, `language_id`, `name`, `description`, `meta_title`, `meta_description`, `meta_keyword`) VALUES ('164', '3', 'Body', '&lt;p&gt;The category description can be positioned here at the &lt;b&gt;top of the page&lt;/b&gt; or at the&lt;b&gt; bottom&lt;/b&gt; below the products, or it can be disabled entirely, including the category image on the left which comes with custom image dimensions, including fit or fill (crop) options for system images such as products, categories, banners, sliders, etc.&amp;nbsp;&lt;/p&gt;\r\n', 'Body', '', '');
INSERT INTO `oc_category_description` (`category_id`, `language_id`, `name`, `description`, `meta_title`, `meta_description`, `meta_keyword`) VALUES ('126', '1', 'Training', '&lt;p&gt;The category description can be positioned here at the &lt;b&gt;top of the page&lt;/b&gt; or at the&lt;b&gt; bottom&lt;/b&gt; below the products, or it can be disabled entirely, including the category image on the left which comes with custom image dimensions, including fit or fill (crop) options for system images such as products, categories, banners, sliders, etc.&amp;nbsp;&lt;/p&gt;\r\n', 'Training', '', '');
INSERT INTO `oc_category_description` (`category_id`, `language_id`, `name`, `description`, `meta_title`, `meta_description`, `meta_keyword`) VALUES ('154', '3', 'Skirt', '&lt;p&gt;The category description can be positioned here at the &lt;b&gt;top of the page&lt;/b&gt; or at the&lt;b&gt; bottom&lt;/b&gt; below the products, or it can be disabled entirely, including the category image on the left which comes with custom image dimensions, including fit or fill (crop) options for system images such as products, categories, banners, sliders, etc.&amp;nbsp;&lt;/p&gt;\r\n', 'Skirt', '', '');
INSERT INTO `oc_category_description` (`category_id`, `language_id`, `name`, `description`, `meta_title`, `meta_description`, `meta_keyword`) VALUES ('137', '1', 'Formal', '&lt;p&gt;The category description can be positioned here at the &lt;b&gt;top of the page&lt;/b&gt; or at the&lt;b&gt; bottom&lt;/b&gt; below the products, or it can be disabled entirely, including the category image on the left which comes with custom image dimensions, including fit or fill (crop) options for system images such as products, categories, banners, sliders, etc.&amp;nbsp;&lt;/p&gt;\r\n', 'Formal', '', '');
INSERT INTO `oc_category_description` (`category_id`, `language_id`, `name`, `description`, `meta_title`, `meta_description`, `meta_keyword`) VALUES ('149', '3', 'Evening', '&lt;p&gt;The category description can be positioned here at the &lt;b&gt;top of the page&lt;/b&gt; or at the&lt;b&gt; bottom&lt;/b&gt; below the products, or it can be disabled entirely, including the category image on the left which comes with custom image dimensions, including fit or fill (crop) options for system images such as products, categories, banners, sliders, etc.&amp;nbsp;&lt;/p&gt;\r\n', 'Evening', '', '');
INSERT INTO `oc_category_description` (`category_id`, `language_id`, `name`, `description`, `meta_title`, `meta_description`, `meta_keyword`) VALUES ('150', '3', 'Summer', '&lt;p&gt;The category description can be positioned here at the &lt;b&gt;top of the page&lt;/b&gt; or at the&lt;b&gt; bottom&lt;/b&gt; below the products, or it can be disabled entirely, including the category image on the left which comes with custom image dimensions, including fit or fill (crop) options for system images such as products, categories, banners, sliders, etc.&amp;nbsp;&lt;/p&gt;\r\n', 'Summer', '', '');
INSERT INTO `oc_category_description` (`category_id`, `language_id`, `name`, `description`, `meta_title`, `meta_description`, `meta_keyword`) VALUES ('142', '1', 'Suit', '&lt;p&gt;The category description can be positioned here at the &lt;b&gt;top of the page&lt;/b&gt; or at the&lt;b&gt; bottom&lt;/b&gt; below the products, or it can be disabled entirely, including the category image on the left which comes with custom image dimensions, including fit or fill (crop) options for system images such as products, categories, banners, sliders, etc.&amp;nbsp;&lt;/p&gt;\r\n', 'Suit', '', '');
INSERT INTO `oc_category_description` (`category_id`, `language_id`, `name`, `description`, `meta_title`, `meta_description`, `meta_keyword`) VALUES ('148', '3', 'Occasion', '&lt;p&gt;The category description can be positioned here at the &lt;b&gt;top of the page&lt;/b&gt; or at the&lt;b&gt; bottom&lt;/b&gt; below the products, or it can be disabled entirely, including the category image on the left which comes with custom image dimensions, including fit or fill (crop) options for system images such as products, categories, banners, sliders, etc.&amp;nbsp;&lt;/p&gt;\r\n', 'Occasion', '', '');
INSERT INTO `oc_category_description` (`category_id`, `language_id`, `name`, `description`, `meta_title`, `meta_description`, `meta_keyword`) VALUES ('143', '1', 'Leather', '&lt;p&gt;The category description can be positioned here at the &lt;b&gt;top of the page&lt;/b&gt; or at the&lt;b&gt; bottom&lt;/b&gt; below the products, or it can be disabled entirely, including the category image on the left which comes with custom image dimensions, including fit or fill (crop) options for system images such as products, categories, banners, sliders, etc.&amp;nbsp;&lt;/p&gt;\r\n', 'Leather', '', '');
INSERT INTO `oc_category_description` (`category_id`, `language_id`, `name`, `description`, `meta_title`, `meta_description`, `meta_keyword`) VALUES ('144', '3', 'Blazers', '&lt;p&gt;The category description can be positioned here at the &lt;b&gt;top of the page&lt;/b&gt; or at the&lt;b&gt; bottom&lt;/b&gt; below the products, or it can be disabled entirely, including the category image on the left which comes with custom image dimensions, including fit or fill (crop) options for system images such as products, categories, banners, sliders, etc.&amp;nbsp;&lt;/p&gt;\r\n', 'Blazers', '', '');
INSERT INTO `oc_category_description` (`category_id`, `language_id`, `name`, `description`, `meta_title`, `meta_description`, `meta_keyword`) VALUES ('144', '1', 'Blazers', '&lt;p&gt;The category description can be positioned here at the &lt;b&gt;top of the page&lt;/b&gt; or at the&lt;b&gt; bottom&lt;/b&gt; below the products, or it can be disabled entirely, including the category image on the left which comes with custom image dimensions, including fit or fill (crop) options for system images such as products, categories, banners, sliders, etc.&amp;nbsp;&lt;/p&gt;\r\n', 'Blazers', '', '');
INSERT INTO `oc_category_description` (`category_id`, `language_id`, `name`, `description`, `meta_title`, `meta_description`, `meta_keyword`) VALUES ('146', '3', 'Earrings', '&lt;p&gt;The category description can be positioned here at the &lt;b&gt;top of the page&lt;/b&gt; or at the&lt;b&gt; bottom&lt;/b&gt; below the products, or it can be disabled entirely, including the category image on the left which comes with custom image dimensions, including fit or fill (crop) options for system images such as products, categories, banners, sliders, etc.&amp;nbsp;&lt;/p&gt;\r\n', 'Earrings', '', '');
INSERT INTO `oc_category_description` (`category_id`, `language_id`, `name`, `description`, `meta_title`, `meta_description`, `meta_keyword`) VALUES ('145', '3', 'Coats', '&lt;p&gt;The category description can be positioned here at the &lt;b&gt;top of the page&lt;/b&gt; or at the&lt;b&gt; bottom&lt;/b&gt; below the products, or it can be disabled entirely, including the category image on the left which comes with custom image dimensions, including fit or fill (crop) options for system images such as products, categories, banners, sliders, etc.&amp;nbsp;&lt;/p&gt;\r\n', 'Coats', '', '');
INSERT INTO `oc_category_description` (`category_id`, `language_id`, `name`, `description`, `meta_title`, `meta_description`, `meta_keyword`) VALUES ('145', '1', 'Coats', '&lt;p&gt;The category description can be positioned here at the &lt;b&gt;top of the page&lt;/b&gt; or at the&lt;b&gt; bottom&lt;/b&gt; below the products, or it can be disabled entirely, including the category image on the left which comes with custom image dimensions, including fit or fill (crop) options for system images such as products, categories, banners, sliders, etc.&amp;nbsp;&lt;/p&gt;\r\n', 'Coats', '', '');
INSERT INTO `oc_category_description` (`category_id`, `language_id`, `name`, `description`, `meta_title`, `meta_description`, `meta_keyword`) VALUES ('142', '3', 'Suit', '&lt;p&gt;The category description can be positioned here at the &lt;b&gt;top of the page&lt;/b&gt; or at the&lt;b&gt; bottom&lt;/b&gt; below the products, or it can be disabled entirely, including the category image on the left which comes with custom image dimensions, including fit or fill (crop) options for system images such as products, categories, banners, sliders, etc.&amp;nbsp;&lt;/p&gt;\r\n', 'Suit', '', '');
INSERT INTO `oc_category_description` (`category_id`, `language_id`, `name`, `description`, `meta_title`, `meta_description`, `meta_keyword`) VALUES ('143', '3', 'Leather', '&lt;p&gt;The category description can be positioned here at the &lt;b&gt;top of the page&lt;/b&gt; or at the&lt;b&gt; bottom&lt;/b&gt; below the products, or it can be disabled entirely, including the category image on the left which comes with custom image dimensions, including fit or fill (crop) options for system images such as products, categories, banners, sliders, etc.&amp;nbsp;&lt;/p&gt;\r\n', 'Leather', '', '');
INSERT INTO `oc_category_description` (`category_id`, `language_id`, `name`, `description`, `meta_title`, `meta_description`, `meta_keyword`) VALUES ('146', '1', 'Earrings', '&lt;p&gt;The category description can be positioned here at the &lt;b&gt;top of the page&lt;/b&gt; or at the&lt;b&gt; bottom&lt;/b&gt; below the products, or it can be disabled entirely, including the category image on the left which comes with custom image dimensions, including fit or fill (crop) options for system images such as products, categories, banners, sliders, etc.&amp;nbsp;&lt;/p&gt;\r\n', 'Earrings', '', '');
INSERT INTO `oc_category_description` (`category_id`, `language_id`, `name`, `description`, `meta_title`, `meta_description`, `meta_keyword`) VALUES ('126', '3', 'Training', '&lt;p&gt;The category description can be positioned here at the &lt;b&gt;top of the page&lt;/b&gt; or at the&lt;b&gt; bottom&lt;/b&gt; below the products, or it can be disabled entirely, including the category image on the left which comes with custom image dimensions, including fit or fill (crop) options for system images such as products, categories, banners, sliders, etc.&amp;nbsp;&lt;/p&gt;\r\n', 'Training', '', '');
INSERT INTO `oc_category_description` (`category_id`, `language_id`, `name`, `description`, `meta_title`, `meta_description`, `meta_keyword`) VALUES ('137', '3', 'Formal', '&lt;p&gt;The category description can be positioned here at the &lt;b&gt;top of the page&lt;/b&gt; or at the&lt;b&gt; bottom&lt;/b&gt; below the products, or it can be disabled entirely, including the category image on the left which comes with custom image dimensions, including fit or fill (crop) options for system images such as products, categories, banners, sliders, etc.&amp;nbsp;&lt;/p&gt;\r\n', 'Formal', '', '');
INSERT INTO `oc_category_description` (`category_id`, `language_id`, `name`, `description`, `meta_title`, `meta_description`, `meta_keyword`) VALUES ('148', '1', 'Occasion', '&lt;p&gt;The category description can be positioned here at the &lt;b&gt;top of the page&lt;/b&gt; or at the&lt;b&gt; bottom&lt;/b&gt; below the products, or it can be disabled entirely, including the category image on the left which comes with custom image dimensions, including fit or fill (crop) options for system images such as products, categories, banners, sliders, etc.&amp;nbsp;&lt;/p&gt;\r\n', 'Occasion', '', '');
INSERT INTO `oc_category_description` (`category_id`, `language_id`, `name`, `description`, `meta_title`, `meta_description`, `meta_keyword`) VALUES ('136', '3', 'Leggings', '&lt;p&gt;The category description can be positioned here at the &lt;b&gt;top of the page&lt;/b&gt; or at the&lt;b&gt; bottom&lt;/b&gt; below the products, or it can be disabled entirely, including the category image on the left which comes with custom image dimensions, including fit or fill (crop) options for system images such as products, categories, banners, sliders, etc.&amp;nbsp;&lt;/p&gt;\r\n', 'Leggings', '', '');
INSERT INTO `oc_category_description` (`category_id`, `language_id`, `name`, `description`, `meta_title`, `meta_description`, `meta_keyword`) VALUES ('149', '1', 'Evening', '&lt;p&gt;The category description can be positioned here at the &lt;b&gt;top of the page&lt;/b&gt; or at the&lt;b&gt; bottom&lt;/b&gt; below the products, or it can be disabled entirely, including the category image on the left which comes with custom image dimensions, including fit or fill (crop) options for system images such as products, categories, banners, sliders, etc.&amp;nbsp;&lt;/p&gt;\r\n', 'Evening', '', '');
INSERT INTO `oc_category_description` (`category_id`, `language_id`, `name`, `description`, `meta_title`, `meta_description`, `meta_keyword`) VALUES ('133', '3', 'Flats', '&lt;p&gt;The category description can be positioned here at the &lt;b&gt;top of the page&lt;/b&gt; or at the&lt;b&gt; bottom&lt;/b&gt; below the products, or it can be disabled entirely, including the category image on the left which comes with custom image dimensions, including fit or fill (crop) options for system images such as products, categories, banners, sliders, etc.&amp;nbsp;&lt;/p&gt;\r\n', 'Flats', '', '');
INSERT INTO `oc_category_description` (`category_id`, `language_id`, `name`, `description`, `meta_title`, `meta_description`, `meta_keyword`) VALUES ('135', '3', 'Jeans', '&lt;p&gt;The category description can be positioned here at the &lt;b&gt;top of the page&lt;/b&gt; or at the&lt;b&gt; bottom&lt;/b&gt; below the products, or it can be disabled entirely, including the category image on the left which comes with custom image dimensions, including fit or fill (crop) options for system images such as products, categories, banners, sliders, etc.&amp;nbsp;&lt;/p&gt;\r\n', 'Jeans', '', '');
INSERT INTO `oc_category_description` (`category_id`, `language_id`, `name`, `description`, `meta_title`, `meta_description`, `meta_keyword`) VALUES ('150', '1', 'Summer', '&lt;p&gt;The category description can be positioned here at the &lt;b&gt;top of the page&lt;/b&gt; or at the&lt;b&gt; bottom&lt;/b&gt; below the products, or it can be disabled entirely, including the category image on the left which comes with custom image dimensions, including fit or fill (crop) options for system images such as products, categories, banners, sliders, etc.&amp;nbsp;&lt;/p&gt;\r\n', 'Summer', '', '');
INSERT INTO `oc_category_description` (`category_id`, `language_id`, `name`, `description`, `meta_title`, `meta_description`, `meta_keyword`) VALUES ('132', '3', 'Heels', '&lt;p&gt;The category description can be positioned here at the &lt;b&gt;top of the page&lt;/b&gt; or at the&lt;b&gt; bottom&lt;/b&gt; below the products, or it can be disabled entirely, including the category image on the left which comes with custom image dimensions, including fit or fill (crop) options for system images such as products, categories, banners, sliders, etc.&amp;nbsp;&lt;/p&gt;\r\n', 'Heels', '', '');
INSERT INTO `oc_category_description` (`category_id`, `language_id`, `name`, `description`, `meta_title`, `meta_description`, `meta_keyword`) VALUES ('154', '1', 'Skirt', '&lt;p&gt;The category description can be positioned here at the &lt;b&gt;top of the page&lt;/b&gt; or at the&lt;b&gt; bottom&lt;/b&gt; below the products, or it can be disabled entirely, including the category image on the left which comes with custom image dimensions, including fit or fill (crop) options for system images such as products, categories, banners, sliders, etc.&amp;nbsp;&lt;/p&gt;\r\n', 'Skirt', '', '');
INSERT INTO `oc_category_description` (`category_id`, `language_id`, `name`, `description`, `meta_title`, `meta_description`, `meta_keyword`) VALUES ('219', '3', 'Large Screens', '&lt;p&gt;The category description can be positioned here at the &lt;b&gt;top of the page&lt;/b&gt; or at the&lt;b&gt; bottom&lt;/b&gt; below the products, or it can be disabled entirely, including the category image on the left which comes with custom image dimensions, including fit or fill (crop) options for system images such as products, categories, banners, sliders, etc.&amp;nbsp;&lt;/p&gt;\r\n', 'largescreens', '', '');
INSERT INTO `oc_category_description` (`category_id`, `language_id`, `name`, `description`, `meta_title`, `meta_description`, `meta_keyword`) VALUES ('60', '3', 'Dresses', '&lt;p&gt;The category description can be positioned here at the &lt;b&gt;top of the page&lt;/b&gt; or at the&lt;b&gt; bottom&lt;/b&gt; below the products, or it can be disabled entirely, including the category image on the left which comes with custom image dimensions, including fit or fill (crop) options for system images such as products, categories, banners, sliders, etc.&amp;nbsp;&lt;/p&gt;\r\n', 'Dresses', '', '');
INSERT INTO `oc_category_description` (`category_id`, `language_id`, `name`, `description`, `meta_title`, `meta_description`, `meta_keyword`) VALUES ('155', '1', 'Food', '&lt;p&gt;The category description can be positioned here at the &lt;b&gt;top of the page&lt;/b&gt; or at the&lt;b&gt; bottom&lt;/b&gt; below the products, or it can be disabled entirely, including the category image on the left which comes with custom image dimensions, including fit or fill (crop) options for system images such as products, categories, banners, sliders, etc.&amp;nbsp;&lt;/p&gt;\r\n', 'Food', '', '');
INSERT INTO `oc_category_description` (`category_id`, `language_id`, `name`, `description`, `meta_title`, `meta_description`, `meta_keyword`) VALUES ('69', '3', 'Electronics', '&lt;p&gt;The category description can be positioned here at the &lt;b&gt;top of the page&lt;/b&gt; or at the&lt;b&gt; bottom&lt;/b&gt; below the products, or it can be disabled entirely, including the category image on the left which comes with custom image dimensions, including fit or fill (crop) options for system images such as products, categories, banners, sliders, etc.&amp;nbsp;&lt;/p&gt;\r\n', 'Electronics', '', '');
INSERT INTO `oc_category_description` (`category_id`, `language_id`, `name`, `description`, `meta_title`, `meta_description`, `meta_keyword`) VALUES ('205', '3', 'Appliances', '&lt;p&gt;The category description can be positioned here at the &lt;b&gt;top of the page&lt;/b&gt; or at the&lt;b&gt; bottom&lt;/b&gt; below the products, or it can be disabled entirely, including the category image on the left which comes with custom image dimensions, including fit or fill (crop) options for system images such as products, categories, banners, sliders, etc.&amp;nbsp;&lt;/p&gt;\r\n', 'Appliances', '', '');
INSERT INTO `oc_category_description` (`category_id`, `language_id`, `name`, `description`, `meta_title`, `meta_description`, `meta_keyword`) VALUES ('164', '1', 'Body', '&lt;p&gt;The category description can be positioned here at the &lt;b&gt;top of the page&lt;/b&gt; or at the&lt;b&gt; bottom&lt;/b&gt; below the products, or it can be disabled entirely, including the category image on the left which comes with custom image dimensions, including fit or fill (crop) options for system images such as products, categories, banners, sliders, etc.&amp;nbsp;&lt;/p&gt;\r\n', 'Body', '', '');
INSERT INTO `oc_category_description` (`category_id`, `language_id`, `name`, `description`, `meta_title`, `meta_description`, `meta_keyword`) VALUES ('115', '3', 'Rings', '&lt;p&gt;The category description can be positioned here at the &lt;b&gt;top of the page&lt;/b&gt; or at the&lt;b&gt; bottom&lt;/b&gt; below the products, or it can be disabled entirely, including the category image on the left which comes with custom image dimensions, including fit or fill (crop) options for system images such as products, categories, banners, sliders, etc.&amp;nbsp;&lt;/p&gt;\r\n', 'Rings', '', '');
INSERT INTO `oc_category_description` (`category_id`, `language_id`, `name`, `description`, `meta_title`, `meta_description`, `meta_keyword`) VALUES ('116', '3', 'Hats', '&lt;p&gt;The category description can be positioned here at the &lt;b&gt;top of the page&lt;/b&gt; or at the&lt;b&gt; bottom&lt;/b&gt; below the products, or it can be disabled entirely, including the category image on the left which comes with custom image dimensions, including fit or fill (crop) options for system images such as products, categories, banners, sliders, etc.&amp;nbsp;&lt;/p&gt;\r\n', 'Hats', '', '');
INSERT INTO `oc_category_description` (`category_id`, `language_id`, `name`, `description`, `meta_title`, `meta_description`, `meta_keyword`) VALUES ('108', '3', 'Tops', '&lt;p&gt;The category description can be positioned here at the &lt;b&gt;top of the page&lt;/b&gt; or at the&lt;b&gt; bottom&lt;/b&gt; below the products, or it can be disabled entirely, including the category image on the left which comes with custom image dimensions, including fit or fill (crop) options for system images such as products, categories, banners, sliders, etc.&amp;nbsp;&lt;/p&gt;\r\n', 'Tops', '', '');
INSERT INTO `oc_category_description` (`category_id`, `language_id`, `name`, `description`, `meta_title`, `meta_description`, `meta_keyword`) VALUES ('114', '3', 'Necklaces', '&lt;p&gt;The category description can be positioned here at the &lt;b&gt;top of the page&lt;/b&gt; or at the&lt;b&gt; bottom&lt;/b&gt; below the products, or it can be disabled entirely, including the category image on the left which comes with custom image dimensions, including fit or fill (crop) options for system images such as products, categories, banners, sliders, etc.&amp;nbsp;&lt;/p&gt;\r\n', 'Necklaces', '', '');
INSERT INTO `oc_category_description` (`category_id`, `language_id`, `name`, `description`, `meta_title`, `meta_description`, `meta_keyword`) VALUES ('33', '1', 'Cameras', '&lt;p&gt;The category description can be positioned here at the &lt;b&gt;top of the page&lt;/b&gt; or at the&lt;b&gt; bottom&lt;/b&gt; below the products, or it can be disabled entirely, including the category image on the left which comes with custom image dimensions, including fit or fill (crop) options for system images such as products, categories, banners, sliders, etc.&amp;nbsp;&lt;/p&gt;\r\n', 'Cameras', '', '');
INSERT INTO `oc_category_description` (`category_id`, `language_id`, `name`, `description`, `meta_title`, `meta_description`, `meta_keyword`) VALUES ('106', '3', 'Jackets', '&lt;p&gt;The category description can be positioned here at the &lt;b&gt;top of the page&lt;/b&gt; or at the&lt;b&gt; bottom&lt;/b&gt; below the products, or it can be disabled entirely, including the category image on the left which comes with custom image dimensions, including fit or fill (crop) options for system images such as products, categories, banners, sliders, etc.&amp;nbsp;&lt;/p&gt;\r\n', 'Jackets', '', '');
INSERT INTO `oc_category_description` (`category_id`, `language_id`, `name`, `description`, `meta_title`, `meta_description`, `meta_keyword`) VALUES ('107', '3', 'Bags', '&lt;p&gt;The category description can be positioned here at the &lt;b&gt;top of the page&lt;/b&gt; or at the&lt;b&gt; bottom&lt;/b&gt; below the products, or it can be disabled entirely, including the category image on the left which comes with custom image dimensions, including fit or fill (crop) options for system images such as products, categories, banners, sliders, etc.&amp;nbsp;&lt;/p&gt;\r\n', 'Bags', '', '');
INSERT INTO `oc_category_description` (`category_id`, `language_id`, `name`, `description`, `meta_title`, `meta_description`, `meta_keyword`) VALUES ('120', '3', 'Clutches', '&lt;p&gt;The category description can be positioned here at the &lt;b&gt;top of the page&lt;/b&gt; or at the&lt;b&gt; bottom&lt;/b&gt; below the products, or it can be disabled entirely, including the category image on the left which comes with custom image dimensions, including fit or fill (crop) options for system images such as products, categories, banners, sliders, etc.&amp;nbsp;&lt;/p&gt;\r\n', 'Clutches', '', '');
INSERT INTO `oc_category_description` (`category_id`, `language_id`, `name`, `description`, `meta_title`, `meta_description`, `meta_keyword`) VALUES ('121', '3', 'Purses', '&lt;p&gt;The category description can be positioned here at the &lt;b&gt;top of the page&lt;/b&gt; or at the&lt;b&gt; bottom&lt;/b&gt; below the products, or it can be disabled entirely, including the category image on the left which comes with custom image dimensions, including fit or fill (crop) options for system images such as products, categories, banners, sliders, etc.&amp;nbsp;&lt;/p&gt;\r\n', 'Purses', '', '');
INSERT INTO `oc_category_description` (`category_id`, `language_id`, `name`, `description`, `meta_title`, `meta_description`, `meta_keyword`) VALUES ('117', '3', 'Bracelets', '&lt;p&gt;The category description can be positioned here at the &lt;b&gt;top of the page&lt;/b&gt; or at the&lt;b&gt; bottom&lt;/b&gt; below the products, or it can be disabled entirely, including the category image on the left which comes with custom image dimensions, including fit or fill (crop) options for system images such as products, categories, banners, sliders, etc.&amp;nbsp;&lt;/p&gt;\r\n', 'Bracelets', '', '');
INSERT INTO `oc_category_description` (`category_id`, `language_id`, `name`, `description`, `meta_title`, `meta_description`, `meta_keyword`) VALUES ('122', '3', 'Spa', '&lt;p&gt;The category description can be positioned here at the &lt;b&gt;top of the page&lt;/b&gt; or at the&lt;b&gt; bottom&lt;/b&gt; below the products, or it can be disabled entirely, including the category image on the left which comes with custom image dimensions, including fit or fill (crop) options for system images such as products, categories, banners, sliders, etc.&amp;nbsp;&lt;/p&gt;\r\n', 'Spa', '', '');
INSERT INTO `oc_category_description` (`category_id`, `language_id`, `name`, `description`, `meta_title`, `meta_description`, `meta_keyword`) VALUES ('119', '3', 'Shoulder', '&lt;p&gt;The category description can be positioned here at the &lt;b&gt;top of the page&lt;/b&gt; or at the&lt;b&gt; bottom&lt;/b&gt; below the products, or it can be disabled entirely, including the category image on the left which comes with custom image dimensions, including fit or fill (crop) options for system images such as products, categories, banners, sliders, etc.&amp;nbsp;&lt;/p&gt;\r\n', 'Shoulder', '', '');
INSERT INTO `oc_category_description` (`category_id`, `language_id`, `name`, `description`, `meta_title`, `meta_description`, `meta_keyword`) VALUES ('118', '3', 'Formal', '&lt;p&gt;The category description can be positioned here at the &lt;b&gt;top of the page&lt;/b&gt; or at the&lt;b&gt; bottom&lt;/b&gt; below the products, or it can be disabled entirely, including the category image on the left which comes with custom image dimensions, including fit or fill (crop) options for system images such as products, categories, banners, sliders, etc.&amp;nbsp;&lt;/p&gt;\r\n', 'Formal', '', '');
INSERT INTO `oc_category_description` (`category_id`, `language_id`, `name`, `description`, `meta_title`, `meta_description`, `meta_keyword`) VALUES ('125', '3', 'Accessories', '&lt;p&gt;The category description can be positioned here at the &lt;b&gt;top of the page&lt;/b&gt; or at the&lt;b&gt; bottom&lt;/b&gt; below the products, or it can be disabled entirely, including the category image on the left which comes with custom image dimensions, including fit or fill (crop) options for system images such as products, categories, banners, sliders, etc.&amp;nbsp;&lt;/p&gt;\r\n', 'Accessories', '', '');
INSERT INTO `oc_category_description` (`category_id`, `language_id`, `name`, `description`, `meta_title`, `meta_description`, `meta_keyword`) VALUES ('124', '3', 'Mascara', '&lt;p&gt;The category description can be positioned here at the &lt;b&gt;top of the page&lt;/b&gt; or at the&lt;b&gt; bottom&lt;/b&gt; below the products, or it can be disabled entirely, including the category image on the left which comes with custom image dimensions, including fit or fill (crop) options for system images such as products, categories, banners, sliders, etc.&amp;nbsp;&lt;/p&gt;\r\n', 'Mascara', '', '');
INSERT INTO `oc_category_description` (`category_id`, `language_id`, `name`, `description`, `meta_title`, `meta_description`, `meta_keyword`) VALUES ('220', '1', 'Macintosh', '&lt;p&gt;The category description can be positioned here at the &lt;b&gt;top of the page&lt;/b&gt; or at the&lt;b&gt; bottom&lt;/b&gt; below the products, or it can be disabled entirely, including the category image on the left which comes with custom image dimensions, including fit or fill (crop) options for system images such as products, categories, banners, sliders, etc.&amp;nbsp;&lt;/p&gt;\r\n', 'mac', '', '');
INSERT INTO `oc_category_description` (`category_id`, `language_id`, `name`, `description`, `meta_title`, `meta_description`, `meta_keyword`) VALUES ('123', '3', 'Lipstick', '&lt;p&gt;The category description can be positioned here at the &lt;b&gt;top of the page&lt;/b&gt; or at the&lt;b&gt; bottom&lt;/b&gt; below the products, or it can be disabled entirely, including the category image on the left which comes with custom image dimensions, including fit or fill (crop) options for system images such as products, categories, banners, sliders, etc.&amp;nbsp;&lt;/p&gt;\r\n', 'Lipstick', '', '');
INSERT INTO `oc_category_description` (`category_id`, `language_id`, `name`, `description`, `meta_title`, `meta_description`, `meta_keyword`) VALUES ('127', '3', 'Summer', '&lt;p&gt;The category description can be positioned here at the &lt;b&gt;top of the page&lt;/b&gt; or at the&lt;b&gt; bottom&lt;/b&gt; below the products, or it can be disabled entirely, including the category image on the left which comes with custom image dimensions, including fit or fill (crop) options for system images such as products, categories, banners, sliders, etc.&amp;nbsp;&lt;/p&gt;\r\n', 'Summer', '', '');
INSERT INTO `oc_category_description` (`category_id`, `language_id`, `name`, `description`, `meta_title`, `meta_description`, `meta_keyword`) VALUES ('129', '3', 'Sleeveless', '&lt;p&gt;The category description can be positioned here at the &lt;b&gt;top of the page&lt;/b&gt; or at the&lt;b&gt; bottom&lt;/b&gt; below the products, or it can be disabled entirely, including the category image on the left which comes with custom image dimensions, including fit or fill (crop) options for system images such as products, categories, banners, sliders, etc.&amp;nbsp;&lt;/p&gt;\r\n', 'Sleeveless', '', '');
INSERT INTO `oc_category_description` (`category_id`, `language_id`, `name`, `description`, `meta_title`, `meta_description`, `meta_keyword`) VALUES ('25', '1', 'Components', '&lt;p&gt;The category description can be positioned here at the &lt;b&gt;top of the page&lt;/b&gt; or at the&lt;b&gt; bottom&lt;/b&gt; below the products, or it can be disabled entirely, including the category image on the left which comes with custom image dimensions, including fit or fill (crop) options for system images such as products, categories, banners, sliders, etc.&amp;nbsp;&lt;/p&gt;\r\n', 'Components', '', '');
INSERT INTO `oc_category_description` (`category_id`, `language_id`, `name`, `description`, `meta_title`, `meta_description`, `meta_keyword`) VALUES ('110', '3', 'Jewelry', '&lt;p&gt;The category description can be positioned here at the &lt;b&gt;top of the page&lt;/b&gt; or at the&lt;b&gt; bottom&lt;/b&gt; below the products, or it can be disabled entirely, including the category image on the left which comes with custom image dimensions, including fit or fill (crop) options for system images such as products, categories, banners, sliders, etc.&amp;nbsp;&lt;/p&gt;\r\n', 'Jewelry', '', '');
INSERT INTO `oc_category_description` (`category_id`, `language_id`, `name`, `description`, `meta_title`, `meta_description`, `meta_keyword`) VALUES ('130', '3', 'Shirts', '&lt;p&gt;The category description can be positioned here at the &lt;b&gt;top of the page&lt;/b&gt; or at the&lt;b&gt; bottom&lt;/b&gt; below the products, or it can be disabled entirely, including the category image on the left which comes with custom image dimensions, including fit or fill (crop) options for system images such as products, categories, banners, sliders, etc.&amp;nbsp;&lt;/p&gt;\r\n', 'Shirts', '', '');
INSERT INTO `oc_category_description` (`category_id`, `language_id`, `name`, `description`, `meta_title`, `meta_description`, `meta_keyword`) VALUES ('24', '1', 'Phones &amp; PDAs', '&lt;p&gt;The category description can be positioned here at the &lt;b&gt;top of the page&lt;/b&gt; or at the&lt;b&gt; bottom&lt;/b&gt; below the products, or it can be disabled entirely, including the category image on the left which comes with custom image dimensions, including fit or fill (crop) options for system images such as products, categories, banners, sliders, etc.&amp;nbsp;&lt;/p&gt;\r\n', 'Phones &amp; PDAs', '', '');
INSERT INTO `oc_category_description` (`category_id`, `language_id`, `name`, `description`, `meta_title`, `meta_description`, `meta_keyword`) VALUES ('111', '3', 'Footwear', '&lt;p&gt;The category description can be positioned here at the &lt;b&gt;top of the page&lt;/b&gt; or at the&lt;b&gt; bottom&lt;/b&gt; below the products, or it can be disabled entirely, including the category image on the left which comes with custom image dimensions, including fit or fill (crop) options for system images such as products, categories, banners, sliders, etc.&amp;nbsp;&lt;/p&gt;\r\n', 'Shoes', '', '');
INSERT INTO `oc_category_description` (`category_id`, `language_id`, `name`, `description`, `meta_title`, `meta_description`, `meta_keyword`) VALUES ('27', '3', 'Mac', '&lt;p&gt;The category description can be positioned here at the &lt;b&gt;top of the page&lt;/b&gt; or at the&lt;b&gt; bottom&lt;/b&gt; below the products, or it can be disabled entirely, including the category image on the left which comes with custom image dimensions, including fit or fill (crop) options for system images such as products, categories, banners, sliders, etc.&amp;nbsp;&lt;/p&gt;\r\n', 'Mac', '', '');
INSERT INTO `oc_category_description` (`category_id`, `language_id`, `name`, `description`, `meta_title`, `meta_description`, `meta_keyword`) VALUES ('46', '3', 'Macs', '&lt;p&gt;The category description can be positioned here at the &lt;b&gt;top of the page&lt;/b&gt; or at the&lt;b&gt; bottom&lt;/b&gt; below the products, or it can be disabled entirely, including the category image on the left which comes with custom image dimensions, including fit or fill (crop) options for system images such as products, categories, banners, sliders, etc.&amp;nbsp;&lt;/p&gt;\r\n', 'Macs', '', '');
INSERT INTO `oc_category_description` (`category_id`, `language_id`, `name`, `description`, `meta_title`, `meta_description`, `meta_keyword`) VALUES ('147', '3', 'Casual', '&lt;p&gt;The category description can be positioned here at the &lt;b&gt;top of the page&lt;/b&gt; or at the&lt;b&gt; bottom&lt;/b&gt; below the products, or it can be disabled entirely, including the category image on the left which comes with custom image dimensions, including fit or fill (crop) options for system images such as products, categories, banners, sliders, etc.&amp;nbsp;&lt;/p&gt;\r\n', 'Casual', '', '');
INSERT INTO `oc_category_description` (`category_id`, `language_id`, `name`, `description`, `meta_title`, `meta_description`, `meta_keyword`) VALUES ('35', '3', 'Subcategory', '&lt;p&gt;The category description can be positioned here at the &lt;b&gt;top of the page&lt;/b&gt; or at the&lt;b&gt; bottom&lt;/b&gt; below the products, or it can be disabled entirely, including the category image on the left which comes with custom image dimensions, including fit or fill (crop) options for system images such as products, categories, banners, sliders, etc.&amp;nbsp;&lt;/p&gt;\r\n', 'Subcategory', '', '');
INSERT INTO `oc_category_description` (`category_id`, `language_id`, `name`, `description`, `meta_title`, `meta_description`, `meta_keyword`) VALUES ('34', '3', 'MP3 Players', '&lt;p&gt;The category description can be positioned here at the &lt;b&gt;top of the page&lt;/b&gt; or at the&lt;b&gt; bottom&lt;/b&gt; below the products, or it can be disabled entirely, including the category image on the left which comes with custom image dimensions, including fit or fill (crop) options for system images such as products, categories, banners, sliders, etc.&amp;nbsp;&lt;/p&gt;\r\n', 'MP3 Players', '', '');
INSERT INTO `oc_category_description` (`category_id`, `language_id`, `name`, `description`, `meta_title`, `meta_description`, `meta_keyword`) VALUES ('18', '3', 'Laptops &amp; Notebooks', '&lt;p&gt;The category description can be positioned here at the &lt;b&gt;top of the page&lt;/b&gt; or at the&lt;b&gt; bottom&lt;/b&gt; below the products, or it can be disabled entirely, including the category image on the left which comes with custom image dimensions, including fit or fill (crop) options for system images such as products, categories, banners, sliders, etc.&amp;nbsp;&lt;/p&gt;\r\n', 'Laptops &amp; Notebooks', '', '');
INSERT INTO `oc_category_description` (`category_id`, `language_id`, `name`, `description`, `meta_title`, `meta_description`, `meta_keyword`) VALUES ('45', '3', 'Windows', '&lt;p&gt;The category description can be positioned here at the &lt;b&gt;top of the page&lt;/b&gt; or at the&lt;b&gt; bottom&lt;/b&gt; below the products, or it can be disabled entirely, including the category image on the left which comes with custom image dimensions, including fit or fill (crop) options for system images such as products, categories, banners, sliders, etc.&amp;nbsp;&lt;/p&gt;\r\n', 'Windows', '', '');
INSERT INTO `oc_category_description` (`category_id`, `language_id`, `name`, `description`, `meta_title`, `meta_description`, `meta_keyword`) VALUES ('31', '3', 'Scanners', '&lt;p&gt;The category description can be positioned here at the &lt;b&gt;top of the page&lt;/b&gt; or at the&lt;b&gt; bottom&lt;/b&gt; below the products, or it can be disabled entirely, including the category image on the left which comes with custom image dimensions, including fit or fill (crop) options for system images such as products, categories, banners, sliders, etc.&amp;nbsp;&lt;/p&gt;\r\n', 'Scanners', '', '');
INSERT INTO `oc_category_description` (`category_id`, `language_id`, `name`, `description`, `meta_title`, `meta_description`, `meta_keyword`) VALUES ('30', '3', 'Printers', '&lt;p&gt;The category description can be positioned here at the &lt;b&gt;top of the page&lt;/b&gt; or at the&lt;b&gt; bottom&lt;/b&gt; below the products, or it can be disabled entirely, including the category image on the left which comes with custom image dimensions, including fit or fill (crop) options for system images such as products, categories, banners, sliders, etc.&amp;nbsp;&lt;/p&gt;\r\n', 'Printers', '', '');
INSERT INTO `oc_category_description` (`category_id`, `language_id`, `name`, `description`, `meta_title`, `meta_description`, `meta_keyword`) VALUES ('26', '3', 'PC', '&lt;p&gt;The category description can be positioned here at the &lt;b&gt;top of the page&lt;/b&gt; or at the&lt;b&gt; bottom&lt;/b&gt; below the products, or it can be disabled entirely, including the category image on the left which comes with custom image dimensions, including fit or fill (crop) options for system images such as products, categories, banners, sliders, etc.&amp;nbsp;&lt;/p&gt;\r\n', 'PC', '', '');
INSERT INTO `oc_category_description` (`category_id`, `language_id`, `name`, `description`, `meta_title`, `meta_description`, `meta_keyword`) VALUES ('20', '3', 'Desktops', '&lt;p&gt;The category description can be positioned here at the &lt;b&gt;top of the page&lt;/b&gt; or at the&lt;b&gt; bottom&lt;/b&gt; below the products, or it can be disabled entirely, including the category image on the left which comes with custom image dimensions, including fit or fill (crop) options for system images such as products, categories, banners, sliders, etc.&amp;nbsp;&lt;/p&gt;\r\n', 'Desktops', 'Example of category description', '');
INSERT INTO `oc_category_description` (`category_id`, `language_id`, `name`, `description`, `meta_title`, `meta_description`, `meta_keyword`) VALUES ('32', '3', 'Web Cameras', '&lt;p&gt;The category description can be positioned here at the &lt;b&gt;top of the page&lt;/b&gt; or at the&lt;b&gt; bottom&lt;/b&gt; below the products, or it can be disabled entirely, including the category image on the left which comes with custom image dimensions, including fit or fill (crop) options for system images such as products, categories, banners, sliders, etc.&amp;nbsp;&lt;/p&gt;\r\n', 'Web Cameras', '', '');
INSERT INTO `oc_category_description` (`category_id`, `language_id`, `name`, `description`, `meta_title`, `meta_description`, `meta_keyword`) VALUES ('28', '3', 'Monitors', '&lt;p&gt;The category description can be positioned here at the &lt;b&gt;top of the page&lt;/b&gt; or at the&lt;b&gt; bottom&lt;/b&gt; below the products, or it can be disabled entirely, including the category image on the left which comes with custom image dimensions, including fit or fill (crop) options for system images such as products, categories, banners, sliders, etc.&amp;nbsp;&lt;/p&gt;\r\n', 'Monitors', '', '');
INSERT INTO `oc_category_description` (`category_id`, `language_id`, `name`, `description`, `meta_title`, `meta_description`, `meta_keyword`) VALUES ('113', '1', 'Pants', '&lt;p&gt;The category description can be positioned here at the &lt;b&gt;top of the page&lt;/b&gt; or at the&lt;b&gt; bottom&lt;/b&gt; below the products, or it can be disabled entirely, including the category image on the left which comes with custom image dimensions, including fit or fill (crop) options for system images such as products, categories, banners, sliders, etc.&amp;nbsp;&lt;/p&gt;\r\n', 'Pants', '', '');
INSERT INTO `oc_category_description` (`category_id`, `language_id`, `name`, `description`, `meta_title`, `meta_description`, `meta_keyword`) VALUES ('175', '2', 'Home', '&lt;p&gt;The category description can be positioned here at the &lt;b&gt;top of the page&lt;/b&gt; or at the&lt;b&gt; bottom&lt;/b&gt; below the products, or it can be disabled entirely, including the category image on the left which comes with custom image dimensions, including fit or fill (crop) options for system images such as products, categories, banners, sliders, etc.&amp;nbsp;&lt;/p&gt;\r\n', 'Furniture', '', '');
INSERT INTO `oc_category_description` (`category_id`, `language_id`, `name`, `description`, `meta_title`, `meta_description`, `meta_keyword`) VALUES ('109', '2', 'Health &amp; Beauty', '&lt;p&gt;The category description can be positioned here at the &lt;b&gt;top of the page&lt;/b&gt; or at the&lt;b&gt; bottom&lt;/b&gt; below the products, or it can be disabled entirely, including the category image on the left which comes with custom image dimensions, including fit or fill (crop) options for system images such as products, categories, banners, sliders, etc.&amp;nbsp;&lt;/p&gt;\r\n', 'Beauty', '', '');
INSERT INTO `oc_category_description` (`category_id`, `language_id`, `name`, `description`, `meta_title`, `meta_description`, `meta_keyword`) VALUES ('151', '1', 'Scarves', '&lt;p&gt;The category description can be positioned here at the &lt;b&gt;top of the page&lt;/b&gt; or at the&lt;b&gt; bottom&lt;/b&gt; below the products, or it can be disabled entirely, including the category image on the left which comes with custom image dimensions, including fit or fill (crop) options for system images such as products, categories, banners, sliders, etc.&amp;nbsp;&lt;/p&gt;\r\n', 'Scarves', '', '');
INSERT INTO `oc_category_description` (`category_id`, `language_id`, `name`, `description`, `meta_title`, `meta_description`, `meta_keyword`) VALUES ('218', '2', 'Bath', '&lt;p&gt;The category description can be positioned here at the &lt;b&gt;top of the page&lt;/b&gt; or at the&lt;b&gt; bottom&lt;/b&gt; below the products, or it can be disabled entirely, including the category image on the left which comes with custom image dimensions, including fit or fill (crop) options for system images such as products, categories, banners, sliders, etc.&amp;nbsp;&lt;/p&gt;\r\n', 'bath', '', '');
INSERT INTO `oc_category_description` (`category_id`, `language_id`, `name`, `description`, `meta_title`, `meta_description`, `meta_keyword`) VALUES ('153', '1', 'Sunglasses', '&lt;p&gt;The category description can be positioned here at the &lt;b&gt;top of the page&lt;/b&gt; or at the&lt;b&gt; bottom&lt;/b&gt; below the products, or it can be disabled entirely, including the category image on the left which comes with custom image dimensions, including fit or fill (crop) options for system images such as products, categories, banners, sliders, etc.&amp;nbsp;&lt;/p&gt;\r\n', 'Sunglasses', '', '');
INSERT INTO `oc_category_description` (`category_id`, `language_id`, `name`, `description`, `meta_title`, `meta_description`, `meta_keyword`) VALUES ('199', '2', 'Lotus', '&lt;p&gt;The category description can be positioned here at the &lt;b&gt;top of the page&lt;/b&gt; or at the&lt;b&gt; bottom&lt;/b&gt; below the products, or it can be disabled entirely, including the category image on the left which comes with custom image dimensions, including fit or fill (crop) options for system images such as products, categories, banners, sliders, etc.&amp;nbsp;&lt;/p&gt;\r\n', 'Lotus', '', '');
INSERT INTO `oc_category_description` (`category_id`, `language_id`, `name`, `description`, `meta_title`, `meta_description`, `meta_keyword`) VALUES ('217', '2', 'Diepers', '&lt;p&gt;The category description can be positioned here at the &lt;b&gt;top of the page&lt;/b&gt; or at the&lt;b&gt; bottom&lt;/b&gt; below the products, or it can be disabled entirely, including the category image on the left which comes with custom image dimensions, including fit or fill (crop) options for system images such as products, categories, banners, sliders, etc.&amp;nbsp;&lt;/p&gt;\r\n', 'diapers', '', '');
INSERT INTO `oc_category_description` (`category_id`, `language_id`, `name`, `description`, `meta_title`, `meta_description`, `meta_keyword`) VALUES ('156', '1', 'Breakfast', '&lt;p&gt;The category description can be positioned here at the &lt;b&gt;top of the page&lt;/b&gt; or at the&lt;b&gt; bottom&lt;/b&gt; below the products, or it can be disabled entirely, including the category image on the left which comes with custom image dimensions, including fit or fill (crop) options for system images such as products, categories, banners, sliders, etc.&amp;nbsp;&lt;/p&gt;\r\n', 'Breakfast', '', '');
INSERT INTO `oc_category_description` (`category_id`, `language_id`, `name`, `description`, `meta_title`, `meta_description`, `meta_keyword`) VALUES ('198', '2', 'Mixed Bouquets', '&lt;p&gt;The category description can be positioned here at the &lt;b&gt;top of the page&lt;/b&gt; or at the&lt;b&gt; bottom&lt;/b&gt; below the products, or it can be disabled entirely, including the category image on the left which comes with custom image dimensions, including fit or fill (crop) options for system images such as products, categories, banners, sliders, etc.&amp;nbsp;&lt;/p&gt;\r\n', 'Mixed Bouquets', '', '');
INSERT INTO `oc_category_description` (`category_id`, `language_id`, `name`, `description`, `meta_title`, `meta_description`, `meta_keyword`) VALUES ('197', '2', 'Sunflowers', '&lt;p&gt;The category description can be positioned here at the &lt;b&gt;top of the page&lt;/b&gt; or at the&lt;b&gt; bottom&lt;/b&gt; below the products, or it can be disabled entirely, including the category image on the left which comes with custom image dimensions, including fit or fill (crop) options for system images such as products, categories, banners, sliders, etc.&amp;nbsp;&lt;/p&gt;\r\n', 'Sunflowers', '', '');
INSERT INTO `oc_category_description` (`category_id`, `language_id`, `name`, `description`, `meta_title`, `meta_description`, `meta_keyword`) VALUES ('157', '1', 'Dessert', '&lt;p&gt;The category description can be positioned here at the &lt;b&gt;top of the page&lt;/b&gt; or at the&lt;b&gt; bottom&lt;/b&gt; below the products, or it can be disabled entirely, including the category image on the left which comes with custom image dimensions, including fit or fill (crop) options for system images such as products, categories, banners, sliders, etc.&amp;nbsp;&lt;/p&gt;\r\n', 'Dessert', '', '');
INSERT INTO `oc_category_description` (`category_id`, `language_id`, `name`, `description`, `meta_title`, `meta_description`, `meta_keyword`) VALUES ('165', '2', 'Backpacks', '&lt;p&gt;The category description can be positioned here at the &lt;b&gt;top of the page&lt;/b&gt; or at the&lt;b&gt; bottom&lt;/b&gt; below the products, or it can be disabled entirely, including the category image on the left which comes with custom image dimensions, including fit or fill (crop) options for system images such as products, categories, banners, sliders, etc.&amp;nbsp;&lt;/p&gt;\r\n', 'Backpacks', '', '');
INSERT INTO `oc_category_description` (`category_id`, `language_id`, `name`, `description`, `meta_title`, `meta_description`, `meta_keyword`) VALUES ('215', '2', 'Flip Flops', '&lt;p&gt;The category description can be positioned here at the &lt;b&gt;top of the page&lt;/b&gt; or at the&lt;b&gt; bottom&lt;/b&gt; below the products, or it can be disabled entirely, including the category image on the left which comes with custom image dimensions, including fit or fill (crop) options for system images such as products, categories, banners, sliders, etc.&amp;nbsp;&lt;/p&gt;\r\n', 'flips', '', '');
INSERT INTO `oc_category_description` (`category_id`, `language_id`, `name`, `description`, `meta_title`, `meta_description`, `meta_keyword`) VALUES ('158', '1', 'Grill', '&lt;p&gt;The category description can be positioned here at the &lt;b&gt;top of the page&lt;/b&gt; or at the&lt;b&gt; bottom&lt;/b&gt; below the products, or it can be disabled entirely, including the category image on the left which comes with custom image dimensions, including fit or fill (crop) options for system images such as products, categories, banners, sliders, etc.&amp;nbsp;&lt;/p&gt;\r\n', 'Grill', '', '');
INSERT INTO `oc_category_description` (`category_id`, `language_id`, `name`, `description`, `meta_title`, `meta_description`, `meta_keyword`) VALUES ('196', '2', 'Flowers', '&lt;p&gt;The category description can be positioned here at the &lt;b&gt;top of the page&lt;/b&gt; or at the&lt;b&gt; bottom&lt;/b&gt; below the products, or it can be disabled entirely, including the category image on the left which comes with custom image dimensions, including fit or fill (crop) options for system images such as products, categories, banners, sliders, etc.&amp;nbsp;&lt;/p&gt;\r\n', 'Flowers', '', '');
INSERT INTO `oc_category_description` (`category_id`, `language_id`, `name`, `description`, `meta_title`, `meta_description`, `meta_keyword`) VALUES ('159', '1', 'Pasta', '&lt;p&gt;The category description can be positioned here at the &lt;b&gt;top of the page&lt;/b&gt; or at the&lt;b&gt; bottom&lt;/b&gt; below the products, or it can be disabled entirely, including the category image on the left which comes with custom image dimensions, including fit or fill (crop) options for system images such as products, categories, banners, sliders, etc.&amp;nbsp;&lt;/p&gt;\r\n', 'Pasta', '', '');
INSERT INTO `oc_category_description` (`category_id`, `language_id`, `name`, `description`, `meta_title`, `meta_description`, `meta_keyword`) VALUES ('105', '2', 'Accesories', '&lt;p&gt;The category description can be positioned here at the &lt;b&gt;top of the page&lt;/b&gt; or at the&lt;b&gt; bottom&lt;/b&gt; below the products, or it can be disabled entirely, including the category image on the left which comes with custom image dimensions, including fit or fill (crop) options for system images such as products, categories, banners, sliders, etc.&amp;nbsp;&lt;/p&gt;\r\n', 'Accesories', '', '');
INSERT INTO `oc_category_description` (`category_id`, `language_id`, `name`, `description`, `meta_title`, `meta_description`, `meta_keyword`) VALUES ('160', '1', 'Pizza', '&lt;p&gt;The category description can be positioned here at the &lt;b&gt;top of the page&lt;/b&gt; or at the&lt;b&gt; bottom&lt;/b&gt; below the products, or it can be disabled entirely, including the category image on the left which comes with custom image dimensions, including fit or fill (crop) options for system images such as products, categories, banners, sliders, etc.&amp;nbsp;&lt;/p&gt;\r\n', 'Pizza', '', '');
INSERT INTO `oc_category_description` (`category_id`, `language_id`, `name`, `description`, `meta_title`, `meta_description`, `meta_keyword`) VALUES ('131', '2', 'Trainers', '&lt;p&gt;The category description can be positioned here at the &lt;b&gt;top of the page&lt;/b&gt; or at the&lt;b&gt; bottom&lt;/b&gt; below the products, or it can be disabled entirely, including the category image on the left which comes with custom image dimensions, including fit or fill (crop) options for system images such as products, categories, banners, sliders, etc.&amp;nbsp;&lt;/p&gt;\r\n', 'Trainers', '', '');
INSERT INTO `oc_category_description` (`category_id`, `language_id`, `name`, `description`, `meta_title`, `meta_description`, `meta_keyword`) VALUES ('134', '2', 'Running', '&lt;p&gt;The category description can be positioned here at the &lt;b&gt;top of the page&lt;/b&gt; or at the&lt;b&gt; bottom&lt;/b&gt; below the products, or it can be disabled entirely, including the category image on the left which comes with custom image dimensions, including fit or fill (crop) options for system images such as products, categories, banners, sliders, etc.&amp;nbsp;&lt;/p&gt;\r\n', 'Running', '', '');
INSERT INTO `oc_category_description` (`category_id`, `language_id`, `name`, `description`, `meta_title`, `meta_description`, `meta_keyword`) VALUES ('161', '1', 'Salads', '&lt;p&gt;The category description can be positioned here at the &lt;b&gt;top of the page&lt;/b&gt; or at the&lt;b&gt; bottom&lt;/b&gt; below the products, or it can be disabled entirely, including the category image on the left which comes with custom image dimensions, including fit or fill (crop) options for system images such as products, categories, banners, sliders, etc.&amp;nbsp;&lt;/p&gt;\r\n', 'Salads', '', '');
INSERT INTO `oc_category_description` (`category_id`, `language_id`, `name`, `description`, `meta_title`, `meta_description`, `meta_keyword`) VALUES ('59', '2', 'Fashion', '&lt;p&gt;The category description can be positioned here at the &lt;b&gt;top of the page&lt;/b&gt; or at the&lt;b&gt; bottom&lt;/b&gt; below the products, or it can be disabled entirely, including the category image on the left which comes with custom image dimensions, including fit or fill (crop) options for system images such as products, categories, banners, sliders, etc.&amp;nbsp;&lt;/p&gt;\r\n', 'Fashion', '', '');
INSERT INTO `oc_category_description` (`category_id`, `language_id`, `name`, `description`, `meta_title`, `meta_description`, `meta_keyword`) VALUES ('163', '1', 'Sushi', '&lt;p&gt;The category description can be positioned here at the &lt;b&gt;top of the page&lt;/b&gt; or at the&lt;b&gt; bottom&lt;/b&gt; below the products, or it can be disabled entirely, including the category image on the left which comes with custom image dimensions, including fit or fill (crop) options for system images such as products, categories, banners, sliders, etc.&amp;nbsp;&lt;/p&gt;\r\n', 'Sushi', '', '');
INSERT INTO `oc_category_description` (`category_id`, `language_id`, `name`, `description`, `meta_title`, `meta_description`, `meta_keyword`) VALUES ('211', '2', 'Toasters', '&lt;p&gt;The category description can be positioned here at the &lt;b&gt;top of the page&lt;/b&gt; or at the&lt;b&gt; bottom&lt;/b&gt; below the products, or it can be disabled entirely, including the category image on the left which comes with custom image dimensions, including fit or fill (crop) options for system images such as products, categories, banners, sliders, etc.&amp;nbsp;&lt;/p&gt;\r\n', 'Toasters', '', '');
INSERT INTO `oc_category_description` (`category_id`, `language_id`, `name`, `description`, `meta_title`, `meta_description`, `meta_keyword`) VALUES ('213', '2', 'Accessories', '&lt;p&gt;The category description can be positioned here at the &lt;b&gt;top of the page&lt;/b&gt; or at the&lt;b&gt; bottom&lt;/b&gt; below the products, or it can be disabled entirely, including the category image on the left which comes with custom image dimensions, including fit or fill (crop) options for system images such as products, categories, banners, sliders, etc.&amp;nbsp;&lt;/p&gt;\r\n', 'Accessories', '', '');
INSERT INTO `oc_category_description` (`category_id`, `language_id`, `name`, `description`, `meta_title`, `meta_description`, `meta_keyword`) VALUES ('112', '2', 'T-Shirts', '&lt;p&gt;The category description can be positioned here at the &lt;b&gt;top of the page&lt;/b&gt; or at the&lt;b&gt; bottom&lt;/b&gt; below the products, or it can be disabled entirely, including the category image on the left which comes with custom image dimensions, including fit or fill (crop) options for system images such as products, categories, banners, sliders, etc.&amp;nbsp;&lt;/p&gt;\r\n', 'TShirts', '', '');
INSERT INTO `oc_category_description` (`category_id`, `language_id`, `name`, `description`, `meta_title`, `meta_description`, `meta_keyword`) VALUES ('214', '2', 'Shoes', '&lt;p&gt;The category description can be positioned here at the &lt;b&gt;top of the page&lt;/b&gt; or at the&lt;b&gt; bottom&lt;/b&gt; below the products, or it can be disabled entirely, including the category image on the left which comes with custom image dimensions, including fit or fill (crop) options for system images such as products, categories, banners, sliders, etc.&amp;nbsp;&lt;/p&gt;\r\n', 'shoes', '', '');
INSERT INTO `oc_category_description` (`category_id`, `language_id`, `name`, `description`, `meta_title`, `meta_description`, `meta_keyword`) VALUES ('210', '2', 'Kettles', '&lt;p&gt;The category description can be positioned here at the &lt;b&gt;top of the page&lt;/b&gt; or at the&lt;b&gt; bottom&lt;/b&gt; below the products, or it can be disabled entirely, including the category image on the left which comes with custom image dimensions, including fit or fill (crop) options for system images such as products, categories, banners, sliders, etc.&amp;nbsp;&lt;/p&gt;\r\n', 'Washers', '', '');
INSERT INTO `oc_category_description` (`category_id`, `language_id`, `name`, `description`, `meta_title`, `meta_description`, `meta_keyword`) VALUES ('152', '1', 'Belts', '&lt;p&gt;The category description can be positioned here at the &lt;b&gt;top of the page&lt;/b&gt; or at the&lt;b&gt; bottom&lt;/b&gt; below the products, or it can be disabled entirely, including the category image on the left which comes with custom image dimensions, including fit or fill (crop) options for system images such as products, categories, banners, sliders, etc.&amp;nbsp;&lt;/p&gt;\r\n', 'Belts', '', '');
INSERT INTO `oc_category_description` (`category_id`, `language_id`, `name`, `description`, `meta_title`, `meta_description`, `meta_keyword`) VALUES ('208', '2', 'Irons', '&lt;p&gt;The category description can be positioned here at the &lt;b&gt;top of the page&lt;/b&gt; or at the&lt;b&gt; bottom&lt;/b&gt; below the products, or it can be disabled entirely, including the category image on the left which comes with custom image dimensions, including fit or fill (crop) options for system images such as products, categories, banners, sliders, etc.&amp;nbsp;&lt;/p&gt;\r\n', 'Dishwashers', '', '');
INSERT INTO `oc_category_description` (`category_id`, `language_id`, `name`, `description`, `meta_title`, `meta_description`, `meta_keyword`) VALUES ('166', '1', 'Baby &amp; Kids', '&lt;p&gt;The category description can be positioned here at the &lt;b&gt;top of the page&lt;/b&gt; or at the&lt;b&gt; bottom&lt;/b&gt; below the products, or it can be disabled entirely, including the category image on the left which comes with custom image dimensions, including fit or fill (crop) options for system images such as products, categories, banners, sliders, etc.&amp;nbsp;&lt;/p&gt;\r\n', 'Baby &amp; Kids', '', '');
INSERT INTO `oc_category_description` (`category_id`, `language_id`, `name`, `description`, `meta_title`, `meta_description`, `meta_keyword`) VALUES ('206', '2', 'Refrigerators', '&lt;p&gt;The category description can be positioned here at the &lt;b&gt;top of the page&lt;/b&gt; or at the&lt;b&gt; bottom&lt;/b&gt; below the products, or it can be disabled entirely, including the category image on the left which comes with custom image dimensions, including fit or fill (crop) options for system images such as products, categories, banners, sliders, etc.&amp;nbsp;&lt;/p&gt;\r\n', 'Refrigerators', '', '');
INSERT INTO `oc_category_description` (`category_id`, `language_id`, `name`, `description`, `meta_title`, `meta_description`, `meta_keyword`) VALUES ('207', '2', 'Microwaves', '&lt;p&gt;The category description can be positioned here at the &lt;b&gt;top of the page&lt;/b&gt; or at the&lt;b&gt; bottom&lt;/b&gt; below the products, or it can be disabled entirely, including the category image on the left which comes with custom image dimensions, including fit or fill (crop) options for system images such as products, categories, banners, sliders, etc.&amp;nbsp;&lt;/p&gt;\r\n', 'Microwaves', '', '');
INSERT INTO `oc_category_description` (`category_id`, `language_id`, `name`, `description`, `meta_title`, `meta_description`, `meta_keyword`) VALUES ('167', '1', 'Fashion', '&lt;p&gt;The category description can be positioned here at the &lt;b&gt;top of the page&lt;/b&gt; or at the&lt;b&gt; bottom&lt;/b&gt; below the products, or it can be disabled entirely, including the category image on the left which comes with custom image dimensions, including fit or fill (crop) options for system images such as products, categories, banners, sliders, etc.&amp;nbsp;&lt;/p&gt;\r\n', 'Fashion', '', '');
INSERT INTO `oc_category_description` (`category_id`, `language_id`, `name`, `description`, `meta_title`, `meta_description`, `meta_keyword`) VALUES ('204', '2', 'Roses', '&lt;p&gt;The category description can be positioned here at the &lt;b&gt;top of the page&lt;/b&gt; or at the&lt;b&gt; bottom&lt;/b&gt; below the products, or it can be disabled entirely, including the category image on the left which comes with custom image dimensions, including fit or fill (crop) options for system images such as products, categories, banners, sliders, etc.&amp;nbsp;&lt;/p&gt;\r\n', 'Roses', '', '');
INSERT INTO `oc_category_description` (`category_id`, `language_id`, `name`, `description`, `meta_title`, `meta_description`, `meta_keyword`) VALUES ('168', '1', 'Boys', '&lt;p&gt;The category description can be positioned here at the &lt;b&gt;top of the page&lt;/b&gt; or at the&lt;b&gt; bottom&lt;/b&gt; below the products, or it can be disabled entirely, including the category image on the left which comes with custom image dimensions, including fit or fill (crop) options for system images such as products, categories, banners, sliders, etc.&amp;nbsp;&lt;/p&gt;\r\n', 'Boys', '', '');
INSERT INTO `oc_category_description` (`category_id`, `language_id`, `name`, `description`, `meta_title`, `meta_description`, `meta_keyword`) VALUES ('216', '2', 'Makeup', '&lt;p&gt;The category description can be positioned here at the &lt;b&gt;top of the page&lt;/b&gt; or at the&lt;b&gt; bottom&lt;/b&gt; below the products, or it can be disabled entirely, including the category image on the left which comes with custom image dimensions, including fit or fill (crop) options for system images such as products, categories, banners, sliders, etc.&amp;nbsp;&lt;/p&gt;\r\n', 'makeup', '', '');
INSERT INTO `oc_category_description` (`category_id`, `language_id`, `name`, `description`, `meta_title`, `meta_description`, `meta_keyword`) VALUES ('203', '2', 'Tulips', '&lt;p&gt;The category description can be positioned here at the &lt;b&gt;top of the page&lt;/b&gt; or at the&lt;b&gt; bottom&lt;/b&gt; below the products, or it can be disabled entirely, including the category image on the left which comes with custom image dimensions, including fit or fill (crop) options for system images such as products, categories, banners, sliders, etc.&amp;nbsp;&lt;/p&gt;\r\n', 'Tulips', '', '');
INSERT INTO `oc_category_description` (`category_id`, `language_id`, `name`, `description`, `meta_title`, `meta_description`, `meta_keyword`) VALUES ('169', '1', 'Girls', '&lt;p&gt;The category description can be positioned here at the &lt;b&gt;top of the page&lt;/b&gt; or at the&lt;b&gt; bottom&lt;/b&gt; below the products, or it can be disabled entirely, including the category image on the left which comes with custom image dimensions, including fit or fill (crop) options for system images such as products, categories, banners, sliders, etc.&amp;nbsp;&lt;/p&gt;\r\n', 'Girls', '', '');
INSERT INTO `oc_category_description` (`category_id`, `language_id`, `name`, `description`, `meta_title`, `meta_description`, `meta_keyword`) VALUES ('200', '2', 'Orchids', '&lt;p&gt;The category description can be positioned here at the &lt;b&gt;top of the page&lt;/b&gt; or at the&lt;b&gt; bottom&lt;/b&gt; below the products, or it can be disabled entirely, including the category image on the left which comes with custom image dimensions, including fit or fill (crop) options for system images such as products, categories, banners, sliders, etc.&amp;nbsp;&lt;/p&gt;\r\n', 'Orchids', '', '');
INSERT INTO `oc_category_description` (`category_id`, `language_id`, `name`, `description`, `meta_title`, `meta_description`, `meta_keyword`) VALUES ('170', '1', 'Toys', '&lt;p&gt;The category description can be positioned here at the &lt;b&gt;top of the page&lt;/b&gt; or at the&lt;b&gt; bottom&lt;/b&gt; below the products, or it can be disabled entirely, including the category image on the left which comes with custom image dimensions, including fit or fill (crop) options for system images such as products, categories, banners, sliders, etc.&amp;nbsp;&lt;/p&gt;\r\n', 'Toys', '', '');
INSERT INTO `oc_category_description` (`category_id`, `language_id`, `name`, `description`, `meta_title`, `meta_description`, `meta_keyword`) VALUES ('192', '2', 'Flowers', '&lt;p&gt;The category description can be positioned here at the &lt;b&gt;top of the page&lt;/b&gt; or at the&lt;b&gt; bottom&lt;/b&gt; below the products, or it can be disabled entirely, including the category image on the left which comes with custom image dimensions, including fit or fill (crop) options for system images such as products, categories, banners, sliders, etc.&amp;nbsp;&lt;/p&gt;\r\n', 'Flowers', '', '');
INSERT INTO `oc_category_description` (`category_id`, `language_id`, `name`, `description`, `meta_title`, `meta_description`, `meta_keyword`) VALUES ('193', '2', 'Plants', '&lt;p&gt;The category description can be positioned here at the &lt;b&gt;top of the page&lt;/b&gt; or at the&lt;b&gt; bottom&lt;/b&gt; below the products, or it can be disabled entirely, including the category image on the left which comes with custom image dimensions, including fit or fill (crop) options for system images such as products, categories, banners, sliders, etc.&amp;nbsp;&lt;/p&gt;\r\n', 'Plants', '', '');
INSERT INTO `oc_category_description` (`category_id`, `language_id`, `name`, `description`, `meta_title`, `meta_description`, `meta_keyword`) VALUES ('171', '1', 'Baby Care', '&lt;p&gt;The category description can be positioned here at the &lt;b&gt;top of the page&lt;/b&gt; or at the&lt;b&gt; bottom&lt;/b&gt; below the products, or it can be disabled entirely, including the category image on the left which comes with custom image dimensions, including fit or fill (crop) options for system images such as products, categories, banners, sliders, etc.&amp;nbsp;&lt;/p&gt;\r\n', 'Baby Care', '', '');
INSERT INTO `oc_category_description` (`category_id`, `language_id`, `name`, `description`, `meta_title`, `meta_description`, `meta_keyword`) VALUES ('195', '2', 'Tools', '&lt;p&gt;The category description can be positioned here at the &lt;b&gt;top of the page&lt;/b&gt; or at the&lt;b&gt; bottom&lt;/b&gt; below the products, or it can be disabled entirely, including the category image on the left which comes with custom image dimensions, including fit or fill (crop) options for system images such as products, categories, banners, sliders, etc.&amp;nbsp;&lt;/p&gt;\r\n', 'Tools', '', '');
INSERT INTO `oc_category_description` (`category_id`, `language_id`, `name`, `description`, `meta_title`, `meta_description`, `meta_keyword`) VALUES ('194', '2', 'Seeds', '&lt;p&gt;The category description can be positioned here at the &lt;b&gt;top of the page&lt;/b&gt; or at the&lt;b&gt; bottom&lt;/b&gt; below the products, or it can be disabled entirely, including the category image on the left which comes with custom image dimensions, including fit or fill (crop) options for system images such as products, categories, banners, sliders, etc.&amp;nbsp;&lt;/p&gt;\r\n', 'Seeds', '', '');
INSERT INTO `oc_category_description` (`category_id`, `language_id`, `name`, `description`, `meta_title`, `meta_description`, `meta_keyword`) VALUES ('172', '1', 'Diapers', '&lt;p&gt;The category description can be positioned here at the &lt;b&gt;top of the page&lt;/b&gt; or at the&lt;b&gt; bottom&lt;/b&gt; below the products, or it can be disabled entirely, including the category image on the left which comes with custom image dimensions, including fit or fill (crop) options for system images such as products, categories, banners, sliders, etc.&amp;nbsp;&lt;/p&gt;\r\n', 'Diapers', '', '');
INSERT INTO `oc_category_description` (`category_id`, `language_id`, `name`, `description`, `meta_title`, `meta_description`, `meta_keyword`) VALUES ('191', '2', 'Garden', '&lt;p&gt;The category description can be positioned here at the &lt;b&gt;top of the page&lt;/b&gt; or at the&lt;b&gt; bottom&lt;/b&gt; below the products, or it can be disabled entirely, including the category image on the left which comes with custom image dimensions, including fit or fill (crop) options for system images such as products, categories, banners, sliders, etc.&amp;nbsp;&lt;/p&gt;\r\n', 'Garden', '', '');
INSERT INTO `oc_category_description` (`category_id`, `language_id`, `name`, `description`, `meta_title`, `meta_description`, `meta_keyword`) VALUES ('173', '1', 'Wipes', '&lt;p&gt;The category description can be positioned here at the &lt;b&gt;top of the page&lt;/b&gt; or at the&lt;b&gt; bottom&lt;/b&gt; below the products, or it can be disabled entirely, including the category image on the left which comes with custom image dimensions, including fit or fill (crop) options for system images such as products, categories, banners, sliders, etc.&amp;nbsp;&lt;/p&gt;\r\n', 'Wipes', '', '');
INSERT INTO `oc_category_description` (`category_id`, `language_id`, `name`, `description`, `meta_title`, `meta_description`, `meta_keyword`) VALUES ('189', '2', 'Bathroom', '&lt;p&gt;The category description can be positioned here at the &lt;b&gt;top of the page&lt;/b&gt; or at the&lt;b&gt; bottom&lt;/b&gt; below the products, or it can be disabled entirely, including the category image on the left which comes with custom image dimensions, including fit or fill (crop) options for system images such as products, categories, banners, sliders, etc.&amp;nbsp;&lt;/p&gt;\r\n', 'Bathroom', '', '');
INSERT INTO `oc_category_description` (`category_id`, `language_id`, `name`, `description`, `meta_title`, `meta_description`, `meta_keyword`) VALUES ('190', '2', 'Outdoor', '&lt;p&gt;The category description can be positioned here at the &lt;b&gt;top of the page&lt;/b&gt; or at the&lt;b&gt; bottom&lt;/b&gt; below the products, or it can be disabled entirely, including the category image on the left which comes with custom image dimensions, including fit or fill (crop) options for system images such as products, categories, banners, sliders, etc.&amp;nbsp;&lt;/p&gt;\r\n', 'Outdoor', '', '');
INSERT INTO `oc_category_description` (`category_id`, `language_id`, `name`, `description`, `meta_title`, `meta_description`, `meta_keyword`) VALUES ('174', '1', 'Bedding', '&lt;p&gt;The category description can be positioned here at the &lt;b&gt;top of the page&lt;/b&gt; or at the&lt;b&gt; bottom&lt;/b&gt; below the products, or it can be disabled entirely, including the category image on the left which comes with custom image dimensions, including fit or fill (crop) options for system images such as products, categories, banners, sliders, etc.&amp;nbsp;&lt;/p&gt;\r\n', 'Bedding', '', '');
INSERT INTO `oc_category_description` (`category_id`, `language_id`, `name`, `description`, `meta_title`, `meta_description`, `meta_keyword`) VALUES ('188', '2', 'Patio', '&lt;p&gt;The category description can be positioned here at the &lt;b&gt;top of the page&lt;/b&gt; or at the&lt;b&gt; bottom&lt;/b&gt; below the products, or it can be disabled entirely, including the category image on the left which comes with custom image dimensions, including fit or fill (crop) options for system images such as products, categories, banners, sliders, etc.&amp;nbsp;&lt;/p&gt;\r\n', 'patio', '', '');
INSERT INTO `oc_category_description` (`category_id`, `language_id`, `name`, `description`, `meta_title`, `meta_description`, `meta_keyword`) VALUES ('176', '1', 'Living', '&lt;p&gt;The category description can be positioned here at the &lt;b&gt;top of the page&lt;/b&gt; or at the&lt;b&gt; bottom&lt;/b&gt; below the products, or it can be disabled entirely, including the category image on the left which comes with custom image dimensions, including fit or fill (crop) options for system images such as products, categories, banners, sliders, etc.&amp;nbsp;&lt;/p&gt;\r\n', 'Living', '', '');
INSERT INTO `oc_category_description` (`category_id`, `language_id`, `name`, `description`, `meta_title`, `meta_description`, `meta_keyword`) VALUES ('186', '2', 'Dressers', '&lt;p&gt;The category description can be positioned here at the &lt;b&gt;top of the page&lt;/b&gt; or at the&lt;b&gt; bottom&lt;/b&gt; below the products, or it can be disabled entirely, including the category image on the left which comes with custom image dimensions, including fit or fill (crop) options for system images such as products, categories, banners, sliders, etc.&amp;nbsp;&lt;/p&gt;\r\n', 'Dressers', '', '');
INSERT INTO `oc_category_description` (`category_id`, `language_id`, `name`, `description`, `meta_title`, `meta_description`, `meta_keyword`) VALUES ('187', '2', 'Mattresses', '&lt;p&gt;The category description can be positioned here at the &lt;b&gt;top of the page&lt;/b&gt; or at the&lt;b&gt; bottom&lt;/b&gt; below the products, or it can be disabled entirely, including the category image on the left which comes with custom image dimensions, including fit or fill (crop) options for system images such as products, categories, banners, sliders, etc.&amp;nbsp;&lt;/p&gt;\r\n', 'Mattresses', '', '');
INSERT INTO `oc_category_description` (`category_id`, `language_id`, `name`, `description`, `meta_title`, `meta_description`, `meta_keyword`) VALUES ('177', '1', 'Sofas', '&lt;p&gt;The category description can be positioned here at the &lt;b&gt;top of the page&lt;/b&gt; or at the&lt;b&gt; bottom&lt;/b&gt; below the products, or it can be disabled entirely, including the category image on the left which comes with custom image dimensions, including fit or fill (crop) options for system images such as products, categories, banners, sliders, etc.&amp;nbsp;&lt;/p&gt;\r\n', 'Sofas', '', '');
INSERT INTO `oc_category_description` (`category_id`, `language_id`, `name`, `description`, `meta_title`, `meta_description`, `meta_keyword`) VALUES ('185', '2', 'Beds', '&lt;p&gt;The category description can be positioned here at the &lt;b&gt;top of the page&lt;/b&gt; or at the&lt;b&gt; bottom&lt;/b&gt; below the products, or it can be disabled entirely, including the category image on the left which comes with custom image dimensions, including fit or fill (crop) options for system images such as products, categories, banners, sliders, etc.&amp;nbsp;&lt;/p&gt;\r\n', 'Beds', '', '');
INSERT INTO `oc_category_description` (`category_id`, `language_id`, `name`, `description`, `meta_title`, `meta_description`, `meta_keyword`) VALUES ('178', '1', 'Tables', '&lt;p&gt;The category description can be positioned here at the &lt;b&gt;top of the page&lt;/b&gt; or at the&lt;b&gt; bottom&lt;/b&gt; below the products, or it can be disabled entirely, including the category image on the left which comes with custom image dimensions, including fit or fill (crop) options for system images such as products, categories, banners, sliders, etc.&amp;nbsp;&lt;/p&gt;\r\n', 'Tables', '', '');
INSERT INTO `oc_category_description` (`category_id`, `language_id`, `name`, `description`, `meta_title`, `meta_description`, `meta_keyword`) VALUES ('183', '2', 'Bar Stools', '&lt;p&gt;The category description can be positioned here at the &lt;b&gt;top of the page&lt;/b&gt; or at the&lt;b&gt; bottom&lt;/b&gt; below the products, or it can be disabled entirely, including the category image on the left which comes with custom image dimensions, including fit or fill (crop) options for system images such as products, categories, banners, sliders, etc.&amp;nbsp;&lt;/p&gt;\r\n', 'Bar Stools', '', '');
INSERT INTO `oc_category_description` (`category_id`, `language_id`, `name`, `description`, `meta_title`, `meta_description`, `meta_keyword`) VALUES ('184', '2', 'Bedroom', '&lt;p&gt;The category description can be positioned here at the &lt;b&gt;top of the page&lt;/b&gt; or at the&lt;b&gt; bottom&lt;/b&gt; below the products, or it can be disabled entirely, including the category image on the left which comes with custom image dimensions, including fit or fill (crop) options for system images such as products, categories, banners, sliders, etc.&amp;nbsp;&lt;/p&gt;\r\n', 'Bedroom', '', '');
INSERT INTO `oc_category_description` (`category_id`, `language_id`, `name`, `description`, `meta_title`, `meta_description`, `meta_keyword`) VALUES ('179', '1', 'Accesories', '&lt;p&gt;The category description can be positioned here at the &lt;b&gt;top of the page&lt;/b&gt; or at the&lt;b&gt; bottom&lt;/b&gt; below the products, or it can be disabled entirely, including the category image on the left which comes with custom image dimensions, including fit or fill (crop) options for system images such as products, categories, banners, sliders, etc.&amp;nbsp;&lt;/p&gt;\r\n', 'Accesories', '', '');
INSERT INTO `oc_category_description` (`category_id`, `language_id`, `name`, `description`, `meta_title`, `meta_description`, `meta_keyword`) VALUES ('181', '2', 'Tables', '&lt;p&gt;The category description can be positioned here at the &lt;b&gt;top of the page&lt;/b&gt; or at the&lt;b&gt; bottom&lt;/b&gt; below the products, or it can be disabled entirely, including the category image on the left which comes with custom image dimensions, including fit or fill (crop) options for system images such as products, categories, banners, sliders, etc.&amp;nbsp;&lt;/p&gt;\r\n', 'Tables', '', '');
INSERT INTO `oc_category_description` (`category_id`, `language_id`, `name`, `description`, `meta_title`, `meta_description`, `meta_keyword`) VALUES ('182', '2', 'Chairs', '&lt;p&gt;The category description can be positioned here at the &lt;b&gt;top of the page&lt;/b&gt; or at the&lt;b&gt; bottom&lt;/b&gt; below the products, or it can be disabled entirely, including the category image on the left which comes with custom image dimensions, including fit or fill (crop) options for system images such as products, categories, banners, sliders, etc.&amp;nbsp;&lt;/p&gt;\r\n', 'Chairs', '', '');
INSERT INTO `oc_category_description` (`category_id`, `language_id`, `name`, `description`, `meta_title`, `meta_description`, `meta_keyword`) VALUES ('180', '1', 'Kitchen', '&lt;p&gt;The category description can be positioned here at the &lt;b&gt;top of the page&lt;/b&gt; or at the&lt;b&gt; bottom&lt;/b&gt; below the products, or it can be disabled entirely, including the category image on the left which comes with custom image dimensions, including fit or fill (crop) options for system images such as products, categories, banners, sliders, etc.&amp;nbsp;&lt;/p&gt;\r\n', 'Kitchen', '', '');
INSERT INTO `oc_category_description` (`category_id`, `language_id`, `name`, `description`, `meta_title`, `meta_description`, `meta_keyword`) VALUES ('180', '2', 'Kitchen', '&lt;p&gt;The category description can be positioned here at the &lt;b&gt;top of the page&lt;/b&gt; or at the&lt;b&gt; bottom&lt;/b&gt; below the products, or it can be disabled entirely, including the category image on the left which comes with custom image dimensions, including fit or fill (crop) options for system images such as products, categories, banners, sliders, etc.&amp;nbsp;&lt;/p&gt;\r\n', 'Kitchen', '', '');
INSERT INTO `oc_category_description` (`category_id`, `language_id`, `name`, `description`, `meta_title`, `meta_description`, `meta_keyword`) VALUES ('181', '1', 'Tables', '&lt;p&gt;The category description can be positioned here at the &lt;b&gt;top of the page&lt;/b&gt; or at the&lt;b&gt; bottom&lt;/b&gt; below the products, or it can be disabled entirely, including the category image on the left which comes with custom image dimensions, including fit or fill (crop) options for system images such as products, categories, banners, sliders, etc.&amp;nbsp;&lt;/p&gt;\r\n', 'Tables', '', '');
INSERT INTO `oc_category_description` (`category_id`, `language_id`, `name`, `description`, `meta_title`, `meta_description`, `meta_keyword`) VALUES ('178', '2', 'Tables', '&lt;p&gt;The category description can be positioned here at the &lt;b&gt;top of the page&lt;/b&gt; or at the&lt;b&gt; bottom&lt;/b&gt; below the products, or it can be disabled entirely, including the category image on the left which comes with custom image dimensions, including fit or fill (crop) options for system images such as products, categories, banners, sliders, etc.&amp;nbsp;&lt;/p&gt;\r\n', 'Tables', '', '');
INSERT INTO `oc_category_description` (`category_id`, `language_id`, `name`, `description`, `meta_title`, `meta_description`, `meta_keyword`) VALUES ('179', '2', 'Accesories', '&lt;p&gt;The category description can be positioned here at the &lt;b&gt;top of the page&lt;/b&gt; or at the&lt;b&gt; bottom&lt;/b&gt; below the products, or it can be disabled entirely, including the category image on the left which comes with custom image dimensions, including fit or fill (crop) options for system images such as products, categories, banners, sliders, etc.&amp;nbsp;&lt;/p&gt;\r\n', 'Accesories', '', '');
INSERT INTO `oc_category_description` (`category_id`, `language_id`, `name`, `description`, `meta_title`, `meta_description`, `meta_keyword`) VALUES ('182', '1', 'Chairs', '&lt;p&gt;The category description can be positioned here at the &lt;b&gt;top of the page&lt;/b&gt; or at the&lt;b&gt; bottom&lt;/b&gt; below the products, or it can be disabled entirely, including the category image on the left which comes with custom image dimensions, including fit or fill (crop) options for system images such as products, categories, banners, sliders, etc.&amp;nbsp;&lt;/p&gt;\r\n', 'Chairs', '', '');
INSERT INTO `oc_category_description` (`category_id`, `language_id`, `name`, `description`, `meta_title`, `meta_description`, `meta_keyword`) VALUES ('177', '2', 'Sofas', '&lt;p&gt;The category description can be positioned here at the &lt;b&gt;top of the page&lt;/b&gt; or at the&lt;b&gt; bottom&lt;/b&gt; below the products, or it can be disabled entirely, including the category image on the left which comes with custom image dimensions, including fit or fill (crop) options for system images such as products, categories, banners, sliders, etc.&amp;nbsp;&lt;/p&gt;\r\n', 'Sofas', '', '');
INSERT INTO `oc_category_description` (`category_id`, `language_id`, `name`, `description`, `meta_title`, `meta_description`, `meta_keyword`) VALUES ('183', '1', 'Bar Stools', '&lt;p&gt;The category description can be positioned here at the &lt;b&gt;top of the page&lt;/b&gt; or at the&lt;b&gt; bottom&lt;/b&gt; below the products, or it can be disabled entirely, including the category image on the left which comes with custom image dimensions, including fit or fill (crop) options for system images such as products, categories, banners, sliders, etc.&amp;nbsp;&lt;/p&gt;\r\n', 'Bar Stools', '', '');
INSERT INTO `oc_category_description` (`category_id`, `language_id`, `name`, `description`, `meta_title`, `meta_description`, `meta_keyword`) VALUES ('172', '2', 'Diapers', '&lt;p&gt;The category description can be positioned here at the &lt;b&gt;top of the page&lt;/b&gt; or at the&lt;b&gt; bottom&lt;/b&gt; below the products, or it can be disabled entirely, including the category image on the left which comes with custom image dimensions, including fit or fill (crop) options for system images such as products, categories, banners, sliders, etc.&amp;nbsp;&lt;/p&gt;\r\n', 'Diapers', '', '');
INSERT INTO `oc_category_description` (`category_id`, `language_id`, `name`, `description`, `meta_title`, `meta_description`, `meta_keyword`) VALUES ('173', '2', 'Wipes', '&lt;p&gt;The category description can be positioned here at the &lt;b&gt;top of the page&lt;/b&gt; or at the&lt;b&gt; bottom&lt;/b&gt; below the products, or it can be disabled entirely, including the category image on the left which comes with custom image dimensions, including fit or fill (crop) options for system images such as products, categories, banners, sliders, etc.&amp;nbsp;&lt;/p&gt;\r\n', 'Wipes', '', '');
INSERT INTO `oc_category_description` (`category_id`, `language_id`, `name`, `description`, `meta_title`, `meta_description`, `meta_keyword`) VALUES ('184', '1', 'Bedroom', '&lt;p&gt;The category description can be positioned here at the &lt;b&gt;top of the page&lt;/b&gt; or at the&lt;b&gt; bottom&lt;/b&gt; below the products, or it can be disabled entirely, including the category image on the left which comes with custom image dimensions, including fit or fill (crop) options for system images such as products, categories, banners, sliders, etc.&amp;nbsp;&lt;/p&gt;\r\n', 'Bedroom', '', '');
INSERT INTO `oc_category_description` (`category_id`, `language_id`, `name`, `description`, `meta_title`, `meta_description`, `meta_keyword`) VALUES ('176', '2', 'Living', '&lt;p&gt;The category description can be positioned here at the &lt;b&gt;top of the page&lt;/b&gt; or at the&lt;b&gt; bottom&lt;/b&gt; below the products, or it can be disabled entirely, including the category image on the left which comes with custom image dimensions, including fit or fill (crop) options for system images such as products, categories, banners, sliders, etc.&amp;nbsp;&lt;/p&gt;\r\n', 'Living', '', '');
INSERT INTO `oc_category_description` (`category_id`, `language_id`, `name`, `description`, `meta_title`, `meta_description`, `meta_keyword`) VALUES ('174', '2', 'Bedding', '&lt;p&gt;The category description can be positioned here at the &lt;b&gt;top of the page&lt;/b&gt; or at the&lt;b&gt; bottom&lt;/b&gt; below the products, or it can be disabled entirely, including the category image on the left which comes with custom image dimensions, including fit or fill (crop) options for system images such as products, categories, banners, sliders, etc.&amp;nbsp;&lt;/p&gt;\r\n', 'Bedding', '', '');
INSERT INTO `oc_category_description` (`category_id`, `language_id`, `name`, `description`, `meta_title`, `meta_description`, `meta_keyword`) VALUES ('185', '1', 'Beds', '&lt;p&gt;The category description can be positioned here at the &lt;b&gt;top of the page&lt;/b&gt; or at the&lt;b&gt; bottom&lt;/b&gt; below the products, or it can be disabled entirely, including the category image on the left which comes with custom image dimensions, including fit or fill (crop) options for system images such as products, categories, banners, sliders, etc.&amp;nbsp;&lt;/p&gt;\r\n', 'Beds', '', '');
INSERT INTO `oc_category_description` (`category_id`, `language_id`, `name`, `description`, `meta_title`, `meta_description`, `meta_keyword`) VALUES ('171', '2', 'Baby Care', '&lt;p&gt;The category description can be positioned here at the &lt;b&gt;top of the page&lt;/b&gt; or at the&lt;b&gt; bottom&lt;/b&gt; below the products, or it can be disabled entirely, including the category image on the left which comes with custom image dimensions, including fit or fill (crop) options for system images such as products, categories, banners, sliders, etc.&amp;nbsp;&lt;/p&gt;\r\n', 'Baby Care', '', '');
INSERT INTO `oc_category_description` (`category_id`, `language_id`, `name`, `description`, `meta_title`, `meta_description`, `meta_keyword`) VALUES ('186', '1', 'Dressers', '&lt;p&gt;The category description can be positioned here at the &lt;b&gt;top of the page&lt;/b&gt; or at the&lt;b&gt; bottom&lt;/b&gt; below the products, or it can be disabled entirely, including the category image on the left which comes with custom image dimensions, including fit or fill (crop) options for system images such as products, categories, banners, sliders, etc.&amp;nbsp;&lt;/p&gt;\r\n', 'Dressers', '', '');
INSERT INTO `oc_category_description` (`category_id`, `language_id`, `name`, `description`, `meta_title`, `meta_description`, `meta_keyword`) VALUES ('169', '2', 'Girls', '&lt;p&gt;The category description can be positioned here at the &lt;b&gt;top of the page&lt;/b&gt; or at the&lt;b&gt; bottom&lt;/b&gt; below the products, or it can be disabled entirely, including the category image on the left which comes with custom image dimensions, including fit or fill (crop) options for system images such as products, categories, banners, sliders, etc.&amp;nbsp;&lt;/p&gt;\r\n', 'Girls', '', '');
INSERT INTO `oc_category_description` (`category_id`, `language_id`, `name`, `description`, `meta_title`, `meta_description`, `meta_keyword`) VALUES ('170', '2', 'Toys', '&lt;p&gt;The category description can be positioned here at the &lt;b&gt;top of the page&lt;/b&gt; or at the&lt;b&gt; bottom&lt;/b&gt; below the products, or it can be disabled entirely, including the category image on the left which comes with custom image dimensions, including fit or fill (crop) options for system images such as products, categories, banners, sliders, etc.&amp;nbsp;&lt;/p&gt;\r\n', 'Toys', '', '');
INSERT INTO `oc_category_description` (`category_id`, `language_id`, `name`, `description`, `meta_title`, `meta_description`, `meta_keyword`) VALUES ('187', '1', 'Mattresses', '&lt;p&gt;The category description can be positioned here at the &lt;b&gt;top of the page&lt;/b&gt; or at the&lt;b&gt; bottom&lt;/b&gt; below the products, or it can be disabled entirely, including the category image on the left which comes with custom image dimensions, including fit or fill (crop) options for system images such as products, categories, banners, sliders, etc.&amp;nbsp;&lt;/p&gt;\r\n', 'Mattresses', '', '');
INSERT INTO `oc_category_description` (`category_id`, `language_id`, `name`, `description`, `meta_title`, `meta_description`, `meta_keyword`) VALUES ('168', '2', 'Boys', '&lt;p&gt;The category description can be positioned here at the &lt;b&gt;top of the page&lt;/b&gt; or at the&lt;b&gt; bottom&lt;/b&gt; below the products, or it can be disabled entirely, including the category image on the left which comes with custom image dimensions, including fit or fill (crop) options for system images such as products, categories, banners, sliders, etc.&amp;nbsp;&lt;/p&gt;\r\n', 'Boys', '', '');
INSERT INTO `oc_category_description` (`category_id`, `language_id`, `name`, `description`, `meta_title`, `meta_description`, `meta_keyword`) VALUES ('188', '1', 'Patio', '&lt;p&gt;The category description can be positioned here at the &lt;b&gt;top of the page&lt;/b&gt; or at the&lt;b&gt; bottom&lt;/b&gt; below the products, or it can be disabled entirely, including the category image on the left which comes with custom image dimensions, including fit or fill (crop) options for system images such as products, categories, banners, sliders, etc.&amp;nbsp;&lt;/p&gt;\r\n', 'patio', '', '');
INSERT INTO `oc_category_description` (`category_id`, `language_id`, `name`, `description`, `meta_title`, `meta_description`, `meta_keyword`) VALUES ('166', '2', 'Baby &amp; Kids', '&lt;p&gt;The category description can be positioned here at the &lt;b&gt;top of the page&lt;/b&gt; or at the&lt;b&gt; bottom&lt;/b&gt; below the products, or it can be disabled entirely, including the category image on the left which comes with custom image dimensions, including fit or fill (crop) options for system images such as products, categories, banners, sliders, etc.&amp;nbsp;&lt;/p&gt;\r\n', 'Baby &amp; Kids', '', '');
INSERT INTO `oc_category_description` (`category_id`, `language_id`, `name`, `description`, `meta_title`, `meta_description`, `meta_keyword`) VALUES ('167', '2', 'Fashion', '&lt;p&gt;The category description can be positioned here at the &lt;b&gt;top of the page&lt;/b&gt; or at the&lt;b&gt; bottom&lt;/b&gt; below the products, or it can be disabled entirely, including the category image on the left which comes with custom image dimensions, including fit or fill (crop) options for system images such as products, categories, banners, sliders, etc.&amp;nbsp;&lt;/p&gt;\r\n', 'Fashion', '', '');
INSERT INTO `oc_category_description` (`category_id`, `language_id`, `name`, `description`, `meta_title`, `meta_description`, `meta_keyword`) VALUES ('189', '1', 'Bathroom', '&lt;p&gt;The category description can be positioned here at the &lt;b&gt;top of the page&lt;/b&gt; or at the&lt;b&gt; bottom&lt;/b&gt; below the products, or it can be disabled entirely, including the category image on the left which comes with custom image dimensions, including fit or fill (crop) options for system images such as products, categories, banners, sliders, etc.&amp;nbsp;&lt;/p&gt;\r\n', 'Bathroom', '', '');
INSERT INTO `oc_category_description` (`category_id`, `language_id`, `name`, `description`, `meta_title`, `meta_description`, `meta_keyword`) VALUES ('152', '2', 'Belts', '&lt;p&gt;The category description can be positioned here at the &lt;b&gt;top of the page&lt;/b&gt; or at the&lt;b&gt; bottom&lt;/b&gt; below the products, or it can be disabled entirely, including the category image on the left which comes with custom image dimensions, including fit or fill (crop) options for system images such as products, categories, banners, sliders, etc.&amp;nbsp;&lt;/p&gt;\r\n', 'Belts', '', '');
INSERT INTO `oc_category_description` (`category_id`, `language_id`, `name`, `description`, `meta_title`, `meta_description`, `meta_keyword`) VALUES ('190', '1', 'Outdoor', '&lt;p&gt;The category description can be positioned here at the &lt;b&gt;top of the page&lt;/b&gt; or at the&lt;b&gt; bottom&lt;/b&gt; below the products, or it can be disabled entirely, including the category image on the left which comes with custom image dimensions, including fit or fill (crop) options for system images such as products, categories, banners, sliders, etc.&amp;nbsp;&lt;/p&gt;\r\n', 'Outdoor', '', '');
INSERT INTO `oc_category_description` (`category_id`, `language_id`, `name`, `description`, `meta_title`, `meta_description`, `meta_keyword`) VALUES ('161', '2', 'Salads', '&lt;p&gt;The category description can be positioned here at the &lt;b&gt;top of the page&lt;/b&gt; or at the&lt;b&gt; bottom&lt;/b&gt; below the products, or it can be disabled entirely, including the category image on the left which comes with custom image dimensions, including fit or fill (crop) options for system images such as products, categories, banners, sliders, etc.&amp;nbsp;&lt;/p&gt;\r\n', 'Salads', '', '');
INSERT INTO `oc_category_description` (`category_id`, `language_id`, `name`, `description`, `meta_title`, `meta_description`, `meta_keyword`) VALUES ('163', '2', 'Sushi', '&lt;p&gt;The category description can be positioned here at the &lt;b&gt;top of the page&lt;/b&gt; or at the&lt;b&gt; bottom&lt;/b&gt; below the products, or it can be disabled entirely, including the category image on the left which comes with custom image dimensions, including fit or fill (crop) options for system images such as products, categories, banners, sliders, etc.&amp;nbsp;&lt;/p&gt;\r\n', 'Sushi', '', '');
INSERT INTO `oc_category_description` (`category_id`, `language_id`, `name`, `description`, `meta_title`, `meta_description`, `meta_keyword`) VALUES ('191', '1', 'Garden', '&lt;p&gt;The category description can be positioned here at the &lt;b&gt;top of the page&lt;/b&gt; or at the&lt;b&gt; bottom&lt;/b&gt; below the products, or it can be disabled entirely, including the category image on the left which comes with custom image dimensions, including fit or fill (crop) options for system images such as products, categories, banners, sliders, etc.&amp;nbsp;&lt;/p&gt;\r\n', 'Garden', '', '');
INSERT INTO `oc_category_description` (`category_id`, `language_id`, `name`, `description`, `meta_title`, `meta_description`, `meta_keyword`) VALUES ('159', '2', 'Pasta', '&lt;p&gt;The category description can be positioned here at the &lt;b&gt;top of the page&lt;/b&gt; or at the&lt;b&gt; bottom&lt;/b&gt; below the products, or it can be disabled entirely, including the category image on the left which comes with custom image dimensions, including fit or fill (crop) options for system images such as products, categories, banners, sliders, etc.&amp;nbsp;&lt;/p&gt;\r\n', 'Pasta', '', '');
INSERT INTO `oc_category_description` (`category_id`, `language_id`, `name`, `description`, `meta_title`, `meta_description`, `meta_keyword`) VALUES ('160', '2', 'Pizza', '&lt;p&gt;The category description can be positioned here at the &lt;b&gt;top of the page&lt;/b&gt; or at the&lt;b&gt; bottom&lt;/b&gt; below the products, or it can be disabled entirely, including the category image on the left which comes with custom image dimensions, including fit or fill (crop) options for system images such as products, categories, banners, sliders, etc.&amp;nbsp;&lt;/p&gt;\r\n', 'Pizza', '', '');
INSERT INTO `oc_category_description` (`category_id`, `language_id`, `name`, `description`, `meta_title`, `meta_description`, `meta_keyword`) VALUES ('192', '1', 'Flowers', '&lt;p&gt;The category description can be positioned here at the &lt;b&gt;top of the page&lt;/b&gt; or at the&lt;b&gt; bottom&lt;/b&gt; below the products, or it can be disabled entirely, including the category image on the left which comes with custom image dimensions, including fit or fill (crop) options for system images such as products, categories, banners, sliders, etc.&amp;nbsp;&lt;/p&gt;\r\n', 'Flowers', '', '');
INSERT INTO `oc_category_description` (`category_id`, `language_id`, `name`, `description`, `meta_title`, `meta_description`, `meta_keyword`) VALUES ('158', '2', 'Grill', '&lt;p&gt;The category description can be positioned here at the &lt;b&gt;top of the page&lt;/b&gt; or at the&lt;b&gt; bottom&lt;/b&gt; below the products, or it can be disabled entirely, including the category image on the left which comes with custom image dimensions, including fit or fill (crop) options for system images such as products, categories, banners, sliders, etc.&amp;nbsp;&lt;/p&gt;\r\n', 'Grill', '', '');
INSERT INTO `oc_category_description` (`category_id`, `language_id`, `name`, `description`, `meta_title`, `meta_description`, `meta_keyword`) VALUES ('193', '1', 'Plants', '&lt;p&gt;The category description can be positioned here at the &lt;b&gt;top of the page&lt;/b&gt; or at the&lt;b&gt; bottom&lt;/b&gt; below the products, or it can be disabled entirely, including the category image on the left which comes with custom image dimensions, including fit or fill (crop) options for system images such as products, categories, banners, sliders, etc.&amp;nbsp;&lt;/p&gt;\r\n', 'Plants', '', '');
INSERT INTO `oc_category_description` (`category_id`, `language_id`, `name`, `description`, `meta_title`, `meta_description`, `meta_keyword`) VALUES ('156', '2', 'Breakfast', '&lt;p&gt;The category description can be positioned here at the &lt;b&gt;top of the page&lt;/b&gt; or at the&lt;b&gt; bottom&lt;/b&gt; below the products, or it can be disabled entirely, including the category image on the left which comes with custom image dimensions, including fit or fill (crop) options for system images such as products, categories, banners, sliders, etc.&amp;nbsp;&lt;/p&gt;\r\n', 'Breakfast', '', '');
INSERT INTO `oc_category_description` (`category_id`, `language_id`, `name`, `description`, `meta_title`, `meta_description`, `meta_keyword`) VALUES ('157', '2', 'Dessert', '&lt;p&gt;The category description can be positioned here at the &lt;b&gt;top of the page&lt;/b&gt; or at the&lt;b&gt; bottom&lt;/b&gt; below the products, or it can be disabled entirely, including the category image on the left which comes with custom image dimensions, including fit or fill (crop) options for system images such as products, categories, banners, sliders, etc.&amp;nbsp;&lt;/p&gt;\r\n', 'Dessert', '', '');
INSERT INTO `oc_category_description` (`category_id`, `language_id`, `name`, `description`, `meta_title`, `meta_description`, `meta_keyword`) VALUES ('194', '1', 'Seeds', '&lt;p&gt;The category description can be positioned here at the &lt;b&gt;top of the page&lt;/b&gt; or at the&lt;b&gt; bottom&lt;/b&gt; below the products, or it can be disabled entirely, including the category image on the left which comes with custom image dimensions, including fit or fill (crop) options for system images such as products, categories, banners, sliders, etc.&amp;nbsp;&lt;/p&gt;\r\n', 'Seeds', '', '');
INSERT INTO `oc_category_description` (`category_id`, `language_id`, `name`, `description`, `meta_title`, `meta_description`, `meta_keyword`) VALUES ('153', '2', 'Sunglasses', '&lt;p&gt;The category description can be positioned here at the &lt;b&gt;top of the page&lt;/b&gt; or at the&lt;b&gt; bottom&lt;/b&gt; below the products, or it can be disabled entirely, including the category image on the left which comes with custom image dimensions, including fit or fill (crop) options for system images such as products, categories, banners, sliders, etc.&amp;nbsp;&lt;/p&gt;\r\n', 'Sunglasses', '', '');
INSERT INTO `oc_category_description` (`category_id`, `language_id`, `name`, `description`, `meta_title`, `meta_description`, `meta_keyword`) VALUES ('195', '1', 'Tools', '&lt;p&gt;The category description can be positioned here at the &lt;b&gt;top of the page&lt;/b&gt; or at the&lt;b&gt; bottom&lt;/b&gt; below the products, or it can be disabled entirely, including the category image on the left which comes with custom image dimensions, including fit or fill (crop) options for system images such as products, categories, banners, sliders, etc.&amp;nbsp;&lt;/p&gt;\r\n', 'Tools', '', '');
INSERT INTO `oc_category_description` (`category_id`, `language_id`, `name`, `description`, `meta_title`, `meta_description`, `meta_keyword`) VALUES ('24', '2', 'Phones &amp; PDAs', '&lt;p&gt;The category description can be positioned here at the &lt;b&gt;top of the page&lt;/b&gt; or at the&lt;b&gt; bottom&lt;/b&gt; below the products, or it can be disabled entirely, including the category image on the left which comes with custom image dimensions, including fit or fill (crop) options for system images such as products, categories, banners, sliders, etc.&amp;nbsp;&lt;/p&gt;\r\n', 'Phones &amp; PDAs', '', '');
INSERT INTO `oc_category_description` (`category_id`, `language_id`, `name`, `description`, `meta_title`, `meta_description`, `meta_keyword`) VALUES ('200', '1', 'Orchids', '&lt;p&gt;The category description can be positioned here at the &lt;b&gt;top of the page&lt;/b&gt; or at the&lt;b&gt; bottom&lt;/b&gt; below the products, or it can be disabled entirely, including the category image on the left which comes with custom image dimensions, including fit or fill (crop) options for system images such as products, categories, banners, sliders, etc.&amp;nbsp;&lt;/p&gt;\r\n', 'Orchids', '', '');
INSERT INTO `oc_category_description` (`category_id`, `language_id`, `name`, `description`, `meta_title`, `meta_description`, `meta_keyword`) VALUES ('151', '2', 'Scarves', '&lt;p&gt;The category description can be positioned here at the &lt;b&gt;top of the page&lt;/b&gt; or at the&lt;b&gt; bottom&lt;/b&gt; below the products, or it can be disabled entirely, including the category image on the left which comes with custom image dimensions, including fit or fill (crop) options for system images such as products, categories, banners, sliders, etc.&amp;nbsp;&lt;/p&gt;\r\n', 'Scarves', '', '');
INSERT INTO `oc_category_description` (`category_id`, `language_id`, `name`, `description`, `meta_title`, `meta_description`, `meta_keyword`) VALUES ('113', '2', 'Pants', '&lt;p&gt;The category description can be positioned here at the &lt;b&gt;top of the page&lt;/b&gt; or at the&lt;b&gt; bottom&lt;/b&gt; below the products, or it can be disabled entirely, including the category image on the left which comes with custom image dimensions, including fit or fill (crop) options for system images such as products, categories, banners, sliders, etc.&amp;nbsp;&lt;/p&gt;\r\n', 'Pants', '', '');
INSERT INTO `oc_category_description` (`category_id`, `language_id`, `name`, `description`, `meta_title`, `meta_description`, `meta_keyword`) VALUES ('216', '1', 'Makeup', '&lt;p&gt;The category description can be positioned here at the &lt;b&gt;top of the page&lt;/b&gt; or at the&lt;b&gt; bottom&lt;/b&gt; below the products, or it can be disabled entirely, including the category image on the left which comes with custom image dimensions, including fit or fill (crop) options for system images such as products, categories, banners, sliders, etc.&amp;nbsp;&lt;/p&gt;\r\n', 'makeup', '', '');
INSERT INTO `oc_category_description` (`category_id`, `language_id`, `name`, `description`, `meta_title`, `meta_description`, `meta_keyword`) VALUES ('220', '2', 'Macintosh', '&lt;p&gt;The category description can be positioned here at the &lt;b&gt;top of the page&lt;/b&gt; or at the&lt;b&gt; bottom&lt;/b&gt; below the products, or it can be disabled entirely, including the category image on the left which comes with custom image dimensions, including fit or fill (crop) options for system images such as products, categories, banners, sliders, etc.&amp;nbsp;&lt;/p&gt;\r\n', 'mac', '', '');
INSERT INTO `oc_category_description` (`category_id`, `language_id`, `name`, `description`, `meta_title`, `meta_description`, `meta_keyword`) VALUES ('25', '2', 'Components', '&lt;p&gt;The category description can be positioned here at the &lt;b&gt;top of the page&lt;/b&gt; or at the&lt;b&gt; bottom&lt;/b&gt; below the products, or it can be disabled entirely, including the category image on the left which comes with custom image dimensions, including fit or fill (crop) options for system images such as products, categories, banners, sliders, etc.&amp;nbsp;&lt;/p&gt;\r\n', 'Components', '', '');
INSERT INTO `oc_category_description` (`category_id`, `language_id`, `name`, `description`, `meta_title`, `meta_description`, `meta_keyword`) VALUES ('203', '1', 'Tulips', '&lt;p&gt;The category description can be positioned here at the &lt;b&gt;top of the page&lt;/b&gt; or at the&lt;b&gt; bottom&lt;/b&gt; below the products, or it can be disabled entirely, including the category image on the left which comes with custom image dimensions, including fit or fill (crop) options for system images such as products, categories, banners, sliders, etc.&amp;nbsp;&lt;/p&gt;\r\n', 'Tulips', '', '');
INSERT INTO `oc_category_description` (`category_id`, `language_id`, `name`, `description`, `meta_title`, `meta_description`, `meta_keyword`) VALUES ('164', '2', 'Body', '&lt;p&gt;The category description can be positioned here at the &lt;b&gt;top of the page&lt;/b&gt; or at the&lt;b&gt; bottom&lt;/b&gt; below the products, or it can be disabled entirely, including the category image on the left which comes with custom image dimensions, including fit or fill (crop) options for system images such as products, categories, banners, sliders, etc.&amp;nbsp;&lt;/p&gt;\r\n', 'Body', '', '');
INSERT INTO `oc_category_description` (`category_id`, `language_id`, `name`, `description`, `meta_title`, `meta_description`, `meta_keyword`) VALUES ('33', '2', 'Cameras', '&lt;p&gt;The category description can be positioned here at the &lt;b&gt;top of the page&lt;/b&gt; or at the&lt;b&gt; bottom&lt;/b&gt; below the products, or it can be disabled entirely, including the category image on the left which comes with custom image dimensions, including fit or fill (crop) options for system images such as products, categories, banners, sliders, etc.&amp;nbsp;&lt;/p&gt;\r\n', 'Cameras', '', '');
INSERT INTO `oc_category_description` (`category_id`, `language_id`, `name`, `description`, `meta_title`, `meta_description`, `meta_keyword`) VALUES ('204', '1', 'Roses', '&lt;p&gt;The category description can be positioned here at the &lt;b&gt;top of the page&lt;/b&gt; or at the&lt;b&gt; bottom&lt;/b&gt; below the products, or it can be disabled entirely, including the category image on the left which comes with custom image dimensions, including fit or fill (crop) options for system images such as products, categories, banners, sliders, etc.&amp;nbsp;&lt;/p&gt;\r\n', 'Roses', '', '');
INSERT INTO `oc_category_description` (`category_id`, `language_id`, `name`, `description`, `meta_title`, `meta_description`, `meta_keyword`) VALUES ('155', '2', 'Food', '&lt;p&gt;The category description can be positioned here at the &lt;b&gt;top of the page&lt;/b&gt; or at the&lt;b&gt; bottom&lt;/b&gt; below the products, or it can be disabled entirely, including the category image on the left which comes with custom image dimensions, including fit or fill (crop) options for system images such as products, categories, banners, sliders, etc.&amp;nbsp;&lt;/p&gt;\r\n', 'Food', '', '');
INSERT INTO `oc_category_description` (`category_id`, `language_id`, `name`, `description`, `meta_title`, `meta_description`, `meta_keyword`) VALUES ('206', '1', 'Refrigerators', '&lt;p&gt;The category description can be positioned here at the &lt;b&gt;top of the page&lt;/b&gt; or at the&lt;b&gt; bottom&lt;/b&gt; below the products, or it can be disabled entirely, including the category image on the left which comes with custom image dimensions, including fit or fill (crop) options for system images such as products, categories, banners, sliders, etc.&amp;nbsp;&lt;/p&gt;\r\n', 'Refrigerators', '', '');
INSERT INTO `oc_category_description` (`category_id`, `language_id`, `name`, `description`, `meta_title`, `meta_description`, `meta_keyword`) VALUES ('150', '2', 'Summer', '&lt;p&gt;The category description can be positioned here at the &lt;b&gt;top of the page&lt;/b&gt; or at the&lt;b&gt; bottom&lt;/b&gt; below the products, or it can be disabled entirely, including the category image on the left which comes with custom image dimensions, including fit or fill (crop) options for system images such as products, categories, banners, sliders, etc.&amp;nbsp;&lt;/p&gt;\r\n', 'Summer', '', '');
INSERT INTO `oc_category_description` (`category_id`, `language_id`, `name`, `description`, `meta_title`, `meta_description`, `meta_keyword`) VALUES ('154', '2', 'Skirt', '&lt;p&gt;The category description can be positioned here at the &lt;b&gt;top of the page&lt;/b&gt; or at the&lt;b&gt; bottom&lt;/b&gt; below the products, or it can be disabled entirely, including the category image on the left which comes with custom image dimensions, including fit or fill (crop) options for system images such as products, categories, banners, sliders, etc.&amp;nbsp;&lt;/p&gt;\r\n', 'Skirt', '', '');
INSERT INTO `oc_category_description` (`category_id`, `language_id`, `name`, `description`, `meta_title`, `meta_description`, `meta_keyword`) VALUES ('207', '1', 'Microwaves', '&lt;p&gt;The category description can be positioned here at the &lt;b&gt;top of the page&lt;/b&gt; or at the&lt;b&gt; bottom&lt;/b&gt; below the products, or it can be disabled entirely, including the category image on the left which comes with custom image dimensions, including fit or fill (crop) options for system images such as products, categories, banners, sliders, etc.&amp;nbsp;&lt;/p&gt;\r\n', 'Microwaves', '', '');
INSERT INTO `oc_category_description` (`category_id`, `language_id`, `name`, `description`, `meta_title`, `meta_description`, `meta_keyword`) VALUES ('149', '2', 'Evening', '&lt;p&gt;The category description can be positioned here at the &lt;b&gt;top of the page&lt;/b&gt; or at the&lt;b&gt; bottom&lt;/b&gt; below the products, or it can be disabled entirely, including the category image on the left which comes with custom image dimensions, including fit or fill (crop) options for system images such as products, categories, banners, sliders, etc.&amp;nbsp;&lt;/p&gt;\r\n', 'Evening', '', '');
INSERT INTO `oc_category_description` (`category_id`, `language_id`, `name`, `description`, `meta_title`, `meta_description`, `meta_keyword`) VALUES ('208', '1', 'Irons', '&lt;p&gt;The category description can be positioned here at the &lt;b&gt;top of the page&lt;/b&gt; or at the&lt;b&gt; bottom&lt;/b&gt; below the products, or it can be disabled entirely, including the category image on the left which comes with custom image dimensions, including fit or fill (crop) options for system images such as products, categories, banners, sliders, etc.&amp;nbsp;&lt;/p&gt;\r\n', 'Dishwashers', '', '');
INSERT INTO `oc_category_description` (`category_id`, `language_id`, `name`, `description`, `meta_title`, `meta_description`, `meta_keyword`) VALUES ('144', '2', 'Blazers', '&lt;p&gt;The category description can be positioned here at the &lt;b&gt;top of the page&lt;/b&gt; or at the&lt;b&gt; bottom&lt;/b&gt; below the products, or it can be disabled entirely, including the category image on the left which comes with custom image dimensions, including fit or fill (crop) options for system images such as products, categories, banners, sliders, etc.&amp;nbsp;&lt;/p&gt;\r\n', 'Blazers', '', '');
INSERT INTO `oc_category_description` (`category_id`, `language_id`, `name`, `description`, `meta_title`, `meta_description`, `meta_keyword`) VALUES ('145', '2', 'Coats', '&lt;p&gt;The category description can be positioned here at the &lt;b&gt;top of the page&lt;/b&gt; or at the&lt;b&gt; bottom&lt;/b&gt; below the products, or it can be disabled entirely, including the category image on the left which comes with custom image dimensions, including fit or fill (crop) options for system images such as products, categories, banners, sliders, etc.&amp;nbsp;&lt;/p&gt;\r\n', 'Coats', '', '');
INSERT INTO `oc_category_description` (`category_id`, `language_id`, `name`, `description`, `meta_title`, `meta_description`, `meta_keyword`) VALUES ('214', '1', 'Shoes', '&lt;p&gt;The category description can be positioned here at the &lt;b&gt;top of the page&lt;/b&gt; or at the&lt;b&gt; bottom&lt;/b&gt; below the products, or it can be disabled entirely, including the category image on the left which comes with custom image dimensions, including fit or fill (crop) options for system images such as products, categories, banners, sliders, etc.&amp;nbsp;&lt;/p&gt;\r\n', 'shoes', '', '');
INSERT INTO `oc_category_description` (`category_id`, `language_id`, `name`, `description`, `meta_title`, `meta_description`, `meta_keyword`) VALUES ('148', '2', 'Occasion', '&lt;p&gt;The category description can be positioned here at the &lt;b&gt;top of the page&lt;/b&gt; or at the&lt;b&gt; bottom&lt;/b&gt; below the products, or it can be disabled entirely, including the category image on the left which comes with custom image dimensions, including fit or fill (crop) options for system images such as products, categories, banners, sliders, etc.&amp;nbsp;&lt;/p&gt;\r\n', 'Occasion', '', '');
INSERT INTO `oc_category_description` (`category_id`, `language_id`, `name`, `description`, `meta_title`, `meta_description`, `meta_keyword`) VALUES ('146', '2', 'Earrings', '&lt;p&gt;The category description can be positioned here at the &lt;b&gt;top of the page&lt;/b&gt; or at the&lt;b&gt; bottom&lt;/b&gt; below the products, or it can be disabled entirely, including the category image on the left which comes with custom image dimensions, including fit or fill (crop) options for system images such as products, categories, banners, sliders, etc.&amp;nbsp;&lt;/p&gt;\r\n', 'Earrings', '', '');
INSERT INTO `oc_category_description` (`category_id`, `language_id`, `name`, `description`, `meta_title`, `meta_description`, `meta_keyword`) VALUES ('210', '1', 'Kettles', '&lt;p&gt;The category description can be positioned here at the &lt;b&gt;top of the page&lt;/b&gt; or at the&lt;b&gt; bottom&lt;/b&gt; below the products, or it can be disabled entirely, including the category image on the left which comes with custom image dimensions, including fit or fill (crop) options for system images such as products, categories, banners, sliders, etc.&amp;nbsp;&lt;/p&gt;\r\n', 'Washers', '', '');
INSERT INTO `oc_category_description` (`category_id`, `language_id`, `name`, `description`, `meta_title`, `meta_description`, `meta_keyword`) VALUES ('143', '2', 'Leather', '&lt;p&gt;The category description can be positioned here at the &lt;b&gt;top of the page&lt;/b&gt; or at the&lt;b&gt; bottom&lt;/b&gt; below the products, or it can be disabled entirely, including the category image on the left which comes with custom image dimensions, including fit or fill (crop) options for system images such as products, categories, banners, sliders, etc.&amp;nbsp;&lt;/p&gt;\r\n', 'Leather', '', '');
INSERT INTO `oc_category_description` (`category_id`, `language_id`, `name`, `description`, `meta_title`, `meta_description`, `meta_keyword`) VALUES ('211', '1', 'Toasters', '&lt;p&gt;The category description can be positioned here at the &lt;b&gt;top of the page&lt;/b&gt; or at the&lt;b&gt; bottom&lt;/b&gt; below the products, or it can be disabled entirely, including the category image on the left which comes with custom image dimensions, including fit or fill (crop) options for system images such as products, categories, banners, sliders, etc.&amp;nbsp;&lt;/p&gt;\r\n', 'Toasters', '', '');
INSERT INTO `oc_category_description` (`category_id`, `language_id`, `name`, `description`, `meta_title`, `meta_description`, `meta_keyword`) VALUES ('137', '2', 'Formal', '&lt;p&gt;The category description can be positioned here at the &lt;b&gt;top of the page&lt;/b&gt; or at the&lt;b&gt; bottom&lt;/b&gt; below the products, or it can be disabled entirely, including the category image on the left which comes with custom image dimensions, including fit or fill (crop) options for system images such as products, categories, banners, sliders, etc.&amp;nbsp;&lt;/p&gt;\r\n', 'Formal', '', '');
INSERT INTO `oc_category_description` (`category_id`, `language_id`, `name`, `description`, `meta_title`, `meta_description`, `meta_keyword`) VALUES ('142', '2', 'Suit', '&lt;p&gt;The category description can be positioned here at the &lt;b&gt;top of the page&lt;/b&gt; or at the&lt;b&gt; bottom&lt;/b&gt; below the products, or it can be disabled entirely, including the category image on the left which comes with custom image dimensions, including fit or fill (crop) options for system images such as products, categories, banners, sliders, etc.&amp;nbsp;&lt;/p&gt;\r\n', 'Suit', '', '');
INSERT INTO `oc_category_description` (`category_id`, `language_id`, `name`, `description`, `meta_title`, `meta_description`, `meta_keyword`) VALUES ('213', '1', 'Accessories', '&lt;p&gt;The category description can be positioned here at the &lt;b&gt;top of the page&lt;/b&gt; or at the&lt;b&gt; bottom&lt;/b&gt; below the products, or it can be disabled entirely, including the category image on the left which comes with custom image dimensions, including fit or fill (crop) options for system images such as products, categories, banners, sliders, etc.&amp;nbsp;&lt;/p&gt;\r\n', 'Accessories', '', '');
INSERT INTO `oc_category_description` (`category_id`, `language_id`, `name`, `description`, `meta_title`, `meta_description`, `meta_keyword`) VALUES ('126', '2', 'Training', '&lt;p&gt;The category description can be positioned here at the &lt;b&gt;top of the page&lt;/b&gt; or at the&lt;b&gt; bottom&lt;/b&gt; below the products, or it can be disabled entirely, including the category image on the left which comes with custom image dimensions, including fit or fill (crop) options for system images such as products, categories, banners, sliders, etc.&amp;nbsp;&lt;/p&gt;\r\n', 'Training', '', '');
INSERT INTO `oc_category_description` (`category_id`, `language_id`, `name`, `description`, `meta_title`, `meta_description`, `meta_keyword`) VALUES ('112', '1', 'T-Shirts', '&lt;p&gt;The category description can be positioned here at the &lt;b&gt;top of the page&lt;/b&gt; or at the&lt;b&gt; bottom&lt;/b&gt; below the products, or it can be disabled entirely, including the category image on the left which comes with custom image dimensions, including fit or fill (crop) options for system images such as products, categories, banners, sliders, etc.&amp;nbsp;&lt;/p&gt;\r\n', 'TShirts', '', '');
INSERT INTO `oc_category_description` (`category_id`, `language_id`, `name`, `description`, `meta_title`, `meta_description`, `meta_keyword`) VALUES ('135', '2', 'Jeans', '&lt;p&gt;The category description can be positioned here at the &lt;b&gt;top of the page&lt;/b&gt; or at the&lt;b&gt; bottom&lt;/b&gt; below the products, or it can be disabled entirely, including the category image on the left which comes with custom image dimensions, including fit or fill (crop) options for system images such as products, categories, banners, sliders, etc.&amp;nbsp;&lt;/p&gt;\r\n', 'Jeans', '', '');
INSERT INTO `oc_category_description` (`category_id`, `language_id`, `name`, `description`, `meta_title`, `meta_description`, `meta_keyword`) VALUES ('136', '2', 'Leggings', '&lt;p&gt;The category description can be positioned here at the &lt;b&gt;top of the page&lt;/b&gt; or at the&lt;b&gt; bottom&lt;/b&gt; below the products, or it can be disabled entirely, including the category image on the left which comes with custom image dimensions, including fit or fill (crop) options for system images such as products, categories, banners, sliders, etc.&amp;nbsp;&lt;/p&gt;\r\n', 'Leggings', '', '');
INSERT INTO `oc_category_description` (`category_id`, `language_id`, `name`, `description`, `meta_title`, `meta_description`, `meta_keyword`) VALUES ('59', '1', 'Fashion', '&lt;p&gt;The category description can be positioned here at the &lt;b&gt;top of the page&lt;/b&gt; or at the&lt;b&gt; bottom&lt;/b&gt; below the products, or it can be disabled entirely, including the category image on the left which comes with custom image dimensions, including fit or fill (crop) options for system images such as products, categories, banners, sliders, etc.&amp;nbsp;&lt;/p&gt;\r\n', 'Fashion', '', '');
INSERT INTO `oc_category_description` (`category_id`, `language_id`, `name`, `description`, `meta_title`, `meta_description`, `meta_keyword`) VALUES ('133', '2', 'Flats', '&lt;p&gt;The category description can be positioned here at the &lt;b&gt;top of the page&lt;/b&gt; or at the&lt;b&gt; bottom&lt;/b&gt; below the products, or it can be disabled entirely, including the category image on the left which comes with custom image dimensions, including fit or fill (crop) options for system images such as products, categories, banners, sliders, etc.&amp;nbsp;&lt;/p&gt;\r\n', 'Flats', '', '');
INSERT INTO `oc_category_description` (`category_id`, `language_id`, `name`, `description`, `meta_title`, `meta_description`, `meta_keyword`) VALUES ('131', '1', 'Trainers', '&lt;p&gt;The category description can be positioned here at the &lt;b&gt;top of the page&lt;/b&gt; or at the&lt;b&gt; bottom&lt;/b&gt; below the products, or it can be disabled entirely, including the category image on the left which comes with custom image dimensions, including fit or fill (crop) options for system images such as products, categories, banners, sliders, etc.&amp;nbsp;&lt;/p&gt;\r\n', 'Trainers', '', '');
INSERT INTO `oc_category_description` (`category_id`, `language_id`, `name`, `description`, `meta_title`, `meta_description`, `meta_keyword`) VALUES ('60', '2', 'Dresses', '&lt;p&gt;The category description can be positioned here at the &lt;b&gt;top of the page&lt;/b&gt; or at the&lt;b&gt; bottom&lt;/b&gt; below the products, or it can be disabled entirely, including the category image on the left which comes with custom image dimensions, including fit or fill (crop) options for system images such as products, categories, banners, sliders, etc.&amp;nbsp;&lt;/p&gt;\r\n', 'Dresses', '', '');
INSERT INTO `oc_category_description` (`category_id`, `language_id`, `name`, `description`, `meta_title`, `meta_description`, `meta_keyword`) VALUES ('132', '2', 'Heels', '&lt;p&gt;The category description can be positioned here at the &lt;b&gt;top of the page&lt;/b&gt; or at the&lt;b&gt; bottom&lt;/b&gt; below the products, or it can be disabled entirely, including the category image on the left which comes with custom image dimensions, including fit or fill (crop) options for system images such as products, categories, banners, sliders, etc.&amp;nbsp;&lt;/p&gt;\r\n', 'Heels', '', '');
INSERT INTO `oc_category_description` (`category_id`, `language_id`, `name`, `description`, `meta_title`, `meta_description`, `meta_keyword`) VALUES ('134', '1', 'Running', '&lt;p&gt;The category description can be positioned here at the &lt;b&gt;top of the page&lt;/b&gt; or at the&lt;b&gt; bottom&lt;/b&gt; below the products, or it can be disabled entirely, including the category image on the left which comes with custom image dimensions, including fit or fill (crop) options for system images such as products, categories, banners, sliders, etc.&amp;nbsp;&lt;/p&gt;\r\n', 'Running', '', '');
INSERT INTO `oc_category_description` (`category_id`, `language_id`, `name`, `description`, `meta_title`, `meta_description`, `meta_keyword`) VALUES ('205', '2', 'Appliances', '&lt;p&gt;The category description can be positioned here at the &lt;b&gt;top of the page&lt;/b&gt; or at the&lt;b&gt; bottom&lt;/b&gt; below the products, or it can be disabled entirely, including the category image on the left which comes with custom image dimensions, including fit or fill (crop) options for system images such as products, categories, banners, sliders, etc.&amp;nbsp;&lt;/p&gt;\r\n', 'Appliances', '', '');
INSERT INTO `oc_category_description` (`category_id`, `language_id`, `name`, `description`, `meta_title`, `meta_description`, `meta_keyword`) VALUES ('219', '2', 'Large Screens', '&lt;p&gt;The category description can be positioned here at the &lt;b&gt;top of the page&lt;/b&gt; or at the&lt;b&gt; bottom&lt;/b&gt; below the products, or it can be disabled entirely, including the category image on the left which comes with custom image dimensions, including fit or fill (crop) options for system images such as products, categories, banners, sliders, etc.&amp;nbsp;&lt;/p&gt;\r\n', 'largescreens', '', '');
INSERT INTO `oc_category_description` (`category_id`, `language_id`, `name`, `description`, `meta_title`, `meta_description`, `meta_keyword`) VALUES ('105', '1', 'Accesories', '&lt;p&gt;The category description can be positioned here at the &lt;b&gt;top of the page&lt;/b&gt; or at the&lt;b&gt; bottom&lt;/b&gt; below the products, or it can be disabled entirely, including the category image on the left which comes with custom image dimensions, including fit or fill (crop) options for system images such as products, categories, banners, sliders, etc.&amp;nbsp;&lt;/p&gt;\r\n', 'Accesories', '', '');
INSERT INTO `oc_category_description` (`category_id`, `language_id`, `name`, `description`, `meta_title`, `meta_description`, `meta_keyword`) VALUES ('69', '2', 'Electronics', '&lt;p&gt;The category description can be positioned here at the &lt;b&gt;top of the page&lt;/b&gt; or at the&lt;b&gt; bottom&lt;/b&gt; below the products, or it can be disabled entirely, including the category image on the left which comes with custom image dimensions, including fit or fill (crop) options for system images such as products, categories, banners, sliders, etc.&amp;nbsp;&lt;/p&gt;\r\n', 'Electronics', '', '');
INSERT INTO `oc_category_description` (`category_id`, `language_id`, `name`, `description`, `meta_title`, `meta_description`, `meta_keyword`) VALUES ('165', '1', 'Backpacks', '&lt;p&gt;The category description can be positioned here at the &lt;b&gt;top of the page&lt;/b&gt; or at the&lt;b&gt; bottom&lt;/b&gt; below the products, or it can be disabled entirely, including the category image on the left which comes with custom image dimensions, including fit or fill (crop) options for system images such as products, categories, banners, sliders, etc.&amp;nbsp;&lt;/p&gt;\r\n', 'Backpacks', '', '');
INSERT INTO `oc_category_description` (`category_id`, `language_id`, `name`, `description`, `meta_title`, `meta_description`, `meta_keyword`) VALUES ('115', '2', 'Rings', '&lt;p&gt;The category description can be positioned here at the &lt;b&gt;top of the page&lt;/b&gt; or at the&lt;b&gt; bottom&lt;/b&gt; below the products, or it can be disabled entirely, including the category image on the left which comes with custom image dimensions, including fit or fill (crop) options for system images such as products, categories, banners, sliders, etc.&amp;nbsp;&lt;/p&gt;\r\n', 'Rings', '', '');
INSERT INTO `oc_category_description` (`category_id`, `language_id`, `name`, `description`, `meta_title`, `meta_description`, `meta_keyword`) VALUES ('116', '2', 'Hats', '&lt;p&gt;The category description can be positioned here at the &lt;b&gt;top of the page&lt;/b&gt; or at the&lt;b&gt; bottom&lt;/b&gt; below the products, or it can be disabled entirely, including the category image on the left which comes with custom image dimensions, including fit or fill (crop) options for system images such as products, categories, banners, sliders, etc.&amp;nbsp;&lt;/p&gt;\r\n', 'Hats', '', '');
INSERT INTO `oc_category_description` (`category_id`, `language_id`, `name`, `description`, `meta_title`, `meta_description`, `meta_keyword`) VALUES ('215', '1', 'Flip Flops', '&lt;p&gt;The category description can be positioned here at the &lt;b&gt;top of the page&lt;/b&gt; or at the&lt;b&gt; bottom&lt;/b&gt; below the products, or it can be disabled entirely, including the category image on the left which comes with custom image dimensions, including fit or fill (crop) options for system images such as products, categories, banners, sliders, etc.&amp;nbsp;&lt;/p&gt;\r\n', 'flips', '', '');
INSERT INTO `oc_category_description` (`category_id`, `language_id`, `name`, `description`, `meta_title`, `meta_description`, `meta_keyword`) VALUES ('114', '2', 'Necklaces', '&lt;p&gt;The category description can be positioned here at the &lt;b&gt;top of the page&lt;/b&gt; or at the&lt;b&gt; bottom&lt;/b&gt; below the products, or it can be disabled entirely, including the category image on the left which comes with custom image dimensions, including fit or fill (crop) options for system images such as products, categories, banners, sliders, etc.&amp;nbsp;&lt;/p&gt;\r\n', 'Necklaces', '', '');
INSERT INTO `oc_category_description` (`category_id`, `language_id`, `name`, `description`, `meta_title`, `meta_description`, `meta_keyword`) VALUES ('196', '1', 'Flowers', '&lt;p&gt;The category description can be positioned here at the &lt;b&gt;top of the page&lt;/b&gt; or at the&lt;b&gt; bottom&lt;/b&gt; below the products, or it can be disabled entirely, including the category image on the left which comes with custom image dimensions, including fit or fill (crop) options for system images such as products, categories, banners, sliders, etc.&amp;nbsp;&lt;/p&gt;\r\n', 'Flowers', '', '');
INSERT INTO `oc_category_description` (`category_id`, `language_id`, `name`, `description`, `meta_title`, `meta_description`, `meta_keyword`) VALUES ('106', '2', 'Jackets', '&lt;p&gt;The category description can be positioned here at the &lt;b&gt;top of the page&lt;/b&gt; or at the&lt;b&gt; bottom&lt;/b&gt; below the products, or it can be disabled entirely, including the category image on the left which comes with custom image dimensions, including fit or fill (crop) options for system images such as products, categories, banners, sliders, etc.&amp;nbsp;&lt;/p&gt;\r\n', 'Jackets', '', '');
INSERT INTO `oc_category_description` (`category_id`, `language_id`, `name`, `description`, `meta_title`, `meta_description`, `meta_keyword`) VALUES ('198', '1', 'Mixed Bouquets', '&lt;p&gt;The category description can be positioned here at the &lt;b&gt;top of the page&lt;/b&gt; or at the&lt;b&gt; bottom&lt;/b&gt; below the products, or it can be disabled entirely, including the category image on the left which comes with custom image dimensions, including fit or fill (crop) options for system images such as products, categories, banners, sliders, etc.&amp;nbsp;&lt;/p&gt;\r\n', 'Mixed Bouquets', '', '');
INSERT INTO `oc_category_description` (`category_id`, `language_id`, `name`, `description`, `meta_title`, `meta_description`, `meta_keyword`) VALUES ('108', '2', 'Tops', '&lt;p&gt;The category description can be positioned here at the &lt;b&gt;top of the page&lt;/b&gt; or at the&lt;b&gt; bottom&lt;/b&gt; below the products, or it can be disabled entirely, including the category image on the left which comes with custom image dimensions, including fit or fill (crop) options for system images such as products, categories, banners, sliders, etc.&amp;nbsp;&lt;/p&gt;\r\n', 'Tops', '', '');
INSERT INTO `oc_category_description` (`category_id`, `language_id`, `name`, `description`, `meta_title`, `meta_description`, `meta_keyword`) VALUES ('107', '2', 'Bags', '&lt;p&gt;The category description can be positioned here at the &lt;b&gt;top of the page&lt;/b&gt; or at the&lt;b&gt; bottom&lt;/b&gt; below the products, or it can be disabled entirely, including the category image on the left which comes with custom image dimensions, including fit or fill (crop) options for system images such as products, categories, banners, sliders, etc.&amp;nbsp;&lt;/p&gt;\r\n', 'Bags', '', '');
INSERT INTO `oc_category_description` (`category_id`, `language_id`, `name`, `description`, `meta_title`, `meta_description`, `meta_keyword`) VALUES ('197', '1', 'Sunflowers', '&lt;p&gt;The category description can be positioned here at the &lt;b&gt;top of the page&lt;/b&gt; or at the&lt;b&gt; bottom&lt;/b&gt; below the products, or it can be disabled entirely, including the category image on the left which comes with custom image dimensions, including fit or fill (crop) options for system images such as products, categories, banners, sliders, etc.&amp;nbsp;&lt;/p&gt;\r\n', 'Sunflowers', '', '');
INSERT INTO `oc_category_description` (`category_id`, `language_id`, `name`, `description`, `meta_title`, `meta_description`, `meta_keyword`) VALUES ('121', '2', 'Purses', '&lt;p&gt;The category description can be positioned here at the &lt;b&gt;top of the page&lt;/b&gt; or at the&lt;b&gt; bottom&lt;/b&gt; below the products, or it can be disabled entirely, including the category image on the left which comes with custom image dimensions, including fit or fill (crop) options for system images such as products, categories, banners, sliders, etc.&amp;nbsp;&lt;/p&gt;\r\n', 'Purses', '', '');
INSERT INTO `oc_category_description` (`category_id`, `language_id`, `name`, `description`, `meta_title`, `meta_description`, `meta_keyword`) VALUES ('117', '2', 'Bracelets', '&lt;p&gt;The category description can be positioned here at the &lt;b&gt;top of the page&lt;/b&gt; or at the&lt;b&gt; bottom&lt;/b&gt; below the products, or it can be disabled entirely, including the category image on the left which comes with custom image dimensions, including fit or fill (crop) options for system images such as products, categories, banners, sliders, etc.&amp;nbsp;&lt;/p&gt;\r\n', 'Bracelets', '', '');
INSERT INTO `oc_category_description` (`category_id`, `language_id`, `name`, `description`, `meta_title`, `meta_description`, `meta_keyword`) VALUES ('199', '1', 'Lotus', '&lt;p&gt;The category description can be positioned here at the &lt;b&gt;top of the page&lt;/b&gt; or at the&lt;b&gt; bottom&lt;/b&gt; below the products, or it can be disabled entirely, including the category image on the left which comes with custom image dimensions, including fit or fill (crop) options for system images such as products, categories, banners, sliders, etc.&amp;nbsp;&lt;/p&gt;\r\n', 'Lotus', '', '');
INSERT INTO `oc_category_description` (`category_id`, `language_id`, `name`, `description`, `meta_title`, `meta_description`, `meta_keyword`) VALUES ('118', '2', 'Formal', '&lt;p&gt;The category description can be positioned here at the &lt;b&gt;top of the page&lt;/b&gt; or at the&lt;b&gt; bottom&lt;/b&gt; below the products, or it can be disabled entirely, including the category image on the left which comes with custom image dimensions, including fit or fill (crop) options for system images such as products, categories, banners, sliders, etc.&amp;nbsp;&lt;/p&gt;\r\n', 'Formal', '', '');
INSERT INTO `oc_category_description` (`category_id`, `language_id`, `name`, `description`, `meta_title`, `meta_description`, `meta_keyword`) VALUES ('120', '2', 'Clutches', '&lt;p&gt;The category description can be positioned here at the &lt;b&gt;top of the page&lt;/b&gt; or at the&lt;b&gt; bottom&lt;/b&gt; below the products, or it can be disabled entirely, including the category image on the left which comes with custom image dimensions, including fit or fill (crop) options for system images such as products, categories, banners, sliders, etc.&amp;nbsp;&lt;/p&gt;\r\n', 'Clutches', '', '');
INSERT INTO `oc_category_description` (`category_id`, `language_id`, `name`, `description`, `meta_title`, `meta_description`, `meta_keyword`) VALUES ('217', '1', 'Diepers', '&lt;p&gt;The category description can be positioned here at the &lt;b&gt;top of the page&lt;/b&gt; or at the&lt;b&gt; bottom&lt;/b&gt; below the products, or it can be disabled entirely, including the category image on the left which comes with custom image dimensions, including fit or fill (crop) options for system images such as products, categories, banners, sliders, etc.&amp;nbsp;&lt;/p&gt;\r\n', 'diapers', '', '');
INSERT INTO `oc_category_description` (`category_id`, `language_id`, `name`, `description`, `meta_title`, `meta_description`, `meta_keyword`) VALUES ('119', '2', 'Shoulder', '&lt;p&gt;The category description can be positioned here at the &lt;b&gt;top of the page&lt;/b&gt; or at the&lt;b&gt; bottom&lt;/b&gt; below the products, or it can be disabled entirely, including the category image on the left which comes with custom image dimensions, including fit or fill (crop) options for system images such as products, categories, banners, sliders, etc.&amp;nbsp;&lt;/p&gt;\r\n', 'Shoulder', '', '');
INSERT INTO `oc_category_description` (`category_id`, `language_id`, `name`, `description`, `meta_title`, `meta_description`, `meta_keyword`) VALUES ('218', '1', 'Bath', '&lt;p&gt;The category description can be positioned here at the &lt;b&gt;top of the page&lt;/b&gt; or at the&lt;b&gt; bottom&lt;/b&gt; below the products, or it can be disabled entirely, including the category image on the left which comes with custom image dimensions, including fit or fill (crop) options for system images such as products, categories, banners, sliders, etc.&amp;nbsp;&lt;/p&gt;\r\n', 'bath', '', '');
INSERT INTO `oc_category_description` (`category_id`, `language_id`, `name`, `description`, `meta_title`, `meta_description`, `meta_keyword`) VALUES ('123', '2', 'Lipstick', '&lt;p&gt;The category description can be positioned here at the &lt;b&gt;top of the page&lt;/b&gt; or at the&lt;b&gt; bottom&lt;/b&gt; below the products, or it can be disabled entirely, including the category image on the left which comes with custom image dimensions, including fit or fill (crop) options for system images such as products, categories, banners, sliders, etc.&amp;nbsp;&lt;/p&gt;\r\n', 'Lipstick', '', '');
INSERT INTO `oc_category_description` (`category_id`, `language_id`, `name`, `description`, `meta_title`, `meta_description`, `meta_keyword`) VALUES ('122', '2', 'Spa', '&lt;p&gt;The category description can be positioned here at the &lt;b&gt;top of the page&lt;/b&gt; or at the&lt;b&gt; bottom&lt;/b&gt; below the products, or it can be disabled entirely, including the category image on the left which comes with custom image dimensions, including fit or fill (crop) options for system images such as products, categories, banners, sliders, etc.&amp;nbsp;&lt;/p&gt;\r\n', 'Spa', '', '');
INSERT INTO `oc_category_description` (`category_id`, `language_id`, `name`, `description`, `meta_title`, `meta_description`, `meta_keyword`) VALUES ('175', '1', 'Home', '&lt;p&gt;The category description can be positioned here at the &lt;b&gt;top of the page&lt;/b&gt; or at the&lt;b&gt; bottom&lt;/b&gt; below the products, or it can be disabled entirely, including the category image on the left which comes with custom image dimensions, including fit or fill (crop) options for system images such as products, categories, banners, sliders, etc.&amp;nbsp;&lt;/p&gt;\r\n', 'Furniture', '', '');
INSERT INTO `oc_category_description` (`category_id`, `language_id`, `name`, `description`, `meta_title`, `meta_description`, `meta_keyword`) VALUES ('110', '2', 'Jewelry', '&lt;p&gt;The category description can be positioned here at the &lt;b&gt;top of the page&lt;/b&gt; or at the&lt;b&gt; bottom&lt;/b&gt; below the products, or it can be disabled entirely, including the category image on the left which comes with custom image dimensions, including fit or fill (crop) options for system images such as products, categories, banners, sliders, etc.&amp;nbsp;&lt;/p&gt;\r\n', 'Jewelry', '', '');
INSERT INTO `oc_category_description` (`category_id`, `language_id`, `name`, `description`, `meta_title`, `meta_description`, `meta_keyword`) VALUES ('130', '2', 'Shirts', '&lt;p&gt;The category description can be positioned here at the &lt;b&gt;top of the page&lt;/b&gt; or at the&lt;b&gt; bottom&lt;/b&gt; below the products, or it can be disabled entirely, including the category image on the left which comes with custom image dimensions, including fit or fill (crop) options for system images such as products, categories, banners, sliders, etc.&amp;nbsp;&lt;/p&gt;\r\n', 'Shirts', '', '');
INSERT INTO `oc_category_description` (`category_id`, `language_id`, `name`, `description`, `meta_title`, `meta_description`, `meta_keyword`) VALUES ('129', '2', 'Sleeveless', '&lt;p&gt;The category description can be positioned here at the &lt;b&gt;top of the page&lt;/b&gt; or at the&lt;b&gt; bottom&lt;/b&gt; below the products, or it can be disabled entirely, including the category image on the left which comes with custom image dimensions, including fit or fill (crop) options for system images such as products, categories, banners, sliders, etc.&amp;nbsp;&lt;/p&gt;\r\n', 'Sleeveless', '', '');
INSERT INTO `oc_category_description` (`category_id`, `language_id`, `name`, `description`, `meta_title`, `meta_description`, `meta_keyword`) VALUES ('127', '2', 'Summer', '&lt;p&gt;The category description can be positioned here at the &lt;b&gt;top of the page&lt;/b&gt; or at the&lt;b&gt; bottom&lt;/b&gt; below the products, or it can be disabled entirely, including the category image on the left which comes with custom image dimensions, including fit or fill (crop) options for system images such as products, categories, banners, sliders, etc.&amp;nbsp;&lt;/p&gt;\r\n', 'Summer', '', '');
INSERT INTO `oc_category_description` (`category_id`, `language_id`, `name`, `description`, `meta_title`, `meta_description`, `meta_keyword`) VALUES ('109', '1', 'Health &amp; Beauty', '&lt;p&gt;The category description can be positioned here at the &lt;b&gt;top of the page&lt;/b&gt; or at the&lt;b&gt; bottom&lt;/b&gt; below the products, or it can be disabled entirely, including the category image on the left which comes with custom image dimensions, including fit or fill (crop) options for system images such as products, categories, banners, sliders, etc.&amp;nbsp;&lt;/p&gt;\r\n', 'Beauty', '', '');
INSERT INTO `oc_category_description` (`category_id`, `language_id`, `name`, `description`, `meta_title`, `meta_description`, `meta_keyword`) VALUES ('124', '2', 'Mascara', '&lt;p&gt;The category description can be positioned here at the &lt;b&gt;top of the page&lt;/b&gt; or at the&lt;b&gt; bottom&lt;/b&gt; below the products, or it can be disabled entirely, including the category image on the left which comes with custom image dimensions, including fit or fill (crop) options for system images such as products, categories, banners, sliders, etc.&amp;nbsp;&lt;/p&gt;\r\n', 'Mascara', '', '');
INSERT INTO `oc_category_description` (`category_id`, `language_id`, `name`, `description`, `meta_title`, `meta_description`, `meta_keyword`) VALUES ('125', '2', 'Accessories', '&lt;p&gt;The category description can be positioned here at the &lt;b&gt;top of the page&lt;/b&gt; or at the&lt;b&gt; bottom&lt;/b&gt; below the products, or it can be disabled entirely, including the category image on the left which comes with custom image dimensions, including fit or fill (crop) options for system images such as products, categories, banners, sliders, etc.&amp;nbsp;&lt;/p&gt;\r\n', 'Accessories', '', '');
INSERT INTO `oc_category_description` (`category_id`, `language_id`, `name`, `description`, `meta_title`, `meta_description`, `meta_keyword`) VALUES ('27', '2', 'Mac', '&lt;p&gt;The category description can be positioned here at the &lt;b&gt;top of the page&lt;/b&gt; or at the&lt;b&gt; bottom&lt;/b&gt; below the products, or it can be disabled entirely, including the category image on the left which comes with custom image dimensions, including fit or fill (crop) options for system images such as products, categories, banners, sliders, etc.&amp;nbsp;&lt;/p&gt;\r\n', 'Mac', '', '');
INSERT INTO `oc_category_description` (`category_id`, `language_id`, `name`, `description`, `meta_title`, `meta_description`, `meta_keyword`) VALUES ('111', '2', 'Footwear', '&lt;p&gt;The category description can be positioned here at the &lt;b&gt;top of the page&lt;/b&gt; or at the&lt;b&gt; bottom&lt;/b&gt; below the products, or it can be disabled entirely, including the category image on the left which comes with custom image dimensions, including fit or fill (crop) options for system images such as products, categories, banners, sliders, etc.&amp;nbsp;&lt;/p&gt;\r\n', 'Shoes', '', '');
INSERT INTO `oc_category_description` (`category_id`, `language_id`, `name`, `description`, `meta_title`, `meta_description`, `meta_keyword`) VALUES ('35', '2', 'Subcategory', '&lt;p&gt;The category description can be positioned here at the &lt;b&gt;top of the page&lt;/b&gt; or at the&lt;b&gt; bottom&lt;/b&gt; below the products, or it can be disabled entirely, including the category image on the left which comes with custom image dimensions, including fit or fill (crop) options for system images such as products, categories, banners, sliders, etc.&amp;nbsp;&lt;/p&gt;\r\n', 'Subcategory', '', '');
INSERT INTO `oc_category_description` (`category_id`, `language_id`, `name`, `description`, `meta_title`, `meta_description`, `meta_keyword`) VALUES ('147', '2', 'Casual', '&lt;p&gt;The category description can be positioned here at the &lt;b&gt;top of the page&lt;/b&gt; or at the&lt;b&gt; bottom&lt;/b&gt; below the products, or it can be disabled entirely, including the category image on the left which comes with custom image dimensions, including fit or fill (crop) options for system images such as products, categories, banners, sliders, etc.&amp;nbsp;&lt;/p&gt;\r\n', 'Casual', '', '');
INSERT INTO `oc_category_description` (`category_id`, `language_id`, `name`, `description`, `meta_title`, `meta_description`, `meta_keyword`) VALUES ('46', '2', 'Macs', '&lt;p&gt;The category description can be positioned here at the &lt;b&gt;top of the page&lt;/b&gt; or at the&lt;b&gt; bottom&lt;/b&gt; below the products, or it can be disabled entirely, including the category image on the left which comes with custom image dimensions, including fit or fill (crop) options for system images such as products, categories, banners, sliders, etc.&amp;nbsp;&lt;/p&gt;\r\n', 'Macs', '', '');
INSERT INTO `oc_category_description` (`category_id`, `language_id`, `name`, `description`, `meta_title`, `meta_description`, `meta_keyword`) VALUES ('45', '2', 'Windows', '&lt;p&gt;The category description can be positioned here at the &lt;b&gt;top of the page&lt;/b&gt; or at the&lt;b&gt; bottom&lt;/b&gt; below the products, or it can be disabled entirely, including the category image on the left which comes with custom image dimensions, including fit or fill (crop) options for system images such as products, categories, banners, sliders, etc.&amp;nbsp;&lt;/p&gt;\r\n', 'Windows', '', '');
INSERT INTO `oc_category_description` (`category_id`, `language_id`, `name`, `description`, `meta_title`, `meta_description`, `meta_keyword`) VALUES ('18', '2', 'Laptops &amp; Notebooks', '&lt;p&gt;The category description can be positioned here at the &lt;b&gt;top of the page&lt;/b&gt; or at the&lt;b&gt; bottom&lt;/b&gt; below the products, or it can be disabled entirely, including the category image on the left which comes with custom image dimensions, including fit or fill (crop) options for system images such as products, categories, banners, sliders, etc.&amp;nbsp;&lt;/p&gt;\r\n', 'Laptops &amp; Notebooks', '', '');
INSERT INTO `oc_category_description` (`category_id`, `language_id`, `name`, `description`, `meta_title`, `meta_description`, `meta_keyword`) VALUES ('34', '2', 'MP3 Players', '&lt;p&gt;The category description can be positioned here at the &lt;b&gt;top of the page&lt;/b&gt; or at the&lt;b&gt; bottom&lt;/b&gt; below the products, or it can be disabled entirely, including the category image on the left which comes with custom image dimensions, including fit or fill (crop) options for system images such as products, categories, banners, sliders, etc.&amp;nbsp;&lt;/p&gt;\r\n', 'MP3 Players', '', '');
INSERT INTO `oc_category_description` (`category_id`, `language_id`, `name`, `description`, `meta_title`, `meta_description`, `meta_keyword`) VALUES ('20', '2', 'Desktops', '&lt;p&gt;The category description can be positioned here at the &lt;b&gt;top of the page&lt;/b&gt; or at the&lt;b&gt; bottom&lt;/b&gt; below the products, or it can be disabled entirely, including the category image on the left which comes with custom image dimensions, including fit or fill (crop) options for system images such as products, categories, banners, sliders, etc.&amp;nbsp;&lt;/p&gt;\r\n', 'Desktops', 'Example of category description', '');
INSERT INTO `oc_category_description` (`category_id`, `language_id`, `name`, `description`, `meta_title`, `meta_description`, `meta_keyword`) VALUES ('26', '2', 'PC', '&lt;p&gt;The category description can be positioned here at the &lt;b&gt;top of the page&lt;/b&gt; or at the&lt;b&gt; bottom&lt;/b&gt; below the products, or it can be disabled entirely, including the category image on the left which comes with custom image dimensions, including fit or fill (crop) options for system images such as products, categories, banners, sliders, etc.&amp;nbsp;&lt;/p&gt;\r\n', 'PC', '', '');
INSERT INTO `oc_category_description` (`category_id`, `language_id`, `name`, `description`, `meta_title`, `meta_description`, `meta_keyword`) VALUES ('30', '2', 'Printers', '&lt;p&gt;The category description can be positioned here at the &lt;b&gt;top of the page&lt;/b&gt; or at the&lt;b&gt; bottom&lt;/b&gt; below the products, or it can be disabled entirely, including the category image on the left which comes with custom image dimensions, including fit or fill (crop) options for system images such as products, categories, banners, sliders, etc.&amp;nbsp;&lt;/p&gt;\r\n', 'Printers', '', '');
INSERT INTO `oc_category_description` (`category_id`, `language_id`, `name`, `description`, `meta_title`, `meta_description`, `meta_keyword`) VALUES ('31', '2', 'Scanners', '&lt;p&gt;The category description can be positioned here at the &lt;b&gt;top of the page&lt;/b&gt; or at the&lt;b&gt; bottom&lt;/b&gt; below the products, or it can be disabled entirely, including the category image on the left which comes with custom image dimensions, including fit or fill (crop) options for system images such as products, categories, banners, sliders, etc.&amp;nbsp;&lt;/p&gt;\r\n', 'Scanners', '', '');
INSERT INTO `oc_category_description` (`category_id`, `language_id`, `name`, `description`, `meta_title`, `meta_description`, `meta_keyword`) VALUES ('32', '2', 'Web Cameras', '&lt;p&gt;The category description can be positioned here at the &lt;b&gt;top of the page&lt;/b&gt; or at the&lt;b&gt; bottom&lt;/b&gt; below the products, or it can be disabled entirely, including the category image on the left which comes with custom image dimensions, including fit or fill (crop) options for system images such as products, categories, banners, sliders, etc.&amp;nbsp;&lt;/p&gt;\r\n', 'Web Cameras', '', '');
INSERT INTO `oc_category_description` (`category_id`, `language_id`, `name`, `description`, `meta_title`, `meta_description`, `meta_keyword`) VALUES ('28', '2', 'Monitors', '&lt;p&gt;The category description can be positioned here at the &lt;b&gt;top of the page&lt;/b&gt; or at the&lt;b&gt; bottom&lt;/b&gt; below the products, or it can be disabled entirely, including the category image on the left which comes with custom image dimensions, including fit or fill (crop) options for system images such as products, categories, banners, sliders, etc.&amp;nbsp;&lt;/p&gt;\r\n', 'Monitors', '', '');


TRUNCATE TABLE `oc_category_filter`;



TRUNCATE TABLE `oc_category_path`;

INSERT INTO `oc_category_path` (`category_id`, `path_id`, `level`) VALUES ('25', '25', '1');
INSERT INTO `oc_category_path` (`category_id`, `path_id`, `level`) VALUES ('28', '28', '2');
INSERT INTO `oc_category_path` (`category_id`, `path_id`, `level`) VALUES ('28', '25', '1');
INSERT INTO `oc_category_path` (`category_id`, `path_id`, `level`) VALUES ('35', '35', '2');
INSERT INTO `oc_category_path` (`category_id`, `path_id`, `level`) VALUES ('35', '20', '1');
INSERT INTO `oc_category_path` (`category_id`, `path_id`, `level`) VALUES ('33', '69', '0');
INSERT INTO `oc_category_path` (`category_id`, `path_id`, `level`) VALUES ('60', '59', '0');
INSERT INTO `oc_category_path` (`category_id`, `path_id`, `level`) VALUES ('60', '60', '1');
INSERT INTO `oc_category_path` (`category_id`, `path_id`, `level`) VALUES ('59', '59', '0');
INSERT INTO `oc_category_path` (`category_id`, `path_id`, `level`) VALUES ('30', '30', '2');
INSERT INTO `oc_category_path` (`category_id`, `path_id`, `level`) VALUES ('30', '25', '1');
INSERT INTO `oc_category_path` (`category_id`, `path_id`, `level`) VALUES ('31', '31', '2');
INSERT INTO `oc_category_path` (`category_id`, `path_id`, `level`) VALUES ('31', '25', '1');
INSERT INTO `oc_category_path` (`category_id`, `path_id`, `level`) VALUES ('32', '32', '2');
INSERT INTO `oc_category_path` (`category_id`, `path_id`, `level`) VALUES ('32', '25', '1');
INSERT INTO `oc_category_path` (`category_id`, `path_id`, `level`) VALUES ('20', '20', '1');
INSERT INTO `oc_category_path` (`category_id`, `path_id`, `level`) VALUES ('27', '27', '2');
INSERT INTO `oc_category_path` (`category_id`, `path_id`, `level`) VALUES ('27', '20', '1');
INSERT INTO `oc_category_path` (`category_id`, `path_id`, `level`) VALUES ('26', '26', '2');
INSERT INTO `oc_category_path` (`category_id`, `path_id`, `level`) VALUES ('26', '20', '1');
INSERT INTO `oc_category_path` (`category_id`, `path_id`, `level`) VALUES ('24', '24', '1');
INSERT INTO `oc_category_path` (`category_id`, `path_id`, `level`) VALUES ('18', '18', '1');
INSERT INTO `oc_category_path` (`category_id`, `path_id`, `level`) VALUES ('45', '45', '2');
INSERT INTO `oc_category_path` (`category_id`, `path_id`, `level`) VALUES ('45', '18', '1');
INSERT INTO `oc_category_path` (`category_id`, `path_id`, `level`) VALUES ('46', '46', '2');
INSERT INTO `oc_category_path` (`category_id`, `path_id`, `level`) VALUES ('46', '18', '1');
INSERT INTO `oc_category_path` (`category_id`, `path_id`, `level`) VALUES ('33', '33', '1');
INSERT INTO `oc_category_path` (`category_id`, `path_id`, `level`) VALUES ('34', '34', '1');
INSERT INTO `oc_category_path` (`category_id`, `path_id`, `level`) VALUES ('24', '69', '0');
INSERT INTO `oc_category_path` (`category_id`, `path_id`, `level`) VALUES ('34', '69', '0');
INSERT INTO `oc_category_path` (`category_id`, `path_id`, `level`) VALUES ('46', '69', '0');
INSERT INTO `oc_category_path` (`category_id`, `path_id`, `level`) VALUES ('45', '69', '0');
INSERT INTO `oc_category_path` (`category_id`, `path_id`, `level`) VALUES ('18', '69', '0');
INSERT INTO `oc_category_path` (`category_id`, `path_id`, `level`) VALUES ('26', '69', '0');
INSERT INTO `oc_category_path` (`category_id`, `path_id`, `level`) VALUES ('27', '69', '0');
INSERT INTO `oc_category_path` (`category_id`, `path_id`, `level`) VALUES ('20', '69', '0');
INSERT INTO `oc_category_path` (`category_id`, `path_id`, `level`) VALUES ('32', '69', '0');
INSERT INTO `oc_category_path` (`category_id`, `path_id`, `level`) VALUES ('31', '69', '0');
INSERT INTO `oc_category_path` (`category_id`, `path_id`, `level`) VALUES ('30', '69', '0');
INSERT INTO `oc_category_path` (`category_id`, `path_id`, `level`) VALUES ('35', '69', '0');
INSERT INTO `oc_category_path` (`category_id`, `path_id`, `level`) VALUES ('28', '69', '0');
INSERT INTO `oc_category_path` (`category_id`, `path_id`, `level`) VALUES ('25', '69', '0');
INSERT INTO `oc_category_path` (`category_id`, `path_id`, `level`) VALUES ('69', '69', '0');
INSERT INTO `oc_category_path` (`category_id`, `path_id`, `level`) VALUES ('174', '171', '1');
INSERT INTO `oc_category_path` (`category_id`, `path_id`, `level`) VALUES ('105', '59', '0');
INSERT INTO `oc_category_path` (`category_id`, `path_id`, `level`) VALUES ('106', '106', '2');
INSERT INTO `oc_category_path` (`category_id`, `path_id`, `level`) VALUES ('106', '108', '1');
INSERT INTO `oc_category_path` (`category_id`, `path_id`, `level`) VALUES ('219', '69', '0');
INSERT INTO `oc_category_path` (`category_id`, `path_id`, `level`) VALUES ('107', '107', '0');
INSERT INTO `oc_category_path` (`category_id`, `path_id`, `level`) VALUES ('108', '108', '1');
INSERT INTO `oc_category_path` (`category_id`, `path_id`, `level`) VALUES ('108', '59', '0');
INSERT INTO `oc_category_path` (`category_id`, `path_id`, `level`) VALUES ('170', '166', '0');
INSERT INTO `oc_category_path` (`category_id`, `path_id`, `level`) VALUES ('109', '109', '0');
INSERT INTO `oc_category_path` (`category_id`, `path_id`, `level`) VALUES ('171', '171', '1');
INSERT INTO `oc_category_path` (`category_id`, `path_id`, `level`) VALUES ('110', '59', '0');
INSERT INTO `oc_category_path` (`category_id`, `path_id`, `level`) VALUES ('168', '167', '1');
INSERT INTO `oc_category_path` (`category_id`, `path_id`, `level`) VALUES ('111', '111', '0');
INSERT INTO `oc_category_path` (`category_id`, `path_id`, `level`) VALUES ('112', '112', '1');
INSERT INTO `oc_category_path` (`category_id`, `path_id`, `level`) VALUES ('112', '59', '0');
INSERT INTO `oc_category_path` (`category_id`, `path_id`, `level`) VALUES ('113', '113', '1');
INSERT INTO `oc_category_path` (`category_id`, `path_id`, `level`) VALUES ('113', '59', '0');
INSERT INTO `oc_category_path` (`category_id`, `path_id`, `level`) VALUES ('171', '166', '0');
INSERT INTO `oc_category_path` (`category_id`, `path_id`, `level`) VALUES ('114', '114', '3');
INSERT INTO `oc_category_path` (`category_id`, `path_id`, `level`) VALUES ('114', '105', '1');
INSERT INTO `oc_category_path` (`category_id`, `path_id`, `level`) VALUES ('172', '172', '2');
INSERT INTO `oc_category_path` (`category_id`, `path_id`, `level`) VALUES ('115', '115', '3');
INSERT INTO `oc_category_path` (`category_id`, `path_id`, `level`) VALUES ('115', '105', '1');
INSERT INTO `oc_category_path` (`category_id`, `path_id`, `level`) VALUES ('116', '105', '1');
INSERT INTO `oc_category_path` (`category_id`, `path_id`, `level`) VALUES ('172', '171', '1');
INSERT INTO `oc_category_path` (`category_id`, `path_id`, `level`) VALUES ('116', '59', '0');
INSERT INTO `oc_category_path` (`category_id`, `path_id`, `level`) VALUES ('117', '117', '3');
INSERT INTO `oc_category_path` (`category_id`, `path_id`, `level`) VALUES ('172', '166', '0');
INSERT INTO `oc_category_path` (`category_id`, `path_id`, `level`) VALUES ('117', '105', '1');
INSERT INTO `oc_category_path` (`category_id`, `path_id`, `level`) VALUES ('118', '107', '0');
INSERT INTO `oc_category_path` (`category_id`, `path_id`, `level`) VALUES ('118', '118', '1');
INSERT INTO `oc_category_path` (`category_id`, `path_id`, `level`) VALUES ('219', '28', '2');
INSERT INTO `oc_category_path` (`category_id`, `path_id`, `level`) VALUES ('119', '119', '1');
INSERT INTO `oc_category_path` (`category_id`, `path_id`, `level`) VALUES ('119', '107', '0');
INSERT INTO `oc_category_path` (`category_id`, `path_id`, `level`) VALUES ('219', '219', '3');
INSERT INTO `oc_category_path` (`category_id`, `path_id`, `level`) VALUES ('120', '120', '1');
INSERT INTO `oc_category_path` (`category_id`, `path_id`, `level`) VALUES ('120', '107', '0');
INSERT INTO `oc_category_path` (`category_id`, `path_id`, `level`) VALUES ('219', '25', '1');
INSERT INTO `oc_category_path` (`category_id`, `path_id`, `level`) VALUES ('121', '107', '0');
INSERT INTO `oc_category_path` (`category_id`, `path_id`, `level`) VALUES ('121', '121', '1');
INSERT INTO `oc_category_path` (`category_id`, `path_id`, `level`) VALUES ('165', '165', '1');
INSERT INTO `oc_category_path` (`category_id`, `path_id`, `level`) VALUES ('122', '109', '0');
INSERT INTO `oc_category_path` (`category_id`, `path_id`, `level`) VALUES ('170', '170', '1');
INSERT INTO `oc_category_path` (`category_id`, `path_id`, `level`) VALUES ('122', '122', '1');
INSERT INTO `oc_category_path` (`category_id`, `path_id`, `level`) VALUES ('123', '109', '0');
INSERT INTO `oc_category_path` (`category_id`, `path_id`, `level`) VALUES ('169', '166', '0');
INSERT INTO `oc_category_path` (`category_id`, `path_id`, `level`) VALUES ('123', '123', '1');
INSERT INTO `oc_category_path` (`category_id`, `path_id`, `level`) VALUES ('124', '109', '0');
INSERT INTO `oc_category_path` (`category_id`, `path_id`, `level`) VALUES ('169', '167', '1');
INSERT INTO `oc_category_path` (`category_id`, `path_id`, `level`) VALUES ('124', '124', '1');
INSERT INTO `oc_category_path` (`category_id`, `path_id`, `level`) VALUES ('169', '169', '2');
INSERT INTO `oc_category_path` (`category_id`, `path_id`, `level`) VALUES ('125', '109', '0');
INSERT INTO `oc_category_path` (`category_id`, `path_id`, `level`) VALUES ('125', '125', '1');
INSERT INTO `oc_category_path` (`category_id`, `path_id`, `level`) VALUES ('126', '113', '1');
INSERT INTO `oc_category_path` (`category_id`, `path_id`, `level`) VALUES ('126', '59', '0');
INSERT INTO `oc_category_path` (`category_id`, `path_id`, `level`) VALUES ('126', '126', '2');
INSERT INTO `oc_category_path` (`category_id`, `path_id`, `level`) VALUES ('127', '59', '0');
INSERT INTO `oc_category_path` (`category_id`, `path_id`, `level`) VALUES ('127', '108', '1');
INSERT INTO `oc_category_path` (`category_id`, `path_id`, `level`) VALUES ('127', '127', '2');
INSERT INTO `oc_category_path` (`category_id`, `path_id`, `level`) VALUES ('215', '215', '1');
INSERT INTO `oc_category_path` (`category_id`, `path_id`, `level`) VALUES ('220', '28', '2');
INSERT INTO `oc_category_path` (`category_id`, `path_id`, `level`) VALUES ('215', '111', '0');
INSERT INTO `oc_category_path` (`category_id`, `path_id`, `level`) VALUES ('129', '129', '2');
INSERT INTO `oc_category_path` (`category_id`, `path_id`, `level`) VALUES ('130', '59', '0');
INSERT INTO `oc_category_path` (`category_id`, `path_id`, `level`) VALUES ('130', '130', '2');
INSERT INTO `oc_category_path` (`category_id`, `path_id`, `level`) VALUES ('130', '108', '1');
INSERT INTO `oc_category_path` (`category_id`, `path_id`, `level`) VALUES ('131', '131', '1');
INSERT INTO `oc_category_path` (`category_id`, `path_id`, `level`) VALUES ('168', '168', '2');
INSERT INTO `oc_category_path` (`category_id`, `path_id`, `level`) VALUES ('131', '111', '0');
INSERT INTO `oc_category_path` (`category_id`, `path_id`, `level`) VALUES ('132', '111', '0');
INSERT INTO `oc_category_path` (`category_id`, `path_id`, `level`) VALUES ('167', '166', '0');
INSERT INTO `oc_category_path` (`category_id`, `path_id`, `level`) VALUES ('132', '132', '1');
INSERT INTO `oc_category_path` (`category_id`, `path_id`, `level`) VALUES ('133', '111', '0');
INSERT INTO `oc_category_path` (`category_id`, `path_id`, `level`) VALUES ('167', '167', '1');
INSERT INTO `oc_category_path` (`category_id`, `path_id`, `level`) VALUES ('133', '133', '1');
INSERT INTO `oc_category_path` (`category_id`, `path_id`, `level`) VALUES ('134', '111', '0');
INSERT INTO `oc_category_path` (`category_id`, `path_id`, `level`) VALUES ('166', '166', '0');
INSERT INTO `oc_category_path` (`category_id`, `path_id`, `level`) VALUES ('134', '134', '1');
INSERT INTO `oc_category_path` (`category_id`, `path_id`, `level`) VALUES ('135', '59', '0');
INSERT INTO `oc_category_path` (`category_id`, `path_id`, `level`) VALUES ('135', '135', '2');
INSERT INTO `oc_category_path` (`category_id`, `path_id`, `level`) VALUES ('135', '113', '1');
INSERT INTO `oc_category_path` (`category_id`, `path_id`, `level`) VALUES ('136', '59', '0');
INSERT INTO `oc_category_path` (`category_id`, `path_id`, `level`) VALUES ('136', '113', '1');
INSERT INTO `oc_category_path` (`category_id`, `path_id`, `level`) VALUES ('136', '136', '2');
INSERT INTO `oc_category_path` (`category_id`, `path_id`, `level`) VALUES ('129', '59', '0');
INSERT INTO `oc_category_path` (`category_id`, `path_id`, `level`) VALUES ('129', '108', '1');
INSERT INTO `oc_category_path` (`category_id`, `path_id`, `level`) VALUES ('137', '59', '0');
INSERT INTO `oc_category_path` (`category_id`, `path_id`, `level`) VALUES ('137', '137', '2');
INSERT INTO `oc_category_path` (`category_id`, `path_id`, `level`) VALUES ('137', '113', '1');
INSERT INTO `oc_category_path` (`category_id`, `path_id`, `level`) VALUES ('220', '220', '4');
INSERT INTO `oc_category_path` (`category_id`, `path_id`, `level`) VALUES ('220', '25', '1');
INSERT INTO `oc_category_path` (`category_id`, `path_id`, `level`) VALUES ('220', '219', '3');
INSERT INTO `oc_category_path` (`category_id`, `path_id`, `level`) VALUES ('220', '69', '0');
INSERT INTO `oc_category_path` (`category_id`, `path_id`, `level`) VALUES ('142', '106', '2');
INSERT INTO `oc_category_path` (`category_id`, `path_id`, `level`) VALUES ('142', '142', '3');
INSERT INTO `oc_category_path` (`category_id`, `path_id`, `level`) VALUES ('142', '59', '0');
INSERT INTO `oc_category_path` (`category_id`, `path_id`, `level`) VALUES ('143', '106', '2');
INSERT INTO `oc_category_path` (`category_id`, `path_id`, `level`) VALUES ('143', '143', '3');
INSERT INTO `oc_category_path` (`category_id`, `path_id`, `level`) VALUES ('143', '59', '0');
INSERT INTO `oc_category_path` (`category_id`, `path_id`, `level`) VALUES ('144', '106', '2');
INSERT INTO `oc_category_path` (`category_id`, `path_id`, `level`) VALUES ('144', '144', '3');
INSERT INTO `oc_category_path` (`category_id`, `path_id`, `level`) VALUES ('144', '59', '0');
INSERT INTO `oc_category_path` (`category_id`, `path_id`, `level`) VALUES ('145', '106', '2');
INSERT INTO `oc_category_path` (`category_id`, `path_id`, `level`) VALUES ('145', '145', '3');
INSERT INTO `oc_category_path` (`category_id`, `path_id`, `level`) VALUES ('145', '59', '0');
INSERT INTO `oc_category_path` (`category_id`, `path_id`, `level`) VALUES ('146', '105', '1');
INSERT INTO `oc_category_path` (`category_id`, `path_id`, `level`) VALUES ('146', '146', '3');
INSERT INTO `oc_category_path` (`category_id`, `path_id`, `level`) VALUES ('173', '173', '2');
INSERT INTO `oc_category_path` (`category_id`, `path_id`, `level`) VALUES ('147', '60', '1');
INSERT INTO `oc_category_path` (`category_id`, `path_id`, `level`) VALUES ('147', '147', '2');
INSERT INTO `oc_category_path` (`category_id`, `path_id`, `level`) VALUES ('147', '59', '0');
INSERT INTO `oc_category_path` (`category_id`, `path_id`, `level`) VALUES ('148', '59', '0');
INSERT INTO `oc_category_path` (`category_id`, `path_id`, `level`) VALUES ('148', '148', '2');
INSERT INTO `oc_category_path` (`category_id`, `path_id`, `level`) VALUES ('148', '60', '1');
INSERT INTO `oc_category_path` (`category_id`, `path_id`, `level`) VALUES ('149', '59', '0');
INSERT INTO `oc_category_path` (`category_id`, `path_id`, `level`) VALUES ('149', '149', '2');
INSERT INTO `oc_category_path` (`category_id`, `path_id`, `level`) VALUES ('149', '60', '1');
INSERT INTO `oc_category_path` (`category_id`, `path_id`, `level`) VALUES ('150', '59', '0');
INSERT INTO `oc_category_path` (`category_id`, `path_id`, `level`) VALUES ('150', '150', '2');
INSERT INTO `oc_category_path` (`category_id`, `path_id`, `level`) VALUES ('150', '60', '1');
INSERT INTO `oc_category_path` (`category_id`, `path_id`, `level`) VALUES ('151', '59', '0');
INSERT INTO `oc_category_path` (`category_id`, `path_id`, `level`) VALUES ('173', '171', '1');
INSERT INTO `oc_category_path` (`category_id`, `path_id`, `level`) VALUES ('151', '105', '1');
INSERT INTO `oc_category_path` (`category_id`, `path_id`, `level`) VALUES ('152', '105', '1');
INSERT INTO `oc_category_path` (`category_id`, `path_id`, `level`) VALUES ('173', '166', '0');
INSERT INTO `oc_category_path` (`category_id`, `path_id`, `level`) VALUES ('152', '59', '0');
INSERT INTO `oc_category_path` (`category_id`, `path_id`, `level`) VALUES ('174', '174', '2');
INSERT INTO `oc_category_path` (`category_id`, `path_id`, `level`) VALUES ('153', '59', '0');
INSERT INTO `oc_category_path` (`category_id`, `path_id`, `level`) VALUES ('153', '153', '2');
INSERT INTO `oc_category_path` (`category_id`, `path_id`, `level`) VALUES ('154', '154', '2');
INSERT INTO `oc_category_path` (`category_id`, `path_id`, `level`) VALUES ('154', '59', '0');
INSERT INTO `oc_category_path` (`category_id`, `path_id`, `level`) VALUES ('154', '60', '1');
INSERT INTO `oc_category_path` (`category_id`, `path_id`, `level`) VALUES ('155', '155', '0');
INSERT INTO `oc_category_path` (`category_id`, `path_id`, `level`) VALUES ('156', '156', '1');
INSERT INTO `oc_category_path` (`category_id`, `path_id`, `level`) VALUES ('156', '155', '0');
INSERT INTO `oc_category_path` (`category_id`, `path_id`, `level`) VALUES ('157', '157', '1');
INSERT INTO `oc_category_path` (`category_id`, `path_id`, `level`) VALUES ('157', '155', '0');
INSERT INTO `oc_category_path` (`category_id`, `path_id`, `level`) VALUES ('158', '158', '1');
INSERT INTO `oc_category_path` (`category_id`, `path_id`, `level`) VALUES ('158', '155', '0');
INSERT INTO `oc_category_path` (`category_id`, `path_id`, `level`) VALUES ('159', '159', '1');
INSERT INTO `oc_category_path` (`category_id`, `path_id`, `level`) VALUES ('159', '155', '0');
INSERT INTO `oc_category_path` (`category_id`, `path_id`, `level`) VALUES ('160', '160', '1');
INSERT INTO `oc_category_path` (`category_id`, `path_id`, `level`) VALUES ('160', '155', '0');
INSERT INTO `oc_category_path` (`category_id`, `path_id`, `level`) VALUES ('161', '161', '1');
INSERT INTO `oc_category_path` (`category_id`, `path_id`, `level`) VALUES ('161', '155', '0');
INSERT INTO `oc_category_path` (`category_id`, `path_id`, `level`) VALUES ('217', '166', '0');
INSERT INTO `oc_category_path` (`category_id`, `path_id`, `level`) VALUES ('216', '216', '1');
INSERT INTO `oc_category_path` (`category_id`, `path_id`, `level`) VALUES ('163', '163', '1');
INSERT INTO `oc_category_path` (`category_id`, `path_id`, `level`) VALUES ('163', '155', '0');
INSERT INTO `oc_category_path` (`category_id`, `path_id`, `level`) VALUES ('106', '59', '0');
INSERT INTO `oc_category_path` (`category_id`, `path_id`, `level`) VALUES ('142', '108', '1');
INSERT INTO `oc_category_path` (`category_id`, `path_id`, `level`) VALUES ('143', '108', '1');
INSERT INTO `oc_category_path` (`category_id`, `path_id`, `level`) VALUES ('144', '108', '1');
INSERT INTO `oc_category_path` (`category_id`, `path_id`, `level`) VALUES ('145', '108', '1');
INSERT INTO `oc_category_path` (`category_id`, `path_id`, `level`) VALUES ('110', '110', '2');
INSERT INTO `oc_category_path` (`category_id`, `path_id`, `level`) VALUES ('114', '59', '0');
INSERT INTO `oc_category_path` (`category_id`, `path_id`, `level`) VALUES ('115', '59', '0');
INSERT INTO `oc_category_path` (`category_id`, `path_id`, `level`) VALUES ('117', '59', '0');
INSERT INTO `oc_category_path` (`category_id`, `path_id`, `level`) VALUES ('146', '59', '0');
INSERT INTO `oc_category_path` (`category_id`, `path_id`, `level`) VALUES ('168', '166', '0');
INSERT INTO `oc_category_path` (`category_id`, `path_id`, `level`) VALUES ('164', '109', '0');
INSERT INTO `oc_category_path` (`category_id`, `path_id`, `level`) VALUES ('164', '164', '1');
INSERT INTO `oc_category_path` (`category_id`, `path_id`, `level`) VALUES ('165', '107', '0');
INSERT INTO `oc_category_path` (`category_id`, `path_id`, `level`) VALUES ('174', '166', '0');
INSERT INTO `oc_category_path` (`category_id`, `path_id`, `level`) VALUES ('175', '175', '0');
INSERT INTO `oc_category_path` (`category_id`, `path_id`, `level`) VALUES ('176', '176', '1');
INSERT INTO `oc_category_path` (`category_id`, `path_id`, `level`) VALUES ('176', '175', '0');
INSERT INTO `oc_category_path` (`category_id`, `path_id`, `level`) VALUES ('177', '177', '2');
INSERT INTO `oc_category_path` (`category_id`, `path_id`, `level`) VALUES ('177', '176', '1');
INSERT INTO `oc_category_path` (`category_id`, `path_id`, `level`) VALUES ('177', '175', '0');
INSERT INTO `oc_category_path` (`category_id`, `path_id`, `level`) VALUES ('178', '178', '2');
INSERT INTO `oc_category_path` (`category_id`, `path_id`, `level`) VALUES ('178', '176', '1');
INSERT INTO `oc_category_path` (`category_id`, `path_id`, `level`) VALUES ('178', '175', '0');
INSERT INTO `oc_category_path` (`category_id`, `path_id`, `level`) VALUES ('179', '179', '2');
INSERT INTO `oc_category_path` (`category_id`, `path_id`, `level`) VALUES ('179', '176', '1');
INSERT INTO `oc_category_path` (`category_id`, `path_id`, `level`) VALUES ('179', '175', '0');
INSERT INTO `oc_category_path` (`category_id`, `path_id`, `level`) VALUES ('180', '180', '1');
INSERT INTO `oc_category_path` (`category_id`, `path_id`, `level`) VALUES ('180', '175', '0');
INSERT INTO `oc_category_path` (`category_id`, `path_id`, `level`) VALUES ('181', '181', '2');
INSERT INTO `oc_category_path` (`category_id`, `path_id`, `level`) VALUES ('181', '180', '1');
INSERT INTO `oc_category_path` (`category_id`, `path_id`, `level`) VALUES ('181', '175', '0');
INSERT INTO `oc_category_path` (`category_id`, `path_id`, `level`) VALUES ('182', '182', '2');
INSERT INTO `oc_category_path` (`category_id`, `path_id`, `level`) VALUES ('182', '180', '1');
INSERT INTO `oc_category_path` (`category_id`, `path_id`, `level`) VALUES ('182', '175', '0');
INSERT INTO `oc_category_path` (`category_id`, `path_id`, `level`) VALUES ('183', '183', '2');
INSERT INTO `oc_category_path` (`category_id`, `path_id`, `level`) VALUES ('183', '180', '1');
INSERT INTO `oc_category_path` (`category_id`, `path_id`, `level`) VALUES ('183', '175', '0');
INSERT INTO `oc_category_path` (`category_id`, `path_id`, `level`) VALUES ('184', '175', '0');
INSERT INTO `oc_category_path` (`category_id`, `path_id`, `level`) VALUES ('185', '184', '1');
INSERT INTO `oc_category_path` (`category_id`, `path_id`, `level`) VALUES ('185', '175', '0');
INSERT INTO `oc_category_path` (`category_id`, `path_id`, `level`) VALUES ('186', '184', '1');
INSERT INTO `oc_category_path` (`category_id`, `path_id`, `level`) VALUES ('186', '175', '0');
INSERT INTO `oc_category_path` (`category_id`, `path_id`, `level`) VALUES ('184', '184', '1');
INSERT INTO `oc_category_path` (`category_id`, `path_id`, `level`) VALUES ('185', '185', '2');
INSERT INTO `oc_category_path` (`category_id`, `path_id`, `level`) VALUES ('186', '186', '2');
INSERT INTO `oc_category_path` (`category_id`, `path_id`, `level`) VALUES ('187', '187', '1');
INSERT INTO `oc_category_path` (`category_id`, `path_id`, `level`) VALUES ('187', '175', '0');
INSERT INTO `oc_category_path` (`category_id`, `path_id`, `level`) VALUES ('188', '188', '1');
INSERT INTO `oc_category_path` (`category_id`, `path_id`, `level`) VALUES ('188', '175', '0');
INSERT INTO `oc_category_path` (`category_id`, `path_id`, `level`) VALUES ('189', '189', '1');
INSERT INTO `oc_category_path` (`category_id`, `path_id`, `level`) VALUES ('189', '175', '0');
INSERT INTO `oc_category_path` (`category_id`, `path_id`, `level`) VALUES ('190', '190', '1');
INSERT INTO `oc_category_path` (`category_id`, `path_id`, `level`) VALUES ('190', '175', '0');
INSERT INTO `oc_category_path` (`category_id`, `path_id`, `level`) VALUES ('191', '175', '0');
INSERT INTO `oc_category_path` (`category_id`, `path_id`, `level`) VALUES ('192', '191', '1');
INSERT INTO `oc_category_path` (`category_id`, `path_id`, `level`) VALUES ('192', '175', '0');
INSERT INTO `oc_category_path` (`category_id`, `path_id`, `level`) VALUES ('193', '191', '1');
INSERT INTO `oc_category_path` (`category_id`, `path_id`, `level`) VALUES ('193', '175', '0');
INSERT INTO `oc_category_path` (`category_id`, `path_id`, `level`) VALUES ('194', '191', '1');
INSERT INTO `oc_category_path` (`category_id`, `path_id`, `level`) VALUES ('194', '175', '0');
INSERT INTO `oc_category_path` (`category_id`, `path_id`, `level`) VALUES ('195', '191', '1');
INSERT INTO `oc_category_path` (`category_id`, `path_id`, `level`) VALUES ('195', '175', '0');
INSERT INTO `oc_category_path` (`category_id`, `path_id`, `level`) VALUES ('196', '196', '0');
INSERT INTO `oc_category_path` (`category_id`, `path_id`, `level`) VALUES ('197', '197', '1');
INSERT INTO `oc_category_path` (`category_id`, `path_id`, `level`) VALUES ('197', '196', '0');
INSERT INTO `oc_category_path` (`category_id`, `path_id`, `level`) VALUES ('198', '198', '1');
INSERT INTO `oc_category_path` (`category_id`, `path_id`, `level`) VALUES ('198', '196', '0');
INSERT INTO `oc_category_path` (`category_id`, `path_id`, `level`) VALUES ('199', '199', '1');
INSERT INTO `oc_category_path` (`category_id`, `path_id`, `level`) VALUES ('199', '196', '0');
INSERT INTO `oc_category_path` (`category_id`, `path_id`, `level`) VALUES ('200', '200', '1');
INSERT INTO `oc_category_path` (`category_id`, `path_id`, `level`) VALUES ('200', '196', '0');
INSERT INTO `oc_category_path` (`category_id`, `path_id`, `level`) VALUES ('218', '218', '1');
INSERT INTO `oc_category_path` (`category_id`, `path_id`, `level`) VALUES ('217', '217', '1');
INSERT INTO `oc_category_path` (`category_id`, `path_id`, `level`) VALUES ('218', '166', '0');
INSERT INTO `oc_category_path` (`category_id`, `path_id`, `level`) VALUES ('216', '109', '0');
INSERT INTO `oc_category_path` (`category_id`, `path_id`, `level`) VALUES ('203', '203', '1');
INSERT INTO `oc_category_path` (`category_id`, `path_id`, `level`) VALUES ('203', '196', '0');
INSERT INTO `oc_category_path` (`category_id`, `path_id`, `level`) VALUES ('204', '204', '1');
INSERT INTO `oc_category_path` (`category_id`, `path_id`, `level`) VALUES ('204', '196', '0');
INSERT INTO `oc_category_path` (`category_id`, `path_id`, `level`) VALUES ('205', '205', '0');
INSERT INTO `oc_category_path` (`category_id`, `path_id`, `level`) VALUES ('206', '206', '1');
INSERT INTO `oc_category_path` (`category_id`, `path_id`, `level`) VALUES ('206', '205', '0');
INSERT INTO `oc_category_path` (`category_id`, `path_id`, `level`) VALUES ('207', '207', '1');
INSERT INTO `oc_category_path` (`category_id`, `path_id`, `level`) VALUES ('207', '205', '0');
INSERT INTO `oc_category_path` (`category_id`, `path_id`, `level`) VALUES ('208', '208', '1');
INSERT INTO `oc_category_path` (`category_id`, `path_id`, `level`) VALUES ('208', '205', '0');
INSERT INTO `oc_category_path` (`category_id`, `path_id`, `level`) VALUES ('214', '111', '0');
INSERT INTO `oc_category_path` (`category_id`, `path_id`, `level`) VALUES ('214', '214', '1');
INSERT INTO `oc_category_path` (`category_id`, `path_id`, `level`) VALUES ('210', '210', '1');
INSERT INTO `oc_category_path` (`category_id`, `path_id`, `level`) VALUES ('210', '205', '0');
INSERT INTO `oc_category_path` (`category_id`, `path_id`, `level`) VALUES ('211', '211', '1');
INSERT INTO `oc_category_path` (`category_id`, `path_id`, `level`) VALUES ('211', '205', '0');
INSERT INTO `oc_category_path` (`category_id`, `path_id`, `level`) VALUES ('191', '191', '1');
INSERT INTO `oc_category_path` (`category_id`, `path_id`, `level`) VALUES ('110', '105', '1');
INSERT INTO `oc_category_path` (`category_id`, `path_id`, `level`) VALUES ('114', '110', '2');
INSERT INTO `oc_category_path` (`category_id`, `path_id`, `level`) VALUES ('115', '110', '2');
INSERT INTO `oc_category_path` (`category_id`, `path_id`, `level`) VALUES ('116', '116', '2');
INSERT INTO `oc_category_path` (`category_id`, `path_id`, `level`) VALUES ('117', '110', '2');
INSERT INTO `oc_category_path` (`category_id`, `path_id`, `level`) VALUES ('146', '110', '2');
INSERT INTO `oc_category_path` (`category_id`, `path_id`, `level`) VALUES ('151', '151', '2');
INSERT INTO `oc_category_path` (`category_id`, `path_id`, `level`) VALUES ('152', '152', '2');
INSERT INTO `oc_category_path` (`category_id`, `path_id`, `level`) VALUES ('153', '105', '1');
INSERT INTO `oc_category_path` (`category_id`, `path_id`, `level`) VALUES ('105', '105', '1');
INSERT INTO `oc_category_path` (`category_id`, `path_id`, `level`) VALUES ('213', '175', '0');
INSERT INTO `oc_category_path` (`category_id`, `path_id`, `level`) VALUES ('213', '213', '1');
INSERT INTO `oc_category_path` (`category_id`, `path_id`, `level`) VALUES ('195', '195', '2');
INSERT INTO `oc_category_path` (`category_id`, `path_id`, `level`) VALUES ('194', '194', '2');
INSERT INTO `oc_category_path` (`category_id`, `path_id`, `level`) VALUES ('193', '193', '2');
INSERT INTO `oc_category_path` (`category_id`, `path_id`, `level`) VALUES ('192', '192', '2');
INSERT INTO `oc_category_path` (`category_id`, `path_id`, `level`) VALUES ('221', '221', '0');


TRUNCATE TABLE `oc_category_to_layout`;

INSERT INTO `oc_category_to_layout` (`category_id`, `store_id`, `layout_id`) VALUES ('25', '0', '0');
INSERT INTO `oc_category_to_layout` (`category_id`, `store_id`, `layout_id`) VALUES ('69', '0', '0');
INSERT INTO `oc_category_to_layout` (`category_id`, `store_id`, `layout_id`) VALUES ('59', '0', '0');
INSERT INTO `oc_category_to_layout` (`category_id`, `store_id`, `layout_id`) VALUES ('156', '0', '0');
INSERT INTO `oc_category_to_layout` (`category_id`, `store_id`, `layout_id`) VALUES ('155', '0', '0');
INSERT INTO `oc_category_to_layout` (`category_id`, `store_id`, `layout_id`) VALUES ('168', '0', '0');
INSERT INTO `oc_category_to_layout` (`category_id`, `store_id`, `layout_id`) VALUES ('105', '0', '0');
INSERT INTO `oc_category_to_layout` (`category_id`, `store_id`, `layout_id`) VALUES ('107', '0', '0');
INSERT INTO `oc_category_to_layout` (`category_id`, `store_id`, `layout_id`) VALUES ('109', '0', '0');
INSERT INTO `oc_category_to_layout` (`category_id`, `store_id`, `layout_id`) VALUES ('167', '0', '0');
INSERT INTO `oc_category_to_layout` (`category_id`, `store_id`, `layout_id`) VALUES ('60', '0', '0');
INSERT INTO `oc_category_to_layout` (`category_id`, `store_id`, `layout_id`) VALUES ('112', '0', '0');
INSERT INTO `oc_category_to_layout` (`category_id`, `store_id`, `layout_id`) VALUES ('113', '0', '0');
INSERT INTO `oc_category_to_layout` (`category_id`, `store_id`, `layout_id`) VALUES ('111', '0', '0');
INSERT INTO `oc_category_to_layout` (`category_id`, `store_id`, `layout_id`) VALUES ('166', '0', '0');
INSERT INTO `oc_category_to_layout` (`category_id`, `store_id`, `layout_id`) VALUES ('27', '0', '0');
INSERT INTO `oc_category_to_layout` (`category_id`, `store_id`, `layout_id`) VALUES ('108', '0', '0');
INSERT INTO `oc_category_to_layout` (`category_id`, `store_id`, `layout_id`) VALUES ('147', '0', '0');
INSERT INTO `oc_category_to_layout` (`category_id`, `store_id`, `layout_id`) VALUES ('152', '0', '0');
INSERT INTO `oc_category_to_layout` (`category_id`, `store_id`, `layout_id`) VALUES ('116', '0', '0');
INSERT INTO `oc_category_to_layout` (`category_id`, `store_id`, `layout_id`) VALUES ('110', '0', '0');
INSERT INTO `oc_category_to_layout` (`category_id`, `store_id`, `layout_id`) VALUES ('151', '0', '0');
INSERT INTO `oc_category_to_layout` (`category_id`, `store_id`, `layout_id`) VALUES ('153', '0', '0');
INSERT INTO `oc_category_to_layout` (`category_id`, `store_id`, `layout_id`) VALUES ('117', '0', '0');
INSERT INTO `oc_category_to_layout` (`category_id`, `store_id`, `layout_id`) VALUES ('146', '0', '0');
INSERT INTO `oc_category_to_layout` (`category_id`, `store_id`, `layout_id`) VALUES ('114', '0', '0');
INSERT INTO `oc_category_to_layout` (`category_id`, `store_id`, `layout_id`) VALUES ('115', '0', '0');
INSERT INTO `oc_category_to_layout` (`category_id`, `store_id`, `layout_id`) VALUES ('120', '0', '0');
INSERT INTO `oc_category_to_layout` (`category_id`, `store_id`, `layout_id`) VALUES ('118', '0', '0');
INSERT INTO `oc_category_to_layout` (`category_id`, `store_id`, `layout_id`) VALUES ('121', '0', '0');
INSERT INTO `oc_category_to_layout` (`category_id`, `store_id`, `layout_id`) VALUES ('119', '0', '0');
INSERT INTO `oc_category_to_layout` (`category_id`, `store_id`, `layout_id`) VALUES ('125', '0', '0');
INSERT INTO `oc_category_to_layout` (`category_id`, `store_id`, `layout_id`) VALUES ('123', '0', '0');
INSERT INTO `oc_category_to_layout` (`category_id`, `store_id`, `layout_id`) VALUES ('122', '0', '0');
INSERT INTO `oc_category_to_layout` (`category_id`, `store_id`, `layout_id`) VALUES ('124', '0', '0');
INSERT INTO `oc_category_to_layout` (`category_id`, `store_id`, `layout_id`) VALUES ('164', '0', '0');
INSERT INTO `oc_category_to_layout` (`category_id`, `store_id`, `layout_id`) VALUES ('149', '0', '0');
INSERT INTO `oc_category_to_layout` (`category_id`, `store_id`, `layout_id`) VALUES ('148', '0', '0');
INSERT INTO `oc_category_to_layout` (`category_id`, `store_id`, `layout_id`) VALUES ('154', '0', '0');
INSERT INTO `oc_category_to_layout` (`category_id`, `store_id`, `layout_id`) VALUES ('150', '0', '0');
INSERT INTO `oc_category_to_layout` (`category_id`, `store_id`, `layout_id`) VALUES ('137', '0', '0');
INSERT INTO `oc_category_to_layout` (`category_id`, `store_id`, `layout_id`) VALUES ('135', '0', '0');
INSERT INTO `oc_category_to_layout` (`category_id`, `store_id`, `layout_id`) VALUES ('136', '0', '0');
INSERT INTO `oc_category_to_layout` (`category_id`, `store_id`, `layout_id`) VALUES ('220', '0', '0');
INSERT INTO `oc_category_to_layout` (`category_id`, `store_id`, `layout_id`) VALUES ('126', '0', '0');
INSERT INTO `oc_category_to_layout` (`category_id`, `store_id`, `layout_id`) VALUES ('131', '0', '0');
INSERT INTO `oc_category_to_layout` (`category_id`, `store_id`, `layout_id`) VALUES ('132', '0', '0');
INSERT INTO `oc_category_to_layout` (`category_id`, `store_id`, `layout_id`) VALUES ('134', '0', '0');
INSERT INTO `oc_category_to_layout` (`category_id`, `store_id`, `layout_id`) VALUES ('133', '0', '0');
INSERT INTO `oc_category_to_layout` (`category_id`, `store_id`, `layout_id`) VALUES ('219', '0', '0');
INSERT INTO `oc_category_to_layout` (`category_id`, `store_id`, `layout_id`) VALUES ('130', '0', '0');
INSERT INTO `oc_category_to_layout` (`category_id`, `store_id`, `layout_id`) VALUES ('24', '0', '0');
INSERT INTO `oc_category_to_layout` (`category_id`, `store_id`, `layout_id`) VALUES ('106', '0', '0');
INSERT INTO `oc_category_to_layout` (`category_id`, `store_id`, `layout_id`) VALUES ('160', '0', '0');
INSERT INTO `oc_category_to_layout` (`category_id`, `store_id`, `layout_id`) VALUES ('144', '0', '0');
INSERT INTO `oc_category_to_layout` (`category_id`, `store_id`, `layout_id`) VALUES ('159', '0', '0');
INSERT INTO `oc_category_to_layout` (`category_id`, `store_id`, `layout_id`) VALUES ('145', '0', '0');
INSERT INTO `oc_category_to_layout` (`category_id`, `store_id`, `layout_id`) VALUES ('158', '0', '0');
INSERT INTO `oc_category_to_layout` (`category_id`, `store_id`, `layout_id`) VALUES ('143', '0', '0');
INSERT INTO `oc_category_to_layout` (`category_id`, `store_id`, `layout_id`) VALUES ('33', '0', '0');
INSERT INTO `oc_category_to_layout` (`category_id`, `store_id`, `layout_id`) VALUES ('142', '0', '0');
INSERT INTO `oc_category_to_layout` (`category_id`, `store_id`, `layout_id`) VALUES ('218', '0', '0');
INSERT INTO `oc_category_to_layout` (`category_id`, `store_id`, `layout_id`) VALUES ('217', '0', '0');
INSERT INTO `oc_category_to_layout` (`category_id`, `store_id`, `layout_id`) VALUES ('163', '0', '0');
INSERT INTO `oc_category_to_layout` (`category_id`, `store_id`, `layout_id`) VALUES ('129', '0', '0');
INSERT INTO `oc_category_to_layout` (`category_id`, `store_id`, `layout_id`) VALUES ('161', '0', '0');
INSERT INTO `oc_category_to_layout` (`category_id`, `store_id`, `layout_id`) VALUES ('127', '0', '0');
INSERT INTO `oc_category_to_layout` (`category_id`, `store_id`, `layout_id`) VALUES ('215', '0', '0');
INSERT INTO `oc_category_to_layout` (`category_id`, `store_id`, `layout_id`) VALUES ('165', '0', '0');
INSERT INTO `oc_category_to_layout` (`category_id`, `store_id`, `layout_id`) VALUES ('169', '0', '0');
INSERT INTO `oc_category_to_layout` (`category_id`, `store_id`, `layout_id`) VALUES ('170', '0', '0');
INSERT INTO `oc_category_to_layout` (`category_id`, `store_id`, `layout_id`) VALUES ('171', '0', '0');
INSERT INTO `oc_category_to_layout` (`category_id`, `store_id`, `layout_id`) VALUES ('172', '0', '0');
INSERT INTO `oc_category_to_layout` (`category_id`, `store_id`, `layout_id`) VALUES ('173', '0', '0');
INSERT INTO `oc_category_to_layout` (`category_id`, `store_id`, `layout_id`) VALUES ('174', '0', '0');
INSERT INTO `oc_category_to_layout` (`category_id`, `store_id`, `layout_id`) VALUES ('175', '0', '0');
INSERT INTO `oc_category_to_layout` (`category_id`, `store_id`, `layout_id`) VALUES ('176', '0', '0');
INSERT INTO `oc_category_to_layout` (`category_id`, `store_id`, `layout_id`) VALUES ('177', '0', '0');
INSERT INTO `oc_category_to_layout` (`category_id`, `store_id`, `layout_id`) VALUES ('178', '0', '0');
INSERT INTO `oc_category_to_layout` (`category_id`, `store_id`, `layout_id`) VALUES ('179', '0', '0');
INSERT INTO `oc_category_to_layout` (`category_id`, `store_id`, `layout_id`) VALUES ('180', '0', '0');
INSERT INTO `oc_category_to_layout` (`category_id`, `store_id`, `layout_id`) VALUES ('181', '0', '0');
INSERT INTO `oc_category_to_layout` (`category_id`, `store_id`, `layout_id`) VALUES ('182', '0', '0');
INSERT INTO `oc_category_to_layout` (`category_id`, `store_id`, `layout_id`) VALUES ('183', '0', '0');
INSERT INTO `oc_category_to_layout` (`category_id`, `store_id`, `layout_id`) VALUES ('184', '0', '0');
INSERT INTO `oc_category_to_layout` (`category_id`, `store_id`, `layout_id`) VALUES ('185', '0', '0');
INSERT INTO `oc_category_to_layout` (`category_id`, `store_id`, `layout_id`) VALUES ('186', '0', '0');
INSERT INTO `oc_category_to_layout` (`category_id`, `store_id`, `layout_id`) VALUES ('187', '0', '0');
INSERT INTO `oc_category_to_layout` (`category_id`, `store_id`, `layout_id`) VALUES ('188', '0', '0');
INSERT INTO `oc_category_to_layout` (`category_id`, `store_id`, `layout_id`) VALUES ('189', '0', '0');
INSERT INTO `oc_category_to_layout` (`category_id`, `store_id`, `layout_id`) VALUES ('190', '0', '0');
INSERT INTO `oc_category_to_layout` (`category_id`, `store_id`, `layout_id`) VALUES ('191', '0', '0');
INSERT INTO `oc_category_to_layout` (`category_id`, `store_id`, `layout_id`) VALUES ('192', '0', '0');
INSERT INTO `oc_category_to_layout` (`category_id`, `store_id`, `layout_id`) VALUES ('193', '0', '0');
INSERT INTO `oc_category_to_layout` (`category_id`, `store_id`, `layout_id`) VALUES ('194', '0', '0');
INSERT INTO `oc_category_to_layout` (`category_id`, `store_id`, `layout_id`) VALUES ('195', '0', '0');
INSERT INTO `oc_category_to_layout` (`category_id`, `store_id`, `layout_id`) VALUES ('196', '0', '0');
INSERT INTO `oc_category_to_layout` (`category_id`, `store_id`, `layout_id`) VALUES ('197', '0', '0');
INSERT INTO `oc_category_to_layout` (`category_id`, `store_id`, `layout_id`) VALUES ('198', '0', '0');
INSERT INTO `oc_category_to_layout` (`category_id`, `store_id`, `layout_id`) VALUES ('199', '0', '0');
INSERT INTO `oc_category_to_layout` (`category_id`, `store_id`, `layout_id`) VALUES ('200', '0', '0');
INSERT INTO `oc_category_to_layout` (`category_id`, `store_id`, `layout_id`) VALUES ('157', '0', '0');
INSERT INTO `oc_category_to_layout` (`category_id`, `store_id`, `layout_id`) VALUES ('216', '0', '0');
INSERT INTO `oc_category_to_layout` (`category_id`, `store_id`, `layout_id`) VALUES ('203', '0', '0');
INSERT INTO `oc_category_to_layout` (`category_id`, `store_id`, `layout_id`) VALUES ('204', '0', '0');
INSERT INTO `oc_category_to_layout` (`category_id`, `store_id`, `layout_id`) VALUES ('205', '0', '0');
INSERT INTO `oc_category_to_layout` (`category_id`, `store_id`, `layout_id`) VALUES ('206', '0', '0');
INSERT INTO `oc_category_to_layout` (`category_id`, `store_id`, `layout_id`) VALUES ('207', '0', '0');
INSERT INTO `oc_category_to_layout` (`category_id`, `store_id`, `layout_id`) VALUES ('208', '0', '0');
INSERT INTO `oc_category_to_layout` (`category_id`, `store_id`, `layout_id`) VALUES ('214', '0', '0');
INSERT INTO `oc_category_to_layout` (`category_id`, `store_id`, `layout_id`) VALUES ('210', '0', '0');
INSERT INTO `oc_category_to_layout` (`category_id`, `store_id`, `layout_id`) VALUES ('211', '0', '0');
INSERT INTO `oc_category_to_layout` (`category_id`, `store_id`, `layout_id`) VALUES ('213', '0', '0');
INSERT INTO `oc_category_to_layout` (`category_id`, `store_id`, `layout_id`) VALUES ('221', '0', '0');


TRUNCATE TABLE `oc_category_to_store`;

INSERT INTO `oc_category_to_store` (`category_id`, `store_id`) VALUES ('18', '0');
INSERT INTO `oc_category_to_store` (`category_id`, `store_id`) VALUES ('20', '0');
INSERT INTO `oc_category_to_store` (`category_id`, `store_id`) VALUES ('24', '0');
INSERT INTO `oc_category_to_store` (`category_id`, `store_id`) VALUES ('25', '0');
INSERT INTO `oc_category_to_store` (`category_id`, `store_id`) VALUES ('26', '0');
INSERT INTO `oc_category_to_store` (`category_id`, `store_id`) VALUES ('27', '0');
INSERT INTO `oc_category_to_store` (`category_id`, `store_id`) VALUES ('28', '0');
INSERT INTO `oc_category_to_store` (`category_id`, `store_id`) VALUES ('30', '0');
INSERT INTO `oc_category_to_store` (`category_id`, `store_id`) VALUES ('31', '0');
INSERT INTO `oc_category_to_store` (`category_id`, `store_id`) VALUES ('32', '0');
INSERT INTO `oc_category_to_store` (`category_id`, `store_id`) VALUES ('33', '0');
INSERT INTO `oc_category_to_store` (`category_id`, `store_id`) VALUES ('34', '0');
INSERT INTO `oc_category_to_store` (`category_id`, `store_id`) VALUES ('35', '0');
INSERT INTO `oc_category_to_store` (`category_id`, `store_id`) VALUES ('45', '0');
INSERT INTO `oc_category_to_store` (`category_id`, `store_id`) VALUES ('46', '0');
INSERT INTO `oc_category_to_store` (`category_id`, `store_id`) VALUES ('59', '0');
INSERT INTO `oc_category_to_store` (`category_id`, `store_id`) VALUES ('60', '0');
INSERT INTO `oc_category_to_store` (`category_id`, `store_id`) VALUES ('69', '0');
INSERT INTO `oc_category_to_store` (`category_id`, `store_id`) VALUES ('105', '0');
INSERT INTO `oc_category_to_store` (`category_id`, `store_id`) VALUES ('106', '0');
INSERT INTO `oc_category_to_store` (`category_id`, `store_id`) VALUES ('107', '0');
INSERT INTO `oc_category_to_store` (`category_id`, `store_id`) VALUES ('108', '0');
INSERT INTO `oc_category_to_store` (`category_id`, `store_id`) VALUES ('109', '0');
INSERT INTO `oc_category_to_store` (`category_id`, `store_id`) VALUES ('110', '0');
INSERT INTO `oc_category_to_store` (`category_id`, `store_id`) VALUES ('111', '0');
INSERT INTO `oc_category_to_store` (`category_id`, `store_id`) VALUES ('112', '0');
INSERT INTO `oc_category_to_store` (`category_id`, `store_id`) VALUES ('113', '0');
INSERT INTO `oc_category_to_store` (`category_id`, `store_id`) VALUES ('114', '0');
INSERT INTO `oc_category_to_store` (`category_id`, `store_id`) VALUES ('115', '0');
INSERT INTO `oc_category_to_store` (`category_id`, `store_id`) VALUES ('116', '0');
INSERT INTO `oc_category_to_store` (`category_id`, `store_id`) VALUES ('117', '0');
INSERT INTO `oc_category_to_store` (`category_id`, `store_id`) VALUES ('118', '0');
INSERT INTO `oc_category_to_store` (`category_id`, `store_id`) VALUES ('119', '0');
INSERT INTO `oc_category_to_store` (`category_id`, `store_id`) VALUES ('120', '0');
INSERT INTO `oc_category_to_store` (`category_id`, `store_id`) VALUES ('121', '0');
INSERT INTO `oc_category_to_store` (`category_id`, `store_id`) VALUES ('122', '0');
INSERT INTO `oc_category_to_store` (`category_id`, `store_id`) VALUES ('123', '0');
INSERT INTO `oc_category_to_store` (`category_id`, `store_id`) VALUES ('124', '0');
INSERT INTO `oc_category_to_store` (`category_id`, `store_id`) VALUES ('125', '0');
INSERT INTO `oc_category_to_store` (`category_id`, `store_id`) VALUES ('126', '0');
INSERT INTO `oc_category_to_store` (`category_id`, `store_id`) VALUES ('127', '0');
INSERT INTO `oc_category_to_store` (`category_id`, `store_id`) VALUES ('129', '0');
INSERT INTO `oc_category_to_store` (`category_id`, `store_id`) VALUES ('130', '0');
INSERT INTO `oc_category_to_store` (`category_id`, `store_id`) VALUES ('131', '0');
INSERT INTO `oc_category_to_store` (`category_id`, `store_id`) VALUES ('132', '0');
INSERT INTO `oc_category_to_store` (`category_id`, `store_id`) VALUES ('133', '0');
INSERT INTO `oc_category_to_store` (`category_id`, `store_id`) VALUES ('134', '0');
INSERT INTO `oc_category_to_store` (`category_id`, `store_id`) VALUES ('135', '0');
INSERT INTO `oc_category_to_store` (`category_id`, `store_id`) VALUES ('136', '0');
INSERT INTO `oc_category_to_store` (`category_id`, `store_id`) VALUES ('137', '0');
INSERT INTO `oc_category_to_store` (`category_id`, `store_id`) VALUES ('142', '0');
INSERT INTO `oc_category_to_store` (`category_id`, `store_id`) VALUES ('143', '0');
INSERT INTO `oc_category_to_store` (`category_id`, `store_id`) VALUES ('144', '0');
INSERT INTO `oc_category_to_store` (`category_id`, `store_id`) VALUES ('145', '0');
INSERT INTO `oc_category_to_store` (`category_id`, `store_id`) VALUES ('146', '0');
INSERT INTO `oc_category_to_store` (`category_id`, `store_id`) VALUES ('147', '0');
INSERT INTO `oc_category_to_store` (`category_id`, `store_id`) VALUES ('148', '0');
INSERT INTO `oc_category_to_store` (`category_id`, `store_id`) VALUES ('149', '0');
INSERT INTO `oc_category_to_store` (`category_id`, `store_id`) VALUES ('150', '0');
INSERT INTO `oc_category_to_store` (`category_id`, `store_id`) VALUES ('151', '0');
INSERT INTO `oc_category_to_store` (`category_id`, `store_id`) VALUES ('152', '0');
INSERT INTO `oc_category_to_store` (`category_id`, `store_id`) VALUES ('153', '0');
INSERT INTO `oc_category_to_store` (`category_id`, `store_id`) VALUES ('154', '0');
INSERT INTO `oc_category_to_store` (`category_id`, `store_id`) VALUES ('155', '0');
INSERT INTO `oc_category_to_store` (`category_id`, `store_id`) VALUES ('156', '0');
INSERT INTO `oc_category_to_store` (`category_id`, `store_id`) VALUES ('157', '0');
INSERT INTO `oc_category_to_store` (`category_id`, `store_id`) VALUES ('158', '0');
INSERT INTO `oc_category_to_store` (`category_id`, `store_id`) VALUES ('159', '0');
INSERT INTO `oc_category_to_store` (`category_id`, `store_id`) VALUES ('160', '0');
INSERT INTO `oc_category_to_store` (`category_id`, `store_id`) VALUES ('161', '0');
INSERT INTO `oc_category_to_store` (`category_id`, `store_id`) VALUES ('163', '0');
INSERT INTO `oc_category_to_store` (`category_id`, `store_id`) VALUES ('164', '0');
INSERT INTO `oc_category_to_store` (`category_id`, `store_id`) VALUES ('165', '0');
INSERT INTO `oc_category_to_store` (`category_id`, `store_id`) VALUES ('166', '0');
INSERT INTO `oc_category_to_store` (`category_id`, `store_id`) VALUES ('167', '0');
INSERT INTO `oc_category_to_store` (`category_id`, `store_id`) VALUES ('168', '0');
INSERT INTO `oc_category_to_store` (`category_id`, `store_id`) VALUES ('169', '0');
INSERT INTO `oc_category_to_store` (`category_id`, `store_id`) VALUES ('170', '0');
INSERT INTO `oc_category_to_store` (`category_id`, `store_id`) VALUES ('171', '0');
INSERT INTO `oc_category_to_store` (`category_id`, `store_id`) VALUES ('172', '0');
INSERT INTO `oc_category_to_store` (`category_id`, `store_id`) VALUES ('173', '0');
INSERT INTO `oc_category_to_store` (`category_id`, `store_id`) VALUES ('174', '0');
INSERT INTO `oc_category_to_store` (`category_id`, `store_id`) VALUES ('175', '0');
INSERT INTO `oc_category_to_store` (`category_id`, `store_id`) VALUES ('176', '0');
INSERT INTO `oc_category_to_store` (`category_id`, `store_id`) VALUES ('177', '0');
INSERT INTO `oc_category_to_store` (`category_id`, `store_id`) VALUES ('178', '0');
INSERT INTO `oc_category_to_store` (`category_id`, `store_id`) VALUES ('179', '0');
INSERT INTO `oc_category_to_store` (`category_id`, `store_id`) VALUES ('180', '0');
INSERT INTO `oc_category_to_store` (`category_id`, `store_id`) VALUES ('181', '0');
INSERT INTO `oc_category_to_store` (`category_id`, `store_id`) VALUES ('182', '0');
INSERT INTO `oc_category_to_store` (`category_id`, `store_id`) VALUES ('183', '0');
INSERT INTO `oc_category_to_store` (`category_id`, `store_id`) VALUES ('184', '0');
INSERT INTO `oc_category_to_store` (`category_id`, `store_id`) VALUES ('185', '0');
INSERT INTO `oc_category_to_store` (`category_id`, `store_id`) VALUES ('186', '0');
INSERT INTO `oc_category_to_store` (`category_id`, `store_id`) VALUES ('187', '0');
INSERT INTO `oc_category_to_store` (`category_id`, `store_id`) VALUES ('188', '0');
INSERT INTO `oc_category_to_store` (`category_id`, `store_id`) VALUES ('189', '0');
INSERT INTO `oc_category_to_store` (`category_id`, `store_id`) VALUES ('190', '0');
INSERT INTO `oc_category_to_store` (`category_id`, `store_id`) VALUES ('191', '0');
INSERT INTO `oc_category_to_store` (`category_id`, `store_id`) VALUES ('192', '0');
INSERT INTO `oc_category_to_store` (`category_id`, `store_id`) VALUES ('193', '0');
INSERT INTO `oc_category_to_store` (`category_id`, `store_id`) VALUES ('194', '0');
INSERT INTO `oc_category_to_store` (`category_id`, `store_id`) VALUES ('195', '0');
INSERT INTO `oc_category_to_store` (`category_id`, `store_id`) VALUES ('196', '0');
INSERT INTO `oc_category_to_store` (`category_id`, `store_id`) VALUES ('197', '0');
INSERT INTO `oc_category_to_store` (`category_id`, `store_id`) VALUES ('198', '0');
INSERT INTO `oc_category_to_store` (`category_id`, `store_id`) VALUES ('199', '0');
INSERT INTO `oc_category_to_store` (`category_id`, `store_id`) VALUES ('200', '0');
INSERT INTO `oc_category_to_store` (`category_id`, `store_id`) VALUES ('203', '0');
INSERT INTO `oc_category_to_store` (`category_id`, `store_id`) VALUES ('204', '0');
INSERT INTO `oc_category_to_store` (`category_id`, `store_id`) VALUES ('205', '0');
INSERT INTO `oc_category_to_store` (`category_id`, `store_id`) VALUES ('206', '0');
INSERT INTO `oc_category_to_store` (`category_id`, `store_id`) VALUES ('207', '0');
INSERT INTO `oc_category_to_store` (`category_id`, `store_id`) VALUES ('208', '0');
INSERT INTO `oc_category_to_store` (`category_id`, `store_id`) VALUES ('210', '0');
INSERT INTO `oc_category_to_store` (`category_id`, `store_id`) VALUES ('211', '0');
INSERT INTO `oc_category_to_store` (`category_id`, `store_id`) VALUES ('213', '0');
INSERT INTO `oc_category_to_store` (`category_id`, `store_id`) VALUES ('214', '0');
INSERT INTO `oc_category_to_store` (`category_id`, `store_id`) VALUES ('215', '0');
INSERT INTO `oc_category_to_store` (`category_id`, `store_id`) VALUES ('216', '0');
INSERT INTO `oc_category_to_store` (`category_id`, `store_id`) VALUES ('217', '0');
INSERT INTO `oc_category_to_store` (`category_id`, `store_id`) VALUES ('218', '0');
INSERT INTO `oc_category_to_store` (`category_id`, `store_id`) VALUES ('219', '0');
INSERT INTO `oc_category_to_store` (`category_id`, `store_id`) VALUES ('220', '0');
INSERT INTO `oc_category_to_store` (`category_id`, `store_id`) VALUES ('221', '0');


TRUNCATE TABLE `oc_filter`;



TRUNCATE TABLE `oc_filter_description`;



TRUNCATE TABLE `oc_filter_group`;



TRUNCATE TABLE `oc_filter_group_description`;



TRUNCATE TABLE `oc_information`;

INSERT INTO `oc_information` (`information_id`, `bottom`, `sort_order`, `status`) VALUES ('3', '1', '3', '1');
INSERT INTO `oc_information` (`information_id`, `bottom`, `sort_order`, `status`) VALUES ('4', '1', '1', '1');
INSERT INTO `oc_information` (`information_id`, `bottom`, `sort_order`, `status`) VALUES ('5', '1', '4', '1');
INSERT INTO `oc_information` (`information_id`, `bottom`, `sort_order`, `status`) VALUES ('6', '1', '2', '1');
INSERT INTO `oc_information` (`information_id`, `bottom`, `sort_order`, `status`) VALUES ('7', '0', '0', '1');


TRUNCATE TABLE `oc_information_description`;

INSERT INTO `oc_information_description` (`information_id`, `language_id`, `title`, `description`, `meta_title`, `meta_description`, `meta_keyword`) VALUES ('5', '1', 'Terms &amp; Conditions', '&lt;p&gt;\r\n\tTerms &amp;amp; Conditions&lt;/p&gt;\r\n', 'Terms &amp; Conditions', '', '');
INSERT INTO `oc_information_description` (`information_id`, `language_id`, `title`, `description`, `meta_title`, `meta_description`, `meta_keyword`) VALUES ('3', '1', 'Privacy Policy', '&lt;p&gt;\r\n\tPrivacy Policy&lt;/p&gt;\r\n', 'Privacy Policy', '', '');
INSERT INTO `oc_information_description` (`information_id`, `language_id`, `title`, `description`, `meta_title`, `meta_description`, `meta_keyword`) VALUES ('6', '1', 'Delivery Information', '&lt;p&gt;\r\n\tDelivery Information&lt;/p&gt;\r\n', 'Delivery Information', '', '');
INSERT INTO `oc_information_description` (`information_id`, `language_id`, `title`, `description`, `meta_title`, `meta_description`, `meta_keyword`) VALUES ('4', '1', 'About Us', '&lt;p&gt;&lt;span class=&quot;drop-cap&quot;&gt;S&lt;/span&gt;ince 2013, Journal has been the best selling and most loved OpenCart theme on the market. Now at version 3, it brings many new and revolutionary features such as an advanced page builder with 30+ multi-purpose modules that can be added on any page in any grid layout configuration, as well as the best possible customizable options for any area of your store.&lt;/p&gt;&lt;blockquote&gt;Journal has the impressive rating of 4.9 from more than 2000 ratings.&lt;/blockquote&gt;&lt;p&gt;Journal 3 also comes with fully customizable CSS options with the added possibility of setting each option differently on any breakpoint. This breakthrough feature will greatly enhance your design skills and allow you to create pixel perfect layouts at any screen width.&lt;/p&gt;&lt;p&gt;The new advanced Status mechanism allow you to set up modules and menus based on device, customer login status or customer groups.&lt;br&gt;&lt;/p&gt;&lt;blockquote&gt;98% satisfaction rate within our more than 19,000 customers.&lt;/blockquote&gt;&lt;p&gt;The new Schedule feature&amp;nbsp;allows you to display any module at specific dates in the future, or to disable any module automatically at a certain time and date. Imagine the possibilities and peace of mind...designing your promotional banners or sliders, or entire product modules that only show up on specific dates and are disabled automatically whenever you don\'t need them anymore.&amp;nbsp;&lt;/p&gt;&lt;p&gt;These are just a few of the outstanding features available in the new Journal 3 framework, there are so many new options and possibilities that it will takes us a very long time to list them all.&lt;/p&gt;&lt;p&gt;&lt;/p&gt;&lt;p&gt;&lt;a class=&quot;btn&quot; href=&quot;https://themeforest.net/item/journal-advanced-opencart-theme/4260361&quot; target=&quot;_blank&quot;&gt;Buy Journal&lt;/a&gt;&lt;/p&gt;', 'About Us', '', '');
INSERT INTO `oc_information_description` (`information_id`, `language_id`, `title`, `description`, `meta_title`, `meta_description`, `meta_keyword`) VALUES ('7', '3', 'Frequently Asked Questions', '&lt;p&gt;&lt;br&gt;&lt;/p&gt;&lt;p&gt;&lt;br&gt;&lt;/p&gt;', 'Frequently Asked Questions', '', '');
INSERT INTO `oc_information_description` (`information_id`, `language_id`, `title`, `description`, `meta_title`, `meta_description`, `meta_keyword`) VALUES ('7', '1', 'Frequently Asked Questions', '&lt;p&gt;&lt;br&gt;&lt;/p&gt;&lt;p&gt;&lt;br&gt;&lt;/p&gt;', 'Frequently Asked Questions', '', '');
INSERT INTO `oc_information_description` (`information_id`, `language_id`, `title`, `description`, `meta_title`, `meta_description`, `meta_keyword`) VALUES ('5', '3', 'Terms &amp; Conditions', '&lt;p&gt;\r\n\tTerms &amp;amp; Conditions&lt;/p&gt;\r\n', 'Terms &amp; Conditions', '', '');
INSERT INTO `oc_information_description` (`information_id`, `language_id`, `title`, `description`, `meta_title`, `meta_description`, `meta_keyword`) VALUES ('3', '3', 'Privacy Policy', '&lt;p&gt;\r\n\tPrivacy Policy&lt;/p&gt;\r\n', 'Privacy Policy', '', '');
INSERT INTO `oc_information_description` (`information_id`, `language_id`, `title`, `description`, `meta_title`, `meta_description`, `meta_keyword`) VALUES ('6', '3', 'Delivery Information', '&lt;p&gt;\r\n\tDelivery Information&lt;/p&gt;\r\n', 'Delivery Information', '', '');
INSERT INTO `oc_information_description` (`information_id`, `language_id`, `title`, `description`, `meta_title`, `meta_description`, `meta_keyword`) VALUES ('4', '3', 'About Us', '&lt;p&gt;&lt;span class=&quot;drop-cap&quot;&gt;S&lt;/span&gt;ince 2013, Journal has been the best selling and most loved OpenCart theme on the market. Now at version 3, it brings many new and revolutionary features such as an advanced page builder with 30+ multi-purpose modules that can be added on any page in any grid layout configuration, as well as the best possible customizable options for any area of your store.&lt;/p&gt;&lt;blockquote&gt;Journal has the impressive rating of 4.9 from more than 2000 ratings.&lt;/blockquote&gt;&lt;p&gt;Journal 3 also comes with fully customizable CSS options with the added possibility of setting each option differently on any breakpoint. This breakthrough feature will greatly enhance your design skills and allow you to create pixel perfect layouts at any screen width.&lt;/p&gt;&lt;p&gt;The new advanced Status mechanism allow you to set up modules and menus based on device, customer login status or customer groups.&lt;br&gt;&lt;/p&gt;&lt;blockquote&gt;98% satisfaction rate within our more than 19,000 customers.&lt;/blockquote&gt;&lt;p&gt;The new Schedule feature&amp;nbsp;allows you to display any module at specific dates in the future, or to disable any module automatically at a certain time and date. Imagine the possibilities and peace of mind...designing your promotional banners or sliders, or entire product modules that only show up on specific dates and are disabled automatically whenever you don\'t need them anymore.&amp;nbsp;&lt;/p&gt;&lt;p&gt;These are just a few of the outstanding features available in the new Journal 3 framework, there are so many new options and possibilities that it will takes us a very long time to list them all.&lt;/p&gt;&lt;p&gt;&lt;/p&gt;&lt;p&gt;&lt;a class=&quot;btn&quot; href=&quot;https://themeforest.net/item/journal-advanced-opencart-theme/4260361&quot; target=&quot;_blank&quot;&gt;Buy Journal&lt;/a&gt;&lt;/p&gt;', 'About Us', '', '');
INSERT INTO `oc_information_description` (`information_id`, `language_id`, `title`, `description`, `meta_title`, `meta_description`, `meta_keyword`) VALUES ('7', '2', 'Frequently Asked Questions', '&lt;p&gt;&lt;br&gt;&lt;/p&gt;&lt;p&gt;&lt;br&gt;&lt;/p&gt;', 'Frequently Asked Questions', '', '');
INSERT INTO `oc_information_description` (`information_id`, `language_id`, `title`, `description`, `meta_title`, `meta_description`, `meta_keyword`) VALUES ('3', '2', 'Privacy Policy', '&lt;p&gt;\r\n\tPrivacy Policy&lt;/p&gt;\r\n', 'Privacy Policy', '', '');
INSERT INTO `oc_information_description` (`information_id`, `language_id`, `title`, `description`, `meta_title`, `meta_description`, `meta_keyword`) VALUES ('6', '2', 'Delivery Information', '&lt;p&gt;\r\n\tDelivery Information&lt;/p&gt;\r\n', 'Delivery Information', '', '');
INSERT INTO `oc_information_description` (`information_id`, `language_id`, `title`, `description`, `meta_title`, `meta_description`, `meta_keyword`) VALUES ('4', '2', 'About Us', '&lt;p&gt;&lt;span class=&quot;drop-cap&quot;&gt;S&lt;/span&gt;ince 2013, Journal has been the best selling and most loved OpenCart theme on the market. Now at version 3, it brings many new and revolutionary features such as an advanced page builder with 30+ multi-purpose modules that can be added on any page in any grid layout configuration, as well as the best possible customizable options for any area of your store.&lt;/p&gt;&lt;blockquote&gt;Journal has the impressive rating of 4.9 from more than 2000 ratings.&lt;/blockquote&gt;&lt;p&gt;Journal 3 also comes with fully customizable CSS options with the added possibility of setting each option differently on any breakpoint. This breakthrough feature will greatly enhance your design skills and allow you to create pixel perfect layouts at any screen width.&lt;/p&gt;&lt;p&gt;The new advanced Status mechanism allow you to set up modules and menus based on device, customer login status or customer groups.&lt;br&gt;&lt;/p&gt;&lt;blockquote&gt;98% satisfaction rate within our more than 19,000 customers.&lt;/blockquote&gt;&lt;p&gt;The new Schedule feature&amp;nbsp;allows you to display any module at specific dates in the future, or to disable any module automatically at a certain time and date. Imagine the possibilities and peace of mind...designing your promotional banners or sliders, or entire product modules that only show up on specific dates and are disabled automatically whenever you don\'t need them anymore.&amp;nbsp;&lt;/p&gt;&lt;p&gt;These are just a few of the outstanding features available in the new Journal 3 framework, there are so many new options and possibilities that it will takes us a very long time to list them all.&lt;/p&gt;&lt;p&gt;&lt;/p&gt;&lt;p&gt;&lt;a class=&quot;btn&quot; href=&quot;https://themeforest.net/item/journal-advanced-opencart-theme/4260361&quot; target=&quot;_blank&quot;&gt;Buy Journal&lt;/a&gt;&lt;/p&gt;', 'About Us', '', '');
INSERT INTO `oc_information_description` (`information_id`, `language_id`, `title`, `description`, `meta_title`, `meta_description`, `meta_keyword`) VALUES ('5', '2', 'Terms &amp; Conditions', '&lt;p&gt;\r\n\tTerms &amp;amp; Conditions&lt;/p&gt;\r\n', 'Terms &amp; Conditions', '', '');


TRUNCATE TABLE `oc_information_to_layout`;

INSERT INTO `oc_information_to_layout` (`information_id`, `store_id`, `layout_id`) VALUES ('4', '0', '0');
INSERT INTO `oc_information_to_layout` (`information_id`, `store_id`, `layout_id`) VALUES ('7', '0', '21');


TRUNCATE TABLE `oc_information_to_store`;

INSERT INTO `oc_information_to_store` (`information_id`, `store_id`) VALUES ('3', '0');
INSERT INTO `oc_information_to_store` (`information_id`, `store_id`) VALUES ('4', '0');
INSERT INTO `oc_information_to_store` (`information_id`, `store_id`) VALUES ('5', '0');
INSERT INTO `oc_information_to_store` (`information_id`, `store_id`) VALUES ('6', '0');
INSERT INTO `oc_information_to_store` (`information_id`, `store_id`) VALUES ('7', '0');


TRUNCATE TABLE `oc_layout`;

INSERT INTO `oc_layout` (`layout_id`, `name`) VALUES ('1', 'Home');
INSERT INTO `oc_layout` (`layout_id`, `name`) VALUES ('2', 'Product');
INSERT INTO `oc_layout` (`layout_id`, `name`) VALUES ('3', 'Category');
INSERT INTO `oc_layout` (`layout_id`, `name`) VALUES ('4', 'Default');
INSERT INTO `oc_layout` (`layout_id`, `name`) VALUES ('5', 'Manufacturer');
INSERT INTO `oc_layout` (`layout_id`, `name`) VALUES ('6', 'Account');
INSERT INTO `oc_layout` (`layout_id`, `name`) VALUES ('7', 'Checkout');
INSERT INTO `oc_layout` (`layout_id`, `name`) VALUES ('8', 'Contact');
INSERT INTO `oc_layout` (`layout_id`, `name`) VALUES ('9', 'Sitemap');
INSERT INTO `oc_layout` (`layout_id`, `name`) VALUES ('10', 'Affiliate');
INSERT INTO `oc_layout` (`layout_id`, `name`) VALUES ('11', 'Information');
INSERT INTO `oc_layout` (`layout_id`, `name`) VALUES ('12', 'Compare');
INSERT INTO `oc_layout` (`layout_id`, `name`) VALUES ('13', 'Search');
INSERT INTO `oc_layout` (`layout_id`, `name`) VALUES ('14', 'Wishlist');
INSERT INTO `oc_layout` (`layout_id`, `name`) VALUES ('15', 'Blog');
INSERT INTO `oc_layout` (`layout_id`, `name`) VALUES ('16', 'Blog Post');
INSERT INTO `oc_layout` (`layout_id`, `name`) VALUES ('17', 'Catalog');
INSERT INTO `oc_layout` (`layout_id`, `name`) VALUES ('18', 'Special');
INSERT INTO `oc_layout` (`layout_id`, `name`) VALUES ('19', 'Success');
INSERT INTO `oc_layout` (`layout_id`, `name`) VALUES ('21', 'FAQ');


TRUNCATE TABLE `oc_layout_route`;

INSERT INTO `oc_layout_route` (`layout_route_id`, `layout_id`, `store_id`, `route`) VALUES ('38', '6', '0', 'account/%');
INSERT INTO `oc_layout_route` (`layout_route_id`, `layout_id`, `store_id`, `route`) VALUES ('17', '10', '0', 'affiliate/%');
INSERT INTO `oc_layout_route` (`layout_route_id`, `layout_id`, `store_id`, `route`) VALUES ('44', '3', '0', 'product/category');
INSERT INTO `oc_layout_route` (`layout_route_id`, `layout_id`, `store_id`, `route`) VALUES ('54', '1', '0', 'common/home');
INSERT INTO `oc_layout_route` (`layout_route_id`, `layout_id`, `store_id`, `route`) VALUES ('20', '2', '0', 'product/product');
INSERT INTO `oc_layout_route` (`layout_route_id`, `layout_id`, `store_id`, `route`) VALUES ('24', '11', '0', 'information/information');
INSERT INTO `oc_layout_route` (`layout_route_id`, `layout_id`, `store_id`, `route`) VALUES ('23', '7', '0', 'checkout/%');
INSERT INTO `oc_layout_route` (`layout_route_id`, `layout_id`, `store_id`, `route`) VALUES ('31', '8', '0', 'information/contact');
INSERT INTO `oc_layout_route` (`layout_route_id`, `layout_id`, `store_id`, `route`) VALUES ('32', '9', '0', 'information/sitemap');
INSERT INTO `oc_layout_route` (`layout_route_id`, `layout_id`, `store_id`, `route`) VALUES ('34', '4', '0', '');
INSERT INTO `oc_layout_route` (`layout_route_id`, `layout_id`, `store_id`, `route`) VALUES ('58', '5', '0', 'product/manufacturer%');
INSERT INTO `oc_layout_route` (`layout_route_id`, `layout_id`, `store_id`, `route`) VALUES ('52', '12', '0', 'product/compare');
INSERT INTO `oc_layout_route` (`layout_route_id`, `layout_id`, `store_id`, `route`) VALUES ('53', '13', '0', 'product/search');
INSERT INTO `oc_layout_route` (`layout_route_id`, `layout_id`, `store_id`, `route`) VALUES ('55', '14', '0', 'account/wishlist');
INSERT INTO `oc_layout_route` (`layout_route_id`, `layout_id`, `store_id`, `route`) VALUES ('56', '15', '0', 'journal3/blog');
INSERT INTO `oc_layout_route` (`layout_route_id`, `layout_id`, `store_id`, `route`) VALUES ('57', '16', '0', 'journal3/blog/post');
INSERT INTO `oc_layout_route` (`layout_route_id`, `layout_id`, `store_id`, `route`) VALUES ('59', '17', '0', 'product/catalog');
INSERT INTO `oc_layout_route` (`layout_route_id`, `layout_id`, `store_id`, `route`) VALUES ('60', '18', '0', 'product/special');
INSERT INTO `oc_layout_route` (`layout_route_id`, `layout_id`, `store_id`, `route`) VALUES ('61', '19', '0', 'checkout/success');


TRUNCATE TABLE `oc_manufacturer`;

INSERT INTO `oc_manufacturer` (`manufacturer_id`, `name`, `image`, `sort_order`) VALUES ('5', 'HTC', 'catalog/journal3/brands/htc_logo.jpg', '0');
INSERT INTO `oc_manufacturer` (`manufacturer_id`, `name`, `image`, `sort_order`) VALUES ('6', 'Palm', 'catalog/journal3/brands/palm_logo.jpg', '0');
INSERT INTO `oc_manufacturer` (`manufacturer_id`, `name`, `image`, `sort_order`) VALUES ('7', 'Hewlett-Packard', 'catalog/journal3/brands/hp_logo.jpg', '0');
INSERT INTO `oc_manufacturer` (`manufacturer_id`, `name`, `image`, `sort_order`) VALUES ('8', 'Apple', 'catalog/journal3/brands/apple_logo.jpg', '0');
INSERT INTO `oc_manufacturer` (`manufacturer_id`, `name`, `image`, `sort_order`) VALUES ('9', 'Canon', 'catalog/journal3/brands/canon_logo.jpg', '0');
INSERT INTO `oc_manufacturer` (`manufacturer_id`, `name`, `image`, `sort_order`) VALUES ('10', 'Sony', 'catalog/journal3/brands/sony_logo.jpg', '0');
INSERT INTO `oc_manufacturer` (`manufacturer_id`, `name`, `image`, `sort_order`) VALUES ('11', 'SuperBrand', 'catalog/journal3/brands/superbrand.jpg', '0');
INSERT INTO `oc_manufacturer` (`manufacturer_id`, `name`, `image`, `sort_order`) VALUES ('12', 'Awesome Brand', 'catalog/journal3/brands/awesome.jpg', '0');
INSERT INTO `oc_manufacturer` (`manufacturer_id`, `name`, `image`, `sort_order`) VALUES ('13', 'Chic D\'or', 'catalog/journal3/brands/chic.jpg', '0');
INSERT INTO `oc_manufacturer` (`manufacturer_id`, `name`, `image`, `sort_order`) VALUES ('14', 'Hipster', 'catalog/journal3/brands/hipster.jpg', '0');
INSERT INTO `oc_manufacturer` (`manufacturer_id`, `name`, `image`, `sort_order`) VALUES ('15', 'Ericksson', 'catalog/journal3/brands/erikson.jpg', '0');
INSERT INTO `oc_manufacturer` (`manufacturer_id`, `name`, `image`, `sort_order`) VALUES ('16', 'NY Fashion', 'catalog/journal3/brands/fashion.jpg', '0');
INSERT INTO `oc_manufacturer` (`manufacturer_id`, `name`, `image`, `sort_order`) VALUES ('17', 'Fort Cane', 'catalog/journal3/brands/FC-fashion.jpg', '0');
INSERT INTO `oc_manufacturer` (`manufacturer_id`, `name`, `image`, `sort_order`) VALUES ('18', 'Melissa Johnson', 'catalog/journal3/brands/mellisa.jpg', '0');
INSERT INTO `oc_manufacturer` (`manufacturer_id`, `name`, `image`, `sort_order`) VALUES ('19', 'Olivia Smith', 'catalog/journal3/brands/olivia-fashion.jpg', '0');
INSERT INTO `oc_manufacturer` (`manufacturer_id`, `name`, `image`, `sort_order`) VALUES ('20', 'Sarah Bell', 'catalog/journal3/brands/sarah-beauty.jpg', '0');
INSERT INTO `oc_manufacturer` (`manufacturer_id`, `name`, `image`, `sort_order`) VALUES ('21', 'Sarah Bloom', 'catalog/journal3/brands/sarah-cosmetics.jpg', '0');
INSERT INTO `oc_manufacturer` (`manufacturer_id`, `name`, `image`, `sort_order`) VALUES ('22', 'Scandinavian Sunglasses', 'catalog/journal3/brands/sunglasses.png', '0');


TRUNCATE TABLE `oc_manufacturer_to_store`;

INSERT INTO `oc_manufacturer_to_store` (`manufacturer_id`, `store_id`) VALUES ('5', '0');
INSERT INTO `oc_manufacturer_to_store` (`manufacturer_id`, `store_id`) VALUES ('6', '0');
INSERT INTO `oc_manufacturer_to_store` (`manufacturer_id`, `store_id`) VALUES ('7', '0');
INSERT INTO `oc_manufacturer_to_store` (`manufacturer_id`, `store_id`) VALUES ('8', '0');
INSERT INTO `oc_manufacturer_to_store` (`manufacturer_id`, `store_id`) VALUES ('9', '0');
INSERT INTO `oc_manufacturer_to_store` (`manufacturer_id`, `store_id`) VALUES ('10', '0');
INSERT INTO `oc_manufacturer_to_store` (`manufacturer_id`, `store_id`) VALUES ('11', '0');
INSERT INTO `oc_manufacturer_to_store` (`manufacturer_id`, `store_id`) VALUES ('12', '0');
INSERT INTO `oc_manufacturer_to_store` (`manufacturer_id`, `store_id`) VALUES ('13', '0');
INSERT INTO `oc_manufacturer_to_store` (`manufacturer_id`, `store_id`) VALUES ('14', '0');
INSERT INTO `oc_manufacturer_to_store` (`manufacturer_id`, `store_id`) VALUES ('15', '0');
INSERT INTO `oc_manufacturer_to_store` (`manufacturer_id`, `store_id`) VALUES ('16', '0');
INSERT INTO `oc_manufacturer_to_store` (`manufacturer_id`, `store_id`) VALUES ('17', '0');
INSERT INTO `oc_manufacturer_to_store` (`manufacturer_id`, `store_id`) VALUES ('18', '0');
INSERT INTO `oc_manufacturer_to_store` (`manufacturer_id`, `store_id`) VALUES ('19', '0');
INSERT INTO `oc_manufacturer_to_store` (`manufacturer_id`, `store_id`) VALUES ('20', '0');
INSERT INTO `oc_manufacturer_to_store` (`manufacturer_id`, `store_id`) VALUES ('21', '0');
INSERT INTO `oc_manufacturer_to_store` (`manufacturer_id`, `store_id`) VALUES ('22', '0');


TRUNCATE TABLE `oc_option`;

INSERT INTO `oc_option` (`option_id`, `type`, `sort_order`) VALUES ('1', 'radio', '2');
INSERT INTO `oc_option` (`option_id`, `type`, `sort_order`) VALUES ('2', 'radio', '3');
INSERT INTO `oc_option` (`option_id`, `type`, `sort_order`) VALUES ('4', 'text', '4');
INSERT INTO `oc_option` (`option_id`, `type`, `sort_order`) VALUES ('5', 'select', '1');
INSERT INTO `oc_option` (`option_id`, `type`, `sort_order`) VALUES ('6', 'textarea', '5');
INSERT INTO `oc_option` (`option_id`, `type`, `sort_order`) VALUES ('7', 'file', '6');
INSERT INTO `oc_option` (`option_id`, `type`, `sort_order`) VALUES ('8', 'date', '7');
INSERT INTO `oc_option` (`option_id`, `type`, `sort_order`) VALUES ('9', 'time', '8');
INSERT INTO `oc_option` (`option_id`, `type`, `sort_order`) VALUES ('10', 'datetime', '9');
INSERT INTO `oc_option` (`option_id`, `type`, `sort_order`) VALUES ('11', 'select', '1');
INSERT INTO `oc_option` (`option_id`, `type`, `sort_order`) VALUES ('12', 'date', '1');


TRUNCATE TABLE `oc_option_description`;

INSERT INTO `oc_option_description` (`option_id`, `language_id`, `name`) VALUES ('4', '1', 'Text');
INSERT INTO `oc_option_description` (`option_id`, `language_id`, `name`) VALUES ('6', '1', 'Textarea');
INSERT INTO `oc_option_description` (`option_id`, `language_id`, `name`) VALUES ('7', '1', 'File');
INSERT INTO `oc_option_description` (`option_id`, `language_id`, `name`) VALUES ('5', '1', 'Select');
INSERT INTO `oc_option_description` (`option_id`, `language_id`, `name`) VALUES ('9', '1', 'Time');
INSERT INTO `oc_option_description` (`option_id`, `language_id`, `name`) VALUES ('10', '1', 'Date &amp; Time');
INSERT INTO `oc_option_description` (`option_id`, `language_id`, `name`) VALUES ('12', '1', 'Delivery Date');
INSERT INTO `oc_option_description` (`option_id`, `language_id`, `name`) VALUES ('11', '1', 'Size');
INSERT INTO `oc_option_description` (`option_id`, `language_id`, `name`) VALUES ('1', '1', 'Radio');
INSERT INTO `oc_option_description` (`option_id`, `language_id`, `name`) VALUES ('2', '3', 'Color');
INSERT INTO `oc_option_description` (`option_id`, `language_id`, `name`) VALUES ('8', '3', 'Date');
INSERT INTO `oc_option_description` (`option_id`, `language_id`, `name`) VALUES ('1', '3', 'Radio');
INSERT INTO `oc_option_description` (`option_id`, `language_id`, `name`) VALUES ('11', '3', 'Size');
INSERT INTO `oc_option_description` (`option_id`, `language_id`, `name`) VALUES ('12', '3', 'Delivery Date');
INSERT INTO `oc_option_description` (`option_id`, `language_id`, `name`) VALUES ('8', '1', 'Date');
INSERT INTO `oc_option_description` (`option_id`, `language_id`, `name`) VALUES ('2', '1', 'Color');
INSERT INTO `oc_option_description` (`option_id`, `language_id`, `name`) VALUES ('10', '3', 'Date &amp; Time');
INSERT INTO `oc_option_description` (`option_id`, `language_id`, `name`) VALUES ('9', '3', 'Time');
INSERT INTO `oc_option_description` (`option_id`, `language_id`, `name`) VALUES ('5', '3', 'Select');
INSERT INTO `oc_option_description` (`option_id`, `language_id`, `name`) VALUES ('7', '3', 'File');
INSERT INTO `oc_option_description` (`option_id`, `language_id`, `name`) VALUES ('6', '3', 'Textarea');
INSERT INTO `oc_option_description` (`option_id`, `language_id`, `name`) VALUES ('4', '3', 'Text');
INSERT INTO `oc_option_description` (`option_id`, `language_id`, `name`) VALUES ('2', '2', 'Color');
INSERT INTO `oc_option_description` (`option_id`, `language_id`, `name`) VALUES ('8', '2', 'Date');
INSERT INTO `oc_option_description` (`option_id`, `language_id`, `name`) VALUES ('1', '2', 'Radio');
INSERT INTO `oc_option_description` (`option_id`, `language_id`, `name`) VALUES ('11', '2', 'Size');
INSERT INTO `oc_option_description` (`option_id`, `language_id`, `name`) VALUES ('12', '2', 'Delivery Date');
INSERT INTO `oc_option_description` (`option_id`, `language_id`, `name`) VALUES ('10', '2', 'Date &amp; Time');
INSERT INTO `oc_option_description` (`option_id`, `language_id`, `name`) VALUES ('9', '2', 'Time');
INSERT INTO `oc_option_description` (`option_id`, `language_id`, `name`) VALUES ('5', '2', 'Select');
INSERT INTO `oc_option_description` (`option_id`, `language_id`, `name`) VALUES ('7', '2', 'File');
INSERT INTO `oc_option_description` (`option_id`, `language_id`, `name`) VALUES ('6', '2', 'Textarea');
INSERT INTO `oc_option_description` (`option_id`, `language_id`, `name`) VALUES ('4', '2', 'Text');


TRUNCATE TABLE `oc_option_value`;

INSERT INTO `oc_option_value` (`option_value_id`, `option_id`, `image`, `sort_order`) VALUES ('43', '1', '', '3');
INSERT INTO `oc_option_value` (`option_value_id`, `option_id`, `image`, `sort_order`) VALUES ('42', '5', '', '4');
INSERT INTO `oc_option_value` (`option_value_id`, `option_id`, `image`, `sort_order`) VALUES ('41', '5', '', '3');
INSERT INTO `oc_option_value` (`option_value_id`, `option_id`, `image`, `sort_order`) VALUES ('39', '5', '', '1');
INSERT INTO `oc_option_value` (`option_value_id`, `option_id`, `image`, `sort_order`) VALUES ('40', '5', '', '2');
INSERT INTO `oc_option_value` (`option_value_id`, `option_id`, `image`, `sort_order`) VALUES ('24', '2', 'catalog/journal3/colors/10.png', '2');
INSERT INTO `oc_option_value` (`option_value_id`, `option_id`, `image`, `sort_order`) VALUES ('46', '11', 'no_image.jpg', '2');
INSERT INTO `oc_option_value` (`option_value_id`, `option_id`, `image`, `sort_order`) VALUES ('31', '1', '', '2');
INSERT INTO `oc_option_value` (`option_value_id`, `option_id`, `image`, `sort_order`) VALUES ('32', '1', '', '1');
INSERT INTO `oc_option_value` (`option_value_id`, `option_id`, `image`, `sort_order`) VALUES ('23', '2', 'catalog/journal3/colors/1.png', '1');
INSERT INTO `oc_option_value` (`option_value_id`, `option_id`, `image`, `sort_order`) VALUES ('54', '2', 'catalog/journal3/colors/12.png', '0');
INSERT INTO `oc_option_value` (`option_value_id`, `option_id`, `image`, `sort_order`) VALUES ('61', '11', 'no_image.jpg', '6');
INSERT INTO `oc_option_value` (`option_value_id`, `option_id`, `image`, `sort_order`) VALUES ('60', '11', 'no_image.jpg', '5');
INSERT INTO `oc_option_value` (`option_value_id`, `option_id`, `image`, `sort_order`) VALUES ('55', '2', 'catalog/journal3/colors/11.png', '0');
INSERT INTO `oc_option_value` (`option_value_id`, `option_id`, `image`, `sort_order`) VALUES ('56', '2', 'catalog/journal3/colors/3.png', '0');
INSERT INTO `oc_option_value` (`option_value_id`, `option_id`, `image`, `sort_order`) VALUES ('51', '2', 'catalog/journal3/colors/8.png', '0');
INSERT INTO `oc_option_value` (`option_value_id`, `option_id`, `image`, `sort_order`) VALUES ('52', '2', 'catalog/journal3/colors/5.png', '0');
INSERT INTO `oc_option_value` (`option_value_id`, `option_id`, `image`, `sort_order`) VALUES ('50', '2', 'catalog/journal3/colors/6.png', '0');
INSERT INTO `oc_option_value` (`option_value_id`, `option_id`, `image`, `sort_order`) VALUES ('59', '11', 'no_image.jpg', '1');
INSERT INTO `oc_option_value` (`option_value_id`, `option_id`, `image`, `sort_order`) VALUES ('53', '2', 'catalog/journal3/colors/9.png', '0');
INSERT INTO `oc_option_value` (`option_value_id`, `option_id`, `image`, `sort_order`) VALUES ('57', '2', 'catalog/journal3/colors/14.png', '0');
INSERT INTO `oc_option_value` (`option_value_id`, `option_id`, `image`, `sort_order`) VALUES ('58', '2', 'catalog/journal3/colors/13.png', '0');
INSERT INTO `oc_option_value` (`option_value_id`, `option_id`, `image`, `sort_order`) VALUES ('49', '2', 'catalog/journal3/colors/2.png', '0');
INSERT INTO `oc_option_value` (`option_value_id`, `option_id`, `image`, `sort_order`) VALUES ('47', '11', 'no_image.jpg', '3');
INSERT INTO `oc_option_value` (`option_value_id`, `option_id`, `image`, `sort_order`) VALUES ('48', '11', 'no_image.jpg', '4');
INSERT INTO `oc_option_value` (`option_value_id`, `option_id`, `image`, `sort_order`) VALUES ('44', '2', 'catalog/journal3/colors/4.png', '3');
INSERT INTO `oc_option_value` (`option_value_id`, `option_id`, `image`, `sort_order`) VALUES ('45', '2', 'catalog/journal3/colors/7.png', '4');


TRUNCATE TABLE `oc_option_value_description`;

INSERT INTO `oc_option_value_description` (`option_value_id`, `language_id`, `option_id`, `name`) VALUES ('42', '1', '5', 'Yellow');
INSERT INTO `oc_option_value_description` (`option_value_id`, `language_id`, `option_id`, `name`) VALUES ('41', '1', '5', 'Green');
INSERT INTO `oc_option_value_description` (`option_value_id`, `language_id`, `option_id`, `name`) VALUES ('39', '1', '5', 'Red');
INSERT INTO `oc_option_value_description` (`option_value_id`, `language_id`, `option_id`, `name`) VALUES ('40', '1', '5', 'Blue');
INSERT INTO `oc_option_value_description` (`option_value_id`, `language_id`, `option_id`, `name`) VALUES ('48', '1', '11', 'L');
INSERT INTO `oc_option_value_description` (`option_value_id`, `language_id`, `option_id`, `name`) VALUES ('49', '3', '2', 'Silver');
INSERT INTO `oc_option_value_description` (`option_value_id`, `language_id`, `option_id`, `name`) VALUES ('43', '1', '1', 'Large');
INSERT INTO `oc_option_value_description` (`option_value_id`, `language_id`, `option_id`, `name`) VALUES ('58', '3', '2', 'Yellow');
INSERT INTO `oc_option_value_description` (`option_value_id`, `language_id`, `option_id`, `name`) VALUES ('47', '1', '11', 'M');
INSERT INTO `oc_option_value_description` (`option_value_id`, `language_id`, `option_id`, `name`) VALUES ('57', '3', '2', 'Dark Gray');
INSERT INTO `oc_option_value_description` (`option_value_id`, `language_id`, `option_id`, `name`) VALUES ('46', '1', '11', 'S');
INSERT INTO `oc_option_value_description` (`option_value_id`, `language_id`, `option_id`, `name`) VALUES ('53', '3', '2', 'Dark Blue');
INSERT INTO `oc_option_value_description` (`option_value_id`, `language_id`, `option_id`, `name`) VALUES ('50', '3', '2', 'Light Blue');
INSERT INTO `oc_option_value_description` (`option_value_id`, `language_id`, `option_id`, `name`) VALUES ('61', '1', '11', 'XXL');
INSERT INTO `oc_option_value_description` (`option_value_id`, `language_id`, `option_id`, `name`) VALUES ('31', '1', '1', 'Medium');
INSERT INTO `oc_option_value_description` (`option_value_id`, `language_id`, `option_id`, `name`) VALUES ('52', '3', '2', 'Gold');
INSERT INTO `oc_option_value_description` (`option_value_id`, `language_id`, `option_id`, `name`) VALUES ('51', '3', '2', 'Green');
INSERT INTO `oc_option_value_description` (`option_value_id`, `language_id`, `option_id`, `name`) VALUES ('56', '3', '2', 'Orange');
INSERT INTO `oc_option_value_description` (`option_value_id`, `language_id`, `option_id`, `name`) VALUES ('55', '3', '2', 'Light Green');
INSERT INTO `oc_option_value_description` (`option_value_id`, `language_id`, `option_id`, `name`) VALUES ('60', '1', '11', 'XL');
INSERT INTO `oc_option_value_description` (`option_value_id`, `language_id`, `option_id`, `name`) VALUES ('32', '1', '1', 'Small');
INSERT INTO `oc_option_value_description` (`option_value_id`, `language_id`, `option_id`, `name`) VALUES ('54', '3', '2', 'Burgundy');
INSERT INTO `oc_option_value_description` (`option_value_id`, `language_id`, `option_id`, `name`) VALUES ('59', '1', '11', 'XS');
INSERT INTO `oc_option_value_description` (`option_value_id`, `language_id`, `option_id`, `name`) VALUES ('45', '1', '2', 'Red');
INSERT INTO `oc_option_value_description` (`option_value_id`, `language_id`, `option_id`, `name`) VALUES ('44', '1', '2', 'Steel');
INSERT INTO `oc_option_value_description` (`option_value_id`, `language_id`, `option_id`, `name`) VALUES ('24', '1', '2', 'Violet');
INSERT INTO `oc_option_value_description` (`option_value_id`, `language_id`, `option_id`, `name`) VALUES ('23', '1', '2', 'Turquoise');
INSERT INTO `oc_option_value_description` (`option_value_id`, `language_id`, `option_id`, `name`) VALUES ('54', '1', '2', 'Burgundy');
INSERT INTO `oc_option_value_description` (`option_value_id`, `language_id`, `option_id`, `name`) VALUES ('55', '1', '2', 'Light Green');
INSERT INTO `oc_option_value_description` (`option_value_id`, `language_id`, `option_id`, `name`) VALUES ('56', '1', '2', 'Orange');
INSERT INTO `oc_option_value_description` (`option_value_id`, `language_id`, `option_id`, `name`) VALUES ('51', '1', '2', 'Green');
INSERT INTO `oc_option_value_description` (`option_value_id`, `language_id`, `option_id`, `name`) VALUES ('52', '1', '2', 'Gold');
INSERT INTO `oc_option_value_description` (`option_value_id`, `language_id`, `option_id`, `name`) VALUES ('50', '1', '2', 'Light Blue');
INSERT INTO `oc_option_value_description` (`option_value_id`, `language_id`, `option_id`, `name`) VALUES ('53', '1', '2', 'Dark Blue');
INSERT INTO `oc_option_value_description` (`option_value_id`, `language_id`, `option_id`, `name`) VALUES ('57', '1', '2', 'Dark Gray');
INSERT INTO `oc_option_value_description` (`option_value_id`, `language_id`, `option_id`, `name`) VALUES ('58', '1', '2', 'Yellow');
INSERT INTO `oc_option_value_description` (`option_value_id`, `language_id`, `option_id`, `name`) VALUES ('49', '1', '2', 'Silver');
INSERT INTO `oc_option_value_description` (`option_value_id`, `language_id`, `option_id`, `name`) VALUES ('23', '3', '2', 'Turquoise');
INSERT INTO `oc_option_value_description` (`option_value_id`, `language_id`, `option_id`, `name`) VALUES ('24', '3', '2', 'Violet');
INSERT INTO `oc_option_value_description` (`option_value_id`, `language_id`, `option_id`, `name`) VALUES ('44', '3', '2', 'Steel');
INSERT INTO `oc_option_value_description` (`option_value_id`, `language_id`, `option_id`, `name`) VALUES ('45', '3', '2', 'Red');
INSERT INTO `oc_option_value_description` (`option_value_id`, `language_id`, `option_id`, `name`) VALUES ('59', '3', '11', 'XS');
INSERT INTO `oc_option_value_description` (`option_value_id`, `language_id`, `option_id`, `name`) VALUES ('32', '3', '1', 'Small');
INSERT INTO `oc_option_value_description` (`option_value_id`, `language_id`, `option_id`, `name`) VALUES ('60', '3', '11', 'XL');
INSERT INTO `oc_option_value_description` (`option_value_id`, `language_id`, `option_id`, `name`) VALUES ('31', '3', '1', 'Medium');
INSERT INTO `oc_option_value_description` (`option_value_id`, `language_id`, `option_id`, `name`) VALUES ('61', '3', '11', 'XXL');
INSERT INTO `oc_option_value_description` (`option_value_id`, `language_id`, `option_id`, `name`) VALUES ('46', '3', '11', 'S');
INSERT INTO `oc_option_value_description` (`option_value_id`, `language_id`, `option_id`, `name`) VALUES ('47', '3', '11', 'M');
INSERT INTO `oc_option_value_description` (`option_value_id`, `language_id`, `option_id`, `name`) VALUES ('43', '3', '1', 'Large');
INSERT INTO `oc_option_value_description` (`option_value_id`, `language_id`, `option_id`, `name`) VALUES ('48', '3', '11', 'L');
INSERT INTO `oc_option_value_description` (`option_value_id`, `language_id`, `option_id`, `name`) VALUES ('40', '3', '5', 'Blue');
INSERT INTO `oc_option_value_description` (`option_value_id`, `language_id`, `option_id`, `name`) VALUES ('39', '3', '5', 'Red');
INSERT INTO `oc_option_value_description` (`option_value_id`, `language_id`, `option_id`, `name`) VALUES ('41', '3', '5', 'Green');
INSERT INTO `oc_option_value_description` (`option_value_id`, `language_id`, `option_id`, `name`) VALUES ('42', '3', '5', 'Yellow');
INSERT INTO `oc_option_value_description` (`option_value_id`, `language_id`, `option_id`, `name`) VALUES ('49', '2', '2', 'Silver');
INSERT INTO `oc_option_value_description` (`option_value_id`, `language_id`, `option_id`, `name`) VALUES ('58', '2', '2', 'Yellow');
INSERT INTO `oc_option_value_description` (`option_value_id`, `language_id`, `option_id`, `name`) VALUES ('57', '2', '2', 'Dark Gray');
INSERT INTO `oc_option_value_description` (`option_value_id`, `language_id`, `option_id`, `name`) VALUES ('53', '2', '2', 'Dark Blue');
INSERT INTO `oc_option_value_description` (`option_value_id`, `language_id`, `option_id`, `name`) VALUES ('50', '2', '2', 'Light Blue');
INSERT INTO `oc_option_value_description` (`option_value_id`, `language_id`, `option_id`, `name`) VALUES ('52', '2', '2', 'Gold');
INSERT INTO `oc_option_value_description` (`option_value_id`, `language_id`, `option_id`, `name`) VALUES ('51', '2', '2', 'Green');
INSERT INTO `oc_option_value_description` (`option_value_id`, `language_id`, `option_id`, `name`) VALUES ('56', '2', '2', 'Orange');
INSERT INTO `oc_option_value_description` (`option_value_id`, `language_id`, `option_id`, `name`) VALUES ('55', '2', '2', 'Light Green');
INSERT INTO `oc_option_value_description` (`option_value_id`, `language_id`, `option_id`, `name`) VALUES ('54', '2', '2', 'Burgundy');
INSERT INTO `oc_option_value_description` (`option_value_id`, `language_id`, `option_id`, `name`) VALUES ('23', '2', '2', 'Turquoise');
INSERT INTO `oc_option_value_description` (`option_value_id`, `language_id`, `option_id`, `name`) VALUES ('24', '2', '2', 'Violet');
INSERT INTO `oc_option_value_description` (`option_value_id`, `language_id`, `option_id`, `name`) VALUES ('44', '2', '2', 'Steel');
INSERT INTO `oc_option_value_description` (`option_value_id`, `language_id`, `option_id`, `name`) VALUES ('45', '2', '2', 'Red');
INSERT INTO `oc_option_value_description` (`option_value_id`, `language_id`, `option_id`, `name`) VALUES ('59', '2', '11', 'XS');
INSERT INTO `oc_option_value_description` (`option_value_id`, `language_id`, `option_id`, `name`) VALUES ('32', '2', '1', 'Small');
INSERT INTO `oc_option_value_description` (`option_value_id`, `language_id`, `option_id`, `name`) VALUES ('60', '2', '11', 'XL');
INSERT INTO `oc_option_value_description` (`option_value_id`, `language_id`, `option_id`, `name`) VALUES ('31', '2', '1', 'Medium');
INSERT INTO `oc_option_value_description` (`option_value_id`, `language_id`, `option_id`, `name`) VALUES ('61', '2', '11', 'XXL');
INSERT INTO `oc_option_value_description` (`option_value_id`, `language_id`, `option_id`, `name`) VALUES ('46', '2', '11', 'S');
INSERT INTO `oc_option_value_description` (`option_value_id`, `language_id`, `option_id`, `name`) VALUES ('47', '2', '11', 'M');
INSERT INTO `oc_option_value_description` (`option_value_id`, `language_id`, `option_id`, `name`) VALUES ('43', '2', '1', 'Large');
INSERT INTO `oc_option_value_description` (`option_value_id`, `language_id`, `option_id`, `name`) VALUES ('48', '2', '11', 'L');
INSERT INTO `oc_option_value_description` (`option_value_id`, `language_id`, `option_id`, `name`) VALUES ('40', '2', '5', 'Blue');
INSERT INTO `oc_option_value_description` (`option_value_id`, `language_id`, `option_id`, `name`) VALUES ('39', '2', '5', 'Red');
INSERT INTO `oc_option_value_description` (`option_value_id`, `language_id`, `option_id`, `name`) VALUES ('41', '2', '5', 'Green');
INSERT INTO `oc_option_value_description` (`option_value_id`, `language_id`, `option_id`, `name`) VALUES ('42', '2', '5', 'Yellow');


TRUNCATE TABLE `oc_product`;

INSERT INTO `oc_product` (`product_id`, `model`, `sku`, `upc`, `ean`, `jan`, `isbn`, `mpn`, `location`, `quantity`, `stock_status_id`, `image`, `manufacturer_id`, `shipping`, `price`, `points`, `tax_class_id`, `date_available`, `weight`, `weight_class_id`, `length`, `width`, `height`, `length_class_id`, `subtract`, `minimum`, `sort_order`, `status`, `viewed`, `date_added`, `date_modified`) VALUES ('28', 'Product 1', '', '', '', '', '', '', '', '938', '7', 'catalog/demo/htc_touch_hd_1.jpg', '5', '1', '100.0000', '200', '9', '2009-02-03', '146.40000000', '2', '0.00000000', '0.00000000', '0.00000000', '1', '1', '1', '0', '1', '11378', '2009-02-03 16:06:50', '2018-06-13 14:37:16');
INSERT INTO `oc_product` (`product_id`, `model`, `sku`, `upc`, `ean`, `jan`, `isbn`, `mpn`, `location`, `quantity`, `stock_status_id`, `image`, `manufacturer_id`, `shipping`, `price`, `points`, `tax_class_id`, `date_available`, `weight`, `weight_class_id`, `length`, `width`, `height`, `length_class_id`, `subtract`, `minimum`, `sort_order`, `status`, `viewed`, `date_added`, `date_modified`) VALUES ('30', 'Product 3', '', '', '', '', '', '', '', '7', '6', 'catalog/demo/canon_eos_5d_1.jpg', '9', '1', '100.0000', '0', '9', '2009-02-03', '0.00000000', '1', '0.00000000', '0.00000000', '0.00000000', '1', '1', '1', '0', '1', '12020', '2009-02-03 16:59:00', '2018-06-13 13:27:39');
INSERT INTO `oc_product` (`product_id`, `model`, `sku`, `upc`, `ean`, `jan`, `isbn`, `mpn`, `location`, `quantity`, `stock_status_id`, `image`, `manufacturer_id`, `shipping`, `price`, `points`, `tax_class_id`, `date_available`, `weight`, `weight_class_id`, `length`, `width`, `height`, `length_class_id`, `subtract`, `minimum`, `sort_order`, `status`, `viewed`, `date_added`, `date_modified`) VALUES ('31', 'Product 4', '', '', '', '', '', '', '', '1000', '6', 'catalog/demo/nikon_d300_1.jpg', '0', '1', '80.0000', '0', '9', '2009-02-03', '0.00000000', '1', '0.00000000', '0.00000000', '0.00000000', '3', '1', '1', '0', '1', '4573', '2009-02-03 17:00:10', '2018-06-13 15:17:08');
INSERT INTO `oc_product` (`product_id`, `model`, `sku`, `upc`, `ean`, `jan`, `isbn`, `mpn`, `location`, `quantity`, `stock_status_id`, `image`, `manufacturer_id`, `shipping`, `price`, `points`, `tax_class_id`, `date_available`, `weight`, `weight_class_id`, `length`, `width`, `height`, `length_class_id`, `subtract`, `minimum`, `sort_order`, `status`, `viewed`, `date_added`, `date_modified`) VALUES ('32', 'Product 5', '', '', '', '', '', '', '', '999', '6', 'catalog/demo/ipod_touch_1.jpg', '8', '1', '100.0000', '0', '9', '2009-02-03', '5.00000000', '1', '0.00000000', '0.00000000', '0.00000000', '1', '1', '1', '0', '1', '8807', '2009-02-03 17:07:26', '2018-06-13 14:50:53');
INSERT INTO `oc_product` (`product_id`, `model`, `sku`, `upc`, `ean`, `jan`, `isbn`, `mpn`, `location`, `quantity`, `stock_status_id`, `image`, `manufacturer_id`, `shipping`, `price`, `points`, `tax_class_id`, `date_available`, `weight`, `weight_class_id`, `length`, `width`, `height`, `length_class_id`, `subtract`, `minimum`, `sort_order`, `status`, `viewed`, `date_added`, `date_modified`) VALUES ('33', 'Product 6', '', '', '', '', '', '', '', '1000', '6', 'catalog/demo/samsung_syncmaster_941bw.jpg', '0', '1', '200.0000', '0', '9', '2009-02-03', '5.00000000', '1', '0.00000000', '0.00000000', '0.00000000', '2', '1', '1', '0', '1', '9469', '2009-02-03 17:08:31', '2018-07-26 17:39:17');
INSERT INTO `oc_product` (`product_id`, `model`, `sku`, `upc`, `ean`, `jan`, `isbn`, `mpn`, `location`, `quantity`, `stock_status_id`, `image`, `manufacturer_id`, `shipping`, `price`, `points`, `tax_class_id`, `date_available`, `weight`, `weight_class_id`, `length`, `width`, `height`, `length_class_id`, `subtract`, `minimum`, `sort_order`, `status`, `viewed`, `date_added`, `date_modified`) VALUES ('34', 'Product 7', '', '', '', '', '', '', '', '1000', '6', 'catalog/demo/ipod_shuffle_1.jpg', '8', '1', '100.0000', '0', '9', '2009-02-03', '5.00000000', '1', '0.00000000', '0.00000000', '0.00000000', '2', '1', '1', '0', '1', '10416', '2009-02-03 18:07:54', '2018-06-13 14:49:48');
INSERT INTO `oc_product` (`product_id`, `model`, `sku`, `upc`, `ean`, `jan`, `isbn`, `mpn`, `location`, `quantity`, `stock_status_id`, `image`, `manufacturer_id`, `shipping`, `price`, `points`, `tax_class_id`, `date_available`, `weight`, `weight_class_id`, `length`, `width`, `height`, `length_class_id`, `subtract`, `minimum`, `sort_order`, `status`, `viewed`, `date_added`, `date_modified`) VALUES ('367', 'Model 992', '', '', '', '', '', '', '', '99', '5', 'catalog/journal3/products/electronics/smart-tv-h6240-by-samsung.jpg', '9', '1', '4009.0000', '0', '9', '2018-05-27', '0.00000000', '1', '0.00000000', '0.00000000', '0.00000000', '1', '1', '1', '1', '1', '815', '2018-05-10 00:08:18', '2018-07-26 14:13:10');
INSERT INTO `oc_product` (`product_id`, `model`, `sku`, `upc`, `ean`, `jan`, `isbn`, `mpn`, `location`, `quantity`, `stock_status_id`, `image`, `manufacturer_id`, `shipping`, `price`, `points`, `tax_class_id`, `date_available`, `weight`, `weight_class_id`, `length`, `width`, `height`, `length_class_id`, `subtract`, `minimum`, `sort_order`, `status`, `viewed`, `date_added`, `date_modified`) VALUES ('36', 'Product 9', '', '', '', '', '', '', '', '994', '6', 'catalog/demo/ipod_nano_1.jpg', '8', '0', '100.0000', '100', '9', '2009-02-03', '5.00000000', '1', '0.00000000', '0.00000000', '0.00000000', '2', '1', '1', '0', '1', '8721', '2009-02-03 18:09:19', '2018-06-13 14:45:48');
INSERT INTO `oc_product` (`product_id`, `model`, `sku`, `upc`, `ean`, `jan`, `isbn`, `mpn`, `location`, `quantity`, `stock_status_id`, `image`, `manufacturer_id`, `shipping`, `price`, `points`, `tax_class_id`, `date_available`, `weight`, `weight_class_id`, `length`, `width`, `height`, `length_class_id`, `subtract`, `minimum`, `sort_order`, `status`, `viewed`, `date_added`, `date_modified`) VALUES ('40', 'product 11', '', '', '', '', '', '', '', '970', '5', 'catalog/demo/iphone_1.jpg', '8', '1', '101.0000', '0', '9', '2009-02-03', '10.00000000', '1', '0.00000000', '0.00000000', '0.00000000', '1', '1', '1', '0', '1', '13821', '2009-02-03 21:07:12', '2018-06-13 14:38:50');
INSERT INTO `oc_product` (`product_id`, `model`, `sku`, `upc`, `ean`, `jan`, `isbn`, `mpn`, `location`, `quantity`, `stock_status_id`, `image`, `manufacturer_id`, `shipping`, `price`, `points`, `tax_class_id`, `date_available`, `weight`, `weight_class_id`, `length`, `width`, `height`, `length_class_id`, `subtract`, `minimum`, `sort_order`, `status`, `viewed`, `date_added`, `date_modified`) VALUES ('41', 'Product 14', '', '', '', '', '', '', '', '977', '5', 'catalog/demo/imac_1.jpg', '8', '1', '100.0000', '0', '9', '2009-02-03', '5.00000000', '1', '0.00000000', '0.00000000', '0.00000000', '1', '1', '1', '0', '1', '9540', '2009-02-03 21:07:26', '2018-06-13 14:38:28');
INSERT INTO `oc_product` (`product_id`, `model`, `sku`, `upc`, `ean`, `jan`, `isbn`, `mpn`, `location`, `quantity`, `stock_status_id`, `image`, `manufacturer_id`, `shipping`, `price`, `points`, `tax_class_id`, `date_available`, `weight`, `weight_class_id`, `length`, `width`, `height`, `length_class_id`, `subtract`, `minimum`, `sort_order`, `status`, `viewed`, `date_added`, `date_modified`) VALUES ('43', 'Product 16', '', '', '', '', '', '', '', '929', '5', 'catalog/demo/macbook_1.jpg', '8', '0', '500.0000', '0', '9', '2009-02-03', '0.00000000', '1', '0.00000000', '0.00000000', '0.00000000', '2', '1', '1', '0', '1', '13188', '2009-02-03 21:07:49', '2018-06-13 14:58:42');
INSERT INTO `oc_product` (`product_id`, `model`, `sku`, `upc`, `ean`, `jan`, `isbn`, `mpn`, `location`, `quantity`, `stock_status_id`, `image`, `manufacturer_id`, `shipping`, `price`, `points`, `tax_class_id`, `date_available`, `weight`, `weight_class_id`, `length`, `width`, `height`, `length_class_id`, `subtract`, `minimum`, `sort_order`, `status`, `viewed`, `date_added`, `date_modified`) VALUES ('44', 'Product 17', '', '', '', '', '', '', '', '998', '5', 'catalog/demo/macbook_air_1.jpg', '8', '1', '1000.0000', '0', '9', '2009-02-03', '0.00000000', '1', '0.00000000', '0.00000000', '0.00000000', '2', '1', '1', '0', '1', '15698', '2009-02-03 21:08:00', '2018-06-13 14:59:49');
INSERT INTO `oc_product` (`product_id`, `model`, `sku`, `upc`, `ean`, `jan`, `isbn`, `mpn`, `location`, `quantity`, `stock_status_id`, `image`, `manufacturer_id`, `shipping`, `price`, `points`, `tax_class_id`, `date_available`, `weight`, `weight_class_id`, `length`, `width`, `height`, `length_class_id`, `subtract`, `minimum`, `sort_order`, `status`, `viewed`, `date_added`, `date_modified`) VALUES ('45', 'Product 18', '', '', '', '', '', '', '', '998', '5', 'catalog/demo/macbook_pro_1.jpg', '8', '1', '2000.0000', '0', '9', '2009-02-03', '0.00000000', '1', '0.00000000', '0.00000000', '0.00000000', '2', '1', '1', '0', '1', '8917', '2009-02-03 21:08:17', '2018-06-13 15:00:12');
INSERT INTO `oc_product` (`product_id`, `model`, `sku`, `upc`, `ean`, `jan`, `isbn`, `mpn`, `location`, `quantity`, `stock_status_id`, `image`, `manufacturer_id`, `shipping`, `price`, `points`, `tax_class_id`, `date_available`, `weight`, `weight_class_id`, `length`, `width`, `height`, `length_class_id`, `subtract`, `minimum`, `sort_order`, `status`, `viewed`, `date_added`, `date_modified`) VALUES ('368', 'Model 980', '', '', '', '', '', '', '', '99', '5', 'catalog/journal3/products/electronics/sony-bravia.jpg', '15', '1', '6009.0000', '0', '9', '2018-05-27', '0.00000000', '1', '0.00000000', '0.00000000', '0.00000000', '1', '1', '1', '1', '1', '758', '2018-05-05 09:01:29', '2018-07-26 17:40:48');
INSERT INTO `oc_product` (`product_id`, `model`, `sku`, `upc`, `ean`, `jan`, `isbn`, `mpn`, `location`, `quantity`, `stock_status_id`, `image`, `manufacturer_id`, `shipping`, `price`, `points`, `tax_class_id`, `date_available`, `weight`, `weight_class_id`, `length`, `width`, `height`, `length_class_id`, `subtract`, `minimum`, `sort_order`, `status`, `viewed`, `date_added`, `date_modified`) VALUES ('47', 'Product 21', '', '', '', '', '', '', '', '1000', '5', 'catalog/demo/hp_1.jpg', '7', '1', '100.0000', '400', '9', '2009-02-03', '1.00000000', '1', '0.00000000', '0.00000000', '0.00000000', '1', '0', '1', '0', '1', '11516', '2009-02-03 21:08:40', '2018-06-13 14:37:04');
INSERT INTO `oc_product` (`product_id`, `model`, `sku`, `upc`, `ean`, `jan`, `isbn`, `mpn`, `location`, `quantity`, `stock_status_id`, `image`, `manufacturer_id`, `shipping`, `price`, `points`, `tax_class_id`, `date_available`, `weight`, `weight_class_id`, `length`, `width`, `height`, `length_class_id`, `subtract`, `minimum`, `sort_order`, `status`, `viewed`, `date_added`, `date_modified`) VALUES ('48', 'product 20', 'test 1', '', '', '', '', '', 'test 2', '995', '5', 'catalog/demo/ipod_classic_1.jpg', '8', '1', '100.0000', '0', '9', '2009-02-08', '1.00000000', '1', '0.00000000', '0.00000000', '0.00000000', '2', '1', '1', '0', '1', '13523', '2009-02-08 17:21:51', '2018-06-13 14:47:04');
INSERT INTO `oc_product` (`product_id`, `model`, `sku`, `upc`, `ean`, `jan`, `isbn`, `mpn`, `location`, `quantity`, `stock_status_id`, `image`, `manufacturer_id`, `shipping`, `price`, `points`, `tax_class_id`, `date_available`, `weight`, `weight_class_id`, `length`, `width`, `height`, `length_class_id`, `subtract`, `minimum`, `sort_order`, `status`, `viewed`, `date_added`, `date_modified`) VALUES ('49', 'SAM1', '', '', '', '', '', '', '', '0', '8', 'catalog/demo/samsung_tab_1.jpg', '7', '1', '199.9900', '0', '9', '2011-04-25', '0.00000000', '1', '0.00000000', '0.00000000', '0.00000000', '1', '1', '1', '1', '1', '5076', '2011-04-26 08:57:34', '2018-07-26 17:37:57');
INSERT INTO `oc_product` (`product_id`, `model`, `sku`, `upc`, `ean`, `jan`, `isbn`, `mpn`, `location`, `quantity`, `stock_status_id`, `image`, `manufacturer_id`, `shipping`, `price`, `points`, `tax_class_id`, `date_available`, `weight`, `weight_class_id`, `length`, `width`, `height`, `length_class_id`, `subtract`, `minimum`, `sort_order`, `status`, `viewed`, `date_added`, `date_modified`) VALUES ('364', 'Model 996', '', '', '', '', '', '', '', '99', '5', 'catalog/journal3/products/electronics/curved-oled-tv-55ec9300-by-lg.jpg', '15', '1', '4789.0000', '0', '9', '2018-05-27', '0.00000000', '1', '0.00000000', '0.00000000', '0.00000000', '1', '1', '0', '1', '1', '711', '2018-05-25 20:42:32', '2018-07-26 17:36:57');
INSERT INTO `oc_product` (`product_id`, `model`, `sku`, `upc`, `ean`, `jan`, `isbn`, `mpn`, `location`, `quantity`, `stock_status_id`, `image`, `manufacturer_id`, `shipping`, `price`, `points`, `tax_class_id`, `date_available`, `weight`, `weight_class_id`, `length`, `width`, `height`, `length_class_id`, `subtract`, `minimum`, `sort_order`, `status`, `viewed`, `date_added`, `date_modified`) VALUES ('365', 'Model 995', '', '', '', '', '', '', '', '99', '8', 'catalog/journal3/products/electronics/ks9500-curved-4k-suhd-tv-by-samsung.jpg', '15', '1', '0.0000', '0', '9', '2018-05-27', '0.00000000', '1', '0.00000000', '0.00000000', '0.00000000', '1', '1', '1', '1', '1', '647', '2018-05-22 04:28:13', '2018-06-13 15:45:13');
INSERT INTO `oc_product` (`product_id`, `model`, `sku`, `upc`, `ean`, `jan`, `isbn`, `mpn`, `location`, `quantity`, `stock_status_id`, `image`, `manufacturer_id`, `shipping`, `price`, `points`, `tax_class_id`, `date_available`, `weight`, `weight_class_id`, `length`, `width`, `height`, `length_class_id`, `subtract`, `minimum`, `sort_order`, `status`, `viewed`, `date_added`, `date_modified`) VALUES ('366', 'Model 994', '', '', '', '', '', '', '', '99', '8', 'catalog/journal3/products/electronics/leica-m9-digital-camera-by-leica.jpg', '15', '1', '2189.0000', '0', '9', '2018-05-27', '0.00000000', '1', '0.00000000', '0.00000000', '0.00000000', '1', '1', '1', '1', '1', '682', '2018-05-02 08:13:29', '2018-06-13 14:54:08');
INSERT INTO `oc_product` (`product_id`, `model`, `sku`, `upc`, `ean`, `jan`, `isbn`, `mpn`, `location`, `quantity`, `stock_status_id`, `image`, `manufacturer_id`, `shipping`, `price`, `points`, `tax_class_id`, `date_available`, `weight`, `weight_class_id`, `length`, `width`, `height`, `length_class_id`, `subtract`, `minimum`, `sort_order`, `status`, `viewed`, `date_added`, `date_modified`) VALUES ('274', 'Model 79', '', '', '', '', '', '', '', '98', '5', 'catalog/journal3/products/beauty/2.jpg', '19', '1', '460.0000', '0', '9', '2018-05-12', '0.00000000', '1', '0.00000000', '0.00000000', '0.00000000', '1', '1', '1', '1', '1', '1266', '2018-05-04 03:42:45', '2018-07-06 10:53:44');
INSERT INTO `oc_product` (`product_id`, `model`, `sku`, `upc`, `ean`, `jan`, `isbn`, `mpn`, `location`, `quantity`, `stock_status_id`, `image`, `manufacturer_id`, `shipping`, `price`, `points`, `tax_class_id`, `date_available`, `weight`, `weight_class_id`, `length`, `width`, `height`, `length_class_id`, `subtract`, `minimum`, `sort_order`, `status`, `viewed`, `date_added`, `date_modified`) VALUES ('275', 'Model 754', '', '', '', '', '', '', '', '99', '7', 'catalog/journal3/products/beauty/additional/5.jpg', '20', '1', '248.0000', '0', '9', '2018-05-12', '0.00000000', '1', '0.00000000', '0.00000000', '0.00000000', '1', '1', '1', '1', '1', '1247', '2018-05-12 17:53:21', '2018-07-06 11:01:25');
INSERT INTO `oc_product` (`product_id`, `model`, `sku`, `upc`, `ean`, `jan`, `isbn`, `mpn`, `location`, `quantity`, `stock_status_id`, `image`, `manufacturer_id`, `shipping`, `price`, `points`, `tax_class_id`, `date_available`, `weight`, `weight_class_id`, `length`, `width`, `height`, `length_class_id`, `subtract`, `minimum`, `sort_order`, `status`, `viewed`, `date_added`, `date_modified`) VALUES ('276', 'Model 920', '', '', '', '', '', '', '', '99', '8', 'catalog/journal3/products/beauty/7.jpg', '19', '1', '299.0000', '0', '9', '2018-05-12', '0.00000000', '1', '0.00000000', '0.00000000', '0.00000000', '1', '1', '1', '1', '1', '1089', '2018-05-20 06:18:28', '2018-07-06 11:00:49');
INSERT INTO `oc_product` (`product_id`, `model`, `sku`, `upc`, `ean`, `jan`, `isbn`, `mpn`, `location`, `quantity`, `stock_status_id`, `image`, `manufacturer_id`, `shipping`, `price`, `points`, `tax_class_id`, `date_available`, `weight`, `weight_class_id`, `length`, `width`, `height`, `length_class_id`, `subtract`, `minimum`, `sort_order`, `status`, `viewed`, `date_added`, `date_modified`) VALUES ('277', 'Model 634', '', '', '', '', '', '', '', '99', '6', 'catalog/journal3/products/beauty/9.jpg', '19', '1', '570.0000', '0', '9', '2018-05-12', '0.00000000', '1', '0.00000000', '0.00000000', '0.00000000', '1', '1', '1', '1', '1', '1155', '2018-05-02 01:52:20', '2018-07-06 10:53:06');
INSERT INTO `oc_product` (`product_id`, `model`, `sku`, `upc`, `ean`, `jan`, `isbn`, `mpn`, `location`, `quantity`, `stock_status_id`, `image`, `manufacturer_id`, `shipping`, `price`, `points`, `tax_class_id`, `date_available`, `weight`, `weight_class_id`, `length`, `width`, `height`, `length_class_id`, `subtract`, `minimum`, `sort_order`, `status`, `viewed`, `date_added`, `date_modified`) VALUES ('278', 'Model 48', '', '', '', '', '', '', '', '99', '7', 'catalog/journal3/products/beauty/13.jpg', '18', '1', '810.0000', '0', '9', '2018-05-12', '0.00000000', '1', '0.00000000', '0.00000000', '0.00000000', '1', '1', '1', '1', '1', '1167', '2018-05-08 14:26:15', '2018-07-06 10:58:40');
INSERT INTO `oc_product` (`product_id`, `model`, `sku`, `upc`, `ean`, `jan`, `isbn`, `mpn`, `location`, `quantity`, `stock_status_id`, `image`, `manufacturer_id`, `shipping`, `price`, `points`, `tax_class_id`, `date_available`, `weight`, `weight_class_id`, `length`, `width`, `height`, `length_class_id`, `subtract`, `minimum`, `sort_order`, `status`, `viewed`, `date_added`, `date_modified`) VALUES ('279', 'Model 87', '', '', '', '', '', '', '', '98', '7', 'catalog/journal3/products/beauty/14.jpg', '20', '1', '165.0000', '0', '9', '2018-05-12', '0.00000000', '1', '0.00000000', '0.00000000', '0.00000000', '1', '1', '1', '1', '1', '1012', '2018-05-05 18:34:14', '2018-07-06 10:54:14');
INSERT INTO `oc_product` (`product_id`, `model`, `sku`, `upc`, `ean`, `jan`, `isbn`, `mpn`, `location`, `quantity`, `stock_status_id`, `image`, `manufacturer_id`, `shipping`, `price`, `points`, `tax_class_id`, `date_available`, `weight`, `weight_class_id`, `length`, `width`, `height`, `length_class_id`, `subtract`, `minimum`, `sort_order`, `status`, `viewed`, `date_added`, `date_modified`) VALUES ('280', 'Model 88', '', '', '', '', '', '', '', '98', '5', 'catalog/journal3/products/beauty/17.jpg', '20', '1', '680.0000', '0', '9', '2018-05-12', '0.00000000', '1', '0.00000000', '0.00000000', '0.00000000', '1', '1', '1', '1', '1', '1226', '2018-05-02 01:32:29', '2018-09-24 12:11:24');
INSERT INTO `oc_product` (`product_id`, `model`, `sku`, `upc`, `ean`, `jan`, `isbn`, `mpn`, `location`, `quantity`, `stock_status_id`, `image`, `manufacturer_id`, `shipping`, `price`, `points`, `tax_class_id`, `date_available`, `weight`, `weight_class_id`, `length`, `width`, `height`, `length_class_id`, `subtract`, `minimum`, `sort_order`, `status`, `viewed`, `date_added`, `date_modified`) VALUES ('281', 'Model 90', '', '', '', '', '', '', '', '99', '8', 'catalog/journal3/products/beauty/19.jpg', '13', '1', '349.0000', '0', '9', '2018-05-12', '0.00000000', '1', '0.00000000', '0.00000000', '0.00000000', '1', '1', '1', '1', '1', '1062', '2018-05-21 23:59:43', '2018-07-06 11:02:08');
INSERT INTO `oc_product` (`product_id`, `model`, `sku`, `upc`, `ean`, `jan`, `isbn`, `mpn`, `location`, `quantity`, `stock_status_id`, `image`, `manufacturer_id`, `shipping`, `price`, `points`, `tax_class_id`, `date_available`, `weight`, `weight_class_id`, `length`, `width`, `height`, `length_class_id`, `subtract`, `minimum`, `sort_order`, `status`, `viewed`, `date_added`, `date_modified`) VALUES ('282', 'Model 91', '', '', '', '', '', '', '', '98', '7', 'catalog/journal3/products/beauty/22.jpg', '18', '1', '760.0000', '0', '9', '2018-05-12', '0.00000000', '1', '0.00000000', '0.00000000', '0.00000000', '1', '1', '1', '1', '1', '1404', '2018-05-12 19:21:06', '2018-07-06 10:49:18');
INSERT INTO `oc_product` (`product_id`, `model`, `sku`, `upc`, `ean`, `jan`, `isbn`, `mpn`, `location`, `quantity`, `stock_status_id`, `image`, `manufacturer_id`, `shipping`, `price`, `points`, `tax_class_id`, `date_available`, `weight`, `weight_class_id`, `length`, `width`, `height`, `length_class_id`, `subtract`, `minimum`, `sort_order`, `status`, `viewed`, `date_added`, `date_modified`) VALUES ('283', 'Model 92', '', '', '', '', '', '', '', '99', '6', 'catalog/journal3/products/beauty/24.jpg', '19', '1', '309.0000', '0', '9', '2018-05-12', '0.00000000', '1', '0.00000000', '0.00000000', '0.00000000', '1', '1', '1', '1', '1', '1094', '2018-05-27 00:46:24', '2018-07-06 10:56:53');
INSERT INTO `oc_product` (`product_id`, `model`, `sku`, `upc`, `ean`, `jan`, `isbn`, `mpn`, `location`, `quantity`, `stock_status_id`, `image`, `manufacturer_id`, `shipping`, `price`, `points`, `tax_class_id`, `date_available`, `weight`, `weight_class_id`, `length`, `width`, `height`, `length_class_id`, `subtract`, `minimum`, `sort_order`, `status`, `viewed`, `date_added`, `date_modified`) VALUES ('284', 'Model 93', '', '', '', '', '', '', '', '99', '7', 'catalog/journal3/products/beauty/25.jpg', '18', '1', '519.0000', '0', '9', '2018-05-12', '0.00000000', '1', '0.00000000', '0.00000000', '0.00000000', '1', '1', '1', '1', '1', '1657', '2018-05-05 17:48:41', '2018-07-06 11:05:10');
INSERT INTO `oc_product` (`product_id`, `model`, `sku`, `upc`, `ean`, `jan`, `isbn`, `mpn`, `location`, `quantity`, `stock_status_id`, `image`, `manufacturer_id`, `shipping`, `price`, `points`, `tax_class_id`, `date_available`, `weight`, `weight_class_id`, `length`, `width`, `height`, `length_class_id`, `subtract`, `minimum`, `sort_order`, `status`, `viewed`, `date_added`, `date_modified`) VALUES ('285', 'Model 94', '', '', '', '', '', '', '', '99', '7', 'catalog/journal3/products/beauty/26.jpg', '13', '1', '321.0000', '0', '9', '2018-05-12', '0.00000000', '1', '0.00000000', '0.00000000', '0.00000000', '1', '1', '1', '1', '1', '982', '2018-05-06 14:44:13', '2018-07-06 11:03:14');
INSERT INTO `oc_product` (`product_id`, `model`, `sku`, `upc`, `ean`, `jan`, `isbn`, `mpn`, `location`, `quantity`, `stock_status_id`, `image`, `manufacturer_id`, `shipping`, `price`, `points`, `tax_class_id`, `date_available`, `weight`, `weight_class_id`, `length`, `width`, `height`, `length_class_id`, `subtract`, `minimum`, `sort_order`, `status`, `viewed`, `date_added`, `date_modified`) VALUES ('286', 'Model 67', '', '', '', '', '', '', '', '99', '8', 'catalog/journal3/products/beauty/27.jpg', '20', '1', '652.0000', '0', '9', '2018-05-12', '0.00000000', '1', '0.00000000', '0.00000000', '0.00000000', '1', '1', '1', '1', '1', '904', '2018-05-14 20:15:03', '2018-07-06 11:04:37');
INSERT INTO `oc_product` (`product_id`, `model`, `sku`, `upc`, `ean`, `jan`, `isbn`, `mpn`, `location`, `quantity`, `stock_status_id`, `image`, `manufacturer_id`, `shipping`, `price`, `points`, `tax_class_id`, `date_available`, `weight`, `weight_class_id`, `length`, `width`, `height`, `length_class_id`, `subtract`, `minimum`, `sort_order`, `status`, `viewed`, `date_added`, `date_modified`) VALUES ('287', 'Model 65', '', '', '', '', '', '', '', '99', '7', 'catalog/journal3/products/beauty/28.jpg', '18', '1', '209.0000', '0', '9', '2018-05-12', '0.00000000', '1', '0.00000000', '0.00000000', '0.00000000', '1', '1', '1', '1', '1', '1320', '2018-05-23 09:02:38', '2018-07-06 11:04:26');
INSERT INTO `oc_product` (`product_id`, `model`, `sku`, `upc`, `ean`, `jan`, `isbn`, `mpn`, `location`, `quantity`, `stock_status_id`, `image`, `manufacturer_id`, `shipping`, `price`, `points`, `tax_class_id`, `date_available`, `weight`, `weight_class_id`, `length`, `width`, `height`, `length_class_id`, `subtract`, `minimum`, `sort_order`, `status`, `viewed`, `date_added`, `date_modified`) VALUES ('288', 'Model 109', '', '', '', '', '', '', '', '99', '7', 'catalog/journal3/products/beauty/29.jpg', '19', '1', '499.0000', '0', '9', '2018-05-12', '0.00000000', '1', '0.00000000', '0.00000000', '0.00000000', '1', '1', '1', '1', '1', '844', '2018-05-11 08:28:03', '2018-06-13 15:19:53');
INSERT INTO `oc_product` (`product_id`, `model`, `sku`, `upc`, `ean`, `jan`, `isbn`, `mpn`, `location`, `quantity`, `stock_status_id`, `image`, `manufacturer_id`, `shipping`, `price`, `points`, `tax_class_id`, `date_available`, `weight`, `weight_class_id`, `length`, `width`, `height`, `length_class_id`, `subtract`, `minimum`, `sort_order`, `status`, `viewed`, `date_added`, `date_modified`) VALUES ('289', 'Model 99', '', '', '', '', '', '', '', '0', '6', 'catalog/journal3/products/beauty/33.jpg', '13', '1', '419.0000', '0', '9', '2018-05-12', '0.00000000', '1', '0.00000000', '0.00000000', '0.00000000', '1', '1', '1', '1', '1', '1236', '2018-05-15 15:12:19', '2018-07-06 10:55:39');
INSERT INTO `oc_product` (`product_id`, `model`, `sku`, `upc`, `ean`, `jan`, `isbn`, `mpn`, `location`, `quantity`, `stock_status_id`, `image`, `manufacturer_id`, `shipping`, `price`, `points`, `tax_class_id`, `date_available`, `weight`, `weight_class_id`, `length`, `width`, `height`, `length_class_id`, `subtract`, `minimum`, `sort_order`, `status`, `viewed`, `date_added`, `date_modified`) VALUES ('290', 'Model 100', '', '', '', '', '', '', '', '99', '5', 'catalog/journal3/products/beauty/basket2.jpg', '21', '1', '960.0000', '0', '9', '2018-05-12', '0.00000000', '1', '0.00000000', '0.00000000', '0.00000000', '1', '1', '1', '1', '1', '717', '2018-05-13 02:37:26', '2018-07-06 11:02:44');
INSERT INTO `oc_product` (`product_id`, `model`, `sku`, `upc`, `ean`, `jan`, `isbn`, `mpn`, `location`, `quantity`, `stock_status_id`, `image`, `manufacturer_id`, `shipping`, `price`, `points`, `tax_class_id`, `date_available`, `weight`, `weight_class_id`, `length`, `width`, `height`, `length_class_id`, `subtract`, `minimum`, `sort_order`, `status`, `viewed`, `date_added`, `date_modified`) VALUES ('291', 'Model 101', '', '', '', '', '', '', '', '99', '7', 'catalog/journal3/products/beauty/basket4.jpg', '18', '1', '156.0000', '0', '9', '2018-05-12', '0.00000000', '1', '0.00000000', '0.00000000', '0.00000000', '1', '1', '1', '1', '1', '633', '2018-05-17 15:30:14', '2018-08-06 15:47:56');
INSERT INTO `oc_product` (`product_id`, `model`, `sku`, `upc`, `ean`, `jan`, `isbn`, `mpn`, `location`, `quantity`, `stock_status_id`, `image`, `manufacturer_id`, `shipping`, `price`, `points`, `tax_class_id`, `date_available`, `weight`, `weight_class_id`, `length`, `width`, `height`, `length_class_id`, `subtract`, `minimum`, `sort_order`, `status`, `viewed`, `date_added`, `date_modified`) VALUES ('292', 'Model 103', '', '', '', '', '', '', '', '99', '5', 'catalog/journal3/products/beauty/basket3.jpg', '20', '1', '809.0000', '0', '9', '2018-05-12', '0.00000000', '1', '0.00000000', '0.00000000', '0.00000000', '1', '1', '1', '1', '1', '753', '2018-05-17 21:38:53', '2018-07-26 17:43:15');
INSERT INTO `oc_product` (`product_id`, `model`, `sku`, `upc`, `ean`, `jan`, `isbn`, `mpn`, `location`, `quantity`, `stock_status_id`, `image`, `manufacturer_id`, `shipping`, `price`, `points`, `tax_class_id`, `date_available`, `weight`, `weight_class_id`, `length`, `width`, `height`, `length_class_id`, `subtract`, `minimum`, `sort_order`, `status`, `viewed`, `date_added`, `date_modified`) VALUES ('293', 'Model 106', '', '', '', '', '', '', '', '99', '6', 'catalog/journal3/products/beauty/basket.jpg', '7', '1', '360.0000', '0', '9', '2018-05-12', '0.00000000', '1', '0.00000000', '0.00000000', '0.00000000', '1', '1', '1', '1', '1', '923', '2018-05-05 13:43:45', '2018-07-06 10:59:30');
INSERT INTO `oc_product` (`product_id`, `model`, `sku`, `upc`, `ean`, `jan`, `isbn`, `mpn`, `location`, `quantity`, `stock_status_id`, `image`, `manufacturer_id`, `shipping`, `price`, `points`, `tax_class_id`, `date_available`, `weight`, `weight_class_id`, `length`, `width`, `height`, `length_class_id`, `subtract`, `minimum`, `sort_order`, `status`, `viewed`, `date_added`, `date_modified`) VALUES ('294', 'Model 209', '', '', '', '', '', '', '', '0', '8', 'catalog/journal3/products/beauty/eyelasher.jpg', '21', '1', '101.0000', '0', '9', '2018-05-12', '0.00000000', '1', '0.00000000', '0.00000000', '0.00000000', '1', '1', '1', '1', '1', '1034', '2018-05-03 03:42:06', '2018-07-06 10:56:14');
INSERT INTO `oc_product` (`product_id`, `model`, `sku`, `upc`, `ean`, `jan`, `isbn`, `mpn`, `location`, `quantity`, `stock_status_id`, `image`, `manufacturer_id`, `shipping`, `price`, `points`, `tax_class_id`, `date_available`, `weight`, `weight_class_id`, `length`, `width`, `height`, `length_class_id`, `subtract`, `minimum`, `sort_order`, `status`, `viewed`, `date_added`, `date_modified`) VALUES ('295', 'Model 104', '', '', '', '', '', '', '', '99', '7', 'catalog/journal3/products/beauty/brush-case2.jpg', '20', '1', '0.0000', '0', '9', '2018-05-12', '0.00000000', '1', '0.00000000', '0.00000000', '0.00000000', '1', '1', '1', '1', '1', '926', '2018-05-28 01:19:16', '2018-07-06 11:03:34');
INSERT INTO `oc_product` (`product_id`, `model`, `sku`, `upc`, `ean`, `jan`, `isbn`, `mpn`, `location`, `quantity`, `stock_status_id`, `image`, `manufacturer_id`, `shipping`, `price`, `points`, `tax_class_id`, `date_available`, `weight`, `weight_class_id`, `length`, `width`, `height`, `length_class_id`, `subtract`, `minimum`, `sort_order`, `status`, `viewed`, `date_added`, `date_modified`) VALUES ('296', 'Model 205', '', '', '', '', '', '', '', '99', '5', 'catalog/journal3/products/beauty/brush.jpg', '21', '1', '579.0000', '0', '9', '2018-05-12', '0.00000000', '1', '0.00000000', '0.00000000', '0.00000000', '1', '1', '1', '1', '1', '944', '2018-05-09 19:30:00', '2018-07-06 11:05:30');
INSERT INTO `oc_product` (`product_id`, `model`, `sku`, `upc`, `ean`, `jan`, `isbn`, `mpn`, `location`, `quantity`, `stock_status_id`, `image`, `manufacturer_id`, `shipping`, `price`, `points`, `tax_class_id`, `date_available`, `weight`, `weight_class_id`, `length`, `width`, `height`, `length_class_id`, `subtract`, `minimum`, `sort_order`, `status`, `viewed`, `date_added`, `date_modified`) VALUES ('297', 'Model 902', '', '', '', '', '', '', '', '98', '6', 'catalog/journal3/products/beauty/brush2.jpg', '18', '1', '307.0000', '0', '9', '2018-05-12', '0.00000000', '1', '0.00000000', '0.00000000', '0.00000000', '1', '1', '1', '1', '1', '1607', '2018-05-23 21:32:16', '2018-07-06 10:55:03');
INSERT INTO `oc_product` (`product_id`, `model`, `sku`, `upc`, `ean`, `jan`, `isbn`, `mpn`, `location`, `quantity`, `stock_status_id`, `image`, `manufacturer_id`, `shipping`, `price`, `points`, `tax_class_id`, `date_available`, `weight`, `weight_class_id`, `length`, `width`, `height`, `length_class_id`, `subtract`, `minimum`, `sort_order`, `status`, `viewed`, `date_added`, `date_modified`) VALUES ('298', 'Model 58', '', '', '', '', '', '', '', '99', '5', 'catalog/journal3/products/beauty/powder2.jpg', '21', '1', '190.0000', '0', '9', '2018-05-12', '0.00000000', '1', '0.00000000', '0.00000000', '0.00000000', '1', '1', '1', '1', '1', '975', '2018-05-29 01:11:19', '2018-07-06 11:00:18');
INSERT INTO `oc_product` (`product_id`, `model`, `sku`, `upc`, `ean`, `jan`, `isbn`, `mpn`, `location`, `quantity`, `stock_status_id`, `image`, `manufacturer_id`, `shipping`, `price`, `points`, `tax_class_id`, `date_available`, `weight`, `weight_class_id`, `length`, `width`, `height`, `length_class_id`, `subtract`, `minimum`, `sort_order`, `status`, `viewed`, `date_added`, `date_modified`) VALUES ('299', 'Model 48', '', '', '', '', '', '', '', '98', '6', 'catalog/journal3/products/fashion/f1.jpg', '12', '1', '399.0000', '0', '9', '2018-05-13', '0.00000000', '1', '0.00000000', '0.00000000', '0.00000000', '1', '1', '1', '1', '1', '1117', '2018-08-12 13:19:47', '2018-09-04 17:12:46');
INSERT INTO `oc_product` (`product_id`, `model`, `sku`, `upc`, `ean`, `jan`, `isbn`, `mpn`, `location`, `quantity`, `stock_status_id`, `image`, `manufacturer_id`, `shipping`, `price`, `points`, `tax_class_id`, `date_available`, `weight`, `weight_class_id`, `length`, `width`, `height`, `length_class_id`, `subtract`, `minimum`, `sort_order`, `status`, `viewed`, `date_added`, `date_modified`) VALUES ('300', 'Model 30', '', '', '', '', '', '', '', '99', '7', 'catalog/journal3/products/fashion/additional/8549539065_78e985be0c_o.jpg', '13', '1', '589.0000', '0', '9', '2018-05-13', '0.00000000', '1', '0.00000000', '0.00000000', '0.00000000', '1', '1', '1', '1', '1', '1807', '2018-08-11 15:05:00', '2018-09-05 08:41:27');
INSERT INTO `oc_product` (`product_id`, `model`, `sku`, `upc`, `ean`, `jan`, `isbn`, `mpn`, `location`, `quantity`, `stock_status_id`, `image`, `manufacturer_id`, `shipping`, `price`, `points`, `tax_class_id`, `date_available`, `weight`, `weight_class_id`, `length`, `width`, `height`, `length_class_id`, `subtract`, `minimum`, `sort_order`, `status`, `viewed`, `date_added`, `date_modified`) VALUES ('301', 'Model 59', '', '', '', '', '', '', '', '99', '5', 'catalog/journal3/products/fashion/b1.jpg', '11', '1', '689.0000', '0', '9', '2018-05-13', '0.00000000', '1', '0.00000000', '0.00000000', '0.00000000', '1', '1', '1', '1', '1', '1131', '2018-05-14 11:25:39', '2018-09-04 23:08:57');
INSERT INTO `oc_product` (`product_id`, `model`, `sku`, `upc`, `ean`, `jan`, `isbn`, `mpn`, `location`, `quantity`, `stock_status_id`, `image`, `manufacturer_id`, `shipping`, `price`, `points`, `tax_class_id`, `date_available`, `weight`, `weight_class_id`, `length`, `width`, `height`, `length_class_id`, `subtract`, `minimum`, `sort_order`, `status`, `viewed`, `date_added`, `date_modified`) VALUES ('303', 'Model 55', '', '', '', '', '', '', '', '98', '6', 'catalog/journal3/products/fashion/r2.jpg', '16', '1', '369.0000', '0', '9', '2018-05-13', '0.00000000', '1', '0.00000000', '0.00000000', '0.00000000', '1', '1', '1', '1', '1', '1188', '2018-08-10 01:09:22', '2018-09-05 08:33:19');
INSERT INTO `oc_product` (`product_id`, `model`, `sku`, `upc`, `ean`, `jan`, `isbn`, `mpn`, `location`, `quantity`, `stock_status_id`, `image`, `manufacturer_id`, `shipping`, `price`, `points`, `tax_class_id`, `date_available`, `weight`, `weight_class_id`, `length`, `width`, `height`, `length_class_id`, `subtract`, `minimum`, `sort_order`, `status`, `viewed`, `date_added`, `date_modified`) VALUES ('304', 'Model 56', '', '', '', '', '', '', '', '98', '6', 'catalog/journal3/products/fashion/j1.jpg', '16', '1', '392.0000', '0', '9', '2018-05-13', '0.00000000', '1', '0.00000000', '0.00000000', '0.00000000', '1', '1', '1', '1', '1', '1367', '2018-08-09 18:07:02', '2018-09-05 08:14:59');
INSERT INTO `oc_product` (`product_id`, `model`, `sku`, `upc`, `ean`, `jan`, `isbn`, `mpn`, `location`, `quantity`, `stock_status_id`, `image`, `manufacturer_id`, `shipping`, `price`, `points`, `tax_class_id`, `date_available`, `weight`, `weight_class_id`, `length`, `width`, `height`, `length_class_id`, `subtract`, `minimum`, `sort_order`, `status`, `viewed`, `date_added`, `date_modified`) VALUES ('305', 'Model 99', '', '', '', '', '', '', '', '99', '7', 'catalog/journal3/products/fashion/additional/8337480771_2358b04366_o.jpg', '16', '1', '535.0000', '0', '9', '2018-05-13', '0.00000000', '1', '0.00000000', '0.00000000', '0.00000000', '1', '1', '1', '1', '1', '1071', '2018-08-08 15:07:04', '2018-09-05 08:39:21');
INSERT INTO `oc_product` (`product_id`, `model`, `sku`, `upc`, `ean`, `jan`, `isbn`, `mpn`, `location`, `quantity`, `stock_status_id`, `image`, `manufacturer_id`, `shipping`, `price`, `points`, `tax_class_id`, `date_available`, `weight`, `weight_class_id`, `length`, `width`, `height`, `length_class_id`, `subtract`, `minimum`, `sort_order`, `status`, `viewed`, `date_added`, `date_modified`) VALUES ('306', 'Model 40', '', '', '', '', '', '', '', '99', '5', 'catalog/journal3/products/fashion/m1.jpg', '15', '1', '355.0000', '0', '9', '2018-05-13', '0.00000000', '1', '0.00000000', '0.00000000', '0.00000000', '1', '1', '1', '1', '1', '1376', '2018-08-06 21:14:17', '2018-09-05 08:25:32');
INSERT INTO `oc_product` (`product_id`, `model`, `sku`, `upc`, `ean`, `jan`, `isbn`, `mpn`, `location`, `quantity`, `stock_status_id`, `image`, `manufacturer_id`, `shipping`, `price`, `points`, `tax_class_id`, `date_available`, `weight`, `weight_class_id`, `length`, `width`, `height`, `length_class_id`, `subtract`, `minimum`, `sort_order`, `status`, `viewed`, `date_added`, `date_modified`) VALUES ('307', 'Model 66', '', '', '', '', '', '', '', '0', '5', 'catalog/journal3/products/fashion/k1.jpg', '13', '1', '829.0000', '0', '9', '2018-05-13', '0.00000000', '1', '0.00000000', '0.00000000', '0.00000000', '1', '1', '1', '1', '1', '930', '2018-05-07 12:50:14', '2018-09-05 08:20:15');
INSERT INTO `oc_product` (`product_id`, `model`, `sku`, `upc`, `ean`, `jan`, `isbn`, `mpn`, `location`, `quantity`, `stock_status_id`, `image`, `manufacturer_id`, `shipping`, `price`, `points`, `tax_class_id`, `date_available`, `weight`, `weight_class_id`, `length`, `width`, `height`, `length_class_id`, `subtract`, `minimum`, `sort_order`, `status`, `viewed`, `date_added`, `date_modified`) VALUES ('308', 'Model 90', '', '', '', '', '', '', '', '99', '7', 'catalog/journal3/products/fashion/n1.jpg', '11', '1', '319.0000', '0', '9', '2018-05-13', '0.00000000', '1', '0.00000000', '0.00000000', '0.00000000', '1', '1', '1', '1', '1', '850', '2018-05-16 00:28:20', '2018-09-04 17:13:40');
INSERT INTO `oc_product` (`product_id`, `model`, `sku`, `upc`, `ean`, `jan`, `isbn`, `mpn`, `location`, `quantity`, `stock_status_id`, `image`, `manufacturer_id`, `shipping`, `price`, `points`, `tax_class_id`, `date_available`, `weight`, `weight_class_id`, `length`, `width`, `height`, `length_class_id`, `subtract`, `minimum`, `sort_order`, `status`, `viewed`, `date_added`, `date_modified`) VALUES ('309', 'Model 91', '', '', '', '', '', '', '', '99', '8', 'catalog/journal3/products/fashion/s2.jpg', '12', '1', '902.0000', '0', '9', '2018-05-13', '0.00000000', '1', '0.00000000', '0.00000000', '0.00000000', '1', '1', '1', '1', '1', '1636', '2018-05-26 11:50:56', '2018-09-05 08:35:56');
INSERT INTO `oc_product` (`product_id`, `model`, `sku`, `upc`, `ean`, `jan`, `isbn`, `mpn`, `location`, `quantity`, `stock_status_id`, `image`, `manufacturer_id`, `shipping`, `price`, `points`, `tax_class_id`, `date_available`, `weight`, `weight_class_id`, `length`, `width`, `height`, `length_class_id`, `subtract`, `minimum`, `sort_order`, `status`, `viewed`, `date_added`, `date_modified`) VALUES ('310', 'Model 76', '', '', '', '', '', '', '', '98', '8', 'catalog/journal3/products/fashion/d1.jpg', '17', '1', '209.0000', '0', '9', '2018-05-13', '0.00000000', '1', '0.00000000', '0.00000000', '0.00000000', '1', '1', '1', '1', '1', '1559', '2018-05-23 09:49:42', '2018-09-04 23:11:39');
INSERT INTO `oc_product` (`product_id`, `model`, `sku`, `upc`, `ean`, `jan`, `isbn`, `mpn`, `location`, `quantity`, `stock_status_id`, `image`, `manufacturer_id`, `shipping`, `price`, `points`, `tax_class_id`, `date_available`, `weight`, `weight_class_id`, `length`, `width`, `height`, `length_class_id`, `subtract`, `minimum`, `sort_order`, `status`, `viewed`, `date_added`, `date_modified`) VALUES ('311', 'Model 63', '', '', '', '', '', '', '', '99', '8', 'catalog/journal3/products/fashion/i1.jpg', '13', '1', '659.0000', '0', '9', '2018-05-13', '0.00000000', '1', '0.00000000', '0.00000000', '0.00000000', '1', '1', '1', '1', '1', '816', '2018-05-06 13:35:43', '2018-09-05 08:11:01');
INSERT INTO `oc_product` (`product_id`, `model`, `sku`, `upc`, `ean`, `jan`, `isbn`, `mpn`, `location`, `quantity`, `stock_status_id`, `image`, `manufacturer_id`, `shipping`, `price`, `points`, `tax_class_id`, `date_available`, `weight`, `weight_class_id`, `length`, `width`, `height`, `length_class_id`, `subtract`, `minimum`, `sort_order`, `status`, `viewed`, `date_added`, `date_modified`) VALUES ('312', 'Model 85', '', '', '', '', '', '', '', '99', '6', 'catalog/journal3/products/fashion/g1.jpg', '11', '1', '209.0000', '0', '9', '2018-05-13', '0.00000000', '1', '0.00000000', '0.00000000', '0.00000000', '1', '1', '1', '1', '1', '1024', '2018-05-21 14:29:27', '2018-09-04 23:08:18');
INSERT INTO `oc_product` (`product_id`, `model`, `sku`, `upc`, `ean`, `jan`, `isbn`, `mpn`, `location`, `quantity`, `stock_status_id`, `image`, `manufacturer_id`, `shipping`, `price`, `points`, `tax_class_id`, `date_available`, `weight`, `weight_class_id`, `length`, `width`, `height`, `length_class_id`, `subtract`, `minimum`, `sort_order`, `status`, `viewed`, `date_added`, `date_modified`) VALUES ('313', 'Model 84', '', '', '', '', '', '', '', '99', '5', 'catalog/journal3/products/fashion/p1.jpg', '13', '1', '498.0000', '0', '9', '2018-05-13', '0.00000000', '1', '0.00000000', '0.00000000', '0.00000000', '1', '1', '1', '1', '1', '1305', '2018-05-27 07:40:10', '2018-09-05 08:29:11');
INSERT INTO `oc_product` (`product_id`, `model`, `sku`, `upc`, `ean`, `jan`, `isbn`, `mpn`, `location`, `quantity`, `stock_status_id`, `image`, `manufacturer_id`, `shipping`, `price`, `points`, `tax_class_id`, `date_available`, `weight`, `weight_class_id`, `length`, `width`, `height`, `length_class_id`, `subtract`, `minimum`, `sort_order`, `status`, `viewed`, `date_added`, `date_modified`) VALUES ('314', 'Model 64', '', '', '', '', '', '', '', '99', '6', 'catalog/journal3/products/fashion/c1.jpg', '16', '1', '456.0000', '0', '9', '2018-05-13', '0.00000000', '1', '0.00000000', '0.00000000', '0.00000000', '1', '1', '1', '1', '1', '1033', '2018-05-10 18:52:28', '2018-09-04 23:10:20');
INSERT INTO `oc_product` (`product_id`, `model`, `sku`, `upc`, `ean`, `jan`, `isbn`, `mpn`, `location`, `quantity`, `stock_status_id`, `image`, `manufacturer_id`, `shipping`, `price`, `points`, `tax_class_id`, `date_available`, `weight`, `weight_class_id`, `length`, `width`, `height`, `length_class_id`, `subtract`, `minimum`, `sort_order`, `status`, `viewed`, `date_added`, `date_modified`) VALUES ('316', 'Model 23', '', '', '', '', '', '', '', '99', '5', 'catalog/journal3/products/fashion/additional/adult-airport-bags-837129.jpg', '12', '1', '329.0000', '0', '9', '2018-05-13', '0.00000000', '1', '0.00000000', '0.00000000', '0.00000000', '1', '1', '1', '1', '1', '740', '2018-05-01 12:11:51', '2018-09-04 17:14:47');
INSERT INTO `oc_product` (`product_id`, `model`, `sku`, `upc`, `ean`, `jan`, `isbn`, `mpn`, `location`, `quantity`, `stock_status_id`, `image`, `manufacturer_id`, `shipping`, `price`, `points`, `tax_class_id`, `date_available`, `weight`, `weight_class_id`, `length`, `width`, `height`, `length_class_id`, `subtract`, `minimum`, `sort_order`, `status`, `viewed`, `date_added`, `date_modified`) VALUES ('317', 'Model 84', '', '', '', '', '', '', '', '97', '8', 'catalog/journal3/products/fashion/a1.jpg', '17', '1', '299.0000', '0', '9', '2018-05-13', '0.00000000', '1', '0.00000000', '0.00000000', '0.00000000', '1', '1', '1', '1', '1', '1429', '2018-05-03 14:53:42', '2018-09-25 09:46:59');
INSERT INTO `oc_product` (`product_id`, `model`, `sku`, `upc`, `ean`, `jan`, `isbn`, `mpn`, `location`, `quantity`, `stock_status_id`, `image`, `manufacturer_id`, `shipping`, `price`, `points`, `tax_class_id`, `date_available`, `weight`, `weight_class_id`, `length`, `width`, `height`, `length_class_id`, `subtract`, `minimum`, `sort_order`, `status`, `viewed`, `date_added`, `date_modified`) VALUES ('318', 'Model 93', '', '', '', '', '', '', '', '99', '5', 'catalog/journal3/products/fashion/bags/bag.jpg', '12', '1', '509.0000', '0', '9', '2018-05-14', '0.00000000', '1', '0.00000000', '0.00000000', '0.00000000', '1', '1', '1', '1', '1', '1125', '2018-05-12 13:52:56', '2018-07-06 11:22:50');
INSERT INTO `oc_product` (`product_id`, `model`, `sku`, `upc`, `ean`, `jan`, `isbn`, `mpn`, `location`, `quantity`, `stock_status_id`, `image`, `manufacturer_id`, `shipping`, `price`, `points`, `tax_class_id`, `date_available`, `weight`, `weight_class_id`, `length`, `width`, `height`, `length_class_id`, `subtract`, `minimum`, `sort_order`, `status`, `viewed`, `date_added`, `date_modified`) VALUES ('319', 'Model 94', '', '', '', '', '', '', '', '99', '6', 'catalog/journal3/products/fashion/bags/handbag.jpg', '15', '1', '425.0000', '0', '9', '2018-05-14', '0.00000000', '1', '0.00000000', '0.00000000', '0.00000000', '1', '1', '1', '1', '1', '840', '2018-05-21 00:43:37', '2018-06-13 15:16:08');
INSERT INTO `oc_product` (`product_id`, `model`, `sku`, `upc`, `ean`, `jan`, `isbn`, `mpn`, `location`, `quantity`, `stock_status_id`, `image`, `manufacturer_id`, `shipping`, `price`, `points`, `tax_class_id`, `date_available`, `weight`, `weight_class_id`, `length`, `width`, `height`, `length_class_id`, `subtract`, `minimum`, `sort_order`, `status`, `viewed`, `date_added`, `date_modified`) VALUES ('320', 'Model 56', '', '', '', '', '', '', '', '99', '8', 'catalog/journal3/products/fashion/bags/phone-case2.jpg', '11', '1', '289.0000', '0', '9', '2018-05-14', '0.00000000', '1', '0.00000000', '0.00000000', '0.00000000', '1', '1', '1', '1', '1', '936', '2018-05-06 09:59:16', '2018-07-06 11:21:51');
INSERT INTO `oc_product` (`product_id`, `model`, `sku`, `upc`, `ean`, `jan`, `isbn`, `mpn`, `location`, `quantity`, `stock_status_id`, `image`, `manufacturer_id`, `shipping`, `price`, `points`, `tax_class_id`, `date_available`, `weight`, `weight_class_id`, `length`, `width`, `height`, `length_class_id`, `subtract`, `minimum`, `sort_order`, `status`, `viewed`, `date_added`, `date_modified`) VALUES ('321', 'Model 49', '', '', '', '', '', '', '', '99', '5', 'catalog/journal3/products/fashion/bags/purse.jpg', '13', '1', '619.0000', '0', '9', '2018-05-14', '0.00000000', '1', '0.00000000', '0.00000000', '0.00000000', '1', '1', '1', '1', '1', '932', '2018-05-27 23:45:29', '2018-06-13 14:52:28');
INSERT INTO `oc_product` (`product_id`, `model`, `sku`, `upc`, `ean`, `jan`, `isbn`, `mpn`, `location`, `quantity`, `stock_status_id`, `image`, `manufacturer_id`, `shipping`, `price`, `points`, `tax_class_id`, `date_available`, `weight`, `weight_class_id`, `length`, `width`, `height`, `length_class_id`, `subtract`, `minimum`, `sort_order`, `status`, `viewed`, `date_added`, `date_modified`) VALUES ('322', 'Model 76', '', '', '', '', '', '', '', '99', '8', 'catalog/journal3/products/fashion/bags/purse2.jpg', '12', '1', '638.0000', '0', '9', '2018-05-15', '0.00000000', '1', '0.00000000', '0.00000000', '0.00000000', '1', '1', '1', '1', '1', '1200', '2018-05-29 16:49:38', '2018-07-06 11:26:08');
INSERT INTO `oc_product` (`product_id`, `model`, `sku`, `upc`, `ean`, `jan`, `isbn`, `mpn`, `location`, `quantity`, `stock_status_id`, `image`, `manufacturer_id`, `shipping`, `price`, `points`, `tax_class_id`, `date_available`, `weight`, `weight_class_id`, `length`, `width`, `height`, `length_class_id`, `subtract`, `minimum`, `sort_order`, `status`, `viewed`, `date_added`, `date_modified`) VALUES ('323', 'Model 50', '', '', '', '', '', '', '', '99', '6', 'catalog/journal3/products/footwear/14.png', '17', '1', '499.0000', '0', '9', '2018-05-19', '0.00000000', '1', '0.00000000', '0.00000000', '0.00000000', '1', '1', '1', '1', '1', '723', '2018-05-03 12:51:44', '2018-06-13 15:26:33');
INSERT INTO `oc_product` (`product_id`, `model`, `sku`, `upc`, `ean`, `jan`, `isbn`, `mpn`, `location`, `quantity`, `stock_status_id`, `image`, `manufacturer_id`, `shipping`, `price`, `points`, `tax_class_id`, `date_available`, `weight`, `weight_class_id`, `length`, `width`, `height`, `length_class_id`, `subtract`, `minimum`, `sort_order`, `status`, `viewed`, `date_added`, `date_modified`) VALUES ('324', 'Moel 59', '', '', '', '', '', '', '', '98', '5', 'catalog/journal3/products/footwear/15.png', '17', '1', '309.0000', '0', '9', '2018-05-19', '0.00000000', '1', '0.00000000', '0.00000000', '0.00000000', '1', '1', '1', '1', '1', '1186', '2018-05-17 13:49:48', '2018-07-06 11:12:02');
INSERT INTO `oc_product` (`product_id`, `model`, `sku`, `upc`, `ean`, `jan`, `isbn`, `mpn`, `location`, `quantity`, `stock_status_id`, `image`, `manufacturer_id`, `shipping`, `price`, `points`, `tax_class_id`, `date_available`, `weight`, `weight_class_id`, `length`, `width`, `height`, `length_class_id`, `subtract`, `minimum`, `sort_order`, `status`, `viewed`, `date_added`, `date_modified`) VALUES ('325', 'Model 101', '', '', '', '', '', '', '', '99', '5', 'catalog/journal3/products/footwear/1.png', '17', '1', '539.0000', '0', '9', '2018-05-19', '0.00000000', '1', '0.00000000', '0.00000000', '0.00000000', '1', '1', '1', '1', '1', '887', '2018-05-16 06:33:47', '2018-06-13 14:56:04');
INSERT INTO `oc_product` (`product_id`, `model`, `sku`, `upc`, `ean`, `jan`, `isbn`, `mpn`, `location`, `quantity`, `stock_status_id`, `image`, `manufacturer_id`, `shipping`, `price`, `points`, `tax_class_id`, `date_available`, `weight`, `weight_class_id`, `length`, `width`, `height`, `length_class_id`, `subtract`, `minimum`, `sort_order`, `status`, `viewed`, `date_added`, `date_modified`) VALUES ('326', 'Model 102', '', '', '', '', '', '', '', '99', '8', 'catalog/journal3/products/footwear/10.png', '16', '1', '375.0000', '0', '9', '2018-05-19', '0.00000000', '1', '0.00000000', '0.00000000', '0.00000000', '1', '1', '1', '1', '1', '757', '2018-05-27 15:19:33', '2018-06-13 14:18:10');
INSERT INTO `oc_product` (`product_id`, `model`, `sku`, `upc`, `ean`, `jan`, `isbn`, `mpn`, `location`, `quantity`, `stock_status_id`, `image`, `manufacturer_id`, `shipping`, `price`, `points`, `tax_class_id`, `date_available`, `weight`, `weight_class_id`, `length`, `width`, `height`, `length_class_id`, `subtract`, `minimum`, `sort_order`, `status`, `viewed`, `date_added`, `date_modified`) VALUES ('327', 'Model 103', '', '', '', '', '', '', '', '0', '6', 'catalog/journal3/products/footwear/11.png', '14', '1', '329.0000', '0', '9', '2018-05-19', '0.00000000', '1', '0.00000000', '0.00000000', '0.00000000', '1', '1', '1', '1', '1', '737', '2018-05-28 08:56:24', '2018-06-13 15:24:30');
INSERT INTO `oc_product` (`product_id`, `model`, `sku`, `upc`, `ean`, `jan`, `isbn`, `mpn`, `location`, `quantity`, `stock_status_id`, `image`, `manufacturer_id`, `shipping`, `price`, `points`, `tax_class_id`, `date_available`, `weight`, `weight_class_id`, `length`, `width`, `height`, `length_class_id`, `subtract`, `minimum`, `sort_order`, `status`, `viewed`, `date_added`, `date_modified`) VALUES ('328', 'Model 104', '', '', '', '', '', '', '', '99', '5', 'catalog/journal3/products/footwear/12.png', '17', '1', '649.0000', '0', '9', '2018-05-19', '0.00000000', '1', '0.00000000', '0.00000000', '0.00000000', '1', '1', '1', '1', '1', '724', '2018-05-27 22:43:21', '2018-06-13 15:04:34');
INSERT INTO `oc_product` (`product_id`, `model`, `sku`, `upc`, `ean`, `jan`, `isbn`, `mpn`, `location`, `quantity`, `stock_status_id`, `image`, `manufacturer_id`, `shipping`, `price`, `points`, `tax_class_id`, `date_available`, `weight`, `weight_class_id`, `length`, `width`, `height`, `length_class_id`, `subtract`, `minimum`, `sort_order`, `status`, `viewed`, `date_added`, `date_modified`) VALUES ('329', 'Model 106', '', '', '', '', '', '', '', '99', '5', 'catalog/journal3/products/footwear/13.png', '11', '1', '762.0000', '0', '9', '2018-05-19', '0.00000000', '1', '0.00000000', '0.00000000', '0.00000000', '1', '1', '1', '1', '1', '601', '2018-05-23 14:47:36', '2018-08-06 15:50:39');
INSERT INTO `oc_product` (`product_id`, `model`, `sku`, `upc`, `ean`, `jan`, `isbn`, `mpn`, `location`, `quantity`, `stock_status_id`, `image`, `manufacturer_id`, `shipping`, `price`, `points`, `tax_class_id`, `date_available`, `weight`, `weight_class_id`, `length`, `width`, `height`, `length_class_id`, `subtract`, `minimum`, `sort_order`, `status`, `viewed`, `date_added`, `date_modified`) VALUES ('330', 'Model 108', '', '', '', '', '', '', '', '99', '8', 'catalog/journal3/products/footwear/16.png', '17', '1', '489.0000', '0', '9', '2018-05-19', '0.00000000', '1', '0.00000000', '0.00000000', '0.00000000', '1', '1', '1', '1', '1', '940', '2018-05-03 05:47:54', '2018-08-06 15:50:16');
INSERT INTO `oc_product` (`product_id`, `model`, `sku`, `upc`, `ean`, `jan`, `isbn`, `mpn`, `location`, `quantity`, `stock_status_id`, `image`, `manufacturer_id`, `shipping`, `price`, `points`, `tax_class_id`, `date_available`, `weight`, `weight_class_id`, `length`, `width`, `height`, `length_class_id`, `subtract`, `minimum`, `sort_order`, `status`, `viewed`, `date_added`, `date_modified`) VALUES ('331', 'Model 201', '', '', '', '', '', '', '', '99', '5', 'catalog/journal3/products/footwear/2.png', '17', '1', '590.0000', '0', '9', '2018-05-20', '0.00000000', '1', '0.00000000', '0.00000000', '0.00000000', '1', '1', '1', '1', '1', '794', '2018-05-04 08:36:44', '2018-06-13 14:16:09');
INSERT INTO `oc_product` (`product_id`, `model`, `sku`, `upc`, `ean`, `jan`, `isbn`, `mpn`, `location`, `quantity`, `stock_status_id`, `image`, `manufacturer_id`, `shipping`, `price`, `points`, `tax_class_id`, `date_available`, `weight`, `weight_class_id`, `length`, `width`, `height`, `length_class_id`, `subtract`, `minimum`, `sort_order`, `status`, `viewed`, `date_added`, `date_modified`) VALUES ('332', 'Model 202', '', '', '', '', '', '', '', '99', '6', 'catalog/journal3/products/footwear/3.png', '16', '1', '579.0000', '0', '9', '2018-05-20', '0.00000000', '1', '0.00000000', '0.00000000', '0.00000000', '1', '1', '1', '1', '1', '705', '2018-05-11 01:39:59', '2018-06-13 15:03:51');
INSERT INTO `oc_product` (`product_id`, `model`, `sku`, `upc`, `ean`, `jan`, `isbn`, `mpn`, `location`, `quantity`, `stock_status_id`, `image`, `manufacturer_id`, `shipping`, `price`, `points`, `tax_class_id`, `date_available`, `weight`, `weight_class_id`, `length`, `width`, `height`, `length_class_id`, `subtract`, `minimum`, `sort_order`, `status`, `viewed`, `date_added`, `date_modified`) VALUES ('333', 'Model 203', '', '', '', '', '', '', '', '99', '5', 'catalog/journal3/products/footwear/4.png', '12', '1', '718.0000', '0', '9', '2018-05-20', '0.00000000', '1', '0.00000000', '0.00000000', '0.00000000', '1', '1', '1', '1', '1', '822', '2018-05-11 06:29:42', '2018-07-13 13:45:21');
INSERT INTO `oc_product` (`product_id`, `model`, `sku`, `upc`, `ean`, `jan`, `isbn`, `mpn`, `location`, `quantity`, `stock_status_id`, `image`, `manufacturer_id`, `shipping`, `price`, `points`, `tax_class_id`, `date_available`, `weight`, `weight_class_id`, `length`, `width`, `height`, `length_class_id`, `subtract`, `minimum`, `sort_order`, `status`, `viewed`, `date_added`, `date_modified`) VALUES ('334', 'Model 204', '', '', '', '', '', '', '', '99', '8', 'catalog/journal3/products/footwear/5.png', '14', '1', '469.0000', '0', '9', '2018-05-20', '0.00000000', '1', '0.00000000', '0.00000000', '0.00000000', '1', '1', '1', '1', '1', '1127', '2018-05-22 03:28:32', '2018-07-06 11:12:56');
INSERT INTO `oc_product` (`product_id`, `model`, `sku`, `upc`, `ean`, `jan`, `isbn`, `mpn`, `location`, `quantity`, `stock_status_id`, `image`, `manufacturer_id`, `shipping`, `price`, `points`, `tax_class_id`, `date_available`, `weight`, `weight_class_id`, `length`, `width`, `height`, `length_class_id`, `subtract`, `minimum`, `sort_order`, `status`, `viewed`, `date_added`, `date_modified`) VALUES ('335', 'Model 205', '', '', '', '', '', '', '', '99', '5', 'catalog/journal3/products/footwear/6.png', '11', '1', '599.0000', '0', '9', '2018-05-20', '0.00000000', '1', '0.00000000', '0.00000000', '0.00000000', '1', '1', '1', '1', '1', '925', '2018-05-15 21:53:38', '2018-07-26 14:11:18');
INSERT INTO `oc_product` (`product_id`, `model`, `sku`, `upc`, `ean`, `jan`, `isbn`, `mpn`, `location`, `quantity`, `stock_status_id`, `image`, `manufacturer_id`, `shipping`, `price`, `points`, `tax_class_id`, `date_available`, `weight`, `weight_class_id`, `length`, `width`, `height`, `length_class_id`, `subtract`, `minimum`, `sort_order`, `status`, `viewed`, `date_added`, `date_modified`) VALUES ('336', 'Model 206', '', '', '', '', '', '', '', '99', '8', 'catalog/journal3/products/footwear/7.png', '16', '1', '619.0000', '0', '9', '2018-05-20', '0.00000000', '1', '0.00000000', '0.00000000', '0.00000000', '1', '1', '1', '1', '1', '812', '2018-05-12 03:02:33', '2018-07-13 14:14:20');
INSERT INTO `oc_product` (`product_id`, `model`, `sku`, `upc`, `ean`, `jan`, `isbn`, `mpn`, `location`, `quantity`, `stock_status_id`, `image`, `manufacturer_id`, `shipping`, `price`, `points`, `tax_class_id`, `date_available`, `weight`, `weight_class_id`, `length`, `width`, `height`, `length_class_id`, `subtract`, `minimum`, `sort_order`, `status`, `viewed`, `date_added`, `date_modified`) VALUES ('337', 'Model 207', '', '', '', '', '', '', '', '99', '6', 'catalog/journal3/products/footwear/8.png', '16', '1', '327.0000', '0', '9', '2018-05-20', '0.00000000', '1', '0.00000000', '0.00000000', '0.00000000', '1', '1', '1', '1', '1', '846', '2018-05-11 21:31:52', '2018-07-06 11:17:36');
INSERT INTO `oc_product` (`product_id`, `model`, `sku`, `upc`, `ean`, `jan`, `isbn`, `mpn`, `location`, `quantity`, `stock_status_id`, `image`, `manufacturer_id`, `shipping`, `price`, `points`, `tax_class_id`, `date_available`, `weight`, `weight_class_id`, `length`, `width`, `height`, `length_class_id`, `subtract`, `minimum`, `sort_order`, `status`, `viewed`, `date_added`, `date_modified`) VALUES ('338', 'Model 208', '', '', '', '', '', '', '', '99', '5', 'catalog/journal3/products/footwear/9.png', '16', '1', '0.0000', '0', '9', '2018-05-20', '0.00000000', '1', '0.00000000', '0.00000000', '0.00000000', '1', '1', '1', '1', '1', '1253', '2018-05-22 02:31:40', '2018-07-06 11:12:31');
INSERT INTO `oc_product` (`product_id`, `model`, `sku`, `upc`, `ean`, `jan`, `isbn`, `mpn`, `location`, `quantity`, `stock_status_id`, `image`, `manufacturer_id`, `shipping`, `price`, `points`, `tax_class_id`, `date_available`, `weight`, `weight_class_id`, `length`, `width`, `height`, `length_class_id`, `subtract`, `minimum`, `sort_order`, `status`, `viewed`, `date_added`, `date_modified`) VALUES ('339', 'Model 209', '', '', '', '', '', '', '', '99', '5', 'catalog/journal3/products/footwear/NordWood-4301.jpg', '7', '1', '579.0000', '0', '9', '2018-05-21', '0.00000000', '1', '0.00000000', '0.00000000', '0.00000000', '1', '1', '1', '1', '1', '730', '2018-05-13 20:02:46', '2018-06-13 14:21:47');
INSERT INTO `oc_product` (`product_id`, `model`, `sku`, `upc`, `ean`, `jan`, `isbn`, `mpn`, `location`, `quantity`, `stock_status_id`, `image`, `manufacturer_id`, `shipping`, `price`, `points`, `tax_class_id`, `date_available`, `weight`, `weight_class_id`, `length`, `width`, `height`, `length_class_id`, `subtract`, `minimum`, `sort_order`, `status`, `viewed`, `date_added`, `date_modified`) VALUES ('340', 'Model 301', '', '', '', '', '', '', '', '99', '6', 'catalog/journal3/products/footwear/flip-flops.jpg', '14', '1', '119.0000', '0', '9', '2018-05-21', '0.00000000', '1', '0.00000000', '0.00000000', '0.00000000', '1', '1', '1', '1', '1', '805', '2018-05-01 20:38:52', '2018-06-13 15:04:11');
INSERT INTO `oc_product` (`product_id`, `model`, `sku`, `upc`, `ean`, `jan`, `isbn`, `mpn`, `location`, `quantity`, `stock_status_id`, `image`, `manufacturer_id`, `shipping`, `price`, `points`, `tax_class_id`, `date_available`, `weight`, `weight_class_id`, `length`, `width`, `height`, `length_class_id`, `subtract`, `minimum`, `sort_order`, `status`, `viewed`, `date_added`, `date_modified`) VALUES ('341', 'Model 202', '', '', '', '', '', '', '', '99', '8', 'catalog/journal3/products/footwear/sandals.jpg', '14', '1', '815.0000', '0', '9', '2018-05-21', '0.00000000', '1', '0.00000000', '0.00000000', '0.00000000', '1', '1', '1', '1', '1', '743', '2018-05-26 19:06:02', '2018-06-13 15:44:26');
INSERT INTO `oc_product` (`product_id`, `model`, `sku`, `upc`, `ean`, `jan`, `isbn`, `mpn`, `location`, `quantity`, `stock_status_id`, `image`, `manufacturer_id`, `shipping`, `price`, `points`, `tax_class_id`, `date_available`, `weight`, `weight_class_id`, `length`, `width`, `height`, `length_class_id`, `subtract`, `minimum`, `sort_order`, `status`, `viewed`, `date_added`, `date_modified`) VALUES ('342', 'Model 206', '', '', '', '', '', '', '', '0', '6', 'catalog/journal3/products/footwear/shoe.jpg', '16', '1', '425.0000', '0', '9', '2018-05-21', '0.00000000', '1', '0.00000000', '0.00000000', '0.00000000', '1', '1', '1', '1', '1', '1240', '2018-05-07 09:33:33', '2018-08-10 00:48:59');
INSERT INTO `oc_product` (`product_id`, `model`, `sku`, `upc`, `ean`, `jan`, `isbn`, `mpn`, `location`, `quantity`, `stock_status_id`, `image`, `manufacturer_id`, `shipping`, `price`, `points`, `tax_class_id`, `date_available`, `weight`, `weight_class_id`, `length`, `width`, `height`, `length_class_id`, `subtract`, `minimum`, `sort_order`, `status`, `viewed`, `date_added`, `date_modified`) VALUES ('343', 'Model 208', '', '', '', '', '', '', '', '99', '5', 'catalog/journal3/products/footwear/shoes.jpg', '17', '1', '540.0000', '0', '9', '2018-05-21', '0.00000000', '1', '0.00000000', '0.00000000', '0.00000000', '1', '1', '1', '1', '1', '747', '2018-05-15 14:29:40', '2018-06-13 15:43:35');
INSERT INTO `oc_product` (`product_id`, `model`, `sku`, `upc`, `ean`, `jan`, `isbn`, `mpn`, `location`, `quantity`, `stock_status_id`, `image`, `manufacturer_id`, `shipping`, `price`, `points`, `tax_class_id`, `date_available`, `weight`, `weight_class_id`, `length`, `width`, `height`, `length_class_id`, `subtract`, `minimum`, `sort_order`, `status`, `viewed`, `date_added`, `date_modified`) VALUES ('344', 'Model 302', '', '', '', '', '', '', '', '99', '8', 'catalog/journal3/products/footwear/shoes2.jpg', '17', '1', '306.0000', '0', '9', '2018-05-22', '0.00000000', '1', '0.00000000', '0.00000000', '0.00000000', '1', '1', '1', '1', '1', '1301', '2018-05-24 19:47:41', '2018-07-06 11:32:37');
INSERT INTO `oc_product` (`product_id`, `model`, `sku`, `upc`, `ean`, `jan`, `isbn`, `mpn`, `location`, `quantity`, `stock_status_id`, `image`, `manufacturer_id`, `shipping`, `price`, `points`, `tax_class_id`, `date_available`, `weight`, `weight_class_id`, `length`, `width`, `height`, `length_class_id`, `subtract`, `minimum`, `sort_order`, `status`, `viewed`, `date_added`, `date_modified`) VALUES ('345', 'Model 304', '', '', '', '', '', '', '', '99', '6', 'catalog/journal3/products/footwear/shoes4.jpg', '12', '1', '699.0000', '0', '9', '2018-05-22', '0.00000000', '1', '0.00000000', '0.00000000', '0.00000000', '1', '1', '1', '1', '1', '728', '2018-05-16 07:29:24', '2018-06-13 15:41:45');
INSERT INTO `oc_product` (`product_id`, `model`, `sku`, `upc`, `ean`, `jan`, `isbn`, `mpn`, `location`, `quantity`, `stock_status_id`, `image`, `manufacturer_id`, `shipping`, `price`, `points`, `tax_class_id`, `date_available`, `weight`, `weight_class_id`, `length`, `width`, `height`, `length_class_id`, `subtract`, `minimum`, `sort_order`, `status`, `viewed`, `date_added`, `date_modified`) VALUES ('346', 'Model 305', '', '', '', '', '', '', '', '10', '5', 'catalog/journal3/products/footwear/shoes5.jpg', '12', '1', '129.0000', '0', '9', '2018-05-22', '0.00000000', '1', '0.00000000', '0.00000000', '0.00000000', '1', '1', '1', '1', '1', '1026', '2018-05-06 02:04:00', '2018-07-13 14:38:55');
INSERT INTO `oc_product` (`product_id`, `model`, `sku`, `upc`, `ean`, `jan`, `isbn`, `mpn`, `location`, `quantity`, `stock_status_id`, `image`, `manufacturer_id`, `shipping`, `price`, `points`, `tax_class_id`, `date_available`, `weight`, `weight_class_id`, `length`, `width`, `height`, `length_class_id`, `subtract`, `minimum`, `sort_order`, `status`, `viewed`, `date_added`, `date_modified`) VALUES ('347', 'Model 306', '', '', '', '', '', '', '', '99', '7', 'catalog/journal3/products/footwear/shoes6.jpg', '16', '1', '419.0000', '0', '9', '2018-05-22', '0.00000000', '1', '0.00000000', '0.00000000', '0.00000000', '1', '1', '1', '1', '1', '1012', '2018-05-10 11:51:46', '2018-07-06 11:16:58');
INSERT INTO `oc_product` (`product_id`, `model`, `sku`, `upc`, `ean`, `jan`, `isbn`, `mpn`, `location`, `quantity`, `stock_status_id`, `image`, `manufacturer_id`, `shipping`, `price`, `points`, `tax_class_id`, `date_available`, `weight`, `weight_class_id`, `length`, `width`, `height`, `length_class_id`, `subtract`, `minimum`, `sort_order`, `status`, `viewed`, `date_added`, `date_modified`) VALUES ('348', 'Model 309', '', '', '', '', '', '', '', '99', '5', 'catalog/journal3/products/footwear/slippers.jpg', '16', '1', '625.0000', '0', '9', '2018-05-22', '0.00000000', '1', '0.00000000', '0.00000000', '0.00000000', '1', '1', '1', '1', '1', '917', '2018-05-03 05:06:54', '2018-06-13 15:22:33');
INSERT INTO `oc_product` (`product_id`, `model`, `sku`, `upc`, `ean`, `jan`, `isbn`, `mpn`, `location`, `quantity`, `stock_status_id`, `image`, `manufacturer_id`, `shipping`, `price`, `points`, `tax_class_id`, `date_available`, `weight`, `weight_class_id`, `length`, `width`, `height`, `length_class_id`, `subtract`, `minimum`, `sort_order`, `status`, `viewed`, `date_added`, `date_modified`) VALUES ('349', 'Model 401', '', '', '', '', '', '', '', '99', '5', 'catalog/journal3/products/fashion/bags/straw-bag.jpg', '12', '1', '589.0000', '0', '9', '2018-05-22', '0.00000000', '1', '0.00000000', '0.00000000', '0.00000000', '1', '1', '1', '1', '1', '921', '2018-05-13 13:59:11', '2018-08-06 15:47:10');
INSERT INTO `oc_product` (`product_id`, `model`, `sku`, `upc`, `ean`, `jan`, `isbn`, `mpn`, `location`, `quantity`, `stock_status_id`, `image`, `manufacturer_id`, `shipping`, `price`, `points`, `tax_class_id`, `date_available`, `weight`, `weight_class_id`, `length`, `width`, `height`, `length_class_id`, `subtract`, `minimum`, `sort_order`, `status`, `viewed`, `date_added`, `date_modified`) VALUES ('350', 'Mode 402', '', '', '', '', '', '', '', '99', '6', 'catalog/journal3/products/fashion/e1.jpg', '11', '1', '410.0000', '0', '9', '2018-05-23', '0.00000000', '1', '0.00000000', '0.00000000', '0.00000000', '1', '1', '1', '1', '1', '1035', '2018-05-27 06:35:13', '2018-09-04 17:11:12');
INSERT INTO `oc_product` (`product_id`, `model`, `sku`, `upc`, `ean`, `jan`, `isbn`, `mpn`, `location`, `quantity`, `stock_status_id`, `image`, `manufacturer_id`, `shipping`, `price`, `points`, `tax_class_id`, `date_available`, `weight`, `weight_class_id`, `length`, `width`, `height`, `length_class_id`, `subtract`, `minimum`, `sort_order`, `status`, `viewed`, `date_added`, `date_modified`) VALUES ('351', 'Model 402', '', '', '', '', '', '', '', '99', '8', 'catalog/journal3/products/fashion/h1.jpg', '15', '1', '509.0000', '0', '9', '2018-05-23', '0.00000000', '1', '0.00000000', '0.00000000', '0.00000000', '1', '1', '1', '1', '1', '1227', '2018-05-04 14:58:32', '2018-09-04 17:12:57');
INSERT INTO `oc_product` (`product_id`, `model`, `sku`, `upc`, `ean`, `jan`, `isbn`, `mpn`, `location`, `quantity`, `stock_status_id`, `image`, `manufacturer_id`, `shipping`, `price`, `points`, `tax_class_id`, `date_available`, `weight`, `weight_class_id`, `length`, `width`, `height`, `length_class_id`, `subtract`, `minimum`, `sort_order`, `status`, `viewed`, `date_added`, `date_modified`) VALUES ('352', 'Model 403', '', '', '', '', '', '', '', '98', '8', 'catalog/journal3/products/fashion/bags/tote2.jpg', '13', '1', '639.0000', '0', '9', '2018-05-23', '0.00000000', '1', '0.00000000', '0.00000000', '0.00000000', '1', '1', '1', '1', '1', '1133', '2018-05-30 07:07:02', '2018-07-06 11:26:33');
INSERT INTO `oc_product` (`product_id`, `model`, `sku`, `upc`, `ean`, `jan`, `isbn`, `mpn`, `location`, `quantity`, `stock_status_id`, `image`, `manufacturer_id`, `shipping`, `price`, `points`, `tax_class_id`, `date_available`, `weight`, `weight_class_id`, `length`, `width`, `height`, `length_class_id`, `subtract`, `minimum`, `sort_order`, `status`, `viewed`, `date_added`, `date_modified`) VALUES ('353', 'Model 408', '', '', '', '', '', '', '', '99', '5', 'catalog/journal3/products/fashion/bags/wallet.jpg', '17', '1', '389.0000', '0', '9', '2018-05-24', '0.00000000', '1', '0.00000000', '0.00000000', '0.00000000', '1', '1', '1', '1', '1', '656', '2018-05-16 14:39:37', '2018-06-13 15:39:46');
INSERT INTO `oc_product` (`product_id`, `model`, `sku`, `upc`, `ean`, `jan`, `isbn`, `mpn`, `location`, `quantity`, `stock_status_id`, `image`, `manufacturer_id`, `shipping`, `price`, `points`, `tax_class_id`, `date_available`, `weight`, `weight_class_id`, `length`, `width`, `height`, `length_class_id`, `subtract`, `minimum`, `sort_order`, `status`, `viewed`, `date_added`, `date_modified`) VALUES ('354', 'Model 50', '', '', '', '', '', '', '', '99', '6', 'catalog/journal3/products/fashion/bags/wallet2.jpg', '16', '1', '199.0000', '0', '9', '2018-05-24', '0.00000000', '1', '0.00000000', '0.00000000', '0.00000000', '1', '1', '1', '1', '1', '969', '2018-05-21 03:56:57', '2018-07-13 13:40:42');
INSERT INTO `oc_product` (`product_id`, `model`, `sku`, `upc`, `ean`, `jan`, `isbn`, `mpn`, `location`, `quantity`, `stock_status_id`, `image`, `manufacturer_id`, `shipping`, `price`, `points`, `tax_class_id`, `date_available`, `weight`, `weight_class_id`, `length`, `width`, `height`, `length_class_id`, `subtract`, `minimum`, `sort_order`, `status`, `viewed`, `date_added`, `date_modified`) VALUES ('355', 'Model 501', '', '', '', '', '', '', '', '99', '5', 'catalog/journal3/products/fashion/accessories/case2.jpg', '17', '1', '309.0000', '0', '9', '2018-05-25', '0.00000000', '1', '0.00000000', '0.00000000', '0.00000000', '1', '1', '1', '1', '1', '734', '2018-05-24 23:45:55', '2018-06-13 15:18:56');
INSERT INTO `oc_product` (`product_id`, `model`, `sku`, `upc`, `ean`, `jan`, `isbn`, `mpn`, `location`, `quantity`, `stock_status_id`, `image`, `manufacturer_id`, `shipping`, `price`, `points`, `tax_class_id`, `date_available`, `weight`, `weight_class_id`, `length`, `width`, `height`, `length_class_id`, `subtract`, `minimum`, `sort_order`, `status`, `viewed`, `date_added`, `date_modified`) VALUES ('356', 'Model 502', '', '', '', '', '', '', '', '98', '6', 'catalog/journal3/products/fashion/accessories/phone-case.jpg', '13', '1', '479.0000', '0', '9', '2018-05-25', '0.00000000', '1', '0.00000000', '0.00000000', '0.00000000', '1', '1', '1', '1', '1', '1122', '2018-05-30 10:58:46', '2018-07-13 14:06:22');
INSERT INTO `oc_product` (`product_id`, `model`, `sku`, `upc`, `ean`, `jan`, `isbn`, `mpn`, `location`, `quantity`, `stock_status_id`, `image`, `manufacturer_id`, `shipping`, `price`, `points`, `tax_class_id`, `date_available`, `weight`, `weight_class_id`, `length`, `width`, `height`, `length_class_id`, `subtract`, `minimum`, `sort_order`, `status`, `viewed`, `date_added`, `date_modified`) VALUES ('357', 'Model 503', '', '', '', '', '', '', '', '98', '8', 'catalog/journal3/products/fashion/accessories/umbrella.jpg', '13', '1', '99.0000', '0', '9', '2018-05-25', '0.00000000', '1', '0.00000000', '0.00000000', '0.00000000', '1', '1', '1', '1', '1', '1126', '2018-05-16 07:36:03', '2018-09-04 22:52:57');
INSERT INTO `oc_product` (`product_id`, `model`, `sku`, `upc`, `ean`, `jan`, `isbn`, `mpn`, `location`, `quantity`, `stock_status_id`, `image`, `manufacturer_id`, `shipping`, `price`, `points`, `tax_class_id`, `date_available`, `weight`, `weight_class_id`, `length`, `width`, `height`, `length_class_id`, `subtract`, `minimum`, `sort_order`, `status`, `viewed`, `date_added`, `date_modified`) VALUES ('359', 'Model 509', '', '', '', '', '', '', '', '99', '5', 'catalog/journal3/products/electronics/beolab-19-by-bang-olufsen.jpg', '15', '1', '2099.0000', '0', '9', '2018-05-25', '0.00000000', '1', '0.00000000', '0.00000000', '0.00000000', '1', '1', '1', '1', '1', '873', '2018-05-16 02:31:43', '2018-07-06 11:33:17');
INSERT INTO `oc_product` (`product_id`, `model`, `sku`, `upc`, `ean`, `jan`, `isbn`, `mpn`, `location`, `quantity`, `stock_status_id`, `image`, `manufacturer_id`, `shipping`, `price`, `points`, `tax_class_id`, `date_available`, `weight`, `weight_class_id`, `length`, `width`, `height`, `length_class_id`, `subtract`, `minimum`, `sort_order`, `status`, `viewed`, `date_added`, `date_modified`) VALUES ('360', 'Model 519', '', '', '', '', '', '', '', '98', '8', 'catalog/journal3/products/electronics/beoplay-h6-headphones-by-bang-olufsen.jpg', '15', '1', '3299.0000', '0', '9', '2018-05-25', '0.00000000', '1', '0.00000000', '0.00000000', '0.00000000', '1', '1', '1', '-10', '1', '1754', '2018-05-21 21:26:43', '2018-08-07 22:42:15');
INSERT INTO `oc_product` (`product_id`, `model`, `sku`, `upc`, `ean`, `jan`, `isbn`, `mpn`, `location`, `quantity`, `stock_status_id`, `image`, `manufacturer_id`, `shipping`, `price`, `points`, `tax_class_id`, `date_available`, `weight`, `weight_class_id`, `length`, `width`, `height`, `length_class_id`, `subtract`, `minimum`, `sort_order`, `status`, `viewed`, `date_added`, `date_modified`) VALUES ('361', 'Model 999', '', '', '', '', '', '', '', '98', '6', 'catalog/journal3/products/electronics/bluetooth-gramophone-by-gramovox.jpg', '15', '1', '1899.0000', '0', '9', '2018-05-27', '0.00000000', '1', '0.00000000', '0.00000000', '0.00000000', '1', '1', '1', '1', '1', '962', '2018-05-30 03:38:25', '2018-07-06 11:30:29');
INSERT INTO `oc_product` (`product_id`, `model`, `sku`, `upc`, `ean`, `jan`, `isbn`, `mpn`, `location`, `quantity`, `stock_status_id`, `image`, `manufacturer_id`, `shipping`, `price`, `points`, `tax_class_id`, `date_available`, `weight`, `weight_class_id`, `length`, `width`, `height`, `length_class_id`, `subtract`, `minimum`, `sort_order`, `status`, `viewed`, `date_added`, `date_modified`) VALUES ('362', 'Model 998', '', '', '', '', '', '', '', '99', '5', 'catalog/journal3/products/electronics/camera.jpg', '9', '1', '675.0000', '0', '9', '2018-05-27', '0.00000000', '1', '0.00000000', '0.00000000', '0.00000000', '1', '1', '1', '1', '1', '639', '2018-05-24 01:51:56', '2018-06-13 15:22:09');
INSERT INTO `oc_product` (`product_id`, `model`, `sku`, `upc`, `ean`, `jan`, `isbn`, `mpn`, `location`, `quantity`, `stock_status_id`, `image`, `manufacturer_id`, `shipping`, `price`, `points`, `tax_class_id`, `date_available`, `weight`, `weight_class_id`, `length`, `width`, `height`, `length_class_id`, `subtract`, `minimum`, `sort_order`, `status`, `viewed`, `date_added`, `date_modified`) VALUES ('363', 'Model 997', '', '', '', '', '', '', '', '99', '8', 'catalog/journal3/products/electronics/camera2.jpg', '9', '1', '4099.0000', '0', '9', '2018-05-27', '0.00000000', '1', '0.00000000', '0.00000000', '0.00000000', '1', '1', '1', '1', '1', '663', '2018-05-28 22:24:24', '2018-07-06 11:28:46');
INSERT INTO `oc_product` (`product_id`, `model`, `sku`, `upc`, `ean`, `jan`, `isbn`, `mpn`, `location`, `quantity`, `stock_status_id`, `image`, `manufacturer_id`, `shipping`, `price`, `points`, `tax_class_id`, `date_available`, `weight`, `weight_class_id`, `length`, `width`, `height`, `length_class_id`, `subtract`, `minimum`, `sort_order`, `status`, `viewed`, `date_added`, `date_modified`) VALUES ('256', 'Model 340', '', '', '', '', '', '', '', '99', '5', 'catalog/journal3/products/backpacks/8.jpg', '13', '1', '534.0000', '0', '9', '2014-03-31', '0.00000000', '1', '0.00000000', '0.00000000', '0.00000000', '1', '1', '1', '1', '1', '9363', '2018-05-11 10:26:14', '2018-06-13 15:45:21');
INSERT INTO `oc_product` (`product_id`, `model`, `sku`, `upc`, `ean`, `jan`, `isbn`, `mpn`, `location`, `quantity`, `stock_status_id`, `image`, `manufacturer_id`, `shipping`, `price`, `points`, `tax_class_id`, `date_available`, `weight`, `weight_class_id`, `length`, `width`, `height`, `length_class_id`, `subtract`, `minimum`, `sort_order`, `status`, `viewed`, `date_added`, `date_modified`) VALUES ('257', 'Model 341', '', '', '', '', '', '', '', '97', '5', 'catalog/journal3/products/misc/bag-yellow-2472101_1920.jpg', '16', '1', '387.0000', '0', '9', '2014-03-31', '0.00000000', '1', '0.00000000', '0.00000000', '0.00000000', '1', '1', '1', '1', '1', '10901', '2018-05-29 08:57:59', '2018-07-06 11:25:19');
INSERT INTO `oc_product` (`product_id`, `model`, `sku`, `upc`, `ean`, `jan`, `isbn`, `mpn`, `location`, `quantity`, `stock_status_id`, `image`, `manufacturer_id`, `shipping`, `price`, `points`, `tax_class_id`, `date_available`, `weight`, `weight_class_id`, `length`, `width`, `height`, `length_class_id`, `subtract`, `minimum`, `sort_order`, `status`, `viewed`, `date_added`, `date_modified`) VALUES ('259', 'Model 343', '', '', '', '', '', '', '', '99', '5', 'catalog/journal3/products/backpacks/5.jpg', '17', '1', '870.0000', '0', '9', '2014-03-31', '0.00000000', '1', '0.00000000', '0.00000000', '0.00000000', '1', '1', '1', '1', '1', '8531', '2018-05-21 13:31:14', '2018-07-06 11:20:26');
INSERT INTO `oc_product` (`product_id`, `model`, `sku`, `upc`, `ean`, `jan`, `isbn`, `mpn`, `location`, `quantity`, `stock_status_id`, `image`, `manufacturer_id`, `shipping`, `price`, `points`, `tax_class_id`, `date_available`, `weight`, `weight_class_id`, `length`, `width`, `height`, `length_class_id`, `subtract`, `minimum`, `sort_order`, `status`, `viewed`, `date_added`, `date_modified`) VALUES ('260', 'Model 344', '', '', '', '', '', '', '', '98', '5', 'catalog/journal3/products/backpacks/9.jpg', '14', '1', '870.0000', '0', '9', '2014-03-31', '0.00000000', '1', '0.00000000', '0.00000000', '0.00000000', '1', '1', '1', '1', '1', '9894', '2018-05-18 16:42:12', '2018-06-13 14:28:52');
INSERT INTO `oc_product` (`product_id`, `model`, `sku`, `upc`, `ean`, `jan`, `isbn`, `mpn`, `location`, `quantity`, `stock_status_id`, `image`, `manufacturer_id`, `shipping`, `price`, `points`, `tax_class_id`, `date_available`, `weight`, `weight_class_id`, `length`, `width`, `height`, `length_class_id`, `subtract`, `minimum`, `sort_order`, `status`, `viewed`, `date_added`, `date_modified`) VALUES ('261', 'Model 345', '', '', '', '', '', '', '', '99', '5', 'catalog/journal3/products/misc/chair-1019923_1920.jpg', '14', '1', '799.0000', '0', '9', '2014-03-31', '0.00000000', '1', '0.00000000', '0.00000000', '0.00000000', '1', '1', '1', '1', '1', '10081', '2018-05-27 18:57:21', '2018-06-13 15:24:45');
INSERT INTO `oc_product` (`product_id`, `model`, `sku`, `upc`, `ean`, `jan`, `isbn`, `mpn`, `location`, `quantity`, `stock_status_id`, `image`, `manufacturer_id`, `shipping`, `price`, `points`, `tax_class_id`, `date_available`, `weight`, `weight_class_id`, `length`, `width`, `height`, `length_class_id`, `subtract`, `minimum`, `sort_order`, `status`, `viewed`, `date_added`, `date_modified`) VALUES ('262', 'Model 350', '', '', '', '', '', '', '', '98', '5', 'catalog/journal3/products/misc/lazy-chiar.jpg', '10', '1', '979.0000', '0', '9', '2014-03-31', '0.00000000', '1', '0.00000000', '0.00000000', '0.00000000', '1', '1', '1', '1', '1', '8747', '2018-05-21 20:40:07', '2018-06-13 14:53:55');
INSERT INTO `oc_product` (`product_id`, `model`, `sku`, `upc`, `ean`, `jan`, `isbn`, `mpn`, `location`, `quantity`, `stock_status_id`, `image`, `manufacturer_id`, `shipping`, `price`, `points`, `tax_class_id`, `date_available`, `weight`, `weight_class_id`, `length`, `width`, `height`, `length_class_id`, `subtract`, `minimum`, `sort_order`, `status`, `viewed`, `date_added`, `date_modified`) VALUES ('263', 'Model 347', '', '', '', '', '', '', '', '98', '5', 'catalog/journal3/products/misc/winter-boots-795706_1920.jpg', '14', '1', '235.0000', '0', '9', '2014-03-31', '0.00000000', '1', '0.00000000', '0.00000000', '0.00000000', '1', '1', '1', '1', '1', '11974', '2018-05-24 22:28:35', '2018-07-06 11:31:37');
INSERT INTO `oc_product` (`product_id`, `model`, `sku`, `upc`, `ean`, `jan`, `isbn`, `mpn`, `location`, `quantity`, `stock_status_id`, `image`, `manufacturer_id`, `shipping`, `price`, `points`, `tax_class_id`, `date_available`, `weight`, `weight_class_id`, `length`, `width`, `height`, `length_class_id`, `subtract`, `minimum`, `sort_order`, `status`, `viewed`, `date_added`, `date_modified`) VALUES ('264', 'Model 343', '', '', '', '', '', '', '', '94', '5', 'catalog/journal3/products/perfume/perfume3.jpg', '13', '1', '7450.0000', '0', '9', '2014-03-31', '0.00000000', '1', '0.00000000', '0.00000000', '0.00000000', '1', '1', '1', '1', '1', '12330', '2018-05-28 02:22:35', '2018-07-26 14:11:40');
INSERT INTO `oc_product` (`product_id`, `model`, `sku`, `upc`, `ean`, `jan`, `isbn`, `mpn`, `location`, `quantity`, `stock_status_id`, `image`, `manufacturer_id`, `shipping`, `price`, `points`, `tax_class_id`, `date_available`, `weight`, `weight_class_id`, `length`, `width`, `height`, `length_class_id`, `subtract`, `minimum`, `sort_order`, `status`, `viewed`, `date_added`, `date_modified`) VALUES ('266', 'Model 351', '', '', '', '', '', '', '', '99', '5', 'catalog/journal3/products/misc/black-boots.jpg', '16', '1', '540.0000', '0', '9', '2014-03-31', '0.00000000', '1', '0.00000000', '0.00000000', '0.00000000', '1', '1', '1', '1', '1', '8370', '2018-05-04 16:27:09', '2018-07-06 11:11:21');
INSERT INTO `oc_product` (`product_id`, `model`, `sku`, `upc`, `ean`, `jan`, `isbn`, `mpn`, `location`, `quantity`, `stock_status_id`, `image`, `manufacturer_id`, `shipping`, `price`, `points`, `tax_class_id`, `date_available`, `weight`, `weight_class_id`, `length`, `width`, `height`, `length_class_id`, `subtract`, `minimum`, `sort_order`, `status`, `viewed`, `date_added`, `date_modified`) VALUES ('267', 'Model 351', '', '', '', '', '', '', '', '98', '5', 'catalog/journal3/products/misc/hiking-shoes-3054634_1920.jpg', '14', '1', '353.0000', '0', '9', '2014-03-31', '0.00000000', '1', '0.00000000', '0.00000000', '0.00000000', '1', '1', '1', '1', '1', '10245', '2018-05-28 03:08:01', '2018-07-06 11:14:32');
INSERT INTO `oc_product` (`product_id`, `model`, `sku`, `upc`, `ean`, `jan`, `isbn`, `mpn`, `location`, `quantity`, `stock_status_id`, `image`, `manufacturer_id`, `shipping`, `price`, `points`, `tax_class_id`, `date_available`, `weight`, `weight_class_id`, `length`, `width`, `height`, `length_class_id`, `subtract`, `minimum`, `sort_order`, `status`, `viewed`, `date_added`, `date_modified`) VALUES ('268', 'Model 354', '', '', '', '', '', '', '', '86', '5', 'catalog/journal3/products/misc/fashion-footwear-high-heels-40377.jpg', '7', '1', '559.0000', '0', '9', '2014-03-31', '0.00000000', '1', '0.00000000', '0.00000000', '0.00000000', '1', '1', '1', '1', '1', '14714', '2018-05-05 14:18:38', '2018-07-06 11:15:04');
INSERT INTO `oc_product` (`product_id`, `model`, `sku`, `upc`, `ean`, `jan`, `isbn`, `mpn`, `location`, `quantity`, `stock_status_id`, `image`, `manufacturer_id`, `shipping`, `price`, `points`, `tax_class_id`, `date_available`, `weight`, `weight_class_id`, `length`, `width`, `height`, `length_class_id`, `subtract`, `minimum`, `sort_order`, `status`, `viewed`, `date_added`, `date_modified`) VALUES ('269', 'Model 355', '', '', '', '', '', '', '', '0', '6', 'catalog/journal3/products/footwear/boot-2558324_1920.jpg', '14', '1', '779.0000', '0', '9', '2014-03-31', '0.00000000', '1', '0.00000000', '0.00000000', '0.00000000', '1', '1', '1', '1', '1', '17692', '2018-05-02 14:09:06', '2018-07-06 11:18:18');
INSERT INTO `oc_product` (`product_id`, `model`, `sku`, `upc`, `ean`, `jan`, `isbn`, `mpn`, `location`, `quantity`, `stock_status_id`, `image`, `manufacturer_id`, `shipping`, `price`, `points`, `tax_class_id`, `date_available`, `weight`, `weight_class_id`, `length`, `width`, `height`, `length_class_id`, `subtract`, `minimum`, `sort_order`, `status`, `viewed`, `date_added`, `date_modified`) VALUES ('270', 'Model 356', '', '', '', '', '', '', '', '91', '5', 'catalog/journal3/products/misc/pexels-photo.jpg', '7', '1', '559.0000', '0', '9', '2014-03-31', '0.00000000', '1', '0.00000000', '0.00000000', '0.00000000', '1', '1', '1', '1', '1', '17723', '2018-05-25 03:49:39', '2018-06-13 15:16:15');
INSERT INTO `oc_product` (`product_id`, `model`, `sku`, `upc`, `ean`, `jan`, `isbn`, `mpn`, `location`, `quantity`, `stock_status_id`, `image`, `manufacturer_id`, `shipping`, `price`, `points`, `tax_class_id`, `date_available`, `weight`, `weight_class_id`, `length`, `width`, `height`, `length_class_id`, `subtract`, `minimum`, `sort_order`, `status`, `viewed`, `date_added`, `date_modified`) VALUES ('271', 'Model 357', '', '', '', '', '', '', '', '58', '5', 'catalog/journal3/products/sunglasses/glasses3.jpg', '22', '1', '397.0000', '100', '9', '2014-03-31', '0.00000000', '1', '0.00000000', '0.00000000', '0.00000000', '1', '1', '1', '1', '1', '34408', '2018-05-27 00:40:58', '2018-07-31 16:36:03');
INSERT INTO `oc_product` (`product_id`, `model`, `sku`, `upc`, `ean`, `jan`, `isbn`, `mpn`, `location`, `quantity`, `stock_status_id`, `image`, `manufacturer_id`, `shipping`, `price`, `points`, `tax_class_id`, `date_available`, `weight`, `weight_class_id`, `length`, `width`, `height`, `length_class_id`, `subtract`, `minimum`, `sort_order`, `status`, `viewed`, `date_added`, `date_modified`) VALUES ('272', 'Model 358', '', '', '', '', '', '', '', '0', '5', 'catalog/journal3/products/misc/pexels-photo-236900.jpeg', '10', '1', '3010.0000', '0', '9', '2014-03-31', '0.00000000', '1', '0.00000000', '0.00000000', '0.00000000', '1', '1', '1', '1', '1', '28576', '2018-05-28 15:55:54', '2018-06-13 15:24:37');
INSERT INTO `oc_product` (`product_id`, `model`, `sku`, `upc`, `ean`, `jan`, `isbn`, `mpn`, `location`, `quantity`, `stock_status_id`, `image`, `manufacturer_id`, `shipping`, `price`, `points`, `tax_class_id`, `date_available`, `weight`, `weight_class_id`, `length`, `width`, `height`, `length_class_id`, `subtract`, `minimum`, `sort_order`, `status`, `viewed`, `date_added`, `date_modified`) VALUES ('273', 'Model 358', '', '', '', '', '', '', '', '880', '5', 'catalog/journal3/products/misc/pexels-photo-280250.jpeg', '11', '1', '209.1500', '0', '9', '2014-03-31', '0.00000000', '1', '0.00000000', '0.00000000', '0.00000000', '1', '1', '1', '1', '1', '31775', '2018-05-01 05:36:36', '2018-06-13 15:41:55');
INSERT INTO `oc_product` (`product_id`, `model`, `sku`, `upc`, `ean`, `jan`, `isbn`, `mpn`, `location`, `quantity`, `stock_status_id`, `image`, `manufacturer_id`, `shipping`, `price`, `points`, `tax_class_id`, `date_available`, `weight`, `weight_class_id`, `length`, `width`, `height`, `length_class_id`, `subtract`, `minimum`, `sort_order`, `status`, `viewed`, `date_added`, `date_modified`) VALUES ('369', 'Model 981', '', '', '', '', '', '', '', '99', '8', 'catalog/journal3/products/electronics/w8-led-tv-by-sony.jpg', '8', '1', '4099.0000', '0', '9', '2018-05-29', '0.00000000', '1', '0.00000000', '0.00000000', '0.00000000', '1', '1', '1', '1', '1', '849', '2018-05-09 04:15:20', '2018-07-06 11:37:45');
INSERT INTO `oc_product` (`product_id`, `model`, `sku`, `upc`, `ean`, `jan`, `isbn`, `mpn`, `location`, `quantity`, `stock_status_id`, `image`, `manufacturer_id`, `shipping`, `price`, `points`, `tax_class_id`, `date_available`, `weight`, `weight_class_id`, `length`, `width`, `height`, `length_class_id`, `subtract`, `minimum`, `sort_order`, `status`, `viewed`, `date_added`, `date_modified`) VALUES ('370', 'Model 982', '', '', '', '', '', '', '', '99', '5', 'catalog/journal3/products/electronics/apple-black.png', '8', '1', '2189.0000', '0', '9', '2018-05-29', '0.00000000', '1', '0.00000000', '0.00000000', '0.00000000', '1', '1', '1', '1', '1', '929', '2018-05-11 04:26:51', '2018-07-06 11:27:59');
INSERT INTO `oc_product` (`product_id`, `model`, `sku`, `upc`, `ean`, `jan`, `isbn`, `mpn`, `location`, `quantity`, `stock_status_id`, `image`, `manufacturer_id`, `shipping`, `price`, `points`, `tax_class_id`, `date_available`, `weight`, `weight_class_id`, `length`, `width`, `height`, `length_class_id`, `subtract`, `minimum`, `sort_order`, `status`, `viewed`, `date_added`, `date_modified`) VALUES ('371', 'Model 970', '', '', '', '', '', '', '', '98', '6', 'catalog/journal3/products/backpacks/1.jpg', '12', '1', '610.0000', '0', '9', '2018-05-29', '0.00000000', '1', '0.00000000', '0.00000000', '0.00000000', '1', '1', '1', '1', '1', '905', '2018-05-27 09:28:16', '2018-07-13 13:42:52');
INSERT INTO `oc_product` (`product_id`, `model`, `sku`, `upc`, `ean`, `jan`, `isbn`, `mpn`, `location`, `quantity`, `stock_status_id`, `image`, `manufacturer_id`, `shipping`, `price`, `points`, `tax_class_id`, `date_available`, `weight`, `weight_class_id`, `length`, `width`, `height`, `length_class_id`, `subtract`, `minimum`, `sort_order`, `status`, `viewed`, `date_added`, `date_modified`) VALUES ('372', 'Model 972', '', '', '', '', '', '', '', '99', '8', 'catalog/journal3/products/backpacks/10.jpg', '11', '1', '470.0000', '0', '9', '2018-05-30', '0.00000000', '1', '0.00000000', '0.00000000', '0.00000000', '1', '1', '1', '1', '1', '844', '2018-05-12 10:00:48', '2018-08-06 15:47:35');
INSERT INTO `oc_product` (`product_id`, `model`, `sku`, `upc`, `ean`, `jan`, `isbn`, `mpn`, `location`, `quantity`, `stock_status_id`, `image`, `manufacturer_id`, `shipping`, `price`, `points`, `tax_class_id`, `date_available`, `weight`, `weight_class_id`, `length`, `width`, `height`, `length_class_id`, `subtract`, `minimum`, `sort_order`, `status`, `viewed`, `date_added`, `date_modified`) VALUES ('373', 'Model 961', '', '', '', '', '', '', '', '99', '7', 'catalog/journal3/products/backpacks/2.jpg', '12', '1', '508.0000', '0', '9', '2018-05-30', '0.00000000', '1', '0.00000000', '0.00000000', '0.00000000', '1', '1', '1', '1', '1', '1149', '2018-05-08 21:39:11', '2018-07-06 11:23:37');
INSERT INTO `oc_product` (`product_id`, `model`, `sku`, `upc`, `ean`, `jan`, `isbn`, `mpn`, `location`, `quantity`, `stock_status_id`, `image`, `manufacturer_id`, `shipping`, `price`, `points`, `tax_class_id`, `date_available`, `weight`, `weight_class_id`, `length`, `width`, `height`, `length_class_id`, `subtract`, `minimum`, `sort_order`, `status`, `viewed`, `date_added`, `date_modified`) VALUES ('374', 'Model 960', '', '', '', '', '', '', '', '98', '5', 'catalog/journal3/products/backpacks/3.jpg', '16', '1', '799.0000', '0', '9', '2018-05-31', '0.00000000', '1', '0.00000000', '0.00000000', '0.00000000', '1', '1', '1', '1', '1', '961', '2018-05-06 06:13:34', '2018-06-13 14:54:47');
INSERT INTO `oc_product` (`product_id`, `model`, `sku`, `upc`, `ean`, `jan`, `isbn`, `mpn`, `location`, `quantity`, `stock_status_id`, `image`, `manufacturer_id`, `shipping`, `price`, `points`, `tax_class_id`, `date_available`, `weight`, `weight_class_id`, `length`, `width`, `height`, `length_class_id`, `subtract`, `minimum`, `sort_order`, `status`, `viewed`, `date_added`, `date_modified`) VALUES ('376', 'Model 930', 'JKF40', '8934FG', 'E9008', 'J590932', 'IS7898', 'MP4939', 'London', '99', '8', 'catalog/journal3/products/fashion/l1.jpg', '17', '1', '199.0000', '400', '9', '2018-06-01', '0.30000000', '1', '40.00000000', '30.00000000', '20.00000000', '1', '1', '1', '1', '1', '1359', '2018-05-03 14:10:17', '2018-09-05 08:22:43');
INSERT INTO `oc_product` (`product_id`, `model`, `sku`, `upc`, `ean`, `jan`, `isbn`, `mpn`, `location`, `quantity`, `stock_status_id`, `image`, `manufacturer_id`, `shipping`, `price`, `points`, `tax_class_id`, `date_available`, `weight`, `weight_class_id`, `length`, `width`, `height`, `length_class_id`, `subtract`, `minimum`, `sort_order`, `status`, `viewed`, `date_added`, `date_modified`) VALUES ('42', 'Product 15', '', '', '', '', '', '', '', '990', '5', 'catalog/demo/apple_cinema_30.jpg', '8', '1', '100.0000', '400', '9', '2009-02-04', '12.50000000', '1', '1.00000000', '2.00000000', '3.00000000', '1', '1', '2', '0', '1', '1627', '2009-02-03 21:07:37', '2018-08-11 14:16:51');
INSERT INTO `oc_product` (`product_id`, `model`, `sku`, `upc`, `ean`, `jan`, `isbn`, `mpn`, `location`, `quantity`, `stock_status_id`, `image`, `manufacturer_id`, `shipping`, `price`, `points`, `tax_class_id`, `date_available`, `weight`, `weight_class_id`, `length`, `width`, `height`, `length_class_id`, `subtract`, `minimum`, `sort_order`, `status`, `viewed`, `date_added`, `date_modified`) VALUES ('377', '20134', '', '', '', '', '', '', '', '87', '5', 'catalog/journal3/products/sports/1.jpg', '20', '1', '680.0000', '0', '9', '2018-05-12', '0.00000000', '1', '0.00000000', '0.00000000', '0.00000000', '1', '1', '1', '1', '1', '5062', '2018-10-13 13:21:36', '2018-10-13 14:01:26');
INSERT INTO `oc_product` (`product_id`, `model`, `sku`, `upc`, `ean`, `jan`, `isbn`, `mpn`, `location`, `quantity`, `stock_status_id`, `image`, `manufacturer_id`, `shipping`, `price`, `points`, `tax_class_id`, `date_available`, `weight`, `weight_class_id`, `length`, `width`, `height`, `length_class_id`, `subtract`, `minimum`, `sort_order`, `status`, `viewed`, `date_added`, `date_modified`) VALUES ('378', 'Model 601', '', '', '', '', '', '', '', '99', '5', 'catalog/journal3/products/electronics/apple-white-2.png', '8', '1', '1199.0000', '0', '9', '2018-05-25', '0.00000000', '1', '0.00000000', '0.00000000', '0.00000000', '1', '1', '1', '1', '1', '988', '2018-10-13 13:21:36', '2018-10-13 13:49:26');
INSERT INTO `oc_product` (`product_id`, `model`, `sku`, `upc`, `ean`, `jan`, `isbn`, `mpn`, `location`, `quantity`, `stock_status_id`, `image`, `manufacturer_id`, `shipping`, `price`, `points`, `tax_class_id`, `date_available`, `weight`, `weight_class_id`, `length`, `width`, `height`, `length_class_id`, `subtract`, `minimum`, `sort_order`, `status`, `viewed`, `date_added`, `date_modified`) VALUES ('379', '90976', '', '', '', '', '', '', '', '97', '8', 'catalog/journal3/products/sports/3.jpg', '17', '1', '209.0000', '0', '9', '2018-05-13', '0.00000000', '1', '0.00000000', '0.00000000', '0.00000000', '1', '1', '1', '1', '1', '1851', '2018-10-13 13:21:36', '2018-10-13 13:50:00');
INSERT INTO `oc_product` (`product_id`, `model`, `sku`, `upc`, `ean`, `jan`, `isbn`, `mpn`, `location`, `quantity`, `stock_status_id`, `image`, `manufacturer_id`, `shipping`, `price`, `points`, `tax_class_id`, `date_available`, `weight`, `weight_class_id`, `length`, `width`, `height`, `length_class_id`, `subtract`, `minimum`, `sort_order`, `status`, `viewed`, `date_added`, `date_modified`) VALUES ('380', '90991', '', '', '', '', '', '', '', '99', '7', 'catalog/journal3/products/sports/4.jpg', '17', '1', '760.0000', '0', '9', '2018-05-12', '0.00000000', '1', '0.00000000', '0.00000000', '0.00000000', '1', '1', '1', '1', '1', '615', '2018-10-13 13:21:36', '2018-10-13 14:04:33');
INSERT INTO `oc_product` (`product_id`, `model`, `sku`, `upc`, `ean`, `jan`, `isbn`, `mpn`, `location`, `quantity`, `stock_status_id`, `image`, `manufacturer_id`, `shipping`, `price`, `points`, `tax_class_id`, `date_available`, `weight`, `weight_class_id`, `length`, `width`, `height`, `length_class_id`, `subtract`, `minimum`, `sort_order`, `status`, `viewed`, `date_added`, `date_modified`) VALUES ('381', '89851', '', '', '', '', '', '', '', '99', '5', 'catalog/journal3/products/sports/5.jpg', '16', '1', '540.0000', '0', '9', '2014-03-31', '0.00000000', '1', '0.00000000', '0.00000000', '0.00000000', '1', '1', '1', '1', '1', '989', '2018-10-13 13:21:36', '2018-10-13 14:03:47');
INSERT INTO `oc_product` (`product_id`, `model`, `sku`, `upc`, `ean`, `jan`, `isbn`, `mpn`, `location`, `quantity`, `stock_status_id`, `image`, `manufacturer_id`, `shipping`, `price`, `points`, `tax_class_id`, `date_available`, `weight`, `weight_class_id`, `length`, `width`, `height`, `length_class_id`, `subtract`, `minimum`, `sort_order`, `status`, `viewed`, `date_added`, `date_modified`) VALUES ('382', '23430', '', '', '', '', '', '', '', '0', '5', 'catalog/journal3/products/sports/6.jpg', '13', '1', '589.0000', '0', '9', '2018-05-13', '0.00000000', '1', '0.00000000', '0.00000000', '0.00000000', '1', '1', '1', '1', '1', '880', '2018-10-13 13:21:36', '2018-10-13 20:03:03');
INSERT INTO `oc_product` (`product_id`, `model`, `sku`, `upc`, `ean`, `jan`, `isbn`, `mpn`, `location`, `quantity`, `stock_status_id`, `image`, `manufacturer_id`, `shipping`, `price`, `points`, `tax_class_id`, `date_available`, `weight`, `weight_class_id`, `length`, `width`, `height`, `length_class_id`, `subtract`, `minimum`, `sort_order`, `status`, `viewed`, `date_added`, `date_modified`) VALUES ('383', '50189', '', '', '', '', '', '', '', '92', '5', 'catalog/journal3/products/sports/2.jpg', '8', '1', '1199.0000', '0', '9', '2018-05-25', '0.00000000', '1', '0.00000000', '0.00000000', '0.00000000', '1', '1', '1', '1', '1', '4247', '2018-10-13 13:56:14', '2018-10-13 19:02:31');


TRUNCATE TABLE `oc_product_attribute`;

INSERT INTO `oc_product_attribute` (`product_id`, `attribute_id`, `language_id`, `text`) VALUES ('45', '2', '1', '6');
INSERT INTO `oc_product_attribute` (`product_id`, `attribute_id`, `language_id`, `text`) VALUES ('44', '4', '1', '8 GB');
INSERT INTO `oc_product_attribute` (`product_id`, `attribute_id`, `language_id`, `text`) VALUES ('32', '2', '1', '2');
